[INFO] fetching crate bdat 0.4.0...
[INFO] testing bdat-0.4.0 against 1.75.0 for beta-1.76-1
[INFO] extracting crate bdat 0.4.0 into /workspace/builds/worker-7-tc1/source
[INFO] validating manifest of crates.io crate bdat 0.4.0 on toolchain 1.75.0
[INFO] running `Command { std: CARGO_HOME="/workspace/cargo-home" RUSTUP_HOME="/workspace/rustup-home" "/workspace/cargo-home/bin/cargo" "+1.75.0" "metadata" "--manifest-path" "Cargo.toml" "--no-deps", kill_on_drop: false }`
[INFO] started tweaking crates.io crate bdat 0.4.0
[INFO] finished tweaking crates.io crate bdat 0.4.0
[INFO] tweaked toml for crates.io crate bdat 0.4.0 written to /workspace/builds/worker-7-tc1/source/Cargo.toml
[INFO] running `Command { std: CARGO_HOME="/workspace/cargo-home" RUSTUP_HOME="/workspace/rustup-home" "/workspace/cargo-home/bin/cargo" "+1.75.0" "generate-lockfile" "--manifest-path" "Cargo.toml", kill_on_drop: false }`
[INFO] [stderr]     Blocking waiting for file lock on package cache
[INFO] [stderr]     Updating crates.io index
[INFO] running `Command { std: CARGO_HOME="/workspace/cargo-home" RUSTUP_HOME="/workspace/rustup-home" "/workspace/cargo-home/bin/cargo" "+1.75.0" "fetch" "--manifest-path" "Cargo.toml", kill_on_drop: false }`
[INFO] [stderr]     Blocking waiting for file lock on package cache
[INFO] [stderr]  Downloading crates ...
[INFO] [stderr]   Downloaded enum-kinds v0.5.1
[INFO] running `Command { std: "docker" "create" "-v" "/var/lib/crater-agent-workspace/builds/worker-7-tc1/target:/opt/rustwide/target:rw,Z" "-v" "/var/lib/crater-agent-workspace/builds/worker-7-tc1/source:/opt/rustwide/workdir:ro,Z" "-v" "/var/lib/crater-agent-workspace/cargo-home:/opt/rustwide/cargo-home:ro,Z" "-v" "/var/lib/crater-agent-workspace/rustup-home:/opt/rustwide/rustup-home:ro,Z" "-e" "SOURCE_DIR=/opt/rustwide/workdir" "-e" "CARGO_TARGET_DIR=/opt/rustwide/target" "-e" "CARGO_HOME=/opt/rustwide/cargo-home" "-e" "RUSTUP_HOME=/opt/rustwide/rustup-home" "-w" "/opt/rustwide/workdir" "-m" "1610612736" "--user" "0:0" "--network" "none" "ghcr.io/rust-lang/crates-build-env/linux@sha256:2788e3201cd34a07e3172128adcd8b3090168a8e3bcc40d7c032b9dda1df7d1c" "/opt/rustwide/cargo-home/bin/cargo" "+1.75.0" "metadata" "--no-deps" "--format-version=1", kill_on_drop: false }`
[INFO] [stdout] e9ba9df9b23d474a352da28bf5c6e791b9b11650d830401c7f6ba244d8e0aafe
[INFO] running `Command { std: "docker" "start" "-a" "e9ba9df9b23d474a352da28bf5c6e791b9b11650d830401c7f6ba244d8e0aafe", kill_on_drop: false }`
[INFO] running `Command { std: "docker" "inspect" "e9ba9df9b23d474a352da28bf5c6e791b9b11650d830401c7f6ba244d8e0aafe", kill_on_drop: false }`
[INFO] running `Command { std: "docker" "rm" "-f" "e9ba9df9b23d474a352da28bf5c6e791b9b11650d830401c7f6ba244d8e0aafe", kill_on_drop: false }`
[INFO] [stdout] e9ba9df9b23d474a352da28bf5c6e791b9b11650d830401c7f6ba244d8e0aafe
[INFO] running `Command { std: "docker" "create" "-v" "/var/lib/crater-agent-workspace/builds/worker-7-tc1/target:/opt/rustwide/target:rw,Z" "-v" "/var/lib/crater-agent-workspace/builds/worker-7-tc1/source:/opt/rustwide/workdir:ro,Z" "-v" "/var/lib/crater-agent-workspace/cargo-home:/opt/rustwide/cargo-home:ro,Z" "-v" "/var/lib/crater-agent-workspace/rustup-home:/opt/rustwide/rustup-home:ro,Z" "-e" "SOURCE_DIR=/opt/rustwide/workdir" "-e" "CARGO_TARGET_DIR=/opt/rustwide/target" "-e" "CARGO_INCREMENTAL=0" "-e" "RUST_BACKTRACE=full" "-e" "RUSTFLAGS=--cap-lints=warn" "-e" "RUSTDOCFLAGS=--cap-lints=warn" "-e" "CARGO_HOME=/opt/rustwide/cargo-home" "-e" "RUSTUP_HOME=/opt/rustwide/rustup-home" "-w" "/opt/rustwide/workdir" "-m" "1610612736" "--user" "0:0" "--network" "none" "ghcr.io/rust-lang/crates-build-env/linux@sha256:2788e3201cd34a07e3172128adcd8b3090168a8e3bcc40d7c032b9dda1df7d1c" "/opt/rustwide/cargo-home/bin/cargo" "+1.75.0" "build" "--frozen" "--message-format=json", kill_on_drop: false }`
[INFO] [stdout] cd29ef6ea32f336f015b904b9b3cb06f9f2dfdbe5ca1f3aec84fec465013e728
[INFO] running `Command { std: "docker" "start" "-a" "cd29ef6ea32f336f015b904b9b3cb06f9f2dfdbe5ca1f3aec84fec465013e728", kill_on_drop: false }`
[INFO] [stderr]    Compiling byteorder v1.5.0
[INFO] [stderr]    Compiling enum-kinds v0.5.1
[INFO] [stderr]    Compiling bdat v0.4.0 (/opt/rustwide/workdir)
[INFO] [stderr]     Finished dev [unoptimized + debuginfo] target(s) in 2.71s
[INFO] running `Command { std: "docker" "inspect" "cd29ef6ea32f336f015b904b9b3cb06f9f2dfdbe5ca1f3aec84fec465013e728", kill_on_drop: false }`
[INFO] running `Command { std: "docker" "rm" "-f" "cd29ef6ea32f336f015b904b9b3cb06f9f2dfdbe5ca1f3aec84fec465013e728", kill_on_drop: false }`
[INFO] [stdout] cd29ef6ea32f336f015b904b9b3cb06f9f2dfdbe5ca1f3aec84fec465013e728
[INFO] running `Command { std: "docker" "create" "-v" "/var/lib/crater-agent-workspace/builds/worker-7-tc1/target:/opt/rustwide/target:rw,Z" "-v" "/var/lib/crater-agent-workspace/builds/worker-7-tc1/source:/opt/rustwide/workdir:ro,Z" "-v" "/var/lib/crater-agent-workspace/cargo-home:/opt/rustwide/cargo-home:ro,Z" "-v" "/var/lib/crater-agent-workspace/rustup-home:/opt/rustwide/rustup-home:ro,Z" "-e" "SOURCE_DIR=/opt/rustwide/workdir" "-e" "CARGO_TARGET_DIR=/opt/rustwide/target" "-e" "CARGO_INCREMENTAL=0" "-e" "RUST_BACKTRACE=full" "-e" "RUSTFLAGS=--cap-lints=warn" "-e" "RUSTDOCFLAGS=--cap-lints=warn" "-e" "CARGO_HOME=/opt/rustwide/cargo-home" "-e" "RUSTUP_HOME=/opt/rustwide/rustup-home" "-w" "/opt/rustwide/workdir" "-m" "1610612736" "--user" "0:0" "--network" "none" "ghcr.io/rust-lang/crates-build-env/linux@sha256:2788e3201cd34a07e3172128adcd8b3090168a8e3bcc40d7c032b9dda1df7d1c" "/opt/rustwide/cargo-home/bin/cargo" "+1.75.0" "test" "--frozen" "--no-run" "--message-format=json", kill_on_drop: false }`
[INFO] [stdout] d2a62ca7b1f83649e6a9874e2235ce20cb53ef0539b6ec412d77a04696cb34b7
[INFO] running `Command { std: "docker" "start" "-a" "d2a62ca7b1f83649e6a9874e2235ce20cb53ef0539b6ec412d77a04696cb34b7", kill_on_drop: false }`
[INFO] [stderr]    Compiling serde v1.0.194
[INFO] [stderr]    Compiling rustix v0.38.28
[INFO] [stderr]    Compiling clap_lex v0.6.0
[INFO] [stderr]    Compiling ciborium-io v0.2.1
[INFO] [stderr]    Compiling linux-raw-sys v0.4.12
[INFO] [stderr]    Compiling anstyle v1.0.4
[INFO] [stderr]    Compiling criterion-plot v0.5.0
[INFO] [stderr]    Compiling anes v0.1.6
[INFO] [stderr]    Compiling num_enum_derive v0.5.11
[INFO] [stderr]    Compiling ciborium-ll v0.2.1
[INFO] [stderr]    Compiling clap_builder v4.4.12
[INFO] [stderr]    Compiling is-terminal v0.4.10
[INFO] [stderr]    Compiling num_enum v0.5.11
[INFO] [stderr]    Compiling bdat v0.4.0 (/opt/rustwide/workdir)
[INFO] [stderr]    Compiling clap v4.4.13
[INFO] [stderr]    Compiling serde_json v1.0.111
[INFO] [stderr]    Compiling ciborium v0.2.1
[INFO] [stderr]    Compiling tinytemplate v1.2.1
[INFO] [stderr]    Compiling criterion v0.5.1
[INFO] [stdout] warning: unused import: `Table`
[INFO] [stdout]  --> tests/hash_tester.rs:5:80
[INFO] [stdout]   |
[INFO] [stdout] 5 |     BdatVersion, ColumnBuilder, ColumnDef, FlagDef, LegacyTable, SwitchEndian, Table, TableBuilder,
[INFO] [stdout]   |                                                                                ^^^^^
[INFO] [stdout]   |
[INFO] [stdout]   = note: `#[warn(unused_imports)]` on by default
[INFO] [stdout] 
[INFO] [stdout] 
[INFO] [stdout] warning: 1 warning emitted
[INFO] [stdout] 
[INFO] [stdout] 
[INFO] [stderr]     Finished test [unoptimized + debuginfo] target(s) in 10.13s
[INFO] running `Command { std: "docker" "inspect" "d2a62ca7b1f83649e6a9874e2235ce20cb53ef0539b6ec412d77a04696cb34b7", kill_on_drop: false }`
[INFO] running `Command { std: "docker" "rm" "-f" "d2a62ca7b1f83649e6a9874e2235ce20cb53ef0539b6ec412d77a04696cb34b7", kill_on_drop: false }`
[INFO] [stdout] d2a62ca7b1f83649e6a9874e2235ce20cb53ef0539b6ec412d77a04696cb34b7
[INFO] running `Command { std: "docker" "create" "-v" "/var/lib/crater-agent-workspace/builds/worker-7-tc1/target:/opt/rustwide/target:rw,Z" "-v" "/var/lib/crater-agent-workspace/builds/worker-7-tc1/source:/opt/rustwide/workdir:ro,Z" "-v" "/var/lib/crater-agent-workspace/cargo-home:/opt/rustwide/cargo-home:ro,Z" "-v" "/var/lib/crater-agent-workspace/rustup-home:/opt/rustwide/rustup-home:ro,Z" "-e" "SOURCE_DIR=/opt/rustwide/workdir" "-e" "CARGO_TARGET_DIR=/opt/rustwide/target" "-e" "CARGO_INCREMENTAL=0" "-e" "RUST_BACKTRACE=full" "-e" "RUSTFLAGS=--cap-lints=warn" "-e" "RUSTDOCFLAGS=--cap-lints=warn" "-e" "CARGO_HOME=/opt/rustwide/cargo-home" "-e" "RUSTUP_HOME=/opt/rustwide/rustup-home" "-w" "/opt/rustwide/workdir" "-m" "1610612736" "--user" "0:0" "--network" "none" "ghcr.io/rust-lang/crates-build-env/linux@sha256:2788e3201cd34a07e3172128adcd8b3090168a8e3bcc40d7c032b9dda1df7d1c" "/opt/rustwide/cargo-home/bin/cargo" "+1.75.0" "test" "--frozen", kill_on_drop: false }`
[INFO] [stdout] 47d54498141fb5965de4a968f7115f4d5407f6c0745a7e31e7fbfeb4b7f95df2
[INFO] running `Command { std: "docker" "start" "-a" "47d54498141fb5965de4a968f7115f4d5407f6c0745a7e31e7fbfeb4b7f95df2", kill_on_drop: false }`
[INFO] [stderr] warning: unused import: `Table`
[INFO] [stderr]  --> tests/hash_tester.rs:5:80
[INFO] [stderr]   |
[INFO] [stderr] 5 |     BdatVersion, ColumnBuilder, ColumnDef, FlagDef, LegacyTable, SwitchEndian, Table, TableBuilder,
[INFO] [stderr]   |                                                                                ^^^^^
[INFO] [stderr]   |
[INFO] [stderr]   = note: `#[warn(unused_imports)]` on by default
[INFO] [stderr] 
[INFO] [stderr] warning: `bdat` (test "hash_tester") generated 1 warning (run `cargo fix --test "hash_tester"` to apply 1 suggestion)
[INFO] [stderr]     Finished test [unoptimized + debuginfo] target(s) in 0.07s
[INFO] [stderr]      Running unittests src/lib.rs (/opt/rustwide/target/debug/deps/bdat-8c077516baaf8002)
[INFO] [stdout] 
[INFO] [stdout] running 10 tests
[INFO] [stdout] test hash::tests::test_murmur3 ... ok
[INFO] [stdout] test io::legacy::scramble::tests::checksum ... ok
[INFO] [stdout] test io::legacy::scramble::tests::chunks ... ok
[INFO] [stdout] test io::legacy::hash::tests::test_hash_mod_61 ... ok
[INFO] [stdout] test io::legacy::scramble::tests::naive ... ok
[INFO] [stdout] test io::legacy::hash::tests::test_table_mod_61 ... ok
[INFO] [stdout] test io::legacy::scramble::tests::scramble_naive ... ok
[INFO] [stdout] test io::legacy::scramble::tests::single ... ok
[INFO] [stdout] test io::modern::tests::table_write_back ... ok
[INFO] [stdout] test table::modern::tests::test_hash_table ... ok
[INFO] [stdout] 
[INFO] [stdout] test result: ok. 10 passed; 0 failed; 0 ignored; 0 measured; 0 filtered out; finished in 0.00s
[INFO] [stdout] 
[INFO] [stderr]      Running tests/hash_tester.rs (/opt/rustwide/target/debug/deps/hash_tester-9a86213e39766217)
[INFO] [stdout] 
[INFO] [stdout] running 2 tests
[INFO] [stdout] test hash_table_legacy ... ok
[INFO] [stdout] test hash_table_xcx ... ok
[INFO] [stdout] 
[INFO] [stdout] test result: ok. 2 passed; 0 failed; 0 ignored; 0 measured; 0 filtered out; finished in 0.00s
[INFO] [stdout] 
[INFO] [stderr]      Running tests/legacy.rs (/opt/rustwide/target/debug/deps/legacy-51a0eec07ce15d29)
[INFO] [stdout] 
[INFO] [stdout] running 5 tests
[INFO] [stdout] test basic_read ... ok
[INFO] [stdout] test table_map ... ok
[INFO] [stdout] test version_detect ... ok
[INFO] [stdout] test write_back ... ok
[INFO] [stdout] test duplicate_columns ... ok
[INFO] [stdout] 
[INFO] [stdout] test result: ok. 5 passed; 0 failed; 0 ignored; 0 measured; 0 filtered out; finished in 0.00s
[INFO] [stdout] 
[INFO] [stderr]      Running tests/legacy_wii.rs (/opt/rustwide/target/debug/deps/legacy_wii-f6aa998f60e8b6b6)
[INFO] [stdout] 
[INFO] [stdout] running 4 tests
[INFO] [stdout] test basic_read ... ok
[INFO] [stdout] test version_detect ... ok
[INFO] [stdout] test duplicate_columns ... ok
[INFO] [stdout] test write_back ... ok
[INFO] [stdout] 
[INFO] [stdout] test result: ok. 4 passed; 0 failed; 0 ignored; 0 measured; 0 filtered out; finished in 0.00s
[INFO] [stdout] 
[INFO] [stderr]      Running tests/legacy_x.rs (/opt/rustwide/target/debug/deps/legacy_x-c63b4617655b6fc9)
[INFO] [stdout] 
[INFO] [stdout] running 4 tests
[INFO] [stdout] test basic_read ... ok
[INFO] [stdout] test duplicate_columns ... ok
[INFO] [stdout] test version_detect ... ok
[INFO] [stdout] test write_back ... ok
[INFO] [stdout] 
[INFO] [stdout] test result: ok. 4 passed; 0 failed; 0 ignored; 0 measured; 0 filtered out; finished in 0.00s
[INFO] [stdout] 
[INFO] [stderr]    Doc-tests bdat
[INFO] [stdout] 
[INFO] [stdout] running 25 tests
[INFO] [stdout] test src/io/legacy/mod.rs - io::legacy::to_writer (line 185) ... ok
[INFO] [stdout] test src/io/modern/mod.rs - io::modern::to_writer (line 76) ... ok
[INFO] [stdout] test src/io/modern/mod.rs - io::modern::to_vec (line 96) ... ok
[INFO] [stdout] test src/io/modern/mod.rs - io::modern::from_bytes (line 61) ... ok
[INFO] [stdout] test src/io/legacy/mod.rs - io::legacy::to_vec (line 235) ... ok
[INFO] [stdout] test src/lib.rs - (line 126) ... ok
[INFO] [stdout] test src/io/legacy/mod.rs - io::legacy::from_bytes_copy (line 162) ... ok
[INFO] [stdout] test src/io/legacy/mod.rs - io::legacy::to_vec_options (line 257) ... ok
[INFO] [stdout] test src/io/detect.rs - io::detect::from_reader (line 91) ... ok
[INFO] [stdout] test src/io/legacy/mod.rs - io::legacy::from_bytes (line 130) ... ok
[INFO] [stdout] test src/io/detect.rs - io::detect::from_bytes (line 50) ... ok
[INFO] [stdout] test src/io/legacy/mod.rs - io::legacy::to_writer_options (line 210) ... ok
[INFO] [stdout] test src/io/legacy/mod.rs - io::legacy::from_reader (line 96) ... ok
[INFO] [stdout] test src/lib.rs - (line 57) ... ok
[INFO] [stdout] test src/io/modern/mod.rs - io::modern::from_reader (line 37) ... ok
[INFO] [stdout] test src/lib.rs - (line 21) ... ok
[INFO] [stdout] test src/table/cell.rs - table::cell::Cell (line 37) ... FAILED
[INFO] [stdout] test src/table/cell.rs - table::cell::Cell (line 27) ... FAILED
[INFO] [stdout] test src/table/modern.rs - table::modern::ModernTable (line 42) ... ok
[INFO] [stdout] test src/table/modern.rs - table::modern::ModernTable (line 31) ... ok
[INFO] [stdout] test src/lib.rs - (line 89) ... ok
[INFO] [stdout] test src/table/modern.rs - table::modern::ModernTable<'b>::row (line 178) ... ok
[INFO] [stdout] test src/table/row.rs - table::row::RowRef (line 20) ... ok
[INFO] [stdout] test src/table/legacy.rs - table::legacy::LegacyTable (line 23) ... ok
[INFO] [stdout] test src/table/mod.rs - table::Table (line 43) ... ok
[INFO] [stdout] 
[INFO] [stdout] failures:
[INFO] [stdout] 
[INFO] [stdout] ---- src/table/cell.rs - table::cell::Cell (line 37) stdout ----
[INFO] [stdout] error[E0433]: failed to resolve: use of undeclared crate or module `serde`
[INFO] [stdout]  --> src/table/cell.rs:41:5
[INFO] [stdout]   |
[INFO] [stdout] 7 | use serde::de::DeserializeSeed;
[INFO] [stdout]   |     ^^^^^ use of undeclared crate or module `serde`
[INFO] [stdout] 
[INFO] [stdout] error[E0599]: no method named `as_cell_seed` found for reference `&ColumnDef` in the current scope
[INFO] [stdout]   --> src/table/cell.rs:44:12
[INFO] [stdout]    |
[INFO] [stdout] 10 |     column.as_cell_seed().deserialize(&mut Deserializer::from_str(json)).unwrap()
[INFO] [stdout]    |            ^^^^^^^^^^^^ method not found in `&ColumnDef`
[INFO] [stdout] 
[INFO] [stdout] error: aborting due to 2 previous errors
[INFO] [stdout] 
[INFO] [stdout] Some errors have detailed explanations: E0433, E0599.
[INFO] [stdout] For more information about an error, try `rustc --explain E0433`.
[INFO] [stdout] Couldn't compile the test.
[INFO] [stdout] ---- src/table/cell.rs - table::cell::Cell (line 27) stdout ----
[INFO] [stdout] error[E0599]: no method named `cell_serializer` found for reference `&ColumnDef` in the current scope
[INFO] [stdout]  --> src/table/cell.rs:32:35
[INFO] [stdout]   |
[INFO] [stdout] 8 |     serde_json::to_string(&column.cell_serializer(cell)).unwrap()
[INFO] [stdout]   |                                   ^^^^^^^^^^^^^^^ method not found in `&ColumnDef`
[INFO] [stdout] 
[INFO] [stdout] error: aborting due to previous error
[INFO] [stdout] 
[INFO] [stdout] For more information about this error, try `rustc --explain E0599`.
[INFO] [stdout] Couldn't compile the test.
[INFO] [stdout] 
[INFO] [stdout] failures:
[INFO] [stdout]     src/table/cell.rs - table::cell::Cell (line 27)
[INFO] [stdout]     src/table/cell.rs - table::cell::Cell (line 37)
[INFO] [stdout] 
[INFO] [stdout] test result: FAILED. 23 passed; 2 failed; 0 ignored; 0 measured; 0 filtered out; finished in 0.69s
[INFO] [stdout] 
[INFO] [stderr] error: doctest failed, to rerun pass `--doc`
[INFO] running `Command { std: "docker" "inspect" "47d54498141fb5965de4a968f7115f4d5407f6c0745a7e31e7fbfeb4b7f95df2", kill_on_drop: false }`
[INFO] running `Command { std: "docker" "rm" "-f" "47d54498141fb5965de4a968f7115f4d5407f6c0745a7e31e7fbfeb4b7f95df2", kill_on_drop: false }`
[INFO] [stdout] 47d54498141fb5965de4a968f7115f4d5407f6c0745a7e31e7fbfeb4b7f95df2
[INFO] testing bdat-0.4.0 against beta-2023-12-22 for beta-1.76-1
[INFO] extracting crate bdat 0.4.0 into /workspace/builds/worker-7-tc2/source
[INFO] validating manifest of crates.io crate bdat 0.4.0 on toolchain beta-2023-12-22
[INFO] running `Command { std: CARGO_HOME="/workspace/cargo-home" RUSTUP_HOME="/workspace/rustup-home" "/workspace/cargo-home/bin/cargo" "+beta-2023-12-22" "metadata" "--manifest-path" "Cargo.toml" "--no-deps", kill_on_drop: false }`
[INFO] started tweaking crates.io crate bdat 0.4.0
[INFO] finished tweaking crates.io crate bdat 0.4.0
[INFO] tweaked toml for crates.io crate bdat 0.4.0 written to /workspace/builds/worker-7-tc2/source/Cargo.toml
[INFO] running `Command { std: CARGO_HOME="/workspace/cargo-home" RUSTUP_HOME="/workspace/rustup-home" "/workspace/cargo-home/bin/cargo" "+beta-2023-12-22" "generate-lockfile" "--manifest-path" "Cargo.toml", kill_on_drop: false }`
[INFO] [stderr]     Blocking waiting for file lock on package cache
[INFO] [stderr]     Updating crates.io index
[INFO] running `Command { std: CARGO_HOME="/workspace/cargo-home" RUSTUP_HOME="/workspace/rustup-home" "/workspace/cargo-home/bin/cargo" "+beta-2023-12-22" "fetch" "--manifest-path" "Cargo.toml", kill_on_drop: false }`
[INFO] [stderr]     Blocking waiting for file lock on package cache
[INFO] running `Command { std: "docker" "create" "-v" "/var/lib/crater-agent-workspace/builds/worker-7-tc2/target:/opt/rustwide/target:rw,Z" "-v" "/var/lib/crater-agent-workspace/builds/worker-7-tc2/source:/opt/rustwide/workdir:ro,Z" "-v" "/var/lib/crater-agent-workspace/cargo-home:/opt/rustwide/cargo-home:ro,Z" "-v" "/var/lib/crater-agent-workspace/rustup-home:/opt/rustwide/rustup-home:ro,Z" "-e" "SOURCE_DIR=/opt/rustwide/workdir" "-e" "CARGO_TARGET_DIR=/opt/rustwide/target" "-e" "CARGO_HOME=/opt/rustwide/cargo-home" "-e" "RUSTUP_HOME=/opt/rustwide/rustup-home" "-w" "/opt/rustwide/workdir" "-m" "1610612736" "--user" "0:0" "--network" "none" "ghcr.io/rust-lang/crates-build-env/linux@sha256:2788e3201cd34a07e3172128adcd8b3090168a8e3bcc40d7c032b9dda1df7d1c" "/opt/rustwide/cargo-home/bin/cargo" "+beta-2023-12-22" "metadata" "--no-deps" "--format-version=1", kill_on_drop: false }`
[INFO] [stdout] 84caa1f193ed69e3e8a01dbd054be9c057fdbe4622aba4137be8ae813485f753
[INFO] running `Command { std: "docker" "start" "-a" "84caa1f193ed69e3e8a01dbd054be9c057fdbe4622aba4137be8ae813485f753", kill_on_drop: false }`
[INFO] running `Command { std: "docker" "inspect" "84caa1f193ed69e3e8a01dbd054be9c057fdbe4622aba4137be8ae813485f753", kill_on_drop: false }`
[INFO] running `Command { std: "docker" "rm" "-f" "84caa1f193ed69e3e8a01dbd054be9c057fdbe4622aba4137be8ae813485f753", kill_on_drop: false }`
[INFO] [stdout] 84caa1f193ed69e3e8a01dbd054be9c057fdbe4622aba4137be8ae813485f753
[INFO] running `Command { std: "docker" "create" "-v" "/var/lib/crater-agent-workspace/builds/worker-7-tc2/target:/opt/rustwide/target:rw,Z" "-v" "/var/lib/crater-agent-workspace/builds/worker-7-tc2/source:/opt/rustwide/workdir:ro,Z" "-v" "/var/lib/crater-agent-workspace/cargo-home:/opt/rustwide/cargo-home:ro,Z" "-v" "/var/lib/crater-agent-workspace/rustup-home:/opt/rustwide/rustup-home:ro,Z" "-e" "SOURCE_DIR=/opt/rustwide/workdir" "-e" "CARGO_TARGET_DIR=/opt/rustwide/target" "-e" "CARGO_INCREMENTAL=0" "-e" "RUST_BACKTRACE=full" "-e" "RUSTFLAGS=--cap-lints=warn" "-e" "RUSTDOCFLAGS=--cap-lints=warn" "-e" "CARGO_HOME=/opt/rustwide/cargo-home" "-e" "RUSTUP_HOME=/opt/rustwide/rustup-home" "-w" "/opt/rustwide/workdir" "-m" "1610612736" "--user" "0:0" "--network" "none" "ghcr.io/rust-lang/crates-build-env/linux@sha256:2788e3201cd34a07e3172128adcd8b3090168a8e3bcc40d7c032b9dda1df7d1c" "/opt/rustwide/cargo-home/bin/cargo" "+beta-2023-12-22" "build" "--frozen" "--message-format=json", kill_on_drop: false }`
[INFO] [stdout] b567b2a23acce8b99b88debe8018636696dd5f14f832b36d6f6a24d54be3c1fc
[INFO] running `Command { std: "docker" "start" "-a" "b567b2a23acce8b99b88debe8018636696dd5f14f832b36d6f6a24d54be3c1fc", kill_on_drop: false }`
[INFO] [stderr]    Compiling byteorder v1.5.0
[INFO] [stderr]    Compiling enum-kinds v0.5.1
[INFO] [stderr]    Compiling bdat v0.4.0 (/opt/rustwide/workdir)
[INFO] [stderr]     Finished dev [unoptimized + debuginfo] target(s) in 2.75s
[INFO] running `Command { std: "docker" "inspect" "b567b2a23acce8b99b88debe8018636696dd5f14f832b36d6f6a24d54be3c1fc", kill_on_drop: false }`
[INFO] running `Command { std: "docker" "rm" "-f" "b567b2a23acce8b99b88debe8018636696dd5f14f832b36d6f6a24d54be3c1fc", kill_on_drop: false }`
[INFO] [stdout] b567b2a23acce8b99b88debe8018636696dd5f14f832b36d6f6a24d54be3c1fc
[INFO] running `Command { std: "docker" "create" "-v" "/var/lib/crater-agent-workspace/builds/worker-7-tc2/target:/opt/rustwide/target:rw,Z" "-v" "/var/lib/crater-agent-workspace/builds/worker-7-tc2/source:/opt/rustwide/workdir:ro,Z" "-v" "/var/lib/crater-agent-workspace/cargo-home:/opt/rustwide/cargo-home:ro,Z" "-v" "/var/lib/crater-agent-workspace/rustup-home:/opt/rustwide/rustup-home:ro,Z" "-e" "SOURCE_DIR=/opt/rustwide/workdir" "-e" "CARGO_TARGET_DIR=/opt/rustwide/target" "-e" "CARGO_INCREMENTAL=0" "-e" "RUST_BACKTRACE=full" "-e" "RUSTFLAGS=--cap-lints=warn" "-e" "RUSTDOCFLAGS=--cap-lints=warn" "-e" "CARGO_HOME=/opt/rustwide/cargo-home" "-e" "RUSTUP_HOME=/opt/rustwide/rustup-home" "-w" "/opt/rustwide/workdir" "-m" "1610612736" "--user" "0:0" "--network" "none" "ghcr.io/rust-lang/crates-build-env/linux@sha256:2788e3201cd34a07e3172128adcd8b3090168a8e3bcc40d7c032b9dda1df7d1c" "/opt/rustwide/cargo-home/bin/cargo" "+beta-2023-12-22" "test" "--frozen" "--no-run" "--message-format=json", kill_on_drop: false }`
[INFO] [stdout] 5395180c4d29020cc1f1a8b694ab5718b2c75c97ba57e0aef9d405fefddb7af3
[INFO] running `Command { std: "docker" "start" "-a" "5395180c4d29020cc1f1a8b694ab5718b2c75c97ba57e0aef9d405fefddb7af3", kill_on_drop: false }`
[INFO] [stderr]    Compiling serde v1.0.194
[INFO] [stderr]    Compiling rustix v0.38.28
[INFO] [stderr]    Compiling ciborium-io v0.2.1
[INFO] [stderr]    Compiling linux-raw-sys v0.4.12
[INFO] [stderr]    Compiling clap_lex v0.6.0
[INFO] [stderr]    Compiling anstyle v1.0.4
[INFO] [stderr]    Compiling num_enum_derive v0.5.11
[INFO] [stderr]    Compiling criterion-plot v0.5.0
[INFO] [stderr]    Compiling anes v0.1.6
[INFO] [stderr]    Compiling ciborium-ll v0.2.1
[INFO] [stderr]    Compiling clap_builder v4.4.12
[INFO] [stderr]    Compiling is-terminal v0.4.10
[INFO] [stderr]    Compiling num_enum v0.5.11
[INFO] [stderr]    Compiling bdat v0.4.0 (/opt/rustwide/workdir)
[INFO] [stderr]    Compiling clap v4.4.13
[INFO] [stderr]    Compiling serde_json v1.0.111
[INFO] [stderr]    Compiling ciborium v0.2.1
[INFO] [stderr]    Compiling tinytemplate v1.2.1
[INFO] [stderr]    Compiling criterion v0.5.1
[INFO] [stdout] warning: unused import: `Table`
[INFO] [stdout]  --> tests/hash_tester.rs:5:80
[INFO] [stdout]   |
[INFO] [stdout] 5 |     BdatVersion, ColumnBuilder, ColumnDef, FlagDef, LegacyTable, SwitchEndian, Table, TableBuilder,
[INFO] [stdout]   |                                                                                ^^^^^
[INFO] [stdout]   |
[INFO] [stdout]   = note: `#[warn(unused_imports)]` on by default
[INFO] [stdout] 
[INFO] [stdout] 
[INFO] [stdout] warning: 1 warning emitted
[INFO] [stdout] 
[INFO] [stdout] 
[INFO] [stderr]     Finished test [unoptimized + debuginfo] target(s) in 12.39s
[INFO] running `Command { std: "docker" "inspect" "5395180c4d29020cc1f1a8b694ab5718b2c75c97ba57e0aef9d405fefddb7af3", kill_on_drop: false }`
[INFO] running `Command { std: "docker" "rm" "-f" "5395180c4d29020cc1f1a8b694ab5718b2c75c97ba57e0aef9d405fefddb7af3", kill_on_drop: false }`
[INFO] [stdout] 5395180c4d29020cc1f1a8b694ab5718b2c75c97ba57e0aef9d405fefddb7af3
[INFO] running `Command { std: "docker" "create" "-v" "/var/lib/crater-agent-workspace/builds/worker-7-tc2/target:/opt/rustwide/target:rw,Z" "-v" "/var/lib/crater-agent-workspace/builds/worker-7-tc2/source:/opt/rustwide/workdir:ro,Z" "-v" "/var/lib/crater-agent-workspace/cargo-home:/opt/rustwide/cargo-home:ro,Z" "-v" "/var/lib/crater-agent-workspace/rustup-home:/opt/rustwide/rustup-home:ro,Z" "-e" "SOURCE_DIR=/opt/rustwide/workdir" "-e" "CARGO_TARGET_DIR=/opt/rustwide/target" "-e" "CARGO_INCREMENTAL=0" "-e" "RUST_BACKTRACE=full" "-e" "RUSTFLAGS=--cap-lints=warn" "-e" "RUSTDOCFLAGS=--cap-lints=warn" "-e" "CARGO_HOME=/opt/rustwide/cargo-home" "-e" "RUSTUP_HOME=/opt/rustwide/rustup-home" "-w" "/opt/rustwide/workdir" "-m" "1610612736" "--user" "0:0" "--network" "none" "ghcr.io/rust-lang/crates-build-env/linux@sha256:2788e3201cd34a07e3172128adcd8b3090168a8e3bcc40d7c032b9dda1df7d1c" "/opt/rustwide/cargo-home/bin/cargo" "+beta-2023-12-22" "test" "--frozen", kill_on_drop: false }`
[INFO] [stdout] 0ac34771b5bb7be0dfb148d8b9fe90be1830640933701260409ee3558023cb91
[INFO] running `Command { std: "docker" "start" "-a" "0ac34771b5bb7be0dfb148d8b9fe90be1830640933701260409ee3558023cb91", kill_on_drop: false }`
[INFO] [stderr] warning: unused import: `Table`
[INFO] [stderr]  --> tests/hash_tester.rs:5:80
[INFO] [stderr]   |
[INFO] [stderr] 5 |     BdatVersion, ColumnBuilder, ColumnDef, FlagDef, LegacyTable, SwitchEndian, Table, TableBuilder,
[INFO] [stderr]   |                                                                                ^^^^^
[INFO] [stderr]   |
[INFO] [stderr]   = note: `#[warn(unused_imports)]` on by default
[INFO] [stderr] 
[INFO] [stderr] warning: `bdat` (test "hash_tester") generated 1 warning (run `cargo fix --test "hash_tester"` to apply 1 suggestion)
[INFO] [stderr]     Finished test [unoptimized + debuginfo] target(s) in 0.05s
[INFO] [stderr]      Running unittests src/lib.rs (/opt/rustwide/target/debug/deps/bdat-d994bcdd7058aa14)
[INFO] [stdout] 
[INFO] [stdout] running 10 tests
[INFO] [stdout] test hash::tests::test_murmur3 ... ok
[INFO] [stdout] test io::legacy::hash::tests::test_table_mod_61 ... ok
[INFO] [stdout] test io::legacy::hash::tests::test_hash_mod_61 ... ok
[INFO] [stdout] test io::legacy::scramble::tests::chunks ... ok
[INFO] [stdout] test io::legacy::scramble::tests::checksum ... ok
[INFO] [stdout] test io::legacy::scramble::tests::naive ... ok
[INFO] [stdout] test io::legacy::scramble::tests::scramble_naive ... ok
[INFO] [stdout] test io::legacy::scramble::tests::single ... ok
[INFO] [stdout] test io::modern::tests::table_write_back ... ok
[INFO] [stdout] test table::modern::tests::test_hash_table ... ok
[INFO] [stdout] 
[INFO] [stdout] test result: ok. 10 passed; 0 failed; 0 ignored; 0 measured; 0 filtered out; finished in 0.00s
[INFO] [stdout] 
[INFO] [stderr]      Running tests/hash_tester.rs (/opt/rustwide/target/debug/deps/hash_tester-df6a4c2d8fadc769)
[INFO] [stdout] 
[INFO] [stdout] running 2 tests
[INFO] [stdout] test hash_table_xcx ... ok
[INFO] [stdout] test hash_table_legacy ... ok
[INFO] [stdout] 
[INFO] [stdout] test result: ok. 2 passed; 0 failed; 0 ignored; 0 measured; 0 filtered out; finished in 0.00s
[INFO] [stdout] 
[INFO] [stderr]      Running tests/legacy.rs (/opt/rustwide/target/debug/deps/legacy-2fbecbb344cd1908)
[INFO] [stdout] 
[INFO] [stdout] running 5 tests
[INFO] [stdout] test table_map ... ok
[INFO] [stdout] test basic_read ... ok
[INFO] [stdout] test version_detect ... ok
[INFO] [stdout] test duplicate_columns ... ok
[INFO] [stdout] test write_back ... ok
[INFO] [stdout] 
[INFO] [stdout] test result: ok. 5 passed; 0 failed; 0 ignored; 0 measured; 0 filtered out; finished in 0.00s
[INFO] [stdout] 
[INFO] [stderr]      Running tests/legacy_wii.rs (/opt/rustwide/target/debug/deps/legacy_wii-8e2f69896d55de68)
[INFO] [stdout] 
[INFO] [stdout] running 4 tests
[INFO] [stdout] test version_detect ... ok
[INFO] [stdout] test basic_read ... ok
[INFO] [stdout] test duplicate_columns ... ok
[INFO] [stdout] test write_back ... ok
[INFO] [stdout] 
[INFO] [stdout] test result: ok. 4 passed; 0 failed; 0 ignored; 0 measured; 0 filtered out; finished in 0.00s
[INFO] [stdout] 
[INFO] [stderr]      Running tests/legacy_x.rs (/opt/rustwide/target/debug/deps/legacy_x-42299ea7a6f8f41c)
[INFO] [stdout] 
[INFO] [stdout] running 4 tests
[INFO] [stdout] test version_detect ... ok
[INFO] [stdout] test basic_read ... ok
[INFO] [stdout] test duplicate_columns ... ok
[INFO] [stdout] test write_back ... ok
[INFO] [stdout] 
[INFO] [stdout] test result: ok. 4 passed; 0 failed; 0 ignored; 0 measured; 0 filtered out; finished in 0.00s
[INFO] [stdout] 
[INFO] [stderr]    Doc-tests bdat
[INFO] [stdout] 
[INFO] [stdout] running 25 tests
[INFO] [stdout] test src/io/detect.rs - io::detect::from_bytes (line 50) ... ok
[INFO] [stdout] test src/io/legacy/mod.rs - io::legacy::to_vec (line 235) ... ok
[INFO] [stdout] test src/io/legacy/mod.rs - io::legacy::from_reader (line 96) ... ok
[INFO] [stdout] test src/io/legacy/mod.rs - io::legacy::from_bytes_copy (line 162) ... ok
[INFO] [stdout] test src/io/modern/mod.rs - io::modern::to_writer (line 76) ... ok
[INFO] [stdout] test src/io/detect.rs - io::detect::from_reader (line 91) ... ok
[INFO] [stdout] test src/io/modern/mod.rs - io::modern::from_bytes (line 61) ... ok
[INFO] [stdout] test src/io/legacy/mod.rs - io::legacy::to_writer (line 185) ... ok
[INFO] [stdout] test src/lib.rs - (line 21) ... ok
[INFO] [stdout] test src/io/legacy/mod.rs - io::legacy::to_vec_options (line 257) ... ok
[INFO] [stdout] test src/io/legacy/mod.rs - io::legacy::to_writer_options (line 210) ... ok
[INFO] [stdout] test src/lib.rs - (line 57) ... ok
[INFO] [stdout] test src/io/modern/mod.rs - io::modern::to_vec (line 96) ... ok
[INFO] [stdout] test src/io/legacy/mod.rs - io::legacy::from_bytes (line 130) ... ok
[INFO] [stdout] test src/io/modern/mod.rs - io::modern::from_reader (line 37) ... ok
[INFO] [stdout] test src/lib.rs - (line 126) ... ok
[INFO] [stdout] test src/table/cell.rs - table::cell::Cell (line 37) ... FAILED
[INFO] [stdout] test src/table/cell.rs - table::cell::Cell (line 27) ... FAILED
[INFO] [stdout] test src/table/legacy.rs - table::legacy::LegacyTable (line 23) ... ok
[INFO] [stdout] test src/table/mod.rs - table::Table (line 43) ... ok
[INFO] [stdout] test src/lib.rs - (line 89) ... ok
[INFO] [stdout] test src/table/modern.rs - table::modern::ModernTable (line 42) ... ok
[INFO] [stdout] test src/table/modern.rs - table::modern::ModernTable (line 31) ... ok
[INFO] [stdout] test src/table/row.rs - table::row::RowRef (line 20) ... ok
[INFO] [stdout] test src/table/modern.rs - table::modern::ModernTable<'b>::row (line 178) ... ok
[INFO] [stdout] 
[INFO] [stdout] failures:
[INFO] [stdout] 
[INFO] [stdout] ---- src/table/cell.rs - table::cell::Cell (line 37) stdout ----
[INFO] [stdout] error[E0433]: failed to resolve: use of undeclared crate or module `serde`
[INFO] [stdout]  --> src/table/cell.rs:41:5
[INFO] [stdout]   |
[INFO] [stdout] 7 | use serde::de::DeserializeSeed;
[INFO] [stdout]   |     ^^^^^ use of undeclared crate or module `serde`
[INFO] [stdout] 
[INFO] [stdout] error[E0599]: no method named `as_cell_seed` found for reference `&ColumnDef` in the current scope
[INFO] [stdout]   --> src/table/cell.rs:44:12
[INFO] [stdout]    |
[INFO] [stdout] 10 |     column.as_cell_seed().deserialize(&mut Deserializer::from_str(json)).unwrap()
[INFO] [stdout]    |            ^^^^^^^^^^^^ method not found in `&ColumnDef`
[INFO] [stdout] 
[INFO] [stdout] error: aborting due to 2 previous errors
[INFO] [stdout] 
[INFO] [stdout] Some errors have detailed explanations: E0433, E0599.
[INFO] [stdout] For more information about an error, try `rustc --explain E0433`.
[INFO] [stdout] Couldn't compile the test.
[INFO] [stdout] ---- src/table/cell.rs - table::cell::Cell (line 27) stdout ----
[INFO] [stdout] error[E0599]: no method named `cell_serializer` found for reference `&ColumnDef` in the current scope
[INFO] [stdout]  --> src/table/cell.rs:32:35
[INFO] [stdout]   |
[INFO] [stdout] 8 |     serde_json::to_string(&column.cell_serializer(cell)).unwrap()
[INFO] [stdout]   |                                   ^^^^^^^^^^^^^^^ method not found in `&ColumnDef`
[INFO] [stdout] 
[INFO] [stdout] error: aborting due to 1 previous error
[INFO] [stdout] 
[INFO] [stdout] For more information about this error, try `rustc --explain E0599`.
[INFO] [stdout] Couldn't compile the test.
[INFO] [stdout] 
[INFO] [stdout] failures:
[INFO] [stdout]     src/table/cell.rs - table::cell::Cell (line 27)
[INFO] [stdout]     src/table/cell.rs - table::cell::Cell (line 37)
[INFO] [stdout] 
[INFO] [stdout] test result: FAILED. 23 passed; 2 failed; 0 ignored; 0 measured; 0 filtered out; finished in 0.72s
[INFO] [stdout] 
[INFO] [stderr] error: doctest failed, to rerun pass `--doc`
[INFO] running `Command { std: "docker" "inspect" "0ac34771b5bb7be0dfb148d8b9fe90be1830640933701260409ee3558023cb91", kill_on_drop: false }`
[INFO] running `Command { std: "docker" "rm" "-f" "0ac34771b5bb7be0dfb148d8b9fe90be1830640933701260409ee3558023cb91", kill_on_drop: false }`
[INFO] [stdout] 0ac34771b5bb7be0dfb148d8b9fe90be1830640933701260409ee3558023cb91
