[INFO] fetching crate bb8-skytable 0.3.1...
[INFO] testing bb8-skytable-0.3.1 against 1.75.0 for beta-1.76-1
[INFO] extracting crate bb8-skytable 0.3.1 into /workspace/builds/worker-7-tc1/source
[INFO] validating manifest of crates.io crate bb8-skytable 0.3.1 on toolchain 1.75.0
[INFO] running `Command { std: CARGO_HOME="/workspace/cargo-home" RUSTUP_HOME="/workspace/rustup-home" "/workspace/cargo-home/bin/cargo" "+1.75.0" "metadata" "--manifest-path" "Cargo.toml" "--no-deps", kill_on_drop: false }`
[INFO] started tweaking crates.io crate bb8-skytable 0.3.1
[INFO] finished tweaking crates.io crate bb8-skytable 0.3.1
[INFO] tweaked toml for crates.io crate bb8-skytable 0.3.1 written to /workspace/builds/worker-7-tc1/source/Cargo.toml
[INFO] running `Command { std: CARGO_HOME="/workspace/cargo-home" RUSTUP_HOME="/workspace/rustup-home" "/workspace/cargo-home/bin/cargo" "+1.75.0" "generate-lockfile" "--manifest-path" "Cargo.toml", kill_on_drop: false }`
[INFO] [stderr]     Updating crates.io index
[INFO] running `Command { std: CARGO_HOME="/workspace/cargo-home" RUSTUP_HOME="/workspace/rustup-home" "/workspace/cargo-home/bin/cargo" "+1.75.0" "fetch" "--manifest-path" "Cargo.toml", kill_on_drop: false }`
[INFO] [stderr]  Downloading crates ...
[INFO] [stderr]   Downloaded bb8 v0.7.1
[INFO] [stderr]   Downloaded skytable v0.6.2
[INFO] running `Command { std: "docker" "create" "-v" "/var/lib/crater-agent-workspace/builds/worker-7-tc1/target:/opt/rustwide/target:rw,Z" "-v" "/var/lib/crater-agent-workspace/builds/worker-7-tc1/source:/opt/rustwide/workdir:ro,Z" "-v" "/var/lib/crater-agent-workspace/cargo-home:/opt/rustwide/cargo-home:ro,Z" "-v" "/var/lib/crater-agent-workspace/rustup-home:/opt/rustwide/rustup-home:ro,Z" "-e" "SOURCE_DIR=/opt/rustwide/workdir" "-e" "CARGO_TARGET_DIR=/opt/rustwide/target" "-e" "CARGO_HOME=/opt/rustwide/cargo-home" "-e" "RUSTUP_HOME=/opt/rustwide/rustup-home" "-w" "/opt/rustwide/workdir" "-m" "1610612736" "--user" "0:0" "--network" "none" "ghcr.io/rust-lang/crates-build-env/linux@sha256:2788e3201cd34a07e3172128adcd8b3090168a8e3bcc40d7c032b9dda1df7d1c" "/opt/rustwide/cargo-home/bin/cargo" "+1.75.0" "metadata" "--no-deps" "--format-version=1", kill_on_drop: false }`
[INFO] [stdout] 8512abc1304608ce1bed18350dbc36ba3a4c4dabca85ad84024e0f3720af875b
[INFO] running `Command { std: "docker" "start" "-a" "8512abc1304608ce1bed18350dbc36ba3a4c4dabca85ad84024e0f3720af875b", kill_on_drop: false }`
[INFO] running `Command { std: "docker" "inspect" "8512abc1304608ce1bed18350dbc36ba3a4c4dabca85ad84024e0f3720af875b", kill_on_drop: false }`
[INFO] running `Command { std: "docker" "rm" "-f" "8512abc1304608ce1bed18350dbc36ba3a4c4dabca85ad84024e0f3720af875b", kill_on_drop: false }`
[INFO] [stdout] 8512abc1304608ce1bed18350dbc36ba3a4c4dabca85ad84024e0f3720af875b
[INFO] running `Command { std: "docker" "create" "-v" "/var/lib/crater-agent-workspace/builds/worker-7-tc1/target:/opt/rustwide/target:rw,Z" "-v" "/var/lib/crater-agent-workspace/builds/worker-7-tc1/source:/opt/rustwide/workdir:ro,Z" "-v" "/var/lib/crater-agent-workspace/cargo-home:/opt/rustwide/cargo-home:ro,Z" "-v" "/var/lib/crater-agent-workspace/rustup-home:/opt/rustwide/rustup-home:ro,Z" "-e" "SOURCE_DIR=/opt/rustwide/workdir" "-e" "CARGO_TARGET_DIR=/opt/rustwide/target" "-e" "CARGO_INCREMENTAL=0" "-e" "RUST_BACKTRACE=full" "-e" "RUSTFLAGS=--cap-lints=warn" "-e" "RUSTDOCFLAGS=--cap-lints=warn" "-e" "CARGO_HOME=/opt/rustwide/cargo-home" "-e" "RUSTUP_HOME=/opt/rustwide/rustup-home" "-w" "/opt/rustwide/workdir" "-m" "1610612736" "--user" "0:0" "--network" "none" "ghcr.io/rust-lang/crates-build-env/linux@sha256:2788e3201cd34a07e3172128adcd8b3090168a8e3bcc40d7c032b9dda1df7d1c" "/opt/rustwide/cargo-home/bin/cargo" "+1.75.0" "build" "--frozen" "--message-format=json", kill_on_drop: false }`
[INFO] [stdout] fe5b0735f932bff277b80287ce800d2eb8daac1941acaac7c46d53e8f27fc16c
[INFO] running `Command { std: "docker" "start" "-a" "fe5b0735f932bff277b80287ce800d2eb8daac1941acaac7c46d53e8f27fc16c", kill_on_drop: false }`
[INFO] [stderr]    Compiling lock_api v0.4.11
[INFO] [stderr]    Compiling smallvec v1.11.2
[INFO] [stderr]    Compiling scopeguard v1.2.0
[INFO] [stderr]    Compiling parking_lot_core v0.9.9
[INFO] [stderr]    Compiling parking_lot_core v0.8.6
[INFO] [stderr]    Compiling futures-core v0.3.30
[INFO] [stderr]    Compiling instant v0.1.12
[INFO] [stderr]    Compiling futures-channel v0.3.30
[INFO] [stderr]    Compiling futures-util v0.3.30
[INFO] [stderr]    Compiling parking_lot v0.12.1
[INFO] [stderr]    Compiling parking_lot v0.11.2
[INFO] [stderr]    Compiling tokio v1.35.1
[INFO] [stderr]    Compiling skytable v0.6.2
[INFO] [stderr]    Compiling bb8 v0.7.1
[INFO] [stderr]    Compiling bb8-skytable v0.3.1 (/opt/rustwide/workdir)
[INFO] [stderr]     Finished dev [unoptimized + debuginfo] target(s) in 5.26s
[INFO] running `Command { std: "docker" "inspect" "fe5b0735f932bff277b80287ce800d2eb8daac1941acaac7c46d53e8f27fc16c", kill_on_drop: false }`
[INFO] running `Command { std: "docker" "rm" "-f" "fe5b0735f932bff277b80287ce800d2eb8daac1941acaac7c46d53e8f27fc16c", kill_on_drop: false }`
[INFO] [stdout] fe5b0735f932bff277b80287ce800d2eb8daac1941acaac7c46d53e8f27fc16c
[INFO] running `Command { std: "docker" "create" "-v" "/var/lib/crater-agent-workspace/builds/worker-7-tc1/target:/opt/rustwide/target:rw,Z" "-v" "/var/lib/crater-agent-workspace/builds/worker-7-tc1/source:/opt/rustwide/workdir:ro,Z" "-v" "/var/lib/crater-agent-workspace/cargo-home:/opt/rustwide/cargo-home:ro,Z" "-v" "/var/lib/crater-agent-workspace/rustup-home:/opt/rustwide/rustup-home:ro,Z" "-e" "SOURCE_DIR=/opt/rustwide/workdir" "-e" "CARGO_TARGET_DIR=/opt/rustwide/target" "-e" "CARGO_INCREMENTAL=0" "-e" "RUST_BACKTRACE=full" "-e" "RUSTFLAGS=--cap-lints=warn" "-e" "RUSTDOCFLAGS=--cap-lints=warn" "-e" "CARGO_HOME=/opt/rustwide/cargo-home" "-e" "RUSTUP_HOME=/opt/rustwide/rustup-home" "-w" "/opt/rustwide/workdir" "-m" "1610612736" "--user" "0:0" "--network" "none" "ghcr.io/rust-lang/crates-build-env/linux@sha256:2788e3201cd34a07e3172128adcd8b3090168a8e3bcc40d7c032b9dda1df7d1c" "/opt/rustwide/cargo-home/bin/cargo" "+1.75.0" "test" "--frozen" "--no-run" "--message-format=json", kill_on_drop: false }`
[INFO] [stdout] fb515e680825ec8c595f09a3342c8af652a4bc3e6a0bcda5e29e8267135156a9
[INFO] running `Command { std: "docker" "start" "-a" "fb515e680825ec8c595f09a3342c8af652a4bc3e6a0bcda5e29e8267135156a9", kill_on_drop: false }`
[INFO] [stderr]    Compiling bb8-skytable v0.3.1 (/opt/rustwide/workdir)
[INFO] [stderr]     Finished test [unoptimized + debuginfo] target(s) in 0.37s
[INFO] running `Command { std: "docker" "inspect" "fb515e680825ec8c595f09a3342c8af652a4bc3e6a0bcda5e29e8267135156a9", kill_on_drop: false }`
[INFO] running `Command { std: "docker" "rm" "-f" "fb515e680825ec8c595f09a3342c8af652a4bc3e6a0bcda5e29e8267135156a9", kill_on_drop: false }`
[INFO] [stdout] fb515e680825ec8c595f09a3342c8af652a4bc3e6a0bcda5e29e8267135156a9
[INFO] running `Command { std: "docker" "create" "-v" "/var/lib/crater-agent-workspace/builds/worker-7-tc1/target:/opt/rustwide/target:rw,Z" "-v" "/var/lib/crater-agent-workspace/builds/worker-7-tc1/source:/opt/rustwide/workdir:ro,Z" "-v" "/var/lib/crater-agent-workspace/cargo-home:/opt/rustwide/cargo-home:ro,Z" "-v" "/var/lib/crater-agent-workspace/rustup-home:/opt/rustwide/rustup-home:ro,Z" "-e" "SOURCE_DIR=/opt/rustwide/workdir" "-e" "CARGO_TARGET_DIR=/opt/rustwide/target" "-e" "CARGO_INCREMENTAL=0" "-e" "RUST_BACKTRACE=full" "-e" "RUSTFLAGS=--cap-lints=warn" "-e" "RUSTDOCFLAGS=--cap-lints=warn" "-e" "CARGO_HOME=/opt/rustwide/cargo-home" "-e" "RUSTUP_HOME=/opt/rustwide/rustup-home" "-w" "/opt/rustwide/workdir" "-m" "1610612736" "--user" "0:0" "--network" "none" "ghcr.io/rust-lang/crates-build-env/linux@sha256:2788e3201cd34a07e3172128adcd8b3090168a8e3bcc40d7c032b9dda1df7d1c" "/opt/rustwide/cargo-home/bin/cargo" "+1.75.0" "test" "--frozen", kill_on_drop: false }`
[INFO] [stdout] 8954705737c5dc901790ec34956225b360bf3a5236db2b18fe5f8166d99e15b6
[INFO] running `Command { std: "docker" "start" "-a" "8954705737c5dc901790ec34956225b360bf3a5236db2b18fe5f8166d99e15b6", kill_on_drop: false }`
[INFO] [stderr]     Finished test [unoptimized + debuginfo] target(s) in 0.04s
[INFO] [stderr]      Running unittests src/lib.rs (/opt/rustwide/target/debug/deps/bb8_skytable-6d0ff3b7e23ab351)
[INFO] [stdout] 
[INFO] [stdout] running 0 tests
[INFO] [stdout] 
[INFO] [stdout] test result: ok. 0 passed; 0 failed; 0 ignored; 0 measured; 0 filtered out; finished in 0.00s
[INFO] [stdout] 
[INFO] [stderr]    Doc-tests bb8-skytable
[INFO] [stdout] 
[INFO] [stdout] running 1 test
[INFO] [stdout] test src/lib.rs - (line 5) ... FAILED
[INFO] [stdout] 
[INFO] [stdout] failures:
[INFO] [stdout] 
[INFO] [stdout] ---- src/lib.rs - (line 5) stdout ----
[INFO] [stdout] error[E0599]: the method `set` exists for struct `PooledConnection<'_, SkytableConnectionManager>`, but its trait bounds were not satisfied
[INFO] [stdout]    --> src/lib.rs:18:10
[INFO] [stdout]     |
[INFO] [stdout] 15  |     conn.set("x", "100").await.unwrap();
[INFO] [stdout]     |          ^^^ method cannot be called on `PooledConnection<'_, SkytableConnectionManager>` due to unsatisfied trait bounds
[INFO] [stdout]     |
[INFO] [stdout]    ::: /opt/rustwide/cargo-home/registry/src/index.crates.io-6f17d22bba15001f/bb8-0.7.1/src/api.rs:293:1
[INFO] [stdout]     |
[INFO] [stdout] 293 | pub struct PooledConnection<'a, M>
[INFO] [stdout]     | ----------------------------------
[INFO] [stdout]     | |
[INFO] [stdout]     | doesn't satisfy `_: Actions`
[INFO] [stdout]     | doesn't satisfy `_: SyncSocket`
[INFO] [stdout]     |
[INFO] [stdout]    ::: /opt/rustwide/cargo-home/registry/src/index.crates.io-6f17d22bba15001f/skytable-0.6.2/src/aio.rs:122:5
[INFO] [stdout]     |
[INFO] [stdout] 122 |     pub struct Connection {
[INFO] [stdout]     |     ---------------------
[INFO] [stdout]     |     |
[INFO] [stdout]     |     doesn't satisfy `AsyncConnection: Actions`
[INFO] [stdout]     |     doesn't satisfy `AsyncConnection: SyncSocket`
[INFO] [stdout]     |
[INFO] [stdout]     = note: the following trait bounds were not satisfied:
[INFO] [stdout]             `PooledConnection<'_, SkytableConnectionManager>: SyncSocket`
[INFO] [stdout]             which is required by `PooledConnection<'_, SkytableConnectionManager>: Actions`
[INFO] [stdout]             `AsyncConnection: SyncSocket`
[INFO] [stdout]             which is required by `AsyncConnection: Actions`
[INFO] [stdout]     = help: items from traits can only be used if the trait is in scope
[INFO] [stdout] help: the following trait is implemented but not in scope; perhaps add a `use` for it:
[INFO] [stdout]     |
[INFO] [stdout] 2   + use crate::bb8_skytable::skytable::actions::AsyncActions;
[INFO] [stdout]     |
[INFO] [stdout] 
[INFO] [stdout] error: aborting due to previous error
[INFO] [stdout] 
[INFO] [stdout] For more information about this error, try `rustc --explain E0599`.
[INFO] [stdout] Couldn't compile the test.
[INFO] [stdout] 
[INFO] [stdout] failures:
[INFO] [stdout]     src/lib.rs - (line 5)
[INFO] [stdout] 
[INFO] [stdout] test result: FAILED. 0 passed; 1 failed; 0 ignored; 0 measured; 0 filtered out; finished in 0.07s
[INFO] [stdout] 
[INFO] [stderr] error: doctest failed, to rerun pass `--doc`
[INFO] running `Command { std: "docker" "inspect" "8954705737c5dc901790ec34956225b360bf3a5236db2b18fe5f8166d99e15b6", kill_on_drop: false }`
[INFO] running `Command { std: "docker" "rm" "-f" "8954705737c5dc901790ec34956225b360bf3a5236db2b18fe5f8166d99e15b6", kill_on_drop: false }`
[INFO] [stdout] 8954705737c5dc901790ec34956225b360bf3a5236db2b18fe5f8166d99e15b6
