[INFO] fetching crate batch 0.1.1...
[INFO] testing batch-0.1.1 against 1.75.0 for beta-1.76-1
[INFO] extracting crate batch 0.1.1 into /workspace/builds/worker-0-tc1/source
[INFO] validating manifest of crates.io crate batch 0.1.1 on toolchain 1.75.0
[INFO] running `Command { std: CARGO_HOME="/workspace/cargo-home" RUSTUP_HOME="/workspace/rustup-home" "/workspace/cargo-home/bin/cargo" "+1.75.0" "metadata" "--manifest-path" "Cargo.toml" "--no-deps", kill_on_drop: false }`
[INFO] started tweaking crates.io crate batch 0.1.1
[INFO] finished tweaking crates.io crate batch 0.1.1
[INFO] tweaked toml for crates.io crate batch 0.1.1 written to /workspace/builds/worker-0-tc1/source/Cargo.toml
[INFO] running `Command { std: CARGO_HOME="/workspace/cargo-home" RUSTUP_HOME="/workspace/rustup-home" "/workspace/cargo-home/bin/cargo" "+1.75.0" "generate-lockfile" "--manifest-path" "Cargo.toml", kill_on_drop: false }`
[INFO] [stderr]     Updating crates.io index
[INFO] running `Command { std: CARGO_HOME="/workspace/cargo-home" RUSTUP_HOME="/workspace/rustup-home" "/workspace/cargo-home/bin/cargo" "+1.75.0" "fetch" "--manifest-path" "Cargo.toml", kill_on_drop: false }`
[INFO] [stderr]     Blocking waiting for file lock on package cache
[INFO] [stderr]     Blocking waiting for file lock on package cache
[INFO] [stderr]  Downloading crates ...
[INFO] [stderr]   Downloaded crypto-mac v0.7.0
[INFO] [stderr]   Downloaded hmac v0.7.1
[INFO] [stderr]   Downloaded wait-timeout v0.1.5
[INFO] [stderr]   Downloaded tokio-core v0.1.18
[INFO] [stderr]   Downloaded tokio-tls-api v0.1.22
[INFO] [stderr]   Downloaded pbkdf2 v0.3.0
[INFO] [stderr]   Downloaded memchr v1.0.2
[INFO] [stderr]   Downloaded sha2 v0.8.2
[INFO] [stderr]   Downloaded cookie-factory v0.2.4
[INFO] [stderr]   Downloaded tls-api v0.1.22
[INFO] [stderr]   Downloaded untrusted v0.6.2
[INFO] [stderr]   Downloaded sct v0.5.0
[INFO] [stderr]   Downloaded nom v3.2.1
[INFO] [stderr]   Downloaded rustls v0.15.2
[INFO] [stderr]   Downloaded env_logger v0.5.13
[INFO] [stderr]   Downloaded webpki v0.19.1
[INFO] [stderr]   Downloaded ring v0.14.6
[INFO] [stderr]   Downloaded lapin-futures-rustls v0.10.0
[INFO] [stderr]   Downloaded handlebars v0.27.0
[INFO] [stderr]   Downloaded amq-protocol-codegen v0.27.0
[INFO] [stderr]   Downloaded amq-protocol-types v0.20.0
[INFO] [stderr]   Downloaded proc-macro2 v0.2.3
[INFO] [stderr]   Downloaded subtle v1.0.0
[INFO] [stderr]   Downloaded uuid v0.6.5
[INFO] [stderr]   Downloaded webpki-roots v0.16.0
[INFO] [stderr]   Downloaded quote v0.4.2
[INFO] [stderr]   Downloaded tokio-timer v0.1.2
[INFO] [stderr]   Downloaded batch-codegen v0.1.0
[INFO] [stderr]   Downloaded syn v0.12.15
[INFO] [stderr]   Downloaded amq-protocol v0.19.1
[INFO] [stderr]   Downloaded ns-dns-tokio v0.4.0
[INFO] [stderr]   Downloaded lapin-futures-tls-api v0.6.0
[INFO] [stderr]   Downloaded lapin-futures v0.10.0
[INFO] [stderr]   Downloaded tls-api-rustls v0.1.22
[INFO] [stderr]   Downloaded abstract-ns v0.4.3
[INFO] [stderr]   Downloaded lapin-async v0.10.0
[INFO] [stderr]   Downloaded sasl v0.4.3
[INFO] [stderr]   Downloaded pest v0.3.3
[INFO] [stderr]   Downloaded domain v0.2.4
[INFO] running `Command { std: "docker" "create" "-v" "/var/lib/crater-agent-workspace/builds/worker-0-tc1/target:/opt/rustwide/target:rw,Z" "-v" "/var/lib/crater-agent-workspace/builds/worker-0-tc1/source:/opt/rustwide/workdir:ro,Z" "-v" "/var/lib/crater-agent-workspace/cargo-home:/opt/rustwide/cargo-home:ro,Z" "-v" "/var/lib/crater-agent-workspace/rustup-home:/opt/rustwide/rustup-home:ro,Z" "-e" "SOURCE_DIR=/opt/rustwide/workdir" "-e" "CARGO_TARGET_DIR=/opt/rustwide/target" "-e" "CARGO_HOME=/opt/rustwide/cargo-home" "-e" "RUSTUP_HOME=/opt/rustwide/rustup-home" "-w" "/opt/rustwide/workdir" "-m" "1610612736" "--user" "0:0" "--network" "none" "ghcr.io/rust-lang/crates-build-env/linux@sha256:2788e3201cd34a07e3172128adcd8b3090168a8e3bcc40d7c032b9dda1df7d1c" "/opt/rustwide/cargo-home/bin/cargo" "+1.75.0" "metadata" "--no-deps" "--format-version=1", kill_on_drop: false }`
[INFO] [stdout] 4c936c721a7e01cb14a72b2cccc36a24c9fd3b4c7c84aa1ce89164505b6fb0af
[INFO] running `Command { std: "docker" "start" "-a" "4c936c721a7e01cb14a72b2cccc36a24c9fd3b4c7c84aa1ce89164505b6fb0af", kill_on_drop: false }`
[INFO] running `Command { std: "docker" "inspect" "4c936c721a7e01cb14a72b2cccc36a24c9fd3b4c7c84aa1ce89164505b6fb0af", kill_on_drop: false }`
[INFO] running `Command { std: "docker" "rm" "-f" "4c936c721a7e01cb14a72b2cccc36a24c9fd3b4c7c84aa1ce89164505b6fb0af", kill_on_drop: false }`
[INFO] [stdout] 4c936c721a7e01cb14a72b2cccc36a24c9fd3b4c7c84aa1ce89164505b6fb0af
[INFO] running `Command { std: "docker" "create" "-v" "/var/lib/crater-agent-workspace/builds/worker-0-tc1/target:/opt/rustwide/target:rw,Z" "-v" "/var/lib/crater-agent-workspace/builds/worker-0-tc1/source:/opt/rustwide/workdir:ro,Z" "-v" "/var/lib/crater-agent-workspace/cargo-home:/opt/rustwide/cargo-home:ro,Z" "-v" "/var/lib/crater-agent-workspace/rustup-home:/opt/rustwide/rustup-home:ro,Z" "-e" "SOURCE_DIR=/opt/rustwide/workdir" "-e" "CARGO_TARGET_DIR=/opt/rustwide/target" "-e" "CARGO_INCREMENTAL=0" "-e" "RUST_BACKTRACE=full" "-e" "RUSTFLAGS=--cap-lints=warn" "-e" "RUSTDOCFLAGS=--cap-lints=warn" "-e" "CARGO_HOME=/opt/rustwide/cargo-home" "-e" "RUSTUP_HOME=/opt/rustwide/rustup-home" "-w" "/opt/rustwide/workdir" "-m" "1610612736" "--user" "0:0" "--network" "none" "ghcr.io/rust-lang/crates-build-env/linux@sha256:2788e3201cd34a07e3172128adcd8b3090168a8e3bcc40d7c032b9dda1df7d1c" "/opt/rustwide/cargo-home/bin/cargo" "+1.75.0" "build" "--frozen" "--message-format=json", kill_on_drop: false }`
[INFO] [stdout] a55e6b9178b52d8a514a967bb2b54409aa0deda2280c6266ec60e645bdb4d019
[INFO] running `Command { std: "docker" "start" "-a" "a55e6b9178b52d8a514a967bb2b54409aa0deda2280c6266ec60e645bdb4d019", kill_on_drop: false }`
[INFO] [stderr]    Compiling libc v0.2.151
[INFO] [stderr]    Compiling lazy_static v1.4.0
[INFO] [stderr]    Compiling futures v0.1.31
[INFO] [stderr]    Compiling maybe-uninit v2.0.0
[INFO] [stderr]    Compiling semver-parser v0.7.0
[INFO] [stderr]    Compiling scopeguard v1.2.0
[INFO] [stderr]    Compiling crossbeam-utils v0.7.2
[INFO] [stderr]    Compiling ucd-util v0.1.10
[INFO] [stderr]    Compiling regex v0.2.11
[INFO] [stderr]    Compiling quick-error v1.2.3
[INFO] [stderr]    Compiling memoffset v0.5.6
[INFO] [stderr]    Compiling aho-corasick v0.6.10
[INFO] [stderr]    Compiling serde_json v1.0.111
[INFO] [stderr]    Compiling generic-array v0.12.4
[INFO] [stderr]    Compiling syn v2.0.48
[INFO] [stderr]    Compiling utf8-ranges v1.0.5
[INFO] [stderr]    Compiling thread_local v0.3.6
[INFO] [stderr]    Compiling regex-syntax v0.5.6
[INFO] [stderr]    Compiling lock_api v0.3.4
[INFO] [stderr]    Compiling semver v0.9.0
[INFO] [stderr]    Compiling crossbeam-epoch v0.8.2
[INFO] [stderr]    Compiling pest v0.3.3
[INFO] [stderr]    Compiling lazy_static v0.2.11
[INFO] [stderr]    Compiling cookie-factory v0.2.4
[INFO] [stderr]    Compiling byte-tools v0.3.1
[INFO] [stderr]    Compiling digest v0.8.1
[INFO] [stderr]    Compiling subtle v1.0.0
[INFO] [stderr]    Compiling rustc_version v0.2.3
[INFO] [stderr]    Compiling url v1.7.2
[INFO] [stderr]    Compiling base64 v0.10.1
[INFO] [stderr]    Compiling block-padding v0.1.5
[INFO] [stderr]    Compiling smallvec v0.6.14
[INFO] [stderr]    Compiling crypto-mac v0.7.0
[INFO] [stderr]    Compiling opaque-debug v0.2.3
[INFO] [stderr]    Compiling fake-simd v0.1.2
[INFO] [stderr]    Compiling block-buffer v0.7.3
[INFO] [stderr]    Compiling spin v0.5.2
[INFO] [stderr]    Compiling untrusted v0.6.2
[INFO] [stderr]    Compiling rand_core v0.4.2
[INFO] [stderr]    Compiling pbkdf2 v0.3.0
[INFO] [stderr]    Compiling parking_lot_core v0.6.3
[INFO] [stderr]    Compiling parking_lot v0.9.0
[INFO] [stderr]    Compiling hmac v0.7.1
[INFO] [stderr]    Compiling scoped-tls v0.1.2
[INFO] [stderr]    Compiling sha-1 v0.8.2
[INFO] [stderr]    Compiling sha2 v0.8.2
[INFO] [stderr]    Compiling syn v1.0.109
[INFO] [stderr]    Compiling tls-api v0.1.22
[INFO] [stderr]    Compiling unicode-xid v0.1.0
[INFO] [stderr]    Compiling void v1.0.2
[INFO] [stderr]    Compiling slab v0.3.0
[INFO] [stderr]    Compiling proc-macro2 v0.2.3
[INFO] [stderr]    Compiling adler v1.0.2
[INFO] [stderr]    Compiling unicode-xid v0.2.4
[INFO] [stderr]    Compiling failure_derive v0.1.8
[INFO] [stderr]    Compiling gimli v0.28.1
[INFO] [stderr]    Compiling miniz_oxide v0.7.1
[INFO] [stderr]    Compiling object v0.32.2
[INFO] [stderr]    Compiling rustc-demangle v0.1.23
[INFO] [stderr]    Compiling crossbeam-queue v0.2.3
[INFO] [stderr]    Compiling tokio-executor v0.1.10
[INFO] [stderr]    Compiling tokio-sync v0.1.8
[INFO] [stderr]    Compiling iovec v0.1.4
[INFO] [stderr]    Compiling bytes v0.4.12
[INFO] [stderr]    Compiling cc v1.0.83
[INFO] [stderr]    Compiling num_cpus v1.16.0
[INFO] [stderr]    Compiling net2 v0.2.39
[INFO] [stderr]    Compiling memchr v1.0.2
[INFO] [stderr]    Compiling nom v3.2.1
[INFO] [stderr]    Compiling crossbeam-deque v0.7.4
[INFO] [stderr]    Compiling tokio-timer v0.2.13
[INFO] [stderr]    Compiling tokio-current-thread v0.1.7
[INFO] [stderr]    Compiling mio v0.6.23
[INFO] [stderr]    Compiling tokio-io v0.1.13
[INFO] [stderr]    Compiling tokio-threadpool v0.1.18
[INFO] [stderr]    Compiling rand v0.4.6
[INFO] [stderr]    Compiling rand_os v0.1.3
[INFO] [stderr]    Compiling sasl v0.4.3
[INFO] [stderr]    Compiling tokio-codec v0.1.2
[INFO] [stderr]    Compiling tokio-reactor v0.1.12
[INFO] [stderr]    Compiling mio-uds v0.6.8
[INFO] [stderr]    Compiling tokio-timer v0.1.2
[INFO] [stderr]    Compiling tokio-tls-api v0.1.22
[INFO] [stderr]    Compiling tokio-udp v0.1.6
[INFO] [stderr]    Compiling tokio-tcp v0.1.4
[INFO] [stderr]    Compiling tokio-uds v0.2.7
[INFO] [stderr]    Compiling tokio-fs v0.1.7
[INFO] [stderr]    Compiling handlebars v0.27.0
[INFO] [stderr]    Compiling ring v0.14.6
[INFO] [stderr]    Compiling tokio v0.1.22
[INFO] [stderr]    Compiling backtrace v0.3.69
[INFO] [stderr]    Compiling abstract-ns v0.4.3
[INFO] [stderr]    Compiling quote v0.4.2
[INFO] [stderr]    Compiling uuid v0.6.5
[INFO] [stderr]    Compiling wait-timeout v0.1.5
[INFO] [stderr]    Compiling syn v0.12.15
[INFO] [stderr]    Compiling tokio-core v0.1.18
[INFO] [stderr]    Compiling synstructure v0.12.6
[INFO] [stderr]    Compiling addr2line v0.21.0
[INFO] [stderr]    Compiling serde_derive v1.0.194
[INFO] [stderr]    Compiling domain v0.2.4
[INFO] [stderr]    Compiling batch-codegen v0.1.0
[INFO] [stderr]    Compiling failure v0.1.8
[INFO] [stderr]    Compiling ns-dns-tokio v0.4.0
[INFO] [stderr]    Compiling webpki v0.19.1
[INFO] [stderr]    Compiling sct v0.5.0
[INFO] [stderr]    Compiling rustls v0.15.2
[INFO] [stderr]    Compiling webpki-roots v0.16.0
[INFO] [stderr]    Compiling amq-protocol-types v0.20.0
[INFO] [stderr]    Compiling amq-protocol-codegen v0.27.0
[INFO] [stderr]    Compiling amq-protocol v0.19.1
[INFO] [stderr]    Compiling tls-api-rustls v0.1.22
[INFO] [stderr]    Compiling lapin-async v0.10.0
[INFO] [stderr]    Compiling lapin-futures v0.10.0
[INFO] [stderr]    Compiling lapin-futures-tls-api v0.6.0
[INFO] [stderr]    Compiling lapin-futures-rustls v0.10.0
[INFO] [stderr]    Compiling batch v0.1.1 (/opt/rustwide/workdir)
[INFO] [stdout] warning: anonymous parameters are deprecated and will be removed in the next edition
[INFO] [stdout]    --> src/task.rs:102:23
[INFO] [stdout]     |
[INFO] [stdout] 102 |     fn perform(&self, Self::Context);
[INFO] [stdout]     |                       ^^^^^^^^^^^^^ help: try naming the parameter or explicitly ignoring it: `_: Self::Context`
[INFO] [stdout]     |
[INFO] [stdout]     = warning: this is accepted in the current edition (Rust 2015) but is a hard error in Rust 2018!
[INFO] [stdout]     = note: for more information, see issue #41686 <https://github.com/rust-lang/rust/issues/41686>
[INFO] [stdout]     = note: `#[warn(anonymous_parameters)]` on by default
[INFO] [stdout] 
[INFO] [stdout] 
[INFO] [stdout] warning: trait objects without an explicit `dyn` are deprecated
[INFO] [stdout]    --> src/rabbitmq.rs:244:17
[INFO] [stdout]     |
[INFO] [stdout] 244 |     stream: Box<Stream<Item = Message, Error = io::Error> + Send>,
[INFO] [stdout]     |                 ^^^^^^^^^^^^^^^^^^^^^^^^^^^^^^^^^^^^^^^^^^^^^^^^
[INFO] [stdout]     |
[INFO] [stdout]     = warning: this is accepted in the current edition (Rust 2015) but is a hard error in Rust 2021!
[INFO] [stdout]     = note: for more information, see <https://doc.rust-lang.org/nightly/edition-guide/rust-2021/warnings-promoted-to-error.html>
[INFO] [stdout]     = note: `#[warn(bare_trait_objects)]` on by default
[INFO] [stdout] help: use `dyn`
[INFO] [stdout]     |
[INFO] [stdout] 244 |     stream: Box<dyn Stream<Item = Message, Error = io::Error> + Send>,
[INFO] [stdout]     |                 +++
[INFO] [stdout] 
[INFO] [stdout] 
[INFO] [stdout] warning: trait objects without an explicit `dyn` are deprecated
[INFO] [stdout]   --> src/worker.rs:36:22
[INFO] [stdout]    |
[INFO] [stdout] 36 | type WorkerFn<Ctx> = Fn(&Job, Ctx) -> Result<()>;
[INFO] [stdout]    |                      ^^^^^^^^^^^^^^^^^^^^^^^^^^^
[INFO] [stdout]    |
[INFO] [stdout]    = warning: this is accepted in the current edition (Rust 2015) but is a hard error in Rust 2021!
[INFO] [stdout]    = note: for more information, see <https://doc.rust-lang.org/nightly/edition-guide/rust-2021/warnings-promoted-to-error.html>
[INFO] [stdout] help: use `dyn`
[INFO] [stdout]    |
[INFO] [stdout] 36 | type WorkerFn<Ctx> = dyn Fn(&Job, Ctx) -> Result<()>;
[INFO] [stdout]    |                      +++
[INFO] [stdout] 
[INFO] [stdout] 
[INFO] [stdout] warning: trait objects without an explicit `dyn` are deprecated
[INFO] [stdout]    --> src/client.rs:102:31
[INFO] [stdout]     |
[INFO] [stdout] 102 |     pub fn build(self) -> Box<Future<Item = Client, Error = Error>> {
[INFO] [stdout]     |                               ^^^^^^^^^^^^^^^^^^^^^^^^^^^^^^^^^^^^
[INFO] [stdout]     |
[INFO] [stdout]     = warning: this is accepted in the current edition (Rust 2015) but is a hard error in Rust 2021!
[INFO] [stdout]     = note: for more information, see <https://doc.rust-lang.org/nightly/edition-guide/rust-2021/warnings-promoted-to-error.html>
[INFO] [stdout] help: use `dyn`
[INFO] [stdout]     |
[INFO] [stdout] 102 |     pub fn build(self) -> Box<dyn Future<Item = Client, Error = Error>> {
[INFO] [stdout]     |                               +++
[INFO] [stdout] 
[INFO] [stdout] 
[INFO] [stdout] warning: trait objects without an explicit `dyn` are deprecated
[INFO] [stdout]    --> src/client.rs:127:49
[INFO] [stdout]     |
[INFO] [stdout] 127 |     pub(crate) fn send(&self, job: &Job) -> Box<Future<Item = (), Error = Error>> {
[INFO] [stdout]     |                                                 ^^^^^^^^^^^^^^^^^^^^^^^^^^^^^^^^
[INFO] [stdout]     |
[INFO] [stdout]     = warning: this is accepted in the current edition (Rust 2015) but is a hard error in Rust 2021!
[INFO] [stdout]     = note: for more information, see <https://doc.rust-lang.org/nightly/edition-guide/rust-2021/warnings-promoted-to-error.html>
[INFO] [stdout] help: use `dyn`
[INFO] [stdout]     |
[INFO] [stdout] 127 |     pub(crate) fn send(&self, job: &Job) -> Box<dyn Future<Item = (), Error = Error>> {
[INFO] [stdout]     |                                                 +++
[INFO] [stdout] 
[INFO] [stdout] 
[INFO] [stdout] warning: trait objects without an explicit `dyn` are deprecated
[INFO] [stdout]    --> src/error.rs:113:32
[INFO] [stdout]     |
[INFO] [stdout] 113 |     fn cause(&self) -> Option<&Fail> {
[INFO] [stdout]     |                                ^^^^
[INFO] [stdout]     |
[INFO] [stdout]     = warning: this is accepted in the current edition (Rust 2015) but is a hard error in Rust 2021!
[INFO] [stdout]     = note: for more information, see <https://doc.rust-lang.org/nightly/edition-guide/rust-2021/warnings-promoted-to-error.html>
[INFO] [stdout] help: use `dyn`
[INFO] [stdout]     |
[INFO] [stdout] 113 |     fn cause(&self) -> Option<&dyn Fail> {
[INFO] [stdout]     |                                +++
[INFO] [stdout] 
[INFO] [stdout] 
[INFO] [stdout] warning: trait objects without an explicit `dyn` are deprecated
[INFO] [stdout]   --> src/job.rs:81:47
[INFO] [stdout]    |
[INFO] [stdout] 81 |     pub fn send(self, client: &Client) -> Box<Future<Item = (), Error = Error>> {
[INFO] [stdout]    |                                               ^^^^^^^^^^^^^^^^^^^^^^^^^^^^^^^^
[INFO] [stdout]    |
[INFO] [stdout]    = warning: this is accepted in the current edition (Rust 2015) but is a hard error in Rust 2021!
[INFO] [stdout]    = note: for more information, see <https://doc.rust-lang.org/nightly/edition-guide/rust-2021/warnings-promoted-to-error.html>
[INFO] [stdout] help: use `dyn`
[INFO] [stdout]    |
[INFO] [stdout] 81 |     pub fn send(self, client: &Client) -> Box<dyn Future<Item = (), Error = Error>> {
[INFO] [stdout]    |                                               +++
[INFO] [stdout] 
[INFO] [stdout] 
[INFO] [stdout] warning: trait objects without an explicit `dyn` are deprecated
[INFO] [stdout]   --> src/rabbitmq.rs:33:10
[INFO] [stdout]    |
[INFO] [stdout] 33 | ) -> Box<Future<Item = (), Error = io::Error>>
[INFO] [stdout]    |          ^^^^^^^^^^^^^^^^^^^^^^^^^^^^^^^^^^^^
[INFO] [stdout]    |
[INFO] [stdout]    = warning: this is accepted in the current edition (Rust 2015) but is a hard error in Rust 2021!
[INFO] [stdout]    = note: for more information, see <https://doc.rust-lang.org/nightly/edition-guide/rust-2021/warnings-promoted-to-error.html>
[INFO] [stdout] help: use `dyn`
[INFO] [stdout]    |
[INFO] [stdout] 33 | ) -> Box<dyn Future<Item = (), Error = io::Error>>
[INFO] [stdout]    |          +++
[INFO] [stdout] 
[INFO] [stdout] 
[INFO] [stdout] warning: trait objects without an explicit `dyn` are deprecated
[INFO] [stdout]   --> src/rabbitmq.rs:69:10
[INFO] [stdout]    |
[INFO] [stdout] 69 | ) -> Box<Future<Item = (), Error = io::Error>>
[INFO] [stdout]    |          ^^^^^^^^^^^^^^^^^^^^^^^^^^^^^^^^^^^^
[INFO] [stdout]    |
[INFO] [stdout]    = warning: this is accepted in the current edition (Rust 2015) but is a hard error in Rust 2021!
[INFO] [stdout]    = note: for more information, see <https://doc.rust-lang.org/nightly/edition-guide/rust-2021/warnings-promoted-to-error.html>
[INFO] [stdout] help: use `dyn`
[INFO] [stdout]    |
[INFO] [stdout] 69 | ) -> Box<dyn Future<Item = (), Error = io::Error>>
[INFO] [stdout]    |          +++
[INFO] [stdout] 
[INFO] [stdout] 
[INFO] [stdout] warning: trait objects without an explicit `dyn` are deprecated
[INFO] [stdout]    --> src/rabbitmq.rs:132:14
[INFO] [stdout]     |
[INFO] [stdout] 132 |     ) -> Box<Future<Item = Self, Error = Error>>
[INFO] [stdout]     |              ^^^^^^^^^^^^^^^^^^^^^^^^^^^^^^^^^^
[INFO] [stdout]     |
[INFO] [stdout]     = warning: this is accepted in the current edition (Rust 2015) but is a hard error in Rust 2021!
[INFO] [stdout]     = note: for more information, see <https://doc.rust-lang.org/nightly/edition-guide/rust-2021/warnings-promoted-to-error.html>
[INFO] [stdout] help: use `dyn`
[INFO] [stdout]     |
[INFO] [stdout] 132 |     ) -> Box<dyn Future<Item = Self, Error = Error>>
[INFO] [stdout]     |              +++
[INFO] [stdout] 
[INFO] [stdout] 
[INFO] [stdout] warning: trait objects without an explicit `dyn` are deprecated
[INFO] [stdout]    --> src/rabbitmq.rs:175:30
[INFO] [stdout]     |
[INFO] [stdout] 175 |     pub fn recv(self) -> Box<Future<Item = RabbitmqStream, Error = Error>> {
[INFO] [stdout]     |                              ^^^^^^^^^^^^^^^^^^^^^^^^^^^^^^^^^^^^^^^^^^^^
[INFO] [stdout]     |
[INFO] [stdout]     = warning: this is accepted in the current edition (Rust 2015) but is a hard error in Rust 2021!
[INFO] [stdout]     = note: for more information, see <https://doc.rust-lang.org/nightly/edition-guide/rust-2021/warnings-promoted-to-error.html>
[INFO] [stdout] help: use `dyn`
[INFO] [stdout]     |
[INFO] [stdout] 175 |     pub fn recv(self) -> Box<dyn Future<Item = RabbitmqStream, Error = Error>> {
[INFO] [stdout]     |                              +++
[INFO] [stdout] 
[INFO] [stdout] 
[INFO] [stdout] warning: trait objects without an explicit `dyn` are deprecated
[INFO] [stdout]    --> src/rabbitmq.rs:218:42
[INFO] [stdout]     |
[INFO] [stdout] 218 |     pub fn send(&self, job: &Job) -> Box<Future<Item = (), Error = Error>> {
[INFO] [stdout]     |                                          ^^^^^^^^^^^^^^^^^^^^^^^^^^^^^^^^
[INFO] [stdout]     |
[INFO] [stdout]     = warning: this is accepted in the current edition (Rust 2015) but is a hard error in Rust 2021!
[INFO] [stdout]     = note: for more information, see <https://doc.rust-lang.org/nightly/edition-guide/rust-2021/warnings-promoted-to-error.html>
[INFO] [stdout] help: use `dyn`
[INFO] [stdout]     |
[INFO] [stdout] 218 |     pub fn send(&self, job: &Job) -> Box<dyn Future<Item = (), Error = Error>> {
[INFO] [stdout]     |                                          +++
[INFO] [stdout] 
[INFO] [stdout] 
[INFO] [stdout] warning: trait objects without an explicit `dyn` are deprecated
[INFO] [stdout]    --> src/rabbitmq.rs:257:40
[INFO] [stdout]     |
[INFO] [stdout] 257 |     pub fn ack(&self, uid: u64) -> Box<Future<Item = (), Error = Error>> {
[INFO] [stdout]     |                                        ^^^^^^^^^^^^^^^^^^^^^^^^^^^^^^^^
[INFO] [stdout]     |
[INFO] [stdout]     = warning: this is accepted in the current edition (Rust 2015) but is a hard error in Rust 2021!
[INFO] [stdout]     = note: for more information, see <https://doc.rust-lang.org/nightly/edition-guide/rust-2021/warnings-promoted-to-error.html>
[INFO] [stdout] help: use `dyn`
[INFO] [stdout]     |
[INFO] [stdout] 257 |     pub fn ack(&self, uid: u64) -> Box<dyn Future<Item = (), Error = Error>> {
[INFO] [stdout]     |                                        +++
[INFO] [stdout] 
[INFO] [stdout] 
[INFO] [stdout] warning: trait objects without an explicit `dyn` are deprecated
[INFO] [stdout]    --> src/rabbitmq.rs:267:43
[INFO] [stdout]     |
[INFO] [stdout] 267 |     pub fn reject(&self, uid: u64) -> Box<Future<Item = (), Error = Error>> {
[INFO] [stdout]     |                                           ^^^^^^^^^^^^^^^^^^^^^^^^^^^^^^^^
[INFO] [stdout]     |
[INFO] [stdout]     = warning: this is accepted in the current edition (Rust 2015) but is a hard error in Rust 2021!
[INFO] [stdout]     = note: for more information, see <https://doc.rust-lang.org/nightly/edition-guide/rust-2021/warnings-promoted-to-error.html>
[INFO] [stdout] help: use `dyn`
[INFO] [stdout]     |
[INFO] [stdout] 267 |     pub fn reject(&self, uid: u64) -> Box<dyn Future<Item = (), Error = Error>> {
[INFO] [stdout]     |                                           +++
[INFO] [stdout] 
[INFO] [stdout] 
[INFO] [stdout] warning: trait objects without an explicit `dyn` are deprecated
[INFO] [stdout]    --> src/worker.rs:380:10
[INFO] [stdout]     |
[INFO] [stdout] 380 | ) -> Box<Future<Item = (), Error = error::Error>> {
[INFO] [stdout]     |          ^^^^^^^^^^^^^^^^^^^^^^^^^^^^^^^^^^^^^^^
[INFO] [stdout]     |
[INFO] [stdout]     = warning: this is accepted in the current edition (Rust 2015) but is a hard error in Rust 2021!
[INFO] [stdout]     = note: for more information, see <https://doc.rust-lang.org/nightly/edition-guide/rust-2021/warnings-promoted-to-error.html>
[INFO] [stdout] help: use `dyn`
[INFO] [stdout]     |
[INFO] [stdout] 380 | ) -> Box<dyn Future<Item = (), Error = error::Error>> {
[INFO] [stdout]     |          +++
[INFO] [stdout] 
[INFO] [stdout] 
[INFO] [stdout] warning: trait objects without an explicit `dyn` are deprecated
[INFO] [stdout]    --> src/worker.rs:296:29
[INFO] [stdout]     |
[INFO] [stdout] 296 |     pub fn run(self) -> Box<Future<Item = (), Error = error::Error>> {
[INFO] [stdout]     |                             ^^^^^^^^^^^^^^^^^^^^^^^^^^^^^^^^^^^^^^^
[INFO] [stdout]     |
[INFO] [stdout]     = warning: this is accepted in the current edition (Rust 2015) but is a hard error in Rust 2021!
[INFO] [stdout]     = note: for more information, see <https://doc.rust-lang.org/nightly/edition-guide/rust-2021/warnings-promoted-to-error.html>
[INFO] [stdout] help: use `dyn`
[INFO] [stdout]     |
[INFO] [stdout] 296 |     pub fn run(self) -> Box<dyn Future<Item = (), Error = error::Error>> {
[INFO] [stdout]     |                             +++
[INFO] [stdout] 
[INFO] [stdout] 
[INFO] [stdout] warning: trait objects without an explicit `dyn` are deprecated
[INFO] [stdout]    --> src/worker.rs:303:31
[INFO] [stdout]     |
[INFO] [stdout] 303 |     fn supervise(self) -> Box<Future<Item = (), Error = error::Error>> {
[INFO] [stdout]     |                               ^^^^^^^^^^^^^^^^^^^^^^^^^^^^^^^^^^^^^^^
[INFO] [stdout]     |
[INFO] [stdout]     = warning: this is accepted in the current edition (Rust 2015) but is a hard error in Rust 2021!
[INFO] [stdout]     = note: for more information, see <https://doc.rust-lang.org/nightly/edition-guide/rust-2021/warnings-promoted-to-error.html>
[INFO] [stdout] help: use `dyn`
[INFO] [stdout]     |
[INFO] [stdout] 303 |     fn supervise(self) -> Box<dyn Future<Item = (), Error = error::Error>> {
[INFO] [stdout]     |                               +++
[INFO] [stdout] 
[INFO] [stdout] 
[INFO] [stdout] warning: trait objects without an explicit `dyn` are deprecated
[INFO] [stdout]   --> src/rabbitmq.rs:39:23
[INFO] [stdout]    |
[INFO] [stdout] 39 |         let task: Box<Future<Item = future::Loop<_, _>, Error = io::Error>> =
[INFO] [stdout]    |                       ^^^^^^^^^^^^^^^^^^^^^^^^^^^^^^^^^^^^^^^^^^^^^^^^^^^^
[INFO] [stdout]    |
[INFO] [stdout]    = warning: this is accepted in the current edition (Rust 2015) but is a hard error in Rust 2021!
[INFO] [stdout]    = note: for more information, see <https://doc.rust-lang.org/nightly/edition-guide/rust-2021/warnings-promoted-to-error.html>
[INFO] [stdout] help: use `dyn`
[INFO] [stdout]    |
[INFO] [stdout] 39 |         let task: Box<dyn Future<Item = future::Loop<_, _>, Error = io::Error>> =
[INFO] [stdout]    |                       +++
[INFO] [stdout] 
[INFO] [stdout] 
[INFO] [stdout] warning: trait objects without an explicit `dyn` are deprecated
[INFO] [stdout]   --> src/rabbitmq.rs:75:23
[INFO] [stdout]    |
[INFO] [stdout] 75 |         let task: Box<Future<Item = future::Loop<_, _>, Error = io::Error>> =
[INFO] [stdout]    |                       ^^^^^^^^^^^^^^^^^^^^^^^^^^^^^^^^^^^^^^^^^^^^^^^^^^^^
[INFO] [stdout]    |
[INFO] [stdout]    = warning: this is accepted in the current edition (Rust 2015) but is a hard error in Rust 2021!
[INFO] [stdout]    = note: for more information, see <https://doc.rust-lang.org/nightly/edition-guide/rust-2021/warnings-promoted-to-error.html>
[INFO] [stdout] help: use `dyn`
[INFO] [stdout]    |
[INFO] [stdout] 75 |         let task: Box<dyn Future<Item = future::Loop<_, _>, Error = io::Error>> =
[INFO] [stdout]    |                       +++
[INFO] [stdout] 
[INFO] [stdout] 
[INFO] [stdout] warning: trait objects without an explicit `dyn` are deprecated
[INFO] [stdout]    --> src/rabbitmq.rs:201:34
[INFO] [stdout]     |
[INFO] [stdout] 201 |                 let initial: Box<Stream<Item = Message, Error = io::Error> + Send> =
[INFO] [stdout]     |                                  ^^^^^^^^^^^^^^^^^^^^^^^^^^^^^^^^^^^^^^^^^^^^^^^^
[INFO] [stdout]     |
[INFO] [stdout]     = warning: this is accepted in the current edition (Rust 2015) but is a hard error in Rust 2021!
[INFO] [stdout]     = note: for more information, see <https://doc.rust-lang.org/nightly/edition-guide/rust-2021/warnings-promoted-to-error.html>
[INFO] [stdout] help: use `dyn`
[INFO] [stdout]     |
[INFO] [stdout] 201 |                 let initial: Box<dyn Stream<Item = Message, Error = io::Error> + Send> =
[INFO] [stdout]     |                                  +++
[INFO] [stdout] 
[INFO] [stdout] 
[INFO] [stdout] warning: 20 warnings emitted
[INFO] [stdout] 
[INFO] [stdout] 
[INFO] [stderr]     Finished dev [unoptimized + debuginfo] target(s) in 14.18s
[INFO] [stderr] warning: the following packages contain code that will be rejected by a future version of Rust: nom v3.2.1, syn v0.12.15
[INFO] [stderr] note: to see what the problems were, use the option `--future-incompat-report`, or run `cargo report future-incompatibilities --id 1`
[INFO] running `Command { std: "docker" "inspect" "a55e6b9178b52d8a514a967bb2b54409aa0deda2280c6266ec60e645bdb4d019", kill_on_drop: false }`
[INFO] running `Command { std: "docker" "rm" "-f" "a55e6b9178b52d8a514a967bb2b54409aa0deda2280c6266ec60e645bdb4d019", kill_on_drop: false }`
[INFO] [stdout] a55e6b9178b52d8a514a967bb2b54409aa0deda2280c6266ec60e645bdb4d019
[INFO] running `Command { std: "docker" "create" "-v" "/var/lib/crater-agent-workspace/builds/worker-0-tc1/target:/opt/rustwide/target:rw,Z" "-v" "/var/lib/crater-agent-workspace/builds/worker-0-tc1/source:/opt/rustwide/workdir:ro,Z" "-v" "/var/lib/crater-agent-workspace/cargo-home:/opt/rustwide/cargo-home:ro,Z" "-v" "/var/lib/crater-agent-workspace/rustup-home:/opt/rustwide/rustup-home:ro,Z" "-e" "SOURCE_DIR=/opt/rustwide/workdir" "-e" "CARGO_TARGET_DIR=/opt/rustwide/target" "-e" "CARGO_INCREMENTAL=0" "-e" "RUST_BACKTRACE=full" "-e" "RUSTFLAGS=--cap-lints=warn" "-e" "RUSTDOCFLAGS=--cap-lints=warn" "-e" "CARGO_HOME=/opt/rustwide/cargo-home" "-e" "RUSTUP_HOME=/opt/rustwide/rustup-home" "-w" "/opt/rustwide/workdir" "-m" "1610612736" "--user" "0:0" "--network" "none" "ghcr.io/rust-lang/crates-build-env/linux@sha256:2788e3201cd34a07e3172128adcd8b3090168a8e3bcc40d7c032b9dda1df7d1c" "/opt/rustwide/cargo-home/bin/cargo" "+1.75.0" "test" "--frozen" "--no-run" "--message-format=json", kill_on_drop: false }`
[INFO] [stdout] c23e43d2ab8a4bdb7c16fb23c72c8af7aa55185a6a939334cf60111df59e1757
[INFO] running `Command { std: "docker" "start" "-a" "c23e43d2ab8a4bdb7c16fb23c72c8af7aa55185a6a939334cf60111df59e1757", kill_on_drop: false }`
[INFO] [stderr]    Compiling regex-syntax v0.8.2
[INFO] [stderr]    Compiling atty v0.2.14
[INFO] [stderr]    Compiling humantime v1.3.0
[INFO] [stdout] warning: anonymous parameters are deprecated and will be removed in the next edition
[INFO] [stdout]    --> src/task.rs:102:23
[INFO] [stdout]     |
[INFO] [stdout] 102 |     fn perform(&self, Self::Context);
[INFO] [stdout]     |                       ^^^^^^^^^^^^^ help: try naming the parameter or explicitly ignoring it: `_: Self::Context`
[INFO] [stdout]     |
[INFO] [stdout]     = warning: this is accepted in the current edition (Rust 2015) but is a hard error in Rust 2018!
[INFO] [stdout]     = note: for more information, see issue #41686 <https://github.com/rust-lang/rust/issues/41686>
[INFO] [stdout]     = note: `#[warn(anonymous_parameters)]` on by default
[INFO] [stdout] 
[INFO] [stdout] 
[INFO] [stdout] warning: trait objects without an explicit `dyn` are deprecated
[INFO] [stdout]    --> src/rabbitmq.rs:244:17
[INFO] [stdout]     |
[INFO] [stdout] 244 |     stream: Box<Stream<Item = Message, Error = io::Error> + Send>,
[INFO] [stdout]     |                 ^^^^^^^^^^^^^^^^^^^^^^^^^^^^^^^^^^^^^^^^^^^^^^^^
[INFO] [stdout]     |
[INFO] [stdout]     = warning: this is accepted in the current edition (Rust 2015) but is a hard error in Rust 2021!
[INFO] [stdout]     = note: for more information, see <https://doc.rust-lang.org/nightly/edition-guide/rust-2021/warnings-promoted-to-error.html>
[INFO] [stdout]     = note: `#[warn(bare_trait_objects)]` on by default
[INFO] [stdout] help: use `dyn`
[INFO] [stdout]     |
[INFO] [stdout] 244 |     stream: Box<dyn Stream<Item = Message, Error = io::Error> + Send>,
[INFO] [stdout]     |                 +++
[INFO] [stdout] 
[INFO] [stdout] 
[INFO] [stdout] warning: trait objects without an explicit `dyn` are deprecated
[INFO] [stdout]   --> src/worker.rs:36:22
[INFO] [stdout]    |
[INFO] [stdout] 36 | type WorkerFn<Ctx> = Fn(&Job, Ctx) -> Result<()>;
[INFO] [stdout]    |                      ^^^^^^^^^^^^^^^^^^^^^^^^^^^
[INFO] [stdout]    |
[INFO] [stdout]    = warning: this is accepted in the current edition (Rust 2015) but is a hard error in Rust 2021!
[INFO] [stdout]    = note: for more information, see <https://doc.rust-lang.org/nightly/edition-guide/rust-2021/warnings-promoted-to-error.html>
[INFO] [stdout] help: use `dyn`
[INFO] [stdout]    |
[INFO] [stdout] 36 | type WorkerFn<Ctx> = dyn Fn(&Job, Ctx) -> Result<()>;
[INFO] [stdout]    |                      +++
[INFO] [stdout] 
[INFO] [stdout] 
[INFO] [stdout] warning: trait objects without an explicit `dyn` are deprecated
[INFO] [stdout]    --> src/client.rs:102:31
[INFO] [stdout]     |
[INFO] [stdout] 102 |     pub fn build(self) -> Box<Future<Item = Client, Error = Error>> {
[INFO] [stdout]     |                               ^^^^^^^^^^^^^^^^^^^^^^^^^^^^^^^^^^^^
[INFO] [stdout]     |
[INFO] [stdout]     = warning: this is accepted in the current edition (Rust 2015) but is a hard error in Rust 2021!
[INFO] [stdout]     = note: for more information, see <https://doc.rust-lang.org/nightly/edition-guide/rust-2021/warnings-promoted-to-error.html>
[INFO] [stdout] help: use `dyn`
[INFO] [stdout]     |
[INFO] [stdout] 102 |     pub fn build(self) -> Box<dyn Future<Item = Client, Error = Error>> {
[INFO] [stdout]     |                               +++
[INFO] [stdout] 
[INFO] [stdout] 
[INFO] [stdout] warning: trait objects without an explicit `dyn` are deprecated
[INFO] [stdout]    --> src/client.rs:127:49
[INFO] [stdout]     |
[INFO] [stdout] 127 |     pub(crate) fn send(&self, job: &Job) -> Box<Future<Item = (), Error = Error>> {
[INFO] [stdout]     |                                                 ^^^^^^^^^^^^^^^^^^^^^^^^^^^^^^^^
[INFO] [stdout]     |
[INFO] [stdout]     = warning: this is accepted in the current edition (Rust 2015) but is a hard error in Rust 2021!
[INFO] [stdout]     = note: for more information, see <https://doc.rust-lang.org/nightly/edition-guide/rust-2021/warnings-promoted-to-error.html>
[INFO] [stdout] help: use `dyn`
[INFO] [stdout]     |
[INFO] [stdout] 127 |     pub(crate) fn send(&self, job: &Job) -> Box<dyn Future<Item = (), Error = Error>> {
[INFO] [stdout]     |                                                 +++
[INFO] [stdout] 
[INFO] [stdout] 
[INFO] [stdout] warning: trait objects without an explicit `dyn` are deprecated
[INFO] [stdout]    --> src/error.rs:113:32
[INFO] [stdout]     |
[INFO] [stdout] 113 |     fn cause(&self) -> Option<&Fail> {
[INFO] [stdout]     |                                ^^^^
[INFO] [stdout]     |
[INFO] [stdout]     = warning: this is accepted in the current edition (Rust 2015) but is a hard error in Rust 2021!
[INFO] [stdout]     = note: for more information, see <https://doc.rust-lang.org/nightly/edition-guide/rust-2021/warnings-promoted-to-error.html>
[INFO] [stdout] help: use `dyn`
[INFO] [stdout]     |
[INFO] [stdout] 113 |     fn cause(&self) -> Option<&dyn Fail> {
[INFO] [stdout]     |                                +++
[INFO] [stdout] 
[INFO] [stdout] 
[INFO] [stdout] warning: trait objects without an explicit `dyn` are deprecated
[INFO] [stdout]   --> src/job.rs:81:47
[INFO] [stdout]    |
[INFO] [stdout] 81 |     pub fn send(self, client: &Client) -> Box<Future<Item = (), Error = Error>> {
[INFO] [stdout]    |                                               ^^^^^^^^^^^^^^^^^^^^^^^^^^^^^^^^
[INFO] [stdout]    |
[INFO] [stdout]    = warning: this is accepted in the current edition (Rust 2015) but is a hard error in Rust 2021!
[INFO] [stdout]    = note: for more information, see <https://doc.rust-lang.org/nightly/edition-guide/rust-2021/warnings-promoted-to-error.html>
[INFO] [stdout] help: use `dyn`
[INFO] [stdout]    |
[INFO] [stdout] 81 |     pub fn send(self, client: &Client) -> Box<dyn Future<Item = (), Error = Error>> {
[INFO] [stdout]    |                                               +++
[INFO] [stdout] 
[INFO] [stdout] 
[INFO] [stdout] warning: trait objects without an explicit `dyn` are deprecated
[INFO] [stdout]   --> src/rabbitmq.rs:33:10
[INFO] [stdout]    |
[INFO] [stdout] 33 | ) -> Box<Future<Item = (), Error = io::Error>>
[INFO] [stdout]    |          ^^^^^^^^^^^^^^^^^^^^^^^^^^^^^^^^^^^^
[INFO] [stdout]    |
[INFO] [stdout]    = warning: this is accepted in the current edition (Rust 2015) but is a hard error in Rust 2021!
[INFO] [stdout]    = note: for more information, see <https://doc.rust-lang.org/nightly/edition-guide/rust-2021/warnings-promoted-to-error.html>
[INFO] [stdout] help: use `dyn`
[INFO] [stdout]    |
[INFO] [stdout] 33 | ) -> Box<dyn Future<Item = (), Error = io::Error>>
[INFO] [stdout]    |          +++
[INFO] [stdout] 
[INFO] [stdout] 
[INFO] [stdout] warning: trait objects without an explicit `dyn` are deprecated
[INFO] [stdout]   --> src/rabbitmq.rs:69:10
[INFO] [stdout]    |
[INFO] [stdout] 69 | ) -> Box<Future<Item = (), Error = io::Error>>
[INFO] [stdout]    |          ^^^^^^^^^^^^^^^^^^^^^^^^^^^^^^^^^^^^
[INFO] [stdout]    |
[INFO] [stdout]    = warning: this is accepted in the current edition (Rust 2015) but is a hard error in Rust 2021!
[INFO] [stdout]    = note: for more information, see <https://doc.rust-lang.org/nightly/edition-guide/rust-2021/warnings-promoted-to-error.html>
[INFO] [stdout] help: use `dyn`
[INFO] [stdout]    |
[INFO] [stdout] 69 | ) -> Box<dyn Future<Item = (), Error = io::Error>>
[INFO] [stdout]    |          +++
[INFO] [stdout] 
[INFO] [stdout] 
[INFO] [stdout] warning: trait objects without an explicit `dyn` are deprecated
[INFO] [stdout]    --> src/rabbitmq.rs:132:14
[INFO] [stdout]     |
[INFO] [stdout] 132 |     ) -> Box<Future<Item = Self, Error = Error>>
[INFO] [stdout]     |              ^^^^^^^^^^^^^^^^^^^^^^^^^^^^^^^^^^
[INFO] [stdout]     |
[INFO] [stdout]     = warning: this is accepted in the current edition (Rust 2015) but is a hard error in Rust 2021!
[INFO] [stdout]     = note: for more information, see <https://doc.rust-lang.org/nightly/edition-guide/rust-2021/warnings-promoted-to-error.html>
[INFO] [stdout] help: use `dyn`
[INFO] [stdout]     |
[INFO] [stdout] 132 |     ) -> Box<dyn Future<Item = Self, Error = Error>>
[INFO] [stdout]     |              +++
[INFO] [stdout] 
[INFO] [stdout] 
[INFO] [stdout] warning: trait objects without an explicit `dyn` are deprecated
[INFO] [stdout]    --> src/rabbitmq.rs:175:30
[INFO] [stdout]     |
[INFO] [stdout] 175 |     pub fn recv(self) -> Box<Future<Item = RabbitmqStream, Error = Error>> {
[INFO] [stdout]     |                              ^^^^^^^^^^^^^^^^^^^^^^^^^^^^^^^^^^^^^^^^^^^^
[INFO] [stdout]     |
[INFO] [stdout]     = warning: this is accepted in the current edition (Rust 2015) but is a hard error in Rust 2021!
[INFO] [stdout]     = note: for more information, see <https://doc.rust-lang.org/nightly/edition-guide/rust-2021/warnings-promoted-to-error.html>
[INFO] [stdout] help: use `dyn`
[INFO] [stdout]     |
[INFO] [stdout] 175 |     pub fn recv(self) -> Box<dyn Future<Item = RabbitmqStream, Error = Error>> {
[INFO] [stdout]     |                              +++
[INFO] [stdout] 
[INFO] [stdout] 
[INFO] [stdout] warning: trait objects without an explicit `dyn` are deprecated
[INFO] [stdout]    --> src/rabbitmq.rs:218:42
[INFO] [stdout]     |
[INFO] [stdout] 218 |     pub fn send(&self, job: &Job) -> Box<Future<Item = (), Error = Error>> {
[INFO] [stdout]     |                                          ^^^^^^^^^^^^^^^^^^^^^^^^^^^^^^^^
[INFO] [stdout]     |
[INFO] [stdout]     = warning: this is accepted in the current edition (Rust 2015) but is a hard error in Rust 2021!
[INFO] [stdout]     = note: for more information, see <https://doc.rust-lang.org/nightly/edition-guide/rust-2021/warnings-promoted-to-error.html>
[INFO] [stdout] help: use `dyn`
[INFO] [stdout]     |
[INFO] [stdout] 218 |     pub fn send(&self, job: &Job) -> Box<dyn Future<Item = (), Error = Error>> {
[INFO] [stdout]     |                                          +++
[INFO] [stdout] 
[INFO] [stdout] 
[INFO] [stdout] warning: trait objects without an explicit `dyn` are deprecated
[INFO] [stdout]    --> src/rabbitmq.rs:257:40
[INFO] [stdout]     |
[INFO] [stdout] 257 |     pub fn ack(&self, uid: u64) -> Box<Future<Item = (), Error = Error>> {
[INFO] [stdout]     |                                        ^^^^^^^^^^^^^^^^^^^^^^^^^^^^^^^^
[INFO] [stdout]     |
[INFO] [stdout]     = warning: this is accepted in the current edition (Rust 2015) but is a hard error in Rust 2021!
[INFO] [stdout]     = note: for more information, see <https://doc.rust-lang.org/nightly/edition-guide/rust-2021/warnings-promoted-to-error.html>
[INFO] [stdout] help: use `dyn`
[INFO] [stdout]     |
[INFO] [stdout] 257 |     pub fn ack(&self, uid: u64) -> Box<dyn Future<Item = (), Error = Error>> {
[INFO] [stdout]     |                                        +++
[INFO] [stdout] 
[INFO] [stdout] 
[INFO] [stdout] warning: trait objects without an explicit `dyn` are deprecated
[INFO] [stdout]    --> src/rabbitmq.rs:267:43
[INFO] [stdout]     |
[INFO] [stdout] 267 |     pub fn reject(&self, uid: u64) -> Box<Future<Item = (), Error = Error>> {
[INFO] [stdout]     |                                           ^^^^^^^^^^^^^^^^^^^^^^^^^^^^^^^^
[INFO] [stdout]     |
[INFO] [stdout]     = warning: this is accepted in the current edition (Rust 2015) but is a hard error in Rust 2021!
[INFO] [stdout]     = note: for more information, see <https://doc.rust-lang.org/nightly/edition-guide/rust-2021/warnings-promoted-to-error.html>
[INFO] [stdout] help: use `dyn`
[INFO] [stdout]     |
[INFO] [stdout] 267 |     pub fn reject(&self, uid: u64) -> Box<dyn Future<Item = (), Error = Error>> {
[INFO] [stdout]     |                                           +++
[INFO] [stdout] 
[INFO] [stdout] 
[INFO] [stdout] warning: trait objects without an explicit `dyn` are deprecated
[INFO] [stdout]    --> src/worker.rs:380:10
[INFO] [stdout]     |
[INFO] [stdout] 380 | ) -> Box<Future<Item = (), Error = error::Error>> {
[INFO] [stdout]     |          ^^^^^^^^^^^^^^^^^^^^^^^^^^^^^^^^^^^^^^^
[INFO] [stdout]     |
[INFO] [stdout]     = warning: this is accepted in the current edition (Rust 2015) but is a hard error in Rust 2021!
[INFO] [stdout]     = note: for more information, see <https://doc.rust-lang.org/nightly/edition-guide/rust-2021/warnings-promoted-to-error.html>
[INFO] [stdout] help: use `dyn`
[INFO] [stdout]     |
[INFO] [stdout] 380 | ) -> Box<dyn Future<Item = (), Error = error::Error>> {
[INFO] [stdout]     |          +++
[INFO] [stdout] 
[INFO] [stdout] 
[INFO] [stdout] warning: trait objects without an explicit `dyn` are deprecated
[INFO] [stdout]    --> src/worker.rs:296:29
[INFO] [stdout]     |
[INFO] [stdout] 296 |     pub fn run(self) -> Box<Future<Item = (), Error = error::Error>> {
[INFO] [stdout]     |                             ^^^^^^^^^^^^^^^^^^^^^^^^^^^^^^^^^^^^^^^
[INFO] [stdout]     |
[INFO] [stdout]     = warning: this is accepted in the current edition (Rust 2015) but is a hard error in Rust 2021!
[INFO] [stdout]     = note: for more information, see <https://doc.rust-lang.org/nightly/edition-guide/rust-2021/warnings-promoted-to-error.html>
[INFO] [stdout] help: use `dyn`
[INFO] [stdout]     |
[INFO] [stdout] 296 |     pub fn run(self) -> Box<dyn Future<Item = (), Error = error::Error>> {
[INFO] [stdout]     |                             +++
[INFO] [stdout] 
[INFO] [stdout] 
[INFO] [stdout] warning: trait objects without an explicit `dyn` are deprecated
[INFO] [stdout]    --> src/worker.rs:303:31
[INFO] [stdout]     |
[INFO] [stdout] 303 |     fn supervise(self) -> Box<Future<Item = (), Error = error::Error>> {
[INFO] [stdout]     |                               ^^^^^^^^^^^^^^^^^^^^^^^^^^^^^^^^^^^^^^^
[INFO] [stdout]     |
[INFO] [stdout]     = warning: this is accepted in the current edition (Rust 2015) but is a hard error in Rust 2021!
[INFO] [stdout]     = note: for more information, see <https://doc.rust-lang.org/nightly/edition-guide/rust-2021/warnings-promoted-to-error.html>
[INFO] [stdout] help: use `dyn`
[INFO] [stdout]     |
[INFO] [stdout] 303 |     fn supervise(self) -> Box<dyn Future<Item = (), Error = error::Error>> {
[INFO] [stdout]     |                               +++
[INFO] [stdout] 
[INFO] [stdout] 
[INFO] [stdout] warning: trait objects without an explicit `dyn` are deprecated
[INFO] [stdout]   --> src/rabbitmq.rs:39:23
[INFO] [stdout]    |
[INFO] [stdout] 39 |         let task: Box<Future<Item = future::Loop<_, _>, Error = io::Error>> =
[INFO] [stdout]    |                       ^^^^^^^^^^^^^^^^^^^^^^^^^^^^^^^^^^^^^^^^^^^^^^^^^^^^
[INFO] [stdout]    |
[INFO] [stdout]    = warning: this is accepted in the current edition (Rust 2015) but is a hard error in Rust 2021!
[INFO] [stdout]    = note: for more information, see <https://doc.rust-lang.org/nightly/edition-guide/rust-2021/warnings-promoted-to-error.html>
[INFO] [stdout] help: use `dyn`
[INFO] [stdout]    |
[INFO] [stdout] 39 |         let task: Box<dyn Future<Item = future::Loop<_, _>, Error = io::Error>> =
[INFO] [stdout]    |                       +++
[INFO] [stdout] 
[INFO] [stdout] 
[INFO] [stdout] warning: trait objects without an explicit `dyn` are deprecated
[INFO] [stdout]   --> src/rabbitmq.rs:75:23
[INFO] [stdout]    |
[INFO] [stdout] 75 |         let task: Box<Future<Item = future::Loop<_, _>, Error = io::Error>> =
[INFO] [stdout]    |                       ^^^^^^^^^^^^^^^^^^^^^^^^^^^^^^^^^^^^^^^^^^^^^^^^^^^^
[INFO] [stdout]    |
[INFO] [stdout]    = warning: this is accepted in the current edition (Rust 2015) but is a hard error in Rust 2021!
[INFO] [stdout]    = note: for more information, see <https://doc.rust-lang.org/nightly/edition-guide/rust-2021/warnings-promoted-to-error.html>
[INFO] [stdout] help: use `dyn`
[INFO] [stdout]    |
[INFO] [stdout] 75 |         let task: Box<dyn Future<Item = future::Loop<_, _>, Error = io::Error>> =
[INFO] [stdout]    |                       +++
[INFO] [stdout] 
[INFO] [stdout] 
[INFO] [stdout] warning: trait objects without an explicit `dyn` are deprecated
[INFO] [stdout]    --> src/rabbitmq.rs:201:34
[INFO] [stdout]     |
[INFO] [stdout] 201 |                 let initial: Box<Stream<Item = Message, Error = io::Error> + Send> =
[INFO] [stdout]     |                                  ^^^^^^^^^^^^^^^^^^^^^^^^^^^^^^^^^^^^^^^^^^^^^^^^
[INFO] [stdout]     |
[INFO] [stdout]     = warning: this is accepted in the current edition (Rust 2015) but is a hard error in Rust 2021!
[INFO] [stdout]     = note: for more information, see <https://doc.rust-lang.org/nightly/edition-guide/rust-2021/warnings-promoted-to-error.html>
[INFO] [stdout] help: use `dyn`
[INFO] [stdout]     |
[INFO] [stdout] 201 |                 let initial: Box<dyn Stream<Item = Message, Error = io::Error> + Send> =
[INFO] [stdout]     |                                  +++
[INFO] [stdout] 
[INFO] [stdout] 
[INFO] [stdout] warning: 20 warnings emitted
[INFO] [stdout] 
[INFO] [stdout] 
[INFO] [stderr]    Compiling regex-automata v0.4.3
[INFO] [stderr]    Compiling regex v1.10.2
[INFO] [stderr]    Compiling env_logger v0.5.13
[INFO] [stderr]    Compiling batch v0.1.1 (/opt/rustwide/workdir)
[INFO] [stdout] warning: anonymous parameters are deprecated and will be removed in the next edition
[INFO] [stdout]    --> src/task.rs:102:23
[INFO] [stdout]     |
[INFO] [stdout] 102 |     fn perform(&self, Self::Context);
[INFO] [stdout]     |                       ^^^^^^^^^^^^^ help: try naming the parameter or explicitly ignoring it: `_: Self::Context`
[INFO] [stdout]     |
[INFO] [stdout]     = warning: this is accepted in the current edition (Rust 2015) but is a hard error in Rust 2018!
[INFO] [stdout]     = note: for more information, see issue #41686 <https://github.com/rust-lang/rust/issues/41686>
[INFO] [stdout]     = note: `#[warn(anonymous_parameters)]` on by default
[INFO] [stdout] 
[INFO] [stdout] 
[INFO] [stdout] warning: trait objects without an explicit `dyn` are deprecated
[INFO] [stdout]    --> src/rabbitmq.rs:244:17
[INFO] [stdout]     |
[INFO] [stdout] 244 |     stream: Box<Stream<Item = Message, Error = io::Error> + Send>,
[INFO] [stdout]     |                 ^^^^^^^^^^^^^^^^^^^^^^^^^^^^^^^^^^^^^^^^^^^^^^^^
[INFO] [stdout]     |
[INFO] [stdout]     = warning: this is accepted in the current edition (Rust 2015) but is a hard error in Rust 2021!
[INFO] [stdout]     = note: for more information, see <https://doc.rust-lang.org/nightly/edition-guide/rust-2021/warnings-promoted-to-error.html>
[INFO] [stdout]     = note: `#[warn(bare_trait_objects)]` on by default
[INFO] [stdout] help: use `dyn`
[INFO] [stdout]     |
[INFO] [stdout] 244 |     stream: Box<dyn Stream<Item = Message, Error = io::Error> + Send>,
[INFO] [stdout]     |                 +++
[INFO] [stdout] 
[INFO] [stdout] 
[INFO] [stdout] warning: trait objects without an explicit `dyn` are deprecated
[INFO] [stdout]   --> src/worker.rs:36:22
[INFO] [stdout]    |
[INFO] [stdout] 36 | type WorkerFn<Ctx> = Fn(&Job, Ctx) -> Result<()>;
[INFO] [stdout]    |                      ^^^^^^^^^^^^^^^^^^^^^^^^^^^
[INFO] [stdout]    |
[INFO] [stdout]    = warning: this is accepted in the current edition (Rust 2015) but is a hard error in Rust 2021!
[INFO] [stdout]    = note: for more information, see <https://doc.rust-lang.org/nightly/edition-guide/rust-2021/warnings-promoted-to-error.html>
[INFO] [stdout] help: use `dyn`
[INFO] [stdout]    |
[INFO] [stdout] 36 | type WorkerFn<Ctx> = dyn Fn(&Job, Ctx) -> Result<()>;
[INFO] [stdout]    |                      +++
[INFO] [stdout] 
[INFO] [stdout] 
[INFO] [stdout] warning: trait objects without an explicit `dyn` are deprecated
[INFO] [stdout]    --> src/client.rs:102:31
[INFO] [stdout]     |
[INFO] [stdout] 102 |     pub fn build(self) -> Box<Future<Item = Client, Error = Error>> {
[INFO] [stdout]     |                               ^^^^^^^^^^^^^^^^^^^^^^^^^^^^^^^^^^^^
[INFO] [stdout]     |
[INFO] [stdout]     = warning: this is accepted in the current edition (Rust 2015) but is a hard error in Rust 2021!
[INFO] [stdout]     = note: for more information, see <https://doc.rust-lang.org/nightly/edition-guide/rust-2021/warnings-promoted-to-error.html>
[INFO] [stdout] help: use `dyn`
[INFO] [stdout]     |
[INFO] [stdout] 102 |     pub fn build(self) -> Box<dyn Future<Item = Client, Error = Error>> {
[INFO] [stdout]     |                               +++
[INFO] [stdout] 
[INFO] [stdout] 
[INFO] [stdout] warning: trait objects without an explicit `dyn` are deprecated
[INFO] [stdout]    --> src/client.rs:127:49
[INFO] [stdout]     |
[INFO] [stdout] 127 |     pub(crate) fn send(&self, job: &Job) -> Box<Future<Item = (), Error = Error>> {
[INFO] [stdout]     |                                                 ^^^^^^^^^^^^^^^^^^^^^^^^^^^^^^^^
[INFO] [stdout]     |
[INFO] [stdout]     = warning: this is accepted in the current edition (Rust 2015) but is a hard error in Rust 2021!
[INFO] [stdout]     = note: for more information, see <https://doc.rust-lang.org/nightly/edition-guide/rust-2021/warnings-promoted-to-error.html>
[INFO] [stdout] help: use `dyn`
[INFO] [stdout]     |
[INFO] [stdout] 127 |     pub(crate) fn send(&self, job: &Job) -> Box<dyn Future<Item = (), Error = Error>> {
[INFO] [stdout]     |                                                 +++
[INFO] [stdout] 
[INFO] [stdout] 
[INFO] [stdout] warning: trait objects without an explicit `dyn` are deprecated
[INFO] [stdout]    --> src/error.rs:113:32
[INFO] [stdout]     |
[INFO] [stdout] 113 |     fn cause(&self) -> Option<&Fail> {
[INFO] [stdout]     |                                ^^^^
[INFO] [stdout]     |
[INFO] [stdout]     = warning: this is accepted in the current edition (Rust 2015) but is a hard error in Rust 2021!
[INFO] [stdout]     = note: for more information, see <https://doc.rust-lang.org/nightly/edition-guide/rust-2021/warnings-promoted-to-error.html>
[INFO] [stdout] help: use `dyn`
[INFO] [stdout]     |
[INFO] [stdout] 113 |     fn cause(&self) -> Option<&dyn Fail> {
[INFO] [stdout]     |                                +++
[INFO] [stdout] 
[INFO] [stdout] 
[INFO] [stdout] warning: trait objects without an explicit `dyn` are deprecated
[INFO] [stdout]   --> src/job.rs:81:47
[INFO] [stdout]    |
[INFO] [stdout] 81 |     pub fn send(self, client: &Client) -> Box<Future<Item = (), Error = Error>> {
[INFO] [stdout]    |                                               ^^^^^^^^^^^^^^^^^^^^^^^^^^^^^^^^
[INFO] [stdout]    |
[INFO] [stdout]    = warning: this is accepted in the current edition (Rust 2015) but is a hard error in Rust 2021!
[INFO] [stdout]    = note: for more information, see <https://doc.rust-lang.org/nightly/edition-guide/rust-2021/warnings-promoted-to-error.html>
[INFO] [stdout] help: use `dyn`
[INFO] [stdout]    |
[INFO] [stdout] 81 |     pub fn send(self, client: &Client) -> Box<dyn Future<Item = (), Error = Error>> {
[INFO] [stdout]    |                                               +++
[INFO] [stdout] 
[INFO] [stdout] 
[INFO] [stdout] warning: trait objects without an explicit `dyn` are deprecated
[INFO] [stdout]   --> src/rabbitmq.rs:33:10
[INFO] [stdout]    |
[INFO] [stdout] 33 | ) -> Box<Future<Item = (), Error = io::Error>>
[INFO] [stdout]    |          ^^^^^^^^^^^^^^^^^^^^^^^^^^^^^^^^^^^^
[INFO] [stdout]    |
[INFO] [stdout]    = warning: this is accepted in the current edition (Rust 2015) but is a hard error in Rust 2021!
[INFO] [stdout]    = note: for more information, see <https://doc.rust-lang.org/nightly/edition-guide/rust-2021/warnings-promoted-to-error.html>
[INFO] [stdout] help: use `dyn`
[INFO] [stdout]    |
[INFO] [stdout] 33 | ) -> Box<dyn Future<Item = (), Error = io::Error>>
[INFO] [stdout]    |          +++
[INFO] [stdout] 
[INFO] [stdout] 
[INFO] [stdout] warning: trait objects without an explicit `dyn` are deprecated
[INFO] [stdout]   --> src/rabbitmq.rs:69:10
[INFO] [stdout]    |
[INFO] [stdout] 69 | ) -> Box<Future<Item = (), Error = io::Error>>
[INFO] [stdout]    |          ^^^^^^^^^^^^^^^^^^^^^^^^^^^^^^^^^^^^
[INFO] [stdout]    |
[INFO] [stdout]    = warning: this is accepted in the current edition (Rust 2015) but is a hard error in Rust 2021!
[INFO] [stdout]    = note: for more information, see <https://doc.rust-lang.org/nightly/edition-guide/rust-2021/warnings-promoted-to-error.html>
[INFO] [stdout] help: use `dyn`
[INFO] [stdout]    |
[INFO] [stdout] 69 | ) -> Box<dyn Future<Item = (), Error = io::Error>>
[INFO] [stdout]    |          +++
[INFO] [stdout] 
[INFO] [stdout] 
[INFO] [stdout] warning: trait objects without an explicit `dyn` are deprecated
[INFO] [stdout]    --> src/rabbitmq.rs:132:14
[INFO] [stdout]     |
[INFO] [stdout] 132 |     ) -> Box<Future<Item = Self, Error = Error>>
[INFO] [stdout]     |              ^^^^^^^^^^^^^^^^^^^^^^^^^^^^^^^^^^
[INFO] [stdout]     |
[INFO] [stdout]     = warning: this is accepted in the current edition (Rust 2015) but is a hard error in Rust 2021!
[INFO] [stdout]     = note: for more information, see <https://doc.rust-lang.org/nightly/edition-guide/rust-2021/warnings-promoted-to-error.html>
[INFO] [stdout] help: use `dyn`
[INFO] [stdout]     |
[INFO] [stdout] 132 |     ) -> Box<dyn Future<Item = Self, Error = Error>>
[INFO] [stdout]     |              +++
[INFO] [stdout] 
[INFO] [stdout] 
[INFO] [stdout] warning: trait objects without an explicit `dyn` are deprecated
[INFO] [stdout]    --> src/rabbitmq.rs:175:30
[INFO] [stdout]     |
[INFO] [stdout] 175 |     pub fn recv(self) -> Box<Future<Item = RabbitmqStream, Error = Error>> {
[INFO] [stdout]     |                              ^^^^^^^^^^^^^^^^^^^^^^^^^^^^^^^^^^^^^^^^^^^^
[INFO] [stdout]     |
[INFO] [stdout]     = warning: this is accepted in the current edition (Rust 2015) but is a hard error in Rust 2021!
[INFO] [stdout]     = note: for more information, see <https://doc.rust-lang.org/nightly/edition-guide/rust-2021/warnings-promoted-to-error.html>
[INFO] [stdout] help: use `dyn`
[INFO] [stdout]     |
[INFO] [stdout] 175 |     pub fn recv(self) -> Box<dyn Future<Item = RabbitmqStream, Error = Error>> {
[INFO] [stdout]     |                              +++
[INFO] [stdout] 
[INFO] [stdout] 
[INFO] [stdout] warning: trait objects without an explicit `dyn` are deprecated
[INFO] [stdout]    --> src/rabbitmq.rs:218:42
[INFO] [stdout]     |
[INFO] [stdout] 218 |     pub fn send(&self, job: &Job) -> Box<Future<Item = (), Error = Error>> {
[INFO] [stdout]     |                                          ^^^^^^^^^^^^^^^^^^^^^^^^^^^^^^^^
[INFO] [stdout]     |
[INFO] [stdout]     = warning: this is accepted in the current edition (Rust 2015) but is a hard error in Rust 2021!
[INFO] [stdout]     = note: for more information, see <https://doc.rust-lang.org/nightly/edition-guide/rust-2021/warnings-promoted-to-error.html>
[INFO] [stdout] help: use `dyn`
[INFO] [stdout]     |
[INFO] [stdout] 218 |     pub fn send(&self, job: &Job) -> Box<dyn Future<Item = (), Error = Error>> {
[INFO] [stdout]     |                                          +++
[INFO] [stdout] 
[INFO] [stdout] 
[INFO] [stdout] warning: trait objects without an explicit `dyn` are deprecated
[INFO] [stdout]    --> src/rabbitmq.rs:257:40
[INFO] [stdout]     |
[INFO] [stdout] 257 |     pub fn ack(&self, uid: u64) -> Box<Future<Item = (), Error = Error>> {
[INFO] [stdout]     |                                        ^^^^^^^^^^^^^^^^^^^^^^^^^^^^^^^^
[INFO] [stdout]     |
[INFO] [stdout]     = warning: this is accepted in the current edition (Rust 2015) but is a hard error in Rust 2021!
[INFO] [stdout]     = note: for more information, see <https://doc.rust-lang.org/nightly/edition-guide/rust-2021/warnings-promoted-to-error.html>
[INFO] [stdout] help: use `dyn`
[INFO] [stdout]     |
[INFO] [stdout] 257 |     pub fn ack(&self, uid: u64) -> Box<dyn Future<Item = (), Error = Error>> {
[INFO] [stdout]     |                                        +++
[INFO] [stdout] 
[INFO] [stdout] 
[INFO] [stdout] warning: trait objects without an explicit `dyn` are deprecated
[INFO] [stdout]    --> src/rabbitmq.rs:267:43
[INFO] [stdout]     |
[INFO] [stdout] 267 |     pub fn reject(&self, uid: u64) -> Box<Future<Item = (), Error = Error>> {
[INFO] [stdout]     |                                           ^^^^^^^^^^^^^^^^^^^^^^^^^^^^^^^^
[INFO] [stdout]     |
[INFO] [stdout]     = warning: this is accepted in the current edition (Rust 2015) but is a hard error in Rust 2021!
[INFO] [stdout]     = note: for more information, see <https://doc.rust-lang.org/nightly/edition-guide/rust-2021/warnings-promoted-to-error.html>
[INFO] [stdout] help: use `dyn`
[INFO] [stdout]     |
[INFO] [stdout] 267 |     pub fn reject(&self, uid: u64) -> Box<dyn Future<Item = (), Error = Error>> {
[INFO] [stdout]     |                                           +++
[INFO] [stdout] 
[INFO] [stdout] 
[INFO] [stdout] warning: trait objects without an explicit `dyn` are deprecated
[INFO] [stdout]    --> src/worker.rs:380:10
[INFO] [stdout]     |
[INFO] [stdout] 380 | ) -> Box<Future<Item = (), Error = error::Error>> {
[INFO] [stdout]     |          ^^^^^^^^^^^^^^^^^^^^^^^^^^^^^^^^^^^^^^^
[INFO] [stdout]     |
[INFO] [stdout]     = warning: this is accepted in the current edition (Rust 2015) but is a hard error in Rust 2021!
[INFO] [stdout]     = note: for more information, see <https://doc.rust-lang.org/nightly/edition-guide/rust-2021/warnings-promoted-to-error.html>
[INFO] [stdout] help: use `dyn`
[INFO] [stdout]     |
[INFO] [stdout] 380 | ) -> Box<dyn Future<Item = (), Error = error::Error>> {
[INFO] [stdout]     |          +++
[INFO] [stdout] 
[INFO] [stdout] 
[INFO] [stdout] warning: trait objects without an explicit `dyn` are deprecated
[INFO] [stdout]    --> src/worker.rs:296:29
[INFO] [stdout]     |
[INFO] [stdout] 296 |     pub fn run(self) -> Box<Future<Item = (), Error = error::Error>> {
[INFO] [stdout]     |                             ^^^^^^^^^^^^^^^^^^^^^^^^^^^^^^^^^^^^^^^
[INFO] [stdout]     |
[INFO] [stdout]     = warning: this is accepted in the current edition (Rust 2015) but is a hard error in Rust 2021!
[INFO] [stdout]     = note: for more information, see <https://doc.rust-lang.org/nightly/edition-guide/rust-2021/warnings-promoted-to-error.html>
[INFO] [stdout] help: use `dyn`
[INFO] [stdout]     |
[INFO] [stdout] 296 |     pub fn run(self) -> Box<dyn Future<Item = (), Error = error::Error>> {
[INFO] [stdout]     |                             +++
[INFO] [stdout] 
[INFO] [stdout] 
[INFO] [stdout] warning: trait objects without an explicit `dyn` are deprecated
[INFO] [stdout]    --> src/worker.rs:303:31
[INFO] [stdout]     |
[INFO] [stdout] 303 |     fn supervise(self) -> Box<Future<Item = (), Error = error::Error>> {
[INFO] [stdout]     |                               ^^^^^^^^^^^^^^^^^^^^^^^^^^^^^^^^^^^^^^^
[INFO] [stdout]     |
[INFO] [stdout]     = warning: this is accepted in the current edition (Rust 2015) but is a hard error in Rust 2021!
[INFO] [stdout]     = note: for more information, see <https://doc.rust-lang.org/nightly/edition-guide/rust-2021/warnings-promoted-to-error.html>
[INFO] [stdout] help: use `dyn`
[INFO] [stdout]     |
[INFO] [stdout] 303 |     fn supervise(self) -> Box<dyn Future<Item = (), Error = error::Error>> {
[INFO] [stdout]     |                               +++
[INFO] [stdout] 
[INFO] [stdout] 
[INFO] [stdout] warning: trait objects without an explicit `dyn` are deprecated
[INFO] [stdout]   --> src/rabbitmq.rs:39:23
[INFO] [stdout]    |
[INFO] [stdout] 39 |         let task: Box<Future<Item = future::Loop<_, _>, Error = io::Error>> =
[INFO] [stdout]    |                       ^^^^^^^^^^^^^^^^^^^^^^^^^^^^^^^^^^^^^^^^^^^^^^^^^^^^
[INFO] [stdout]    |
[INFO] [stdout]    = warning: this is accepted in the current edition (Rust 2015) but is a hard error in Rust 2021!
[INFO] [stdout]    = note: for more information, see <https://doc.rust-lang.org/nightly/edition-guide/rust-2021/warnings-promoted-to-error.html>
[INFO] [stdout] help: use `dyn`
[INFO] [stdout]    |
[INFO] [stdout] 39 |         let task: Box<dyn Future<Item = future::Loop<_, _>, Error = io::Error>> =
[INFO] [stdout]    |                       +++
[INFO] [stdout] 
[INFO] [stdout] 
[INFO] [stdout] warning: trait objects without an explicit `dyn` are deprecated
[INFO] [stdout]   --> src/rabbitmq.rs:75:23
[INFO] [stdout]    |
[INFO] [stdout] 75 |         let task: Box<Future<Item = future::Loop<_, _>, Error = io::Error>> =
[INFO] [stdout]    |                       ^^^^^^^^^^^^^^^^^^^^^^^^^^^^^^^^^^^^^^^^^^^^^^^^^^^^
[INFO] [stdout]    |
[INFO] [stdout]    = warning: this is accepted in the current edition (Rust 2015) but is a hard error in Rust 2021!
[INFO] [stdout]    = note: for more information, see <https://doc.rust-lang.org/nightly/edition-guide/rust-2021/warnings-promoted-to-error.html>
[INFO] [stdout] help: use `dyn`
[INFO] [stdout]    |
[INFO] [stdout] 75 |         let task: Box<dyn Future<Item = future::Loop<_, _>, Error = io::Error>> =
[INFO] [stdout]    |                       +++
[INFO] [stdout] 
[INFO] [stdout] 
[INFO] [stdout] warning: trait objects without an explicit `dyn` are deprecated
[INFO] [stdout]    --> src/rabbitmq.rs:201:34
[INFO] [stdout]     |
[INFO] [stdout] 201 |                 let initial: Box<Stream<Item = Message, Error = io::Error> + Send> =
[INFO] [stdout]     |                                  ^^^^^^^^^^^^^^^^^^^^^^^^^^^^^^^^^^^^^^^^^^^^^^^^
[INFO] [stdout]     |
[INFO] [stdout]     = warning: this is accepted in the current edition (Rust 2015) but is a hard error in Rust 2021!
[INFO] [stdout]     = note: for more information, see <https://doc.rust-lang.org/nightly/edition-guide/rust-2021/warnings-promoted-to-error.html>
[INFO] [stdout] help: use `dyn`
[INFO] [stdout]     |
[INFO] [stdout] 201 |                 let initial: Box<dyn Stream<Item = Message, Error = io::Error> + Send> =
[INFO] [stdout]     |                                  +++
[INFO] [stdout] 
[INFO] [stdout] 
[INFO] [stdout] warning: 20 warnings emitted
[INFO] [stdout] 
[INFO] [stdout] 
[INFO] [stderr]     Finished test [unoptimized + debuginfo] target(s) in 6.37s
[INFO] [stderr] warning: the following packages contain code that will be rejected by a future version of Rust: nom v3.2.1, syn v0.12.15
[INFO] [stderr] note: to see what the problems were, use the option `--future-incompat-report`, or run `cargo report future-incompatibilities --id 1`
[INFO] running `Command { std: "docker" "inspect" "c23e43d2ab8a4bdb7c16fb23c72c8af7aa55185a6a939334cf60111df59e1757", kill_on_drop: false }`
[INFO] running `Command { std: "docker" "rm" "-f" "c23e43d2ab8a4bdb7c16fb23c72c8af7aa55185a6a939334cf60111df59e1757", kill_on_drop: false }`
[INFO] [stdout] c23e43d2ab8a4bdb7c16fb23c72c8af7aa55185a6a939334cf60111df59e1757
[INFO] running `Command { std: "docker" "create" "-v" "/var/lib/crater-agent-workspace/builds/worker-0-tc1/target:/opt/rustwide/target:rw,Z" "-v" "/var/lib/crater-agent-workspace/builds/worker-0-tc1/source:/opt/rustwide/workdir:ro,Z" "-v" "/var/lib/crater-agent-workspace/cargo-home:/opt/rustwide/cargo-home:ro,Z" "-v" "/var/lib/crater-agent-workspace/rustup-home:/opt/rustwide/rustup-home:ro,Z" "-e" "SOURCE_DIR=/opt/rustwide/workdir" "-e" "CARGO_TARGET_DIR=/opt/rustwide/target" "-e" "CARGO_INCREMENTAL=0" "-e" "RUST_BACKTRACE=full" "-e" "RUSTFLAGS=--cap-lints=warn" "-e" "RUSTDOCFLAGS=--cap-lints=warn" "-e" "CARGO_HOME=/opt/rustwide/cargo-home" "-e" "RUSTUP_HOME=/opt/rustwide/rustup-home" "-w" "/opt/rustwide/workdir" "-m" "1610612736" "--user" "0:0" "--network" "none" "ghcr.io/rust-lang/crates-build-env/linux@sha256:2788e3201cd34a07e3172128adcd8b3090168a8e3bcc40d7c032b9dda1df7d1c" "/opt/rustwide/cargo-home/bin/cargo" "+1.75.0" "test" "--frozen", kill_on_drop: false }`
[INFO] [stdout] fb9db01459cff0857ca855dd87f8d79831aa4d8ff55a8c897052ea8d6f093945
[INFO] running `Command { std: "docker" "start" "-a" "fb9db01459cff0857ca855dd87f8d79831aa4d8ff55a8c897052ea8d6f093945", kill_on_drop: false }`
[INFO] [stderr] warning: anonymous parameters are deprecated and will be removed in the next edition
[INFO] [stderr]    --> src/task.rs:102:23
[INFO] [stderr]     |
[INFO] [stderr] 102 |     fn perform(&self, Self::Context);
[INFO] [stderr]     |                       ^^^^^^^^^^^^^ help: try naming the parameter or explicitly ignoring it: `_: Self::Context`
[INFO] [stderr]     |
[INFO] [stderr]     = warning: this is accepted in the current edition (Rust 2015) but is a hard error in Rust 2018!
[INFO] [stderr]     = note: for more information, see issue #41686 <https://github.com/rust-lang/rust/issues/41686>
[INFO] [stderr]     = note: `#[warn(anonymous_parameters)]` on by default
[INFO] [stderr] 
[INFO] [stderr] warning: trait objects without an explicit `dyn` are deprecated
[INFO] [stderr]    --> src/rabbitmq.rs:244:17
[INFO] [stderr]     |
[INFO] [stderr] 244 |     stream: Box<Stream<Item = Message, Error = io::Error> + Send>,
[INFO] [stderr]     |                 ^^^^^^^^^^^^^^^^^^^^^^^^^^^^^^^^^^^^^^^^^^^^^^^^
[INFO] [stderr]     |
[INFO] [stderr]     = warning: this is accepted in the current edition (Rust 2015) but is a hard error in Rust 2021!
[INFO] [stderr]     = note: for more information, see <https://doc.rust-lang.org/nightly/edition-guide/rust-2021/warnings-promoted-to-error.html>
[INFO] [stderr]     = note: `#[warn(bare_trait_objects)]` on by default
[INFO] [stderr] help: use `dyn`
[INFO] [stderr]     |
[INFO] [stderr] 244 |     stream: Box<dyn Stream<Item = Message, Error = io::Error> + Send>,
[INFO] [stderr]     |                 +++
[INFO] [stderr] 
[INFO] [stderr] warning: trait objects without an explicit `dyn` are deprecated
[INFO] [stderr]   --> src/worker.rs:36:22
[INFO] [stderr]    |
[INFO] [stderr] 36 | type WorkerFn<Ctx> = Fn(&Job, Ctx) -> Result<()>;
[INFO] [stderr]    |                      ^^^^^^^^^^^^^^^^^^^^^^^^^^^
[INFO] [stderr]    |
[INFO] [stderr]    = warning: this is accepted in the current edition (Rust 2015) but is a hard error in Rust 2021!
[INFO] [stderr]    = note: for more information, see <https://doc.rust-lang.org/nightly/edition-guide/rust-2021/warnings-promoted-to-error.html>
[INFO] [stderr] help: use `dyn`
[INFO] [stderr]    |
[INFO] [stderr] 36 | type WorkerFn<Ctx> = dyn Fn(&Job, Ctx) -> Result<()>;
[INFO] [stderr]    |                      +++
[INFO] [stderr] 
[INFO] [stderr] warning: trait objects without an explicit `dyn` are deprecated
[INFO] [stderr]    --> src/client.rs:102:31
[INFO] [stderr]     |
[INFO] [stderr] 102 |     pub fn build(self) -> Box<Future<Item = Client, Error = Error>> {
[INFO] [stderr]     |                               ^^^^^^^^^^^^^^^^^^^^^^^^^^^^^^^^^^^^
[INFO] [stderr]     |
[INFO] [stderr]     = warning: this is accepted in the current edition (Rust 2015) but is a hard error in Rust 2021!
[INFO] [stderr]     = note: for more information, see <https://doc.rust-lang.org/nightly/edition-guide/rust-2021/warnings-promoted-to-error.html>
[INFO] [stderr] help: use `dyn`
[INFO] [stderr]     |
[INFO] [stderr] 102 |     pub fn build(self) -> Box<dyn Future<Item = Client, Error = Error>> {
[INFO] [stderr]     |                               +++
[INFO] [stderr] 
[INFO] [stderr] warning: trait objects without an explicit `dyn` are deprecated
[INFO] [stderr]    --> src/client.rs:127:49
[INFO] [stderr]     |
[INFO] [stderr] 127 |     pub(crate) fn send(&self, job: &Job) -> Box<Future<Item = (), Error = Error>> {
[INFO] [stderr]     |                                                 ^^^^^^^^^^^^^^^^^^^^^^^^^^^^^^^^
[INFO] [stderr]     |
[INFO] [stderr]     = warning: this is accepted in the current edition (Rust 2015) but is a hard error in Rust 2021!
[INFO] [stderr]     = note: for more information, see <https://doc.rust-lang.org/nightly/edition-guide/rust-2021/warnings-promoted-to-error.html>
[INFO] [stderr] help: use `dyn`
[INFO] [stderr]     |
[INFO] [stderr] 127 |     pub(crate) fn send(&self, job: &Job) -> Box<dyn Future<Item = (), Error = Error>> {
[INFO] [stderr]     |                                                 +++
[INFO] [stderr] 
[INFO] [stderr] warning: trait objects without an explicit `dyn` are deprecated
[INFO] [stderr]    --> src/error.rs:113:32
[INFO] [stderr]     |
[INFO] [stderr] 113 |     fn cause(&self) -> Option<&Fail> {
[INFO] [stderr]     |                                ^^^^
[INFO] [stderr]     |
[INFO] [stderr]     = warning: this is accepted in the current edition (Rust 2015) but is a hard error in Rust 2021!
[INFO] [stderr]     = note: for more information, see <https://doc.rust-lang.org/nightly/edition-guide/rust-2021/warnings-promoted-to-error.html>
[INFO] [stderr] help: use `dyn`
[INFO] [stderr]     |
[INFO] [stderr] 113 |     fn cause(&self) -> Option<&dyn Fail> {
[INFO] [stderr]     |                                +++
[INFO] [stderr] 
[INFO] [stderr] warning: trait objects without an explicit `dyn` are deprecated
[INFO] [stderr]   --> src/job.rs:81:47
[INFO] [stderr]    |
[INFO] [stderr] 81 |     pub fn send(self, client: &Client) -> Box<Future<Item = (), Error = Error>> {
[INFO] [stderr]    |                                               ^^^^^^^^^^^^^^^^^^^^^^^^^^^^^^^^
[INFO] [stderr]    |
[INFO] [stderr]    = warning: this is accepted in the current edition (Rust 2015) but is a hard error in Rust 2021!
[INFO] [stderr]    = note: for more information, see <https://doc.rust-lang.org/nightly/edition-guide/rust-2021/warnings-promoted-to-error.html>
[INFO] [stderr] help: use `dyn`
[INFO] [stderr]    |
[INFO] [stderr] 81 |     pub fn send(self, client: &Client) -> Box<dyn Future<Item = (), Error = Error>> {
[INFO] [stderr]    |                                               +++
[INFO] [stderr] 
[INFO] [stderr] warning: trait objects without an explicit `dyn` are deprecated
[INFO] [stderr]   --> src/rabbitmq.rs:33:10
[INFO] [stderr]    |
[INFO] [stderr] 33 | ) -> Box<Future<Item = (), Error = io::Error>>
[INFO] [stderr]    |          ^^^^^^^^^^^^^^^^^^^^^^^^^^^^^^^^^^^^
[INFO] [stderr]    |
[INFO] [stderr]    = warning: this is accepted in the current edition (Rust 2015) but is a hard error in Rust 2021!
[INFO] [stderr]    = note: for more information, see <https://doc.rust-lang.org/nightly/edition-guide/rust-2021/warnings-promoted-to-error.html>
[INFO] [stderr] help: use `dyn`
[INFO] [stderr]    |
[INFO] [stderr] 33 | ) -> Box<dyn Future<Item = (), Error = io::Error>>
[INFO] [stderr]    |          +++
[INFO] [stderr] 
[INFO] [stderr] warning: trait objects without an explicit `dyn` are deprecated
[INFO] [stderr]   --> src/rabbitmq.rs:69:10
[INFO] [stderr]    |
[INFO] [stderr] 69 | ) -> Box<Future<Item = (), Error = io::Error>>
[INFO] [stderr]    |          ^^^^^^^^^^^^^^^^^^^^^^^^^^^^^^^^^^^^
[INFO] [stderr]    |
[INFO] [stderr]    = warning: this is accepted in the current edition (Rust 2015) but is a hard error in Rust 2021!
[INFO] [stderr]    = note: for more information, see <https://doc.rust-lang.org/nightly/edition-guide/rust-2021/warnings-promoted-to-error.html>
[INFO] [stderr] help: use `dyn`
[INFO] [stderr]    |
[INFO] [stderr] 69 | ) -> Box<dyn Future<Item = (), Error = io::Error>>
[INFO] [stderr]    |          +++
[INFO] [stderr] 
[INFO] [stderr] warning: trait objects without an explicit `dyn` are deprecated
[INFO] [stderr]    --> src/rabbitmq.rs:132:14
[INFO] [stderr]     |
[INFO] [stderr] 132 |     ) -> Box<Future<Item = Self, Error = Error>>
[INFO] [stderr]     |              ^^^^^^^^^^^^^^^^^^^^^^^^^^^^^^^^^^
[INFO] [stderr]     |
[INFO] [stderr]     = warning: this is accepted in the current edition (Rust 2015) but is a hard error in Rust 2021!
[INFO] [stderr]     = note: for more information, see <https://doc.rust-lang.org/nightly/edition-guide/rust-2021/warnings-promoted-to-error.html>
[INFO] [stderr] help: use `dyn`
[INFO] [stderr]     |
[INFO] [stderr] 132 |     ) -> Box<dyn Future<Item = Self, Error = Error>>
[INFO] [stderr]     |              +++
[INFO] [stderr] 
[INFO] [stderr] warning: trait objects without an explicit `dyn` are deprecated
[INFO] [stderr]    --> src/rabbitmq.rs:175:30
[INFO] [stderr]     |
[INFO] [stderr] 175 |     pub fn recv(self) -> Box<Future<Item = RabbitmqStream, Error = Error>> {
[INFO] [stderr]     |                              ^^^^^^^^^^^^^^^^^^^^^^^^^^^^^^^^^^^^^^^^^^^^
[INFO] [stderr]     |
[INFO] [stderr]     = warning: this is accepted in the current edition (Rust 2015) but is a hard error in Rust 2021!
[INFO] [stderr]     = note: for more information, see <https://doc.rust-lang.org/nightly/edition-guide/rust-2021/warnings-promoted-to-error.html>
[INFO] [stderr] help: use `dyn`
[INFO] [stderr]     |
[INFO] [stderr] 175 |     pub fn recv(self) -> Box<dyn Future<Item = RabbitmqStream, Error = Error>> {
[INFO] [stderr]     |                              +++
[INFO] [stderr] 
[INFO] [stderr] warning: trait objects without an explicit `dyn` are deprecated
[INFO] [stderr]    --> src/rabbitmq.rs:218:42
[INFO] [stderr]     |
[INFO] [stderr] 218 |     pub fn send(&self, job: &Job) -> Box<Future<Item = (), Error = Error>> {
[INFO] [stderr]     |                                          ^^^^^^^^^^^^^^^^^^^^^^^^^^^^^^^^
[INFO] [stderr]     |
[INFO] [stderr]     = warning: this is accepted in the current edition (Rust 2015) but is a hard error in Rust 2021!
[INFO] [stderr]     = note: for more information, see <https://doc.rust-lang.org/nightly/edition-guide/rust-2021/warnings-promoted-to-error.html>
[INFO] [stderr] help: use `dyn`
[INFO] [stderr]     |
[INFO] [stderr] 218 |     pub fn send(&self, job: &Job) -> Box<dyn Future<Item = (), Error = Error>> {
[INFO] [stderr]     |                                          +++
[INFO] [stderr] 
[INFO] [stderr] warning: trait objects without an explicit `dyn` are deprecated
[INFO] [stderr]    --> src/rabbitmq.rs:257:40
[INFO] [stderr]     |
[INFO] [stderr] 257 |     pub fn ack(&self, uid: u64) -> Box<Future<Item = (), Error = Error>> {
[INFO] [stderr]     |                                        ^^^^^^^^^^^^^^^^^^^^^^^^^^^^^^^^
[INFO] [stderr]     |
[INFO] [stderr]     = warning: this is accepted in the current edition (Rust 2015) but is a hard error in Rust 2021!
[INFO] [stderr]     = note: for more information, see <https://doc.rust-lang.org/nightly/edition-guide/rust-2021/warnings-promoted-to-error.html>
[INFO] [stderr] help: use `dyn`
[INFO] [stderr]     |
[INFO] [stderr] 257 |     pub fn ack(&self, uid: u64) -> Box<dyn Future<Item = (), Error = Error>> {
[INFO] [stderr]     |                                        +++
[INFO] [stderr] 
[INFO] [stderr] warning: trait objects without an explicit `dyn` are deprecated
[INFO] [stderr]    --> src/rabbitmq.rs:267:43
[INFO] [stderr]     |
[INFO] [stderr] 267 |     pub fn reject(&self, uid: u64) -> Box<Future<Item = (), Error = Error>> {
[INFO] [stderr]     |                                           ^^^^^^^^^^^^^^^^^^^^^^^^^^^^^^^^
[INFO] [stderr]     |
[INFO] [stderr]     = warning: this is accepted in the current edition (Rust 2015) but is a hard error in Rust 2021!
[INFO] [stderr]     = note: for more information, see <https://doc.rust-lang.org/nightly/edition-guide/rust-2021/warnings-promoted-to-error.html>
[INFO] [stderr] help: use `dyn`
[INFO] [stderr]     |
[INFO] [stderr] 267 |     pub fn reject(&self, uid: u64) -> Box<dyn Future<Item = (), Error = Error>> {
[INFO] [stderr]     |                                           +++
[INFO] [stderr] 
[INFO] [stderr] warning: trait objects without an explicit `dyn` are deprecated
[INFO] [stderr]    --> src/worker.rs:380:10
[INFO] [stderr]     |
[INFO] [stderr] 380 | ) -> Box<Future<Item = (), Error = error::Error>> {
[INFO] [stderr]     |          ^^^^^^^^^^^^^^^^^^^^^^^^^^^^^^^^^^^^^^^
[INFO] [stderr]     |
[INFO] [stderr]     = warning: this is accepted in the current edition (Rust 2015) but is a hard error in Rust 2021!
[INFO] [stderr]     = note: for more information, see <https://doc.rust-lang.org/nightly/edition-guide/rust-2021/warnings-promoted-to-error.html>
[INFO] [stderr] help: use `dyn`
[INFO] [stderr]     |
[INFO] [stderr] 380 | ) -> Box<dyn Future<Item = (), Error = error::Error>> {
[INFO] [stderr]     |          +++
[INFO] [stderr] 
[INFO] [stderr] warning: trait objects without an explicit `dyn` are deprecated
[INFO] [stderr]    --> src/worker.rs:296:29
[INFO] [stderr]     |
[INFO] [stderr] 296 |     pub fn run(self) -> Box<Future<Item = (), Error = error::Error>> {
[INFO] [stderr]     |                             ^^^^^^^^^^^^^^^^^^^^^^^^^^^^^^^^^^^^^^^
[INFO] [stderr]     |
[INFO] [stderr]     = warning: this is accepted in the current edition (Rust 2015) but is a hard error in Rust 2021!
[INFO] [stderr]     = note: for more information, see <https://doc.rust-lang.org/nightly/edition-guide/rust-2021/warnings-promoted-to-error.html>
[INFO] [stderr] help: use `dyn`
[INFO] [stderr]     |
[INFO] [stderr] 296 |     pub fn run(self) -> Box<dyn Future<Item = (), Error = error::Error>> {
[INFO] [stderr]     |                             +++
[INFO] [stderr] 
[INFO] [stderr] warning: trait objects without an explicit `dyn` are deprecated
[INFO] [stderr]    --> src/worker.rs:303:31
[INFO] [stderr]     |
[INFO] [stderr] 303 |     fn supervise(self) -> Box<Future<Item = (), Error = error::Error>> {
[INFO] [stderr]     |                               ^^^^^^^^^^^^^^^^^^^^^^^^^^^^^^^^^^^^^^^
[INFO] [stderr]     |
[INFO] [stderr]     = warning: this is accepted in the current edition (Rust 2015) but is a hard error in Rust 2021!
[INFO] [stderr]     = note: for more information, see <https://doc.rust-lang.org/nightly/edition-guide/rust-2021/warnings-promoted-to-error.html>
[INFO] [stderr] help: use `dyn`
[INFO] [stderr]     |
[INFO] [stderr] 303 |     fn supervise(self) -> Box<dyn Future<Item = (), Error = error::Error>> {
[INFO] [stderr]     |                               +++
[INFO] [stderr] 
[INFO] [stderr] warning: trait objects without an explicit `dyn` are deprecated
[INFO] [stderr]   --> src/rabbitmq.rs:39:23
[INFO] [stderr]    |
[INFO] [stderr] 39 |         let task: Box<Future<Item = future::Loop<_, _>, Error = io::Error>> =
[INFO] [stderr]    |                       ^^^^^^^^^^^^^^^^^^^^^^^^^^^^^^^^^^^^^^^^^^^^^^^^^^^^
[INFO] [stderr]    |
[INFO] [stderr]    = warning: this is accepted in the current edition (Rust 2015) but is a hard error in Rust 2021!
[INFO] [stderr]    = note: for more information, see <https://doc.rust-lang.org/nightly/edition-guide/rust-2021/warnings-promoted-to-error.html>
[INFO] [stderr] help: use `dyn`
[INFO] [stderr]    |
[INFO] [stderr] 39 |         let task: Box<dyn Future<Item = future::Loop<_, _>, Error = io::Error>> =
[INFO] [stderr]    |                       +++
[INFO] [stderr] 
[INFO] [stderr] warning: trait objects without an explicit `dyn` are deprecated
[INFO] [stderr]   --> src/rabbitmq.rs:75:23
[INFO] [stderr]    |
[INFO] [stderr] 75 |         let task: Box<Future<Item = future::Loop<_, _>, Error = io::Error>> =
[INFO] [stderr]    |                       ^^^^^^^^^^^^^^^^^^^^^^^^^^^^^^^^^^^^^^^^^^^^^^^^^^^^
[INFO] [stderr]    |
[INFO] [stderr]    = warning: this is accepted in the current edition (Rust 2015) but is a hard error in Rust 2021!
[INFO] [stderr]    = note: for more information, see <https://doc.rust-lang.org/nightly/edition-guide/rust-2021/warnings-promoted-to-error.html>
[INFO] [stderr] help: use `dyn`
[INFO] [stderr]    |
[INFO] [stderr] 75 |         let task: Box<dyn Future<Item = future::Loop<_, _>, Error = io::Error>> =
[INFO] [stderr]    |                       +++
[INFO] [stderr] 
[INFO] [stderr] warning: trait objects without an explicit `dyn` are deprecated
[INFO] [stderr]    --> src/rabbitmq.rs:201:34
[INFO] [stderr]     |
[INFO] [stderr] 201 |                 let initial: Box<Stream<Item = Message, Error = io::Error> + Send> =
[INFO] [stderr]     |                                  ^^^^^^^^^^^^^^^^^^^^^^^^^^^^^^^^^^^^^^^^^^^^^^^^
[INFO] [stderr]     |
[INFO] [stderr]     = warning: this is accepted in the current edition (Rust 2015) but is a hard error in Rust 2021!
[INFO] [stderr]     = note: for more information, see <https://doc.rust-lang.org/nightly/edition-guide/rust-2021/warnings-promoted-to-error.html>
[INFO] [stderr] help: use `dyn`
[INFO] [stderr]     |
[INFO] [stderr] 201 |                 let initial: Box<dyn Stream<Item = Message, Error = io::Error> + Send> =
[INFO] [stderr]     |                                  +++
[INFO] [stderr] 
[INFO] [stderr] warning: `batch` (lib) generated 20 warnings (run `cargo fix --lib -p batch` to apply 20 suggestions)
[INFO] [stderr] warning: `batch` (lib test) generated 20 warnings (20 duplicates)
[INFO] [stderr]     Finished test [unoptimized + debuginfo] target(s) in 0.09s
[INFO] [stderr] warning: the following packages contain code that will be rejected by a future version of Rust: nom v3.2.1, syn v0.12.15
[INFO] [stderr] note: to see what the problems were, use the option `--future-incompat-report`, or run `cargo report future-incompatibilities --id 1`
[INFO] [stderr]      Running unittests src/lib.rs (/opt/rustwide/target/debug/deps/batch-ab44db18cb283c24)
[INFO] [stdout] 
[INFO] [stdout] running 1 test
[INFO] [stdout] test client::tests::test_auto_impl_traits ... ok
[INFO] [stdout] 
[INFO] [stdout] test result: ok. 1 passed; 0 failed; 0 ignored; 0 measured; 0 filtered out; finished in 0.00s
[INFO] [stdout] 
[INFO] [stderr]    Doc-tests batch
[INFO] [stdout] 
[INFO] [stdout] running 19 tests
[INFO] [stdout] test src/task.rs - task::Task (line 17) ... ok
[INFO] [stdout] test src/task.rs - task::Task (line 34) ... ok
[INFO] [stdout] test src/task.rs - task::Perform (line 74) ... ok
[INFO] [stdout] test src/worker.rs - worker::WorkerBuilder<Ctx>::new (line 69) ... FAILED
[INFO] [stdout] test src/rabbitmq.rs - rabbitmq::ExchangeBuilder::new (line 375) ... FAILED
[INFO] [stdout] test src/rabbitmq.rs - rabbitmq::QueueBuilder::bind (line 494) ... FAILED
[INFO] [stdout] test src/worker.rs - worker::WorkerBuilder<Ctx>::build (line 226) ... FAILED
[INFO] [stdout] test src/client.rs - client::ClientBuilder::exchanges (line 60) ... FAILED
[INFO] [stdout] test src/worker.rs - worker::WorkerBuilder<Ctx>::handle (line 154) ... FAILED
[INFO] [stdout] test src/worker.rs - worker::WorkerBuilder<Ctx>::exchanges (line 109) ... FAILED
[INFO] [stdout] test src/client.rs - client::ClientBuilder::handle (line 82) ... FAILED
[INFO] [stdout] test src/client.rs - client::ClientBuilder::connection_url (line 43) ... FAILED
[INFO] [stdout] test src/rabbitmq.rs - rabbitmq::QueueBuilder::new (line 478) ... FAILED
[INFO] [stdout] test src/lib.rs - (line 9) ... FAILED
[INFO] [stdout] test src/rabbitmq.rs - rabbitmq::ExchangeBuilder::bind (line 394) ... ok
[INFO] [stdout] test src/worker.rs - worker::WorkerBuilder<Ctx>::connection_url (line 92) ... ok
[INFO] [stdout] test src/worker.rs - worker::WorkerBuilder<Ctx>::queues (line 133) ... ok
[INFO] [stdout] test src/worker.rs - worker::WorkerBuilder<Ctx>::task (line 179) ... ok
[INFO] [stdout] test src/worker.rs - worker::Worker<Ctx>::run (line 275) ... ok
[INFO] [stdout] 
[INFO] [stdout] failures:
[INFO] [stdout] 
[INFO] [stdout] ---- src/worker.rs - worker::WorkerBuilder<Ctx>::new (line 69) stdout ----
[INFO] [stdout] Couldn't compile the test.
[INFO] [stdout] ---- src/rabbitmq.rs - rabbitmq::ExchangeBuilder::new (line 375) stdout ----
[INFO] [stdout] error: linking with `cc` failed: exit status: 1
[INFO] [stdout]   |
[INFO] [stdout]   = note: LC_ALL="C" PATH="/opt/rustwide/rustup-home/toolchains/1.75.0-x86_64-unknown-linux-gnu/lib/rustlib/x86_64-unknown-linux-gnu/bin:/opt/rustwide/cargo-home/bin:/usr/local/sbin:/usr/local/bin:/usr/sbin:/usr/bin:/sbin:/bin" VSLANG="1033" "cc" "-m64" "/tmp/rustc1ElwyC/symbols.o" "/tmp/rustdoctestN1Uj9B/rust_out.rust_out.263fb70ac1c95110-cgu.0.rcgu.o" "/tmp/rustdoctestN1Uj9B/rust_out.2uel00cfmdh5ufit.rcgu.o" "-Wl,--as-needed" "-L" "/opt/rustwide/target/debug/deps" "-L" "/opt/rustwide/target/debug/deps" "-L" "/opt/rustwide/target/debug/build/ring-c95103f713b6fc05/out" "-L" "/opt/rustwide/rustup-home/toolchains/1.75.0-x86_64-unknown-linux-gnu/lib/rustlib/x86_64-unknown-linux-gnu/lib" "-Wl,-Bstatic" "/opt/rustwide/target/debug/deps/libbatch-2c3ef50cbaf9c898.rlib" "/opt/rustwide/target/debug/deps/libwait_timeout-8eecd11f79155612.rlib" "/opt/rustwide/target/debug/deps/libuuid-127c88f121365f72.rlib" "/opt/rustwide/target/debug/deps/liblapin_futures_rustls-75a4341cdba219b5.rlib" "/opt/rustwide/target/debug/deps/libtls_api_rustls-0319ab1314b7b8fb.rlib" "/opt/rustwide/target/debug/deps/libwebpki_roots-3091427ce87ab0f3.rlib" "/opt/rustwide/target/debug/deps/librustls-9af8c00a828d6326.rlib" "/opt/rustwide/target/debug/deps/libbase64-30cb3015b498dd6d.rlib" "/opt/rustwide/target/debug/deps/libsct-237050c83b42dd3a.rlib" "/opt/rustwide/target/debug/deps/libwebpki-14345907b33c8d84.rlib" "/opt/rustwide/target/debug/deps/libring-9668f03ad3d9d83e.rlib" "/opt/rustwide/target/debug/deps/libspin-c4098cd951aef6c9.rlib" "/opt/rustwide/target/debug/deps/libuntrusted-df2af244a461839b.rlib" "/opt/rustwide/target/debug/deps/liblapin_futures_tls_api-917295e22e0736e8.rlib" "/opt/rustwide/target/debug/deps/libtokio_tls_api-7c4ce7dd228f8df2.rlib" "/opt/rustwide/target/debug/deps/libtls_api-36fd78c4f0a5949f.rlib" "/opt/rustwide/target/debug/deps/libns_dns_tokio-b5c516b11e8e8f09.rlib" "/opt/rustwide/target/debug/deps/libdomain-26941339ddab8854.rlib" "/opt/rustwide/target/debug/deps/libtokio_core-7b7120daea6fbec0.rlib" "/opt/rustwide/target/debug/deps/libscoped_tls-029e8dbb5d5096da.rlib" "/opt/rustwide/target/debug/deps/libtokio-356efabfe3199004.rlib" "/opt/rustwide/target/debug/deps/libtokio_uds-7b9c5de0477b48ee.rlib" "/opt/rustwide/target/debug/deps/libmio_uds-fb94263cd8c8e520.rlib" "/opt/rustwide/target/debug/deps/libtokio_udp-2b83cec6bc70c735.rlib" "/opt/rustwide/target/debug/deps/libtokio_timer-5879a73f13d790e8.rlib" "/opt/rustwide/target/debug/deps/libtokio_tcp-2aee3b7d9ea1a284.rlib" "/opt/rustwide/target/debug/deps/libtokio_reactor-9fbfafa46000c812.rlib" "/opt/rustwide/target/debug/deps/libtokio_sync-08ea48bc61321deb.rlib" "/opt/rustwide/target/debug/deps/libfnv-18bf5144d055e772.rlib" "/opt/rustwide/target/debug/deps/libparking_lot-f91c4e756200b0bf.rlib" "/opt/rustwide/target/debug/deps/libparking_lot_core-d1b38aaa333b526b.rlib" "/opt/rustwide/target/debug/deps/libsmallvec-d0609e27bcb54d1d.rlib" "/opt/rustwide/target/debug/deps/liblock_api-66bae9b5c6af1fce.rlib" "/opt/rustwide/target/debug/deps/libtokio_fs-be7ad69e76cda24b.rlib" "/opt/rustwide/target/debug/deps/libtokio_threadpool-621b9570426f2d78.rlib" "/opt/rustwide/target/debug/deps/libcrossbeam_queue-c5563bd9f963b5a9.rlib" "/opt/rustwide/target/debug/deps/libcrossbeam_deque-b16be8723014cb64.rlib" "/opt/rustwide/target/debug/deps/libcrossbeam_epoch-2eefb546c17400b4.rlib" "/opt/rustwide/target/debug/deps/libscopeguard-012e5ed929fc2fe6.rlib" "/opt/rustwide/target/debug/deps/libmemoffset-391bf7ec82acb482.rlib" "/opt/rustwide/target/debug/deps/libmaybe_uninit-5d087cbaeefa52e2.rlib" "/opt/rustwide/target/debug/deps/libtokio_current_thread-0ec463f1ca04bf29.rlib" "/opt/rustwide/target/debug/deps/libtokio_executor-1cf9988edc02426a.rlib" "/opt/rustwide/target/debug/deps/libcrossbeam_utils-642de20fe914a5f2.rlib" "/opt/rustwide/target/debug/deps/libtokio_codec-bd5247d188bf0c02.rlib" "/opt/rustwide/target/debug/deps/libnum_cpus-9552c331c95e3c5a.rlib" "/opt/rustwide/target/debug/deps/libmio-f557bdafb7da8ce1.rlib" "/opt/rustwide/target/debug/deps/libslab-6eb39baadbe9101c.rlib" "/opt/rustwide/target/debug/deps/libnet2-f8e3dd69994b7a7c.rlib" "/opt/rustwide/target/debug/deps/libcfg_if-925b73a2e437f0c3.rlib" "/opt/rustwide/target/debug/deps/libabstract_ns-0590ddd53b27468e.rlib" "/opt/rustwide/target/debug/deps/libvoid-57759e2f45e50f47.rlib" "/opt/rustwide/target/debug/deps/librand-8fe927880221dbec.rlib" "/opt/rustwide/target/debug/deps/liblapin_futures-5fae806dc6b20700.rlib" "/opt/rustwide/target/debug/deps/libtokio_timer-e7be59c6008502cd.rlib" "/opt/rustwide/target/debug/deps/libslab-0feb2de2ef35cc0b.rlib" "/opt/rustwide/target/debug/deps/libtokio_io-c2cdb9f79a7fff25.rlib" "/opt/rustwide/target/debug/deps/libbytes-240a8d2e5e959533.rlib" "/opt/rustwide/target/debug/deps/libiovec-1ed35ee292792122.rlib" "/opt/rustwide/target/debug/deps/libbyteorder-e9468b374a0c0c11.rlib" "/opt/rustwide/target/debug/deps/liblapin_async-45c4d6fbdeea53e8.rlib" "/opt/rustwide/target/debug/deps/libsasl-03d6cd2448ce23e0.rlib" "/opt/rustwide/target/debug/deps/libamq_protocol-152d7c84a0f18854.rlib" "/opt/rustwide/target/debug/deps/liburl-5eb6abafa299dfb6.rlib" "/opt/rustwide/target/debug/deps/libpercent_encoding-139f6dad4c5bd392.rlib" "/opt/rustwide/target/debug/deps/libidna-1c39b7924ead49eb.rlib" "/opt/rustwide/target/debug/deps/libunicode_normalization-e1c1be84a555e587.rlib" "/opt/rustwide/target/debug/deps/libtinyvec-cf6c9f6b792a5507.rlib" "/opt/rustwide/target/debug/deps/libtinyvec_macros-b1cb7f53f58c9f87.rlib" "/opt/rustwide/target/debug/deps/libunicode_bidi-9e36a2b0928c1d80.rlib" "/opt/rustwide/target/debug/deps/libmatches-5e4cb3d4c3233fbd.rlib" "/opt/rustwide/target/debug/deps/libamq_protocol_codegen-5a1cf70249cb6a5c.rlib" "/opt/rustwide/target/debug/deps/libhandlebars-c499251bf6fe9b1a.rlib" "/opt/rustwide/target/debug/deps/libregex-3cce5e2b06fe87ad.rlib" "/opt/rustwide/target/debug/deps/libutf8_ranges-4ad094584ea8f45b.rlib" "/opt/rustwide/target/debug/deps/libregex_syntax-2696e54958e00d15.rlib" "/opt/rustwide/target/debug/deps/libucd_util-a038f79afc473100.rlib" "/opt/rustwide/target/debug/deps/libthread_local-a8c51dbf257b3fb9.rlib" "/opt/rustwide/target/debug/deps/liblazy_static-591486ebcb9a7ead.rlib" "/opt/rustwide/target/debug/deps/libaho_corasick-f031fd6ed75ff267.rlib" "/opt/rustwide/target/debug/deps/liblazy_static-f3c2a39b584a8c58.rlib" "/opt/rustwide/target/debug/deps/libpest-b961e9ac9948c96c.rlib" "/opt/rustwide/target/debug/deps/libquick_error-e0931f21b2f0d487.rlib" "/opt/rustwide/target/debug/deps/liblog-efa70ab06cac8285.rlib" "/opt/rustwide/target/debug/deps/liblog-e491f2c1d0b13538.rlib" "/opt/rustwide/target/debug/deps/libamq_protocol_types-c856ed115dd8b57a.rlib" "/opt/rustwide/target/debug/deps/libserde_json-f7e7de9bae5c986c.rlib" "/opt/rustwide/target/debug/deps/libryu-5f304b1b6393964f.rlib" "/opt/rustwide/target/debug/deps/libitoa-5f181af53b99b92c.rlib" "/opt/rustwide/target/debug/deps/libserde-8d72183392081d4f.rlib" "/opt/rustwide/target/debug/deps/libnom-ea1bc1541cfdd061.rlib" "/opt/rustwide/target/debug/deps/libmemchr-21701f66ea029c2a.rlib" "/opt/rustwide/target/debug/deps/libcookie_factory-e1dbce7fb5a34fc0.rlib" "/opt/rustwide/target/debug/deps/libfutures-8d8915a23f05644b.rlib" "/opt/rustwide/target/debug/deps/libfailure-e4cd3de53cd468f5.rlib" "/opt/rustwide/target/debug/deps/libbacktrace-5ac71eae19830ba2.rlib" "/opt/rustwide/target/debug/deps/libminiz_oxide-3fde4c3c03045389.rlib" "/opt/rustwide/target/debug/deps/libadler-c8f2240c56a0abca.rlib" "/opt/rustwide/target/debug/deps/libobject-e7796a9e8e532c53.rlib" "/opt/rustwide/target/debug/deps/libmemchr-94009dd89ebb9d8d.rlib" "/opt/rustwide/target/debug/deps/liblibc-05dfc01c3726be84.rlib" "/opt/rustwide/target/debug/deps/libaddr2line-2d4126a5dc567f39.rlib" "/opt/rustwide/target/debug/deps/libgimli-7f4f1abc0cbbfdc4.rlib" "/opt/rustwide/target/debug/deps/libcfg_if-61dc7a6799e72b18.rlib" "/opt/rustwide/target/debug/deps/librustc_demangle-7ef8571a19a75907.rlib" "/opt/rustwide/rustup-home/toolchains/1.75.0-x86_64-unknown-linux-gnu/lib/rustlib/x86_64-unknown-linux-gnu/lib/libstd-90f6ddbf82de36ec.rlib" "/opt/rustwide/rustup-home/toolchains/1.75.0-x86_64-unknown-linux-gnu/lib/rustlib/x86_64-unknown-linux-gnu/lib/libpanic_unwind-480c41e9d4e1f677.rlib" "/opt/rustwide/rustup-home/toolchains/1.75.0-x86_64-unknown-linux-gnu/lib/rustlib/x86_64-unknown-linux-gnu/lib/libobject-db744c0ca03eed1d.rlib" "/opt/rustwide/rustup-home/toolchains/1.75.0-x86_64-unknown-linux-gnu/lib/rustlib/x86_64-unknown-linux-gnu/lib/libmemchr-8ba652dc7d4b285a.rlib" "/opt/rustwide/rustup-home/toolchains/1.75.0-x86_64-unknown-linux-gnu/lib/rustlib/x86_64-unknown-linux-gnu/lib/libaddr2line-d5f4520a9ebc0d58.rlib" "/opt/rustwide/rustup-home/toolchains/1.75.0-x86_64-unknown-linux-gnu/lib/rustlib/x86_64-unknown-linux-gnu/lib/libgimli-4ad84de58f0cb463.rlib" "/opt/rustwide/rustup-home/toolchains/1.75.0-x86_64-unknown-linux-gnu/lib/rustlib/x86_64-unknown-linux-gnu/lib/librustc_demangle-0d10aae2e0f38735.rlib" "/opt/rustwide/rustup-home/toolchains/1.75.0-x86_64-unknown-linux-gnu/lib/rustlib/x86_64-unknown-linux-gnu/lib/libstd_detect-0c17cff739e6745b.rlib" "/opt/rustwide/rustup-home/toolchains/1.75.0-x86_64-unknown-linux-gnu/lib/rustlib/x86_64-unknown-linux-gnu/lib/libhashbrown-b29e17139dde1aa8.rlib" "/opt/rustwide/rustup-home/toolchains/1.75.0-x86_64-unknown-linux-gnu/lib/rustlib/x86_64-unknown-linux-gnu/lib/librustc_std_workspace_alloc-1f975299829cc7bd.rlib" "/opt/rustwide/rustup-home/toolchains/1.75.0-x86_64-unknown-linux-gnu/lib/rustlib/x86_64-unknown-linux-gnu/lib/libminiz_oxide-86bae3bc3079f89b.rlib" "/opt/rustwide/rustup-home/toolchains/1.75.0-x86_64-unknown-linux-gnu/lib/rustlib/x86_64-unknown-linux-gnu/lib/libadler-321b82c30dffdf5f.rlib" "/opt/rustwide/rustup-home/toolchains/1.75.0-x86_64-unknown-linux-gnu/lib/rustlib/x86_64-unknown-linux-gnu/lib/libunwind-3dd8a6810a0bdfef.rlib" "/opt/rustwide/rustup-home/toolchains/1.75.0-x86_64-unknown-linux-gnu/lib/rustlib/x86_64-unknown-linux-gnu/lib/libcfg_if-eb39a61c0c879984.rlib" "/opt/rustwide/rustup-home/toolchains/1.75.0-x86_64-unknown-linux-gnu/lib/rustlib/x86_64-unknown-linux-gnu/lib/liblibc-aa769569f91c3548.rlib" "/opt/rustwide/rustup-home/toolchains/1.75.0-x86_64-unknown-linux-gnu/lib/rustlib/x86_64-unknown-linux-gnu/lib/liballoc-510a192a50a983ed.rlib" "/opt/rustwide/rustup-home/toolchains/1.75.0-x86_64-unknown-linux-gnu/lib/rustlib/x86_64-unknown-linux-gnu/lib/librustc_std_workspace_core-0577018320f99037.rlib" "/opt/rustwide/rustup-home/toolchains/1.75.0-x86_64-unknown-linux-gnu/lib/rustlib/x86_64-unknown-linux-gnu/lib/libcore-193cf992125ccd4c.rlib" "/opt/rustwide/rustup-home/toolchains/1.75.0-x86_64-unknown-linux-gnu/lib/rustlib/x86_64-unknown-linux-gnu/lib/libcompiler_builtins-8e138eaf26ebb4a8.rlib" "-Wl,-Bdynamic" "-lgcc_s" "-lutil" "-lrt" "-lpthread" "-lm" "-ldl" "-lc" "-Wl,--eh-frame-hdr" "-Wl,-z,noexecstack" "-L" "/opt/rustwide/rustup-home/toolchains/1.75.0-x86_64-unknown-linux-gnu/lib/rustlib/x86_64-unknown-linux-gnu/lib" "-o" "/tmp/rustdoctestN1Uj9B/rust_out" "-Wl,--gc-sections" "-pie" "-Wl,-z,relro,-z,now" "-nodefaultlibs"
[INFO] [stdout]   = note: collect2: fatal error: ld terminated with signal 9 [Killed]
[INFO] [stdout]           compilation terminated.
[INFO] [stdout]           
[INFO] [stdout] 
[INFO] [stdout] error: aborting due to previous error
[INFO] [stdout] 
[INFO] [stdout] Couldn't compile the test.
[INFO] [stdout] ---- src/rabbitmq.rs - rabbitmq::QueueBuilder::bind (line 494) stdout ----
[INFO] [stdout] error: linking with `cc` failed: exit status: 1
[INFO] [stdout]   |
[INFO] [stdout]   = note: LC_ALL="C" PATH="/opt/rustwide/rustup-home/toolchains/1.75.0-x86_64-unknown-linux-gnu/lib/rustlib/x86_64-unknown-linux-gnu/bin:/opt/rustwide/cargo-home/bin:/usr/local/sbin:/usr/local/bin:/usr/sbin:/usr/bin:/sbin:/bin" VSLANG="1033" "cc" "-m64" "/tmp/rustc4YcX8K/symbols.o" "/tmp/rustdoctestFqHFKz/rust_out.rust_out.263fb70ac1c95110-cgu.0.rcgu.o" "/tmp/rustdoctestFqHFKz/rust_out.2uel00cfmdh5ufit.rcgu.o" "-Wl,--as-needed" "-L" "/opt/rustwide/target/debug/deps" "-L" "/opt/rustwide/target/debug/deps" "-L" "/opt/rustwide/target/debug/build/ring-c95103f713b6fc05/out" "-L" "/opt/rustwide/rustup-home/toolchains/1.75.0-x86_64-unknown-linux-gnu/lib/rustlib/x86_64-unknown-linux-gnu/lib" "-Wl,-Bstatic" "/opt/rustwide/target/debug/deps/libbatch-2c3ef50cbaf9c898.rlib" "/opt/rustwide/target/debug/deps/libwait_timeout-8eecd11f79155612.rlib" "/opt/rustwide/target/debug/deps/libuuid-127c88f121365f72.rlib" "/opt/rustwide/target/debug/deps/liblapin_futures_rustls-75a4341cdba219b5.rlib" "/opt/rustwide/target/debug/deps/libtls_api_rustls-0319ab1314b7b8fb.rlib" "/opt/rustwide/target/debug/deps/libwebpki_roots-3091427ce87ab0f3.rlib" "/opt/rustwide/target/debug/deps/librustls-9af8c00a828d6326.rlib" "/opt/rustwide/target/debug/deps/libbase64-30cb3015b498dd6d.rlib" "/opt/rustwide/target/debug/deps/libsct-237050c83b42dd3a.rlib" "/opt/rustwide/target/debug/deps/libwebpki-14345907b33c8d84.rlib" "/opt/rustwide/target/debug/deps/libring-9668f03ad3d9d83e.rlib" "/opt/rustwide/target/debug/deps/libspin-c4098cd951aef6c9.rlib" "/opt/rustwide/target/debug/deps/libuntrusted-df2af244a461839b.rlib" "/opt/rustwide/target/debug/deps/liblapin_futures_tls_api-917295e22e0736e8.rlib" "/opt/rustwide/target/debug/deps/libtokio_tls_api-7c4ce7dd228f8df2.rlib" "/opt/rustwide/target/debug/deps/libtls_api-36fd78c4f0a5949f.rlib" "/opt/rustwide/target/debug/deps/libns_dns_tokio-b5c516b11e8e8f09.rlib" "/opt/rustwide/target/debug/deps/libdomain-26941339ddab8854.rlib" "/opt/rustwide/target/debug/deps/libtokio_core-7b7120daea6fbec0.rlib" "/opt/rustwide/target/debug/deps/libscoped_tls-029e8dbb5d5096da.rlib" "/opt/rustwide/target/debug/deps/libtokio-356efabfe3199004.rlib" "/opt/rustwide/target/debug/deps/libtokio_uds-7b9c5de0477b48ee.rlib" "/opt/rustwide/target/debug/deps/libmio_uds-fb94263cd8c8e520.rlib" "/opt/rustwide/target/debug/deps/libtokio_udp-2b83cec6bc70c735.rlib" "/opt/rustwide/target/debug/deps/libtokio_timer-5879a73f13d790e8.rlib" "/opt/rustwide/target/debug/deps/libtokio_tcp-2aee3b7d9ea1a284.rlib" "/opt/rustwide/target/debug/deps/libtokio_reactor-9fbfafa46000c812.rlib" "/opt/rustwide/target/debug/deps/libtokio_sync-08ea48bc61321deb.rlib" "/opt/rustwide/target/debug/deps/libfnv-18bf5144d055e772.rlib" "/opt/rustwide/target/debug/deps/libparking_lot-f91c4e756200b0bf.rlib" "/opt/rustwide/target/debug/deps/libparking_lot_core-d1b38aaa333b526b.rlib" "/opt/rustwide/target/debug/deps/libsmallvec-d0609e27bcb54d1d.rlib" "/opt/rustwide/target/debug/deps/liblock_api-66bae9b5c6af1fce.rlib" "/opt/rustwide/target/debug/deps/libtokio_fs-be7ad69e76cda24b.rlib" "/opt/rustwide/target/debug/deps/libtokio_threadpool-621b9570426f2d78.rlib" "/opt/rustwide/target/debug/deps/libcrossbeam_queue-c5563bd9f963b5a9.rlib" "/opt/rustwide/target/debug/deps/libcrossbeam_deque-b16be8723014cb64.rlib" "/opt/rustwide/target/debug/deps/libcrossbeam_epoch-2eefb546c17400b4.rlib" "/opt/rustwide/target/debug/deps/libscopeguard-012e5ed929fc2fe6.rlib" "/opt/rustwide/target/debug/deps/libmemoffset-391bf7ec82acb482.rlib" "/opt/rustwide/target/debug/deps/libmaybe_uninit-5d087cbaeefa52e2.rlib" "/opt/rustwide/target/debug/deps/libtokio_current_thread-0ec463f1ca04bf29.rlib" "/opt/rustwide/target/debug/deps/libtokio_executor-1cf9988edc02426a.rlib" "/opt/rustwide/target/debug/deps/libcrossbeam_utils-642de20fe914a5f2.rlib" "/opt/rustwide/target/debug/deps/libtokio_codec-bd5247d188bf0c02.rlib" "/opt/rustwide/target/debug/deps/libnum_cpus-9552c331c95e3c5a.rlib" "/opt/rustwide/target/debug/deps/libmio-f557bdafb7da8ce1.rlib" "/opt/rustwide/target/debug/deps/libslab-6eb39baadbe9101c.rlib" "/opt/rustwide/target/debug/deps/libnet2-f8e3dd69994b7a7c.rlib" "/opt/rustwide/target/debug/deps/libcfg_if-925b73a2e437f0c3.rlib" "/opt/rustwide/target/debug/deps/libabstract_ns-0590ddd53b27468e.rlib" "/opt/rustwide/target/debug/deps/libvoid-57759e2f45e50f47.rlib" "/opt/rustwide/target/debug/deps/librand-8fe927880221dbec.rlib" "/opt/rustwide/target/debug/deps/liblapin_futures-5fae806dc6b20700.rlib" "/opt/rustwide/target/debug/deps/libtokio_timer-e7be59c6008502cd.rlib" "/opt/rustwide/target/debug/deps/libslab-0feb2de2ef35cc0b.rlib" "/opt/rustwide/target/debug/deps/libtokio_io-c2cdb9f79a7fff25.rlib" "/opt/rustwide/target/debug/deps/libbytes-240a8d2e5e959533.rlib" "/opt/rustwide/target/debug/deps/libiovec-1ed35ee292792122.rlib" "/opt/rustwide/target/debug/deps/libbyteorder-e9468b374a0c0c11.rlib" "/opt/rustwide/target/debug/deps/liblapin_async-45c4d6fbdeea53e8.rlib" "/opt/rustwide/target/debug/deps/libsasl-03d6cd2448ce23e0.rlib" "/opt/rustwide/target/debug/deps/libamq_protocol-152d7c84a0f18854.rlib" "/opt/rustwide/target/debug/deps/liburl-5eb6abafa299dfb6.rlib" "/opt/rustwide/target/debug/deps/libpercent_encoding-139f6dad4c5bd392.rlib" "/opt/rustwide/target/debug/deps/libidna-1c39b7924ead49eb.rlib" "/opt/rustwide/target/debug/deps/libunicode_normalization-e1c1be84a555e587.rlib" "/opt/rustwide/target/debug/deps/libtinyvec-cf6c9f6b792a5507.rlib" "/opt/rustwide/target/debug/deps/libtinyvec_macros-b1cb7f53f58c9f87.rlib" "/opt/rustwide/target/debug/deps/libunicode_bidi-9e36a2b0928c1d80.rlib" "/opt/rustwide/target/debug/deps/libmatches-5e4cb3d4c3233fbd.rlib" "/opt/rustwide/target/debug/deps/libamq_protocol_codegen-5a1cf70249cb6a5c.rlib" "/opt/rustwide/target/debug/deps/libhandlebars-c499251bf6fe9b1a.rlib" "/opt/rustwide/target/debug/deps/libregex-3cce5e2b06fe87ad.rlib" "/opt/rustwide/target/debug/deps/libutf8_ranges-4ad094584ea8f45b.rlib" "/opt/rustwide/target/debug/deps/libregex_syntax-2696e54958e00d15.rlib" "/opt/rustwide/target/debug/deps/libucd_util-a038f79afc473100.rlib" "/opt/rustwide/target/debug/deps/libthread_local-a8c51dbf257b3fb9.rlib" "/opt/rustwide/target/debug/deps/liblazy_static-591486ebcb9a7ead.rlib" "/opt/rustwide/target/debug/deps/libaho_corasick-f031fd6ed75ff267.rlib" "/opt/rustwide/target/debug/deps/liblazy_static-f3c2a39b584a8c58.rlib" "/opt/rustwide/target/debug/deps/libpest-b961e9ac9948c96c.rlib" "/opt/rustwide/target/debug/deps/libquick_error-e0931f21b2f0d487.rlib" "/opt/rustwide/target/debug/deps/liblog-efa70ab06cac8285.rlib" "/opt/rustwide/target/debug/deps/liblog-e491f2c1d0b13538.rlib" "/opt/rustwide/target/debug/deps/libamq_protocol_types-c856ed115dd8b57a.rlib" "/opt/rustwide/target/debug/deps/libserde_json-f7e7de9bae5c986c.rlib" "/opt/rustwide/target/debug/deps/libryu-5f304b1b6393964f.rlib" "/opt/rustwide/target/debug/deps/libitoa-5f181af53b99b92c.rlib" "/opt/rustwide/target/debug/deps/libserde-8d72183392081d4f.rlib" "/opt/rustwide/target/debug/deps/libnom-ea1bc1541cfdd061.rlib" "/opt/rustwide/target/debug/deps/libmemchr-21701f66ea029c2a.rlib" "/opt/rustwide/target/debug/deps/libcookie_factory-e1dbce7fb5a34fc0.rlib" "/opt/rustwide/target/debug/deps/libfutures-8d8915a23f05644b.rlib" "/opt/rustwide/target/debug/deps/libfailure-e4cd3de53cd468f5.rlib" "/opt/rustwide/target/debug/deps/libbacktrace-5ac71eae19830ba2.rlib" "/opt/rustwide/target/debug/deps/libminiz_oxide-3fde4c3c03045389.rlib" "/opt/rustwide/target/debug/deps/libadler-c8f2240c56a0abca.rlib" "/opt/rustwide/target/debug/deps/libobject-e7796a9e8e532c53.rlib" "/opt/rustwide/target/debug/deps/libmemchr-94009dd89ebb9d8d.rlib" "/opt/rustwide/target/debug/deps/liblibc-05dfc01c3726be84.rlib" "/opt/rustwide/target/debug/deps/libaddr2line-2d4126a5dc567f39.rlib" "/opt/rustwide/target/debug/deps/libgimli-7f4f1abc0cbbfdc4.rlib" "/opt/rustwide/target/debug/deps/libcfg_if-61dc7a6799e72b18.rlib" "/opt/rustwide/target/debug/deps/librustc_demangle-7ef8571a19a75907.rlib" "/opt/rustwide/rustup-home/toolchains/1.75.0-x86_64-unknown-linux-gnu/lib/rustlib/x86_64-unknown-linux-gnu/lib/libstd-90f6ddbf82de36ec.rlib" "/opt/rustwide/rustup-home/toolchains/1.75.0-x86_64-unknown-linux-gnu/lib/rustlib/x86_64-unknown-linux-gnu/lib/libpanic_unwind-480c41e9d4e1f677.rlib" "/opt/rustwide/rustup-home/toolchains/1.75.0-x86_64-unknown-linux-gnu/lib/rustlib/x86_64-unknown-linux-gnu/lib/libobject-db744c0ca03eed1d.rlib" "/opt/rustwide/rustup-home/toolchains/1.75.0-x86_64-unknown-linux-gnu/lib/rustlib/x86_64-unknown-linux-gnu/lib/libmemchr-8ba652dc7d4b285a.rlib" "/opt/rustwide/rustup-home/toolchains/1.75.0-x86_64-unknown-linux-gnu/lib/rustlib/x86_64-unknown-linux-gnu/lib/libaddr2line-d5f4520a9ebc0d58.rlib" "/opt/rustwide/rustup-home/toolchains/1.75.0-x86_64-unknown-linux-gnu/lib/rustlib/x86_64-unknown-linux-gnu/lib/libgimli-4ad84de58f0cb463.rlib" "/opt/rustwide/rustup-home/toolchains/1.75.0-x86_64-unknown-linux-gnu/lib/rustlib/x86_64-unknown-linux-gnu/lib/librustc_demangle-0d10aae2e0f38735.rlib" "/opt/rustwide/rustup-home/toolchains/1.75.0-x86_64-unknown-linux-gnu/lib/rustlib/x86_64-unknown-linux-gnu/lib/libstd_detect-0c17cff739e6745b.rlib" "/opt/rustwide/rustup-home/toolchains/1.75.0-x86_64-unknown-linux-gnu/lib/rustlib/x86_64-unknown-linux-gnu/lib/libhashbrown-b29e17139dde1aa8.rlib" "/opt/rustwide/rustup-home/toolchains/1.75.0-x86_64-unknown-linux-gnu/lib/rustlib/x86_64-unknown-linux-gnu/lib/librustc_std_workspace_alloc-1f975299829cc7bd.rlib" "/opt/rustwide/rustup-home/toolchains/1.75.0-x86_64-unknown-linux-gnu/lib/rustlib/x86_64-unknown-linux-gnu/lib/libminiz_oxide-86bae3bc3079f89b.rlib" "/opt/rustwide/rustup-home/toolchains/1.75.0-x86_64-unknown-linux-gnu/lib/rustlib/x86_64-unknown-linux-gnu/lib/libadler-321b82c30dffdf5f.rlib" "/opt/rustwide/rustup-home/toolchains/1.75.0-x86_64-unknown-linux-gnu/lib/rustlib/x86_64-unknown-linux-gnu/lib/libunwind-3dd8a6810a0bdfef.rlib" "/opt/rustwide/rustup-home/toolchains/1.75.0-x86_64-unknown-linux-gnu/lib/rustlib/x86_64-unknown-linux-gnu/lib/libcfg_if-eb39a61c0c879984.rlib" "/opt/rustwide/rustup-home/toolchains/1.75.0-x86_64-unknown-linux-gnu/lib/rustlib/x86_64-unknown-linux-gnu/lib/liblibc-aa769569f91c3548.rlib" "/opt/rustwide/rustup-home/toolchains/1.75.0-x86_64-unknown-linux-gnu/lib/rustlib/x86_64-unknown-linux-gnu/lib/liballoc-510a192a50a983ed.rlib" "/opt/rustwide/rustup-home/toolchains/1.75.0-x86_64-unknown-linux-gnu/lib/rustlib/x86_64-unknown-linux-gnu/lib/librustc_std_workspace_core-0577018320f99037.rlib" "/opt/rustwide/rustup-home/toolchains/1.75.0-x86_64-unknown-linux-gnu/lib/rustlib/x86_64-unknown-linux-gnu/lib/libcore-193cf992125ccd4c.rlib" "/opt/rustwide/rustup-home/toolchains/1.75.0-x86_64-unknown-linux-gnu/lib/rustlib/x86_64-unknown-linux-gnu/lib/libcompiler_builtins-8e138eaf26ebb4a8.rlib" "-Wl,-Bdynamic" "-lgcc_s" "-lutil" "-lrt" "-lpthread" "-lm" "-ldl" "-lc" "-Wl,--eh-frame-hdr" "-Wl,-z,noexecstack" "-L" "/opt/rustwide/rustup-home/toolchains/1.75.0-x86_64-unknown-linux-gnu/lib/rustlib/x86_64-unknown-linux-gnu/lib" "-o" "/tmp/rustdoctestFqHFKz/rust_out" "-Wl,--gc-sections" "-pie" "-Wl,-z,relro,-z,now" "-nodefaultlibs"
[INFO] [stdout]   = note: collect2: fatal error: ld terminated with signal 9 [Killed]
[INFO] [stdout]           compilation terminated.
[INFO] [stdout]           
[INFO] [stdout] 
[INFO] [stdout] error: aborting due to previous error
[INFO] [stdout] 
[INFO] [stdout] Couldn't compile the test.
[INFO] [stdout] ---- src/worker.rs - worker::WorkerBuilder<Ctx>::build (line 226) stdout ----
[INFO] [stdout] error: linking with `cc` failed: exit status: 1
[INFO] [stdout]   |
[INFO] [stdout]   = note: LC_ALL="C" PATH="/opt/rustwide/rustup-home/toolchains/1.75.0-x86_64-unknown-linux-gnu/lib/rustlib/x86_64-unknown-linux-gnu/bin:/opt/rustwide/cargo-home/bin:/usr/local/sbin:/usr/local/bin:/usr/sbin:/usr/bin:/sbin:/bin" VSLANG="1033" "cc" "-m64" "/tmp/rustcuWA9JR/symbols.o" "/tmp/rustdoctestXHpqkX/rust_out.rust_out.263fb70ac1c95110-cgu.0.rcgu.o" "/tmp/rustdoctestXHpqkX/rust_out.2uel00cfmdh5ufit.rcgu.o" "-Wl,--as-needed" "-L" "/opt/rustwide/target/debug/deps" "-L" "/opt/rustwide/target/debug/deps" "-L" "/opt/rustwide/target/debug/build/ring-c95103f713b6fc05/out" "-L" "/opt/rustwide/rustup-home/toolchains/1.75.0-x86_64-unknown-linux-gnu/lib/rustlib/x86_64-unknown-linux-gnu/lib" "-Wl,-Bstatic" "/opt/rustwide/target/debug/deps/libbatch-2c3ef50cbaf9c898.rlib" "/opt/rustwide/target/debug/deps/libwait_timeout-8eecd11f79155612.rlib" "/opt/rustwide/target/debug/deps/libuuid-127c88f121365f72.rlib" "/opt/rustwide/target/debug/deps/liblapin_futures_rustls-75a4341cdba219b5.rlib" "/opt/rustwide/target/debug/deps/libtls_api_rustls-0319ab1314b7b8fb.rlib" "/opt/rustwide/target/debug/deps/libwebpki_roots-3091427ce87ab0f3.rlib" "/opt/rustwide/target/debug/deps/librustls-9af8c00a828d6326.rlib" "/opt/rustwide/target/debug/deps/libbase64-30cb3015b498dd6d.rlib" "/opt/rustwide/target/debug/deps/libsct-237050c83b42dd3a.rlib" "/opt/rustwide/target/debug/deps/libwebpki-14345907b33c8d84.rlib" "/opt/rustwide/target/debug/deps/libring-9668f03ad3d9d83e.rlib" "/opt/rustwide/target/debug/deps/libspin-c4098cd951aef6c9.rlib" "/opt/rustwide/target/debug/deps/libuntrusted-df2af244a461839b.rlib" "/opt/rustwide/target/debug/deps/liblapin_futures_tls_api-917295e22e0736e8.rlib" "/opt/rustwide/target/debug/deps/libtokio_tls_api-7c4ce7dd228f8df2.rlib" "/opt/rustwide/target/debug/deps/libtls_api-36fd78c4f0a5949f.rlib" "/opt/rustwide/target/debug/deps/libns_dns_tokio-b5c516b11e8e8f09.rlib" "/opt/rustwide/target/debug/deps/libdomain-26941339ddab8854.rlib" "/opt/rustwide/target/debug/deps/libtokio_core-7b7120daea6fbec0.rlib" "/opt/rustwide/target/debug/deps/libscoped_tls-029e8dbb5d5096da.rlib" "/opt/rustwide/target/debug/deps/libtokio-356efabfe3199004.rlib" "/opt/rustwide/target/debug/deps/libtokio_uds-7b9c5de0477b48ee.rlib" "/opt/rustwide/target/debug/deps/libmio_uds-fb94263cd8c8e520.rlib" "/opt/rustwide/target/debug/deps/libtokio_udp-2b83cec6bc70c735.rlib" "/opt/rustwide/target/debug/deps/libtokio_timer-5879a73f13d790e8.rlib" "/opt/rustwide/target/debug/deps/libtokio_tcp-2aee3b7d9ea1a284.rlib" "/opt/rustwide/target/debug/deps/libtokio_reactor-9fbfafa46000c812.rlib" "/opt/rustwide/target/debug/deps/libtokio_sync-08ea48bc61321deb.rlib" "/opt/rustwide/target/debug/deps/libfnv-18bf5144d055e772.rlib" "/opt/rustwide/target/debug/deps/libparking_lot-f91c4e756200b0bf.rlib" "/opt/rustwide/target/debug/deps/libparking_lot_core-d1b38aaa333b526b.rlib" "/opt/rustwide/target/debug/deps/libsmallvec-d0609e27bcb54d1d.rlib" "/opt/rustwide/target/debug/deps/liblock_api-66bae9b5c6af1fce.rlib" "/opt/rustwide/target/debug/deps/libtokio_fs-be7ad69e76cda24b.rlib" "/opt/rustwide/target/debug/deps/libtokio_threadpool-621b9570426f2d78.rlib" "/opt/rustwide/target/debug/deps/libcrossbeam_queue-c5563bd9f963b5a9.rlib" "/opt/rustwide/target/debug/deps/libcrossbeam_deque-b16be8723014cb64.rlib" "/opt/rustwide/target/debug/deps/libcrossbeam_epoch-2eefb546c17400b4.rlib" "/opt/rustwide/target/debug/deps/libscopeguard-012e5ed929fc2fe6.rlib" "/opt/rustwide/target/debug/deps/libmemoffset-391bf7ec82acb482.rlib" "/opt/rustwide/target/debug/deps/libmaybe_uninit-5d087cbaeefa52e2.rlib" "/opt/rustwide/target/debug/deps/libtokio_current_thread-0ec463f1ca04bf29.rlib" "/opt/rustwide/target/debug/deps/libtokio_executor-1cf9988edc02426a.rlib" "/opt/rustwide/target/debug/deps/libcrossbeam_utils-642de20fe914a5f2.rlib" "/opt/rustwide/target/debug/deps/libtokio_codec-bd5247d188bf0c02.rlib" "/opt/rustwide/target/debug/deps/libnum_cpus-9552c331c95e3c5a.rlib" "/opt/rustwide/target/debug/deps/libmio-f557bdafb7da8ce1.rlib" "/opt/rustwide/target/debug/deps/libslab-6eb39baadbe9101c.rlib" "/opt/rustwide/target/debug/deps/libnet2-f8e3dd69994b7a7c.rlib" "/opt/rustwide/target/debug/deps/libcfg_if-925b73a2e437f0c3.rlib" "/opt/rustwide/target/debug/deps/libabstract_ns-0590ddd53b27468e.rlib" "/opt/rustwide/target/debug/deps/libvoid-57759e2f45e50f47.rlib" "/opt/rustwide/target/debug/deps/librand-8fe927880221dbec.rlib" "/opt/rustwide/target/debug/deps/liblapin_futures-5fae806dc6b20700.rlib" "/opt/rustwide/target/debug/deps/libtokio_timer-e7be59c6008502cd.rlib" "/opt/rustwide/target/debug/deps/libslab-0feb2de2ef35cc0b.rlib" "/opt/rustwide/target/debug/deps/libtokio_io-c2cdb9f79a7fff25.rlib" "/opt/rustwide/target/debug/deps/libbytes-240a8d2e5e959533.rlib" "/opt/rustwide/target/debug/deps/libiovec-1ed35ee292792122.rlib" "/opt/rustwide/target/debug/deps/libbyteorder-e9468b374a0c0c11.rlib" "/opt/rustwide/target/debug/deps/liblapin_async-45c4d6fbdeea53e8.rlib" "/opt/rustwide/target/debug/deps/libsasl-03d6cd2448ce23e0.rlib" "/opt/rustwide/target/debug/deps/libamq_protocol-152d7c84a0f18854.rlib" "/opt/rustwide/target/debug/deps/liburl-5eb6abafa299dfb6.rlib" "/opt/rustwide/target/debug/deps/libpercent_encoding-139f6dad4c5bd392.rlib" "/opt/rustwide/target/debug/deps/libidna-1c39b7924ead49eb.rlib" "/opt/rustwide/target/debug/deps/libunicode_normalization-e1c1be84a555e587.rlib" "/opt/rustwide/target/debug/deps/libtinyvec-cf6c9f6b792a5507.rlib" "/opt/rustwide/target/debug/deps/libtinyvec_macros-b1cb7f53f58c9f87.rlib" "/opt/rustwide/target/debug/deps/libunicode_bidi-9e36a2b0928c1d80.rlib" "/opt/rustwide/target/debug/deps/libmatches-5e4cb3d4c3233fbd.rlib" "/opt/rustwide/target/debug/deps/libamq_protocol_codegen-5a1cf70249cb6a5c.rlib" "/opt/rustwide/target/debug/deps/libhandlebars-c499251bf6fe9b1a.rlib" "/opt/rustwide/target/debug/deps/libregex-3cce5e2b06fe87ad.rlib" "/opt/rustwide/target/debug/deps/libutf8_ranges-4ad094584ea8f45b.rlib" "/opt/rustwide/target/debug/deps/libregex_syntax-2696e54958e00d15.rlib" "/opt/rustwide/target/debug/deps/libucd_util-a038f79afc473100.rlib" "/opt/rustwide/target/debug/deps/libthread_local-a8c51dbf257b3fb9.rlib" "/opt/rustwide/target/debug/deps/liblazy_static-591486ebcb9a7ead.rlib" "/opt/rustwide/target/debug/deps/libaho_corasick-f031fd6ed75ff267.rlib" "/opt/rustwide/target/debug/deps/liblazy_static-f3c2a39b584a8c58.rlib" "/opt/rustwide/target/debug/deps/libpest-b961e9ac9948c96c.rlib" "/opt/rustwide/target/debug/deps/libquick_error-e0931f21b2f0d487.rlib" "/opt/rustwide/target/debug/deps/liblog-efa70ab06cac8285.rlib" "/opt/rustwide/target/debug/deps/liblog-e491f2c1d0b13538.rlib" "/opt/rustwide/target/debug/deps/libamq_protocol_types-c856ed115dd8b57a.rlib" "/opt/rustwide/target/debug/deps/libserde_json-f7e7de9bae5c986c.rlib" "/opt/rustwide/target/debug/deps/libryu-5f304b1b6393964f.rlib" "/opt/rustwide/target/debug/deps/libitoa-5f181af53b99b92c.rlib" "/opt/rustwide/target/debug/deps/libserde-8d72183392081d4f.rlib" "/opt/rustwide/target/debug/deps/libnom-ea1bc1541cfdd061.rlib" "/opt/rustwide/target/debug/deps/libmemchr-21701f66ea029c2a.rlib" "/opt/rustwide/target/debug/deps/libcookie_factory-e1dbce7fb5a34fc0.rlib" "/opt/rustwide/target/debug/deps/libfutures-8d8915a23f05644b.rlib" "/opt/rustwide/target/debug/deps/libfailure-e4cd3de53cd468f5.rlib" "/opt/rustwide/target/debug/deps/libbacktrace-5ac71eae19830ba2.rlib" "/opt/rustwide/target/debug/deps/libminiz_oxide-3fde4c3c03045389.rlib" "/opt/rustwide/target/debug/deps/libadler-c8f2240c56a0abca.rlib" "/opt/rustwide/target/debug/deps/libobject-e7796a9e8e532c53.rlib" "/opt/rustwide/target/debug/deps/libmemchr-94009dd89ebb9d8d.rlib" "/opt/rustwide/target/debug/deps/liblibc-05dfc01c3726be84.rlib" "/opt/rustwide/target/debug/deps/libaddr2line-2d4126a5dc567f39.rlib" "/opt/rustwide/target/debug/deps/libgimli-7f4f1abc0cbbfdc4.rlib" "/opt/rustwide/target/debug/deps/libcfg_if-61dc7a6799e72b18.rlib" "/opt/rustwide/target/debug/deps/librustc_demangle-7ef8571a19a75907.rlib" "/opt/rustwide/rustup-home/toolchains/1.75.0-x86_64-unknown-linux-gnu/lib/rustlib/x86_64-unknown-linux-gnu/lib/libstd-90f6ddbf82de36ec.rlib" "/opt/rustwide/rustup-home/toolchains/1.75.0-x86_64-unknown-linux-gnu/lib/rustlib/x86_64-unknown-linux-gnu/lib/libpanic_unwind-480c41e9d4e1f677.rlib" "/opt/rustwide/rustup-home/toolchains/1.75.0-x86_64-unknown-linux-gnu/lib/rustlib/x86_64-unknown-linux-gnu/lib/libobject-db744c0ca03eed1d.rlib" "/opt/rustwide/rustup-home/toolchains/1.75.0-x86_64-unknown-linux-gnu/lib/rustlib/x86_64-unknown-linux-gnu/lib/libmemchr-8ba652dc7d4b285a.rlib" "/opt/rustwide/rustup-home/toolchains/1.75.0-x86_64-unknown-linux-gnu/lib/rustlib/x86_64-unknown-linux-gnu/lib/libaddr2line-d5f4520a9ebc0d58.rlib" "/opt/rustwide/rustup-home/toolchains/1.75.0-x86_64-unknown-linux-gnu/lib/rustlib/x86_64-unknown-linux-gnu/lib/libgimli-4ad84de58f0cb463.rlib" "/opt/rustwide/rustup-home/toolchains/1.75.0-x86_64-unknown-linux-gnu/lib/rustlib/x86_64-unknown-linux-gnu/lib/librustc_demangle-0d10aae2e0f38735.rlib" "/opt/rustwide/rustup-home/toolchains/1.75.0-x86_64-unknown-linux-gnu/lib/rustlib/x86_64-unknown-linux-gnu/lib/libstd_detect-0c17cff739e6745b.rlib" "/opt/rustwide/rustup-home/toolchains/1.75.0-x86_64-unknown-linux-gnu/lib/rustlib/x86_64-unknown-linux-gnu/lib/libhashbrown-b29e17139dde1aa8.rlib" "/opt/rustwide/rustup-home/toolchains/1.75.0-x86_64-unknown-linux-gnu/lib/rustlib/x86_64-unknown-linux-gnu/lib/librustc_std_workspace_alloc-1f975299829cc7bd.rlib" "/opt/rustwide/rustup-home/toolchains/1.75.0-x86_64-unknown-linux-gnu/lib/rustlib/x86_64-unknown-linux-gnu/lib/libminiz_oxide-86bae3bc3079f89b.rlib" "/opt/rustwide/rustup-home/toolchains/1.75.0-x86_64-unknown-linux-gnu/lib/rustlib/x86_64-unknown-linux-gnu/lib/libadler-321b82c30dffdf5f.rlib" "/opt/rustwide/rustup-home/toolchains/1.75.0-x86_64-unknown-linux-gnu/lib/rustlib/x86_64-unknown-linux-gnu/lib/libunwind-3dd8a6810a0bdfef.rlib" "/opt/rustwide/rustup-home/toolchains/1.75.0-x86_64-unknown-linux-gnu/lib/rustlib/x86_64-unknown-linux-gnu/lib/libcfg_if-eb39a61c0c879984.rlib" "/opt/rustwide/rustup-home/toolchains/1.75.0-x86_64-unknown-linux-gnu/lib/rustlib/x86_64-unknown-linux-gnu/lib/liblibc-aa769569f91c3548.rlib" "/opt/rustwide/rustup-home/toolchains/1.75.0-x86_64-unknown-linux-gnu/lib/rustlib/x86_64-unknown-linux-gnu/lib/liballoc-510a192a50a983ed.rlib" "/opt/rustwide/rustup-home/toolchains/1.75.0-x86_64-unknown-linux-gnu/lib/rustlib/x86_64-unknown-linux-gnu/lib/librustc_std_workspace_core-0577018320f99037.rlib" "/opt/rustwide/rustup-home/toolchains/1.75.0-x86_64-unknown-linux-gnu/lib/rustlib/x86_64-unknown-linux-gnu/lib/libcore-193cf992125ccd4c.rlib" "/opt/rustwide/rustup-home/toolchains/1.75.0-x86_64-unknown-linux-gnu/lib/rustlib/x86_64-unknown-linux-gnu/lib/libcompiler_builtins-8e138eaf26ebb4a8.rlib" "-Wl,-Bdynamic" "-lgcc_s" "-lutil" "-lrt" "-lpthread" "-lm" "-ldl" "-lc" "-Wl,--eh-frame-hdr" "-Wl,-z,noexecstack" "-L" "/opt/rustwide/rustup-home/toolchains/1.75.0-x86_64-unknown-linux-gnu/lib/rustlib/x86_64-unknown-linux-gnu/lib" "-o" "/tmp/rustdoctestXHpqkX/rust_out" "-Wl,--gc-sections" "-pie" "-Wl,-z,relro,-z,now" "-nodefaultlibs"
[INFO] [stdout]   = note: collect2: fatal error: ld terminated with signal 9 [Killed]
[INFO] [stdout]           compilation terminated.
[INFO] [stdout]           
[INFO] [stdout] 
[INFO] [stdout] error: aborting due to previous error
[INFO] [stdout] 
[INFO] [stdout] Couldn't compile the test.
[INFO] [stdout] ---- src/client.rs - client::ClientBuilder::exchanges (line 60) stdout ----
[INFO] [stdout] error: linking with `cc` failed: exit status: 1
[INFO] [stdout]   |
[INFO] [stdout]   = note: LC_ALL="C" PATH="/opt/rustwide/rustup-home/toolchains/1.75.0-x86_64-unknown-linux-gnu/lib/rustlib/x86_64-unknown-linux-gnu/bin:/opt/rustwide/cargo-home/bin:/usr/local/sbin:/usr/local/bin:/usr/sbin:/usr/bin:/sbin:/bin" VSLANG="1033" "cc" "-m64" "/tmp/rustcZiD89I/symbols.o" "/tmp/rustdocteste4uTDS/rust_out.rust_out.263fb70ac1c95110-cgu.0.rcgu.o" "/tmp/rustdocteste4uTDS/rust_out.2uel00cfmdh5ufit.rcgu.o" "-Wl,--as-needed" "-L" "/opt/rustwide/target/debug/deps" "-L" "/opt/rustwide/target/debug/deps" "-L" "/opt/rustwide/target/debug/build/ring-c95103f713b6fc05/out" "-L" "/opt/rustwide/rustup-home/toolchains/1.75.0-x86_64-unknown-linux-gnu/lib/rustlib/x86_64-unknown-linux-gnu/lib" "-Wl,-Bstatic" "/opt/rustwide/target/debug/deps/libbatch-2c3ef50cbaf9c898.rlib" "/opt/rustwide/target/debug/deps/libwait_timeout-8eecd11f79155612.rlib" "/opt/rustwide/target/debug/deps/libuuid-127c88f121365f72.rlib" "/opt/rustwide/target/debug/deps/liblapin_futures_rustls-75a4341cdba219b5.rlib" "/opt/rustwide/target/debug/deps/libtls_api_rustls-0319ab1314b7b8fb.rlib" "/opt/rustwide/target/debug/deps/libwebpki_roots-3091427ce87ab0f3.rlib" "/opt/rustwide/target/debug/deps/librustls-9af8c00a828d6326.rlib" "/opt/rustwide/target/debug/deps/libbase64-30cb3015b498dd6d.rlib" "/opt/rustwide/target/debug/deps/libsct-237050c83b42dd3a.rlib" "/opt/rustwide/target/debug/deps/libwebpki-14345907b33c8d84.rlib" "/opt/rustwide/target/debug/deps/libring-9668f03ad3d9d83e.rlib" "/opt/rustwide/target/debug/deps/libspin-c4098cd951aef6c9.rlib" "/opt/rustwide/target/debug/deps/libuntrusted-df2af244a461839b.rlib" "/opt/rustwide/target/debug/deps/liblapin_futures_tls_api-917295e22e0736e8.rlib" "/opt/rustwide/target/debug/deps/libtokio_tls_api-7c4ce7dd228f8df2.rlib" "/opt/rustwide/target/debug/deps/libtls_api-36fd78c4f0a5949f.rlib" "/opt/rustwide/target/debug/deps/libns_dns_tokio-b5c516b11e8e8f09.rlib" "/opt/rustwide/target/debug/deps/libdomain-26941339ddab8854.rlib" "/opt/rustwide/target/debug/deps/libtokio_core-7b7120daea6fbec0.rlib" "/opt/rustwide/target/debug/deps/libscoped_tls-029e8dbb5d5096da.rlib" "/opt/rustwide/target/debug/deps/libtokio-356efabfe3199004.rlib" "/opt/rustwide/target/debug/deps/libtokio_uds-7b9c5de0477b48ee.rlib" "/opt/rustwide/target/debug/deps/libmio_uds-fb94263cd8c8e520.rlib" "/opt/rustwide/target/debug/deps/libtokio_udp-2b83cec6bc70c735.rlib" "/opt/rustwide/target/debug/deps/libtokio_timer-5879a73f13d790e8.rlib" "/opt/rustwide/target/debug/deps/libtokio_tcp-2aee3b7d9ea1a284.rlib" "/opt/rustwide/target/debug/deps/libtokio_reactor-9fbfafa46000c812.rlib" "/opt/rustwide/target/debug/deps/libtokio_sync-08ea48bc61321deb.rlib" "/opt/rustwide/target/debug/deps/libfnv-18bf5144d055e772.rlib" "/opt/rustwide/target/debug/deps/libparking_lot-f91c4e756200b0bf.rlib" "/opt/rustwide/target/debug/deps/libparking_lot_core-d1b38aaa333b526b.rlib" "/opt/rustwide/target/debug/deps/libsmallvec-d0609e27bcb54d1d.rlib" "/opt/rustwide/target/debug/deps/liblock_api-66bae9b5c6af1fce.rlib" "/opt/rustwide/target/debug/deps/libtokio_fs-be7ad69e76cda24b.rlib" "/opt/rustwide/target/debug/deps/libtokio_threadpool-621b9570426f2d78.rlib" "/opt/rustwide/target/debug/deps/libcrossbeam_queue-c5563bd9f963b5a9.rlib" "/opt/rustwide/target/debug/deps/libcrossbeam_deque-b16be8723014cb64.rlib" "/opt/rustwide/target/debug/deps/libcrossbeam_epoch-2eefb546c17400b4.rlib" "/opt/rustwide/target/debug/deps/libscopeguard-012e5ed929fc2fe6.rlib" "/opt/rustwide/target/debug/deps/libmemoffset-391bf7ec82acb482.rlib" "/opt/rustwide/target/debug/deps/libmaybe_uninit-5d087cbaeefa52e2.rlib" "/opt/rustwide/target/debug/deps/libtokio_current_thread-0ec463f1ca04bf29.rlib" "/opt/rustwide/target/debug/deps/libtokio_executor-1cf9988edc02426a.rlib" "/opt/rustwide/target/debug/deps/libcrossbeam_utils-642de20fe914a5f2.rlib" "/opt/rustwide/target/debug/deps/libtokio_codec-bd5247d188bf0c02.rlib" "/opt/rustwide/target/debug/deps/libnum_cpus-9552c331c95e3c5a.rlib" "/opt/rustwide/target/debug/deps/libmio-f557bdafb7da8ce1.rlib" "/opt/rustwide/target/debug/deps/libslab-6eb39baadbe9101c.rlib" "/opt/rustwide/target/debug/deps/libnet2-f8e3dd69994b7a7c.rlib" "/opt/rustwide/target/debug/deps/libcfg_if-925b73a2e437f0c3.rlib" "/opt/rustwide/target/debug/deps/libabstract_ns-0590ddd53b27468e.rlib" "/opt/rustwide/target/debug/deps/libvoid-57759e2f45e50f47.rlib" "/opt/rustwide/target/debug/deps/librand-8fe927880221dbec.rlib" "/opt/rustwide/target/debug/deps/liblapin_futures-5fae806dc6b20700.rlib" "/opt/rustwide/target/debug/deps/libtokio_timer-e7be59c6008502cd.rlib" "/opt/rustwide/target/debug/deps/libslab-0feb2de2ef35cc0b.rlib" "/opt/rustwide/target/debug/deps/libtokio_io-c2cdb9f79a7fff25.rlib" "/opt/rustwide/target/debug/deps/libbytes-240a8d2e5e959533.rlib" "/opt/rustwide/target/debug/deps/libiovec-1ed35ee292792122.rlib" "/opt/rustwide/target/debug/deps/libbyteorder-e9468b374a0c0c11.rlib" "/opt/rustwide/target/debug/deps/liblapin_async-45c4d6fbdeea53e8.rlib" "/opt/rustwide/target/debug/deps/libsasl-03d6cd2448ce23e0.rlib" "/opt/rustwide/target/debug/deps/libamq_protocol-152d7c84a0f18854.rlib" "/opt/rustwide/target/debug/deps/liburl-5eb6abafa299dfb6.rlib" "/opt/rustwide/target/debug/deps/libpercent_encoding-139f6dad4c5bd392.rlib" "/opt/rustwide/target/debug/deps/libidna-1c39b7924ead49eb.rlib" "/opt/rustwide/target/debug/deps/libunicode_normalization-e1c1be84a555e587.rlib" "/opt/rustwide/target/debug/deps/libtinyvec-cf6c9f6b792a5507.rlib" "/opt/rustwide/target/debug/deps/libtinyvec_macros-b1cb7f53f58c9f87.rlib" "/opt/rustwide/target/debug/deps/libunicode_bidi-9e36a2b0928c1d80.rlib" "/opt/rustwide/target/debug/deps/libmatches-5e4cb3d4c3233fbd.rlib" "/opt/rustwide/target/debug/deps/libamq_protocol_codegen-5a1cf70249cb6a5c.rlib" "/opt/rustwide/target/debug/deps/libhandlebars-c499251bf6fe9b1a.rlib" "/opt/rustwide/target/debug/deps/libregex-3cce5e2b06fe87ad.rlib" "/opt/rustwide/target/debug/deps/libutf8_ranges-4ad094584ea8f45b.rlib" "/opt/rustwide/target/debug/deps/libregex_syntax-2696e54958e00d15.rlib" "/opt/rustwide/target/debug/deps/libucd_util-a038f79afc473100.rlib" "/opt/rustwide/target/debug/deps/libthread_local-a8c51dbf257b3fb9.rlib" "/opt/rustwide/target/debug/deps/liblazy_static-591486ebcb9a7ead.rlib" "/opt/rustwide/target/debug/deps/libaho_corasick-f031fd6ed75ff267.rlib" "/opt/rustwide/target/debug/deps/liblazy_static-f3c2a39b584a8c58.rlib" "/opt/rustwide/target/debug/deps/libpest-b961e9ac9948c96c.rlib" "/opt/rustwide/target/debug/deps/libquick_error-e0931f21b2f0d487.rlib" "/opt/rustwide/target/debug/deps/liblog-efa70ab06cac8285.rlib" "/opt/rustwide/target/debug/deps/liblog-e491f2c1d0b13538.rlib" "/opt/rustwide/target/debug/deps/libamq_protocol_types-c856ed115dd8b57a.rlib" "/opt/rustwide/target/debug/deps/libserde_json-f7e7de9bae5c986c.rlib" "/opt/rustwide/target/debug/deps/libryu-5f304b1b6393964f.rlib" "/opt/rustwide/target/debug/deps/libitoa-5f181af53b99b92c.rlib" "/opt/rustwide/target/debug/deps/libserde-8d72183392081d4f.rlib" "/opt/rustwide/target/debug/deps/libnom-ea1bc1541cfdd061.rlib" "/opt/rustwide/target/debug/deps/libmemchr-21701f66ea029c2a.rlib" "/opt/rustwide/target/debug/deps/libcookie_factory-e1dbce7fb5a34fc0.rlib" "/opt/rustwide/target/debug/deps/libfutures-8d8915a23f05644b.rlib" "/opt/rustwide/target/debug/deps/libfailure-e4cd3de53cd468f5.rlib" "/opt/rustwide/target/debug/deps/libbacktrace-5ac71eae19830ba2.rlib" "/opt/rustwide/target/debug/deps/libminiz_oxide-3fde4c3c03045389.rlib" "/opt/rustwide/target/debug/deps/libadler-c8f2240c56a0abca.rlib" "/opt/rustwide/target/debug/deps/libobject-e7796a9e8e532c53.rlib" "/opt/rustwide/target/debug/deps/libmemchr-94009dd89ebb9d8d.rlib" "/opt/rustwide/target/debug/deps/liblibc-05dfc01c3726be84.rlib" "/opt/rustwide/target/debug/deps/libaddr2line-2d4126a5dc567f39.rlib" "/opt/rustwide/target/debug/deps/libgimli-7f4f1abc0cbbfdc4.rlib" "/opt/rustwide/target/debug/deps/libcfg_if-61dc7a6799e72b18.rlib" "/opt/rustwide/target/debug/deps/librustc_demangle-7ef8571a19a75907.rlib" "/opt/rustwide/rustup-home/toolchains/1.75.0-x86_64-unknown-linux-gnu/lib/rustlib/x86_64-unknown-linux-gnu/lib/libstd-90f6ddbf82de36ec.rlib" "/opt/rustwide/rustup-home/toolchains/1.75.0-x86_64-unknown-linux-gnu/lib/rustlib/x86_64-unknown-linux-gnu/lib/libpanic_unwind-480c41e9d4e1f677.rlib" "/opt/rustwide/rustup-home/toolchains/1.75.0-x86_64-unknown-linux-gnu/lib/rustlib/x86_64-unknown-linux-gnu/lib/libobject-db744c0ca03eed1d.rlib" "/opt/rustwide/rustup-home/toolchains/1.75.0-x86_64-unknown-linux-gnu/lib/rustlib/x86_64-unknown-linux-gnu/lib/libmemchr-8ba652dc7d4b285a.rlib" "/opt/rustwide/rustup-home/toolchains/1.75.0-x86_64-unknown-linux-gnu/lib/rustlib/x86_64-unknown-linux-gnu/lib/libaddr2line-d5f4520a9ebc0d58.rlib" "/opt/rustwide/rustup-home/toolchains/1.75.0-x86_64-unknown-linux-gnu/lib/rustlib/x86_64-unknown-linux-gnu/lib/libgimli-4ad84de58f0cb463.rlib" "/opt/rustwide/rustup-home/toolchains/1.75.0-x86_64-unknown-linux-gnu/lib/rustlib/x86_64-unknown-linux-gnu/lib/librustc_demangle-0d10aae2e0f38735.rlib" "/opt/rustwide/rustup-home/toolchains/1.75.0-x86_64-unknown-linux-gnu/lib/rustlib/x86_64-unknown-linux-gnu/lib/libstd_detect-0c17cff739e6745b.rlib" "/opt/rustwide/rustup-home/toolchains/1.75.0-x86_64-unknown-linux-gnu/lib/rustlib/x86_64-unknown-linux-gnu/lib/libhashbrown-b29e17139dde1aa8.rlib" "/opt/rustwide/rustup-home/toolchains/1.75.0-x86_64-unknown-linux-gnu/lib/rustlib/x86_64-unknown-linux-gnu/lib/librustc_std_workspace_alloc-1f975299829cc7bd.rlib" "/opt/rustwide/rustup-home/toolchains/1.75.0-x86_64-unknown-linux-gnu/lib/rustlib/x86_64-unknown-linux-gnu/lib/libminiz_oxide-86bae3bc3079f89b.rlib" "/opt/rustwide/rustup-home/toolchains/1.75.0-x86_64-unknown-linux-gnu/lib/rustlib/x86_64-unknown-linux-gnu/lib/libadler-321b82c30dffdf5f.rlib" "/opt/rustwide/rustup-home/toolchains/1.75.0-x86_64-unknown-linux-gnu/lib/rustlib/x86_64-unknown-linux-gnu/lib/libunwind-3dd8a6810a0bdfef.rlib" "/opt/rustwide/rustup-home/toolchains/1.75.0-x86_64-unknown-linux-gnu/lib/rustlib/x86_64-unknown-linux-gnu/lib/libcfg_if-eb39a61c0c879984.rlib" "/opt/rustwide/rustup-home/toolchains/1.75.0-x86_64-unknown-linux-gnu/lib/rustlib/x86_64-unknown-linux-gnu/lib/liblibc-aa769569f91c3548.rlib" "/opt/rustwide/rustup-home/toolchains/1.75.0-x86_64-unknown-linux-gnu/lib/rustlib/x86_64-unknown-linux-gnu/lib/liballoc-510a192a50a983ed.rlib" "/opt/rustwide/rustup-home/toolchains/1.75.0-x86_64-unknown-linux-gnu/lib/rustlib/x86_64-unknown-linux-gnu/lib/librustc_std_workspace_core-0577018320f99037.rlib" "/opt/rustwide/rustup-home/toolchains/1.75.0-x86_64-unknown-linux-gnu/lib/rustlib/x86_64-unknown-linux-gnu/lib/libcore-193cf992125ccd4c.rlib" "/opt/rustwide/rustup-home/toolchains/1.75.0-x86_64-unknown-linux-gnu/lib/rustlib/x86_64-unknown-linux-gnu/lib/libcompiler_builtins-8e138eaf26ebb4a8.rlib" "-Wl,-Bdynamic" "-lgcc_s" "-lutil" "-lrt" "-lpthread" "-lm" "-ldl" "-lc" "-Wl,--eh-frame-hdr" "-Wl,-z,noexecstack" "-L" "/opt/rustwide/rustup-home/toolchains/1.75.0-x86_64-unknown-linux-gnu/lib/rustlib/x86_64-unknown-linux-gnu/lib" "-o" "/tmp/rustdocteste4uTDS/rust_out" "-Wl,--gc-sections" "-pie" "-Wl,-z,relro,-z,now" "-nodefaultlibs"
[INFO] [stdout]   = note: collect2: fatal error: ld terminated with signal 9 [Killed]
[INFO] [stdout]           compilation terminated.
[INFO] [stdout]           
[INFO] [stdout] 
[INFO] [stdout] error: aborting due to previous error
[INFO] [stdout] 
[INFO] [stdout] Couldn't compile the test.
[INFO] [stdout] ---- src/worker.rs - worker::WorkerBuilder<Ctx>::handle (line 154) stdout ----
[INFO] [stdout] error: linking with `cc` failed: exit status: 1
[INFO] [stdout]   |
[INFO] [stdout]   = note: LC_ALL="C" PATH="/opt/rustwide/rustup-home/toolchains/1.75.0-x86_64-unknown-linux-gnu/lib/rustlib/x86_64-unknown-linux-gnu/bin:/opt/rustwide/cargo-home/bin:/usr/local/sbin:/usr/local/bin:/usr/sbin:/usr/bin:/sbin:/bin" VSLANG="1033" "cc" "-m64" "/tmp/rustc3rStKS/symbols.o" "/tmp/rustdoctestSnnrfv/rust_out.rust_out.263fb70ac1c95110-cgu.0.rcgu.o" "/tmp/rustdoctestSnnrfv/rust_out.2uel00cfmdh5ufit.rcgu.o" "-Wl,--as-needed" "-L" "/opt/rustwide/target/debug/deps" "-L" "/opt/rustwide/target/debug/deps" "-L" "/opt/rustwide/target/debug/build/ring-c95103f713b6fc05/out" "-L" "/opt/rustwide/rustup-home/toolchains/1.75.0-x86_64-unknown-linux-gnu/lib/rustlib/x86_64-unknown-linux-gnu/lib" "-Wl,-Bstatic" "/opt/rustwide/target/debug/deps/libbatch-2c3ef50cbaf9c898.rlib" "/opt/rustwide/target/debug/deps/libwait_timeout-8eecd11f79155612.rlib" "/opt/rustwide/target/debug/deps/libuuid-127c88f121365f72.rlib" "/opt/rustwide/target/debug/deps/liblapin_futures_rustls-75a4341cdba219b5.rlib" "/opt/rustwide/target/debug/deps/libtls_api_rustls-0319ab1314b7b8fb.rlib" "/opt/rustwide/target/debug/deps/libwebpki_roots-3091427ce87ab0f3.rlib" "/opt/rustwide/target/debug/deps/librustls-9af8c00a828d6326.rlib" "/opt/rustwide/target/debug/deps/libbase64-30cb3015b498dd6d.rlib" "/opt/rustwide/target/debug/deps/libsct-237050c83b42dd3a.rlib" "/opt/rustwide/target/debug/deps/libwebpki-14345907b33c8d84.rlib" "/opt/rustwide/target/debug/deps/libring-9668f03ad3d9d83e.rlib" "/opt/rustwide/target/debug/deps/libspin-c4098cd951aef6c9.rlib" "/opt/rustwide/target/debug/deps/libuntrusted-df2af244a461839b.rlib" "/opt/rustwide/target/debug/deps/liblapin_futures_tls_api-917295e22e0736e8.rlib" "/opt/rustwide/target/debug/deps/libtokio_tls_api-7c4ce7dd228f8df2.rlib" "/opt/rustwide/target/debug/deps/libtls_api-36fd78c4f0a5949f.rlib" "/opt/rustwide/target/debug/deps/libns_dns_tokio-b5c516b11e8e8f09.rlib" "/opt/rustwide/target/debug/deps/libdomain-26941339ddab8854.rlib" "/opt/rustwide/target/debug/deps/libtokio_core-7b7120daea6fbec0.rlib" "/opt/rustwide/target/debug/deps/libscoped_tls-029e8dbb5d5096da.rlib" "/opt/rustwide/target/debug/deps/libtokio-356efabfe3199004.rlib" "/opt/rustwide/target/debug/deps/libtokio_uds-7b9c5de0477b48ee.rlib" "/opt/rustwide/target/debug/deps/libmio_uds-fb94263cd8c8e520.rlib" "/opt/rustwide/target/debug/deps/libtokio_udp-2b83cec6bc70c735.rlib" "/opt/rustwide/target/debug/deps/libtokio_timer-5879a73f13d790e8.rlib" "/opt/rustwide/target/debug/deps/libtokio_tcp-2aee3b7d9ea1a284.rlib" "/opt/rustwide/target/debug/deps/libtokio_reactor-9fbfafa46000c812.rlib" "/opt/rustwide/target/debug/deps/libtokio_sync-08ea48bc61321deb.rlib" "/opt/rustwide/target/debug/deps/libfnv-18bf5144d055e772.rlib" "/opt/rustwide/target/debug/deps/libparking_lot-f91c4e756200b0bf.rlib" "/opt/rustwide/target/debug/deps/libparking_lot_core-d1b38aaa333b526b.rlib" "/opt/rustwide/target/debug/deps/libsmallvec-d0609e27bcb54d1d.rlib" "/opt/rustwide/target/debug/deps/liblock_api-66bae9b5c6af1fce.rlib" "/opt/rustwide/target/debug/deps/libtokio_fs-be7ad69e76cda24b.rlib" "/opt/rustwide/target/debug/deps/libtokio_threadpool-621b9570426f2d78.rlib" "/opt/rustwide/target/debug/deps/libcrossbeam_queue-c5563bd9f963b5a9.rlib" "/opt/rustwide/target/debug/deps/libcrossbeam_deque-b16be8723014cb64.rlib" "/opt/rustwide/target/debug/deps/libcrossbeam_epoch-2eefb546c17400b4.rlib" "/opt/rustwide/target/debug/deps/libscopeguard-012e5ed929fc2fe6.rlib" "/opt/rustwide/target/debug/deps/libmemoffset-391bf7ec82acb482.rlib" "/opt/rustwide/target/debug/deps/libmaybe_uninit-5d087cbaeefa52e2.rlib" "/opt/rustwide/target/debug/deps/libtokio_current_thread-0ec463f1ca04bf29.rlib" "/opt/rustwide/target/debug/deps/libtokio_executor-1cf9988edc02426a.rlib" "/opt/rustwide/target/debug/deps/libcrossbeam_utils-642de20fe914a5f2.rlib" "/opt/rustwide/target/debug/deps/libtokio_codec-bd5247d188bf0c02.rlib" "/opt/rustwide/target/debug/deps/libnum_cpus-9552c331c95e3c5a.rlib" "/opt/rustwide/target/debug/deps/libmio-f557bdafb7da8ce1.rlib" "/opt/rustwide/target/debug/deps/libslab-6eb39baadbe9101c.rlib" "/opt/rustwide/target/debug/deps/libnet2-f8e3dd69994b7a7c.rlib" "/opt/rustwide/target/debug/deps/libcfg_if-925b73a2e437f0c3.rlib" "/opt/rustwide/target/debug/deps/libabstract_ns-0590ddd53b27468e.rlib" "/opt/rustwide/target/debug/deps/libvoid-57759e2f45e50f47.rlib" "/opt/rustwide/target/debug/deps/librand-8fe927880221dbec.rlib" "/opt/rustwide/target/debug/deps/liblapin_futures-5fae806dc6b20700.rlib" "/opt/rustwide/target/debug/deps/libtokio_timer-e7be59c6008502cd.rlib" "/opt/rustwide/target/debug/deps/libslab-0feb2de2ef35cc0b.rlib" "/opt/rustwide/target/debug/deps/libtokio_io-c2cdb9f79a7fff25.rlib" "/opt/rustwide/target/debug/deps/libbytes-240a8d2e5e959533.rlib" "/opt/rustwide/target/debug/deps/libiovec-1ed35ee292792122.rlib" "/opt/rustwide/target/debug/deps/libbyteorder-e9468b374a0c0c11.rlib" "/opt/rustwide/target/debug/deps/liblapin_async-45c4d6fbdeea53e8.rlib" "/opt/rustwide/target/debug/deps/libsasl-03d6cd2448ce23e0.rlib" "/opt/rustwide/target/debug/deps/libamq_protocol-152d7c84a0f18854.rlib" "/opt/rustwide/target/debug/deps/liburl-5eb6abafa299dfb6.rlib" "/opt/rustwide/target/debug/deps/libpercent_encoding-139f6dad4c5bd392.rlib" "/opt/rustwide/target/debug/deps/libidna-1c39b7924ead49eb.rlib" "/opt/rustwide/target/debug/deps/libunicode_normalization-e1c1be84a555e587.rlib" "/opt/rustwide/target/debug/deps/libtinyvec-cf6c9f6b792a5507.rlib" "/opt/rustwide/target/debug/deps/libtinyvec_macros-b1cb7f53f58c9f87.rlib" "/opt/rustwide/target/debug/deps/libunicode_bidi-9e36a2b0928c1d80.rlib" "/opt/rustwide/target/debug/deps/libmatches-5e4cb3d4c3233fbd.rlib" "/opt/rustwide/target/debug/deps/libamq_protocol_codegen-5a1cf70249cb6a5c.rlib" "/opt/rustwide/target/debug/deps/libhandlebars-c499251bf6fe9b1a.rlib" "/opt/rustwide/target/debug/deps/libregex-3cce5e2b06fe87ad.rlib" "/opt/rustwide/target/debug/deps/libutf8_ranges-4ad094584ea8f45b.rlib" "/opt/rustwide/target/debug/deps/libregex_syntax-2696e54958e00d15.rlib" "/opt/rustwide/target/debug/deps/libucd_util-a038f79afc473100.rlib" "/opt/rustwide/target/debug/deps/libthread_local-a8c51dbf257b3fb9.rlib" "/opt/rustwide/target/debug/deps/liblazy_static-591486ebcb9a7ead.rlib" "/opt/rustwide/target/debug/deps/libaho_corasick-f031fd6ed75ff267.rlib" "/opt/rustwide/target/debug/deps/liblazy_static-f3c2a39b584a8c58.rlib" "/opt/rustwide/target/debug/deps/libpest-b961e9ac9948c96c.rlib" "/opt/rustwide/target/debug/deps/libquick_error-e0931f21b2f0d487.rlib" "/opt/rustwide/target/debug/deps/liblog-efa70ab06cac8285.rlib" "/opt/rustwide/target/debug/deps/liblog-e491f2c1d0b13538.rlib" "/opt/rustwide/target/debug/deps/libamq_protocol_types-c856ed115dd8b57a.rlib" "/opt/rustwide/target/debug/deps/libserde_json-f7e7de9bae5c986c.rlib" "/opt/rustwide/target/debug/deps/libryu-5f304b1b6393964f.rlib" "/opt/rustwide/target/debug/deps/libitoa-5f181af53b99b92c.rlib" "/opt/rustwide/target/debug/deps/libserde-8d72183392081d4f.rlib" "/opt/rustwide/target/debug/deps/libnom-ea1bc1541cfdd061.rlib" "/opt/rustwide/target/debug/deps/libmemchr-21701f66ea029c2a.rlib" "/opt/rustwide/target/debug/deps/libcookie_factory-e1dbce7fb5a34fc0.rlib" "/opt/rustwide/target/debug/deps/libfutures-8d8915a23f05644b.rlib" "/opt/rustwide/target/debug/deps/libfailure-e4cd3de53cd468f5.rlib" "/opt/rustwide/target/debug/deps/libbacktrace-5ac71eae19830ba2.rlib" "/opt/rustwide/target/debug/deps/libminiz_oxide-3fde4c3c03045389.rlib" "/opt/rustwide/target/debug/deps/libadler-c8f2240c56a0abca.rlib" "/opt/rustwide/target/debug/deps/libobject-e7796a9e8e532c53.rlib" "/opt/rustwide/target/debug/deps/libmemchr-94009dd89ebb9d8d.rlib" "/opt/rustwide/target/debug/deps/liblibc-05dfc01c3726be84.rlib" "/opt/rustwide/target/debug/deps/libaddr2line-2d4126a5dc567f39.rlib" "/opt/rustwide/target/debug/deps/libgimli-7f4f1abc0cbbfdc4.rlib" "/opt/rustwide/target/debug/deps/libcfg_if-61dc7a6799e72b18.rlib" "/opt/rustwide/target/debug/deps/librustc_demangle-7ef8571a19a75907.rlib" "/opt/rustwide/rustup-home/toolchains/1.75.0-x86_64-unknown-linux-gnu/lib/rustlib/x86_64-unknown-linux-gnu/lib/libstd-90f6ddbf82de36ec.rlib" "/opt/rustwide/rustup-home/toolchains/1.75.0-x86_64-unknown-linux-gnu/lib/rustlib/x86_64-unknown-linux-gnu/lib/libpanic_unwind-480c41e9d4e1f677.rlib" "/opt/rustwide/rustup-home/toolchains/1.75.0-x86_64-unknown-linux-gnu/lib/rustlib/x86_64-unknown-linux-gnu/lib/libobject-db744c0ca03eed1d.rlib" "/opt/rustwide/rustup-home/toolchains/1.75.0-x86_64-unknown-linux-gnu/lib/rustlib/x86_64-unknown-linux-gnu/lib/libmemchr-8ba652dc7d4b285a.rlib" "/opt/rustwide/rustup-home/toolchains/1.75.0-x86_64-unknown-linux-gnu/lib/rustlib/x86_64-unknown-linux-gnu/lib/libaddr2line-d5f4520a9ebc0d58.rlib" "/opt/rustwide/rustup-home/toolchains/1.75.0-x86_64-unknown-linux-gnu/lib/rustlib/x86_64-unknown-linux-gnu/lib/libgimli-4ad84de58f0cb463.rlib" "/opt/rustwide/rustup-home/toolchains/1.75.0-x86_64-unknown-linux-gnu/lib/rustlib/x86_64-unknown-linux-gnu/lib/librustc_demangle-0d10aae2e0f38735.rlib" "/opt/rustwide/rustup-home/toolchains/1.75.0-x86_64-unknown-linux-gnu/lib/rustlib/x86_64-unknown-linux-gnu/lib/libstd_detect-0c17cff739e6745b.rlib" "/opt/rustwide/rustup-home/toolchains/1.75.0-x86_64-unknown-linux-gnu/lib/rustlib/x86_64-unknown-linux-gnu/lib/libhashbrown-b29e17139dde1aa8.rlib" "/opt/rustwide/rustup-home/toolchains/1.75.0-x86_64-unknown-linux-gnu/lib/rustlib/x86_64-unknown-linux-gnu/lib/librustc_std_workspace_alloc-1f975299829cc7bd.rlib" "/opt/rustwide/rustup-home/toolchains/1.75.0-x86_64-unknown-linux-gnu/lib/rustlib/x86_64-unknown-linux-gnu/lib/libminiz_oxide-86bae3bc3079f89b.rlib" "/opt/rustwide/rustup-home/toolchains/1.75.0-x86_64-unknown-linux-gnu/lib/rustlib/x86_64-unknown-linux-gnu/lib/libadler-321b82c30dffdf5f.rlib" "/opt/rustwide/rustup-home/toolchains/1.75.0-x86_64-unknown-linux-gnu/lib/rustlib/x86_64-unknown-linux-gnu/lib/libunwind-3dd8a6810a0bdfef.rlib" "/opt/rustwide/rustup-home/toolchains/1.75.0-x86_64-unknown-linux-gnu/lib/rustlib/x86_64-unknown-linux-gnu/lib/libcfg_if-eb39a61c0c879984.rlib" "/opt/rustwide/rustup-home/toolchains/1.75.0-x86_64-unknown-linux-gnu/lib/rustlib/x86_64-unknown-linux-gnu/lib/liblibc-aa769569f91c3548.rlib" "/opt/rustwide/rustup-home/toolchains/1.75.0-x86_64-unknown-linux-gnu/lib/rustlib/x86_64-unknown-linux-gnu/lib/liballoc-510a192a50a983ed.rlib" "/opt/rustwide/rustup-home/toolchains/1.75.0-x86_64-unknown-linux-gnu/lib/rustlib/x86_64-unknown-linux-gnu/lib/librustc_std_workspace_core-0577018320f99037.rlib" "/opt/rustwide/rustup-home/toolchains/1.75.0-x86_64-unknown-linux-gnu/lib/rustlib/x86_64-unknown-linux-gnu/lib/libcore-193cf992125ccd4c.rlib" "/opt/rustwide/rustup-home/toolchains/1.75.0-x86_64-unknown-linux-gnu/lib/rustlib/x86_64-unknown-linux-gnu/lib/libcompiler_builtins-8e138eaf26ebb4a8.rlib" "-Wl,-Bdynamic" "-lgcc_s" "-lutil" "-lrt" "-lpthread" "-lm" "-ldl" "-lc" "-Wl,--eh-frame-hdr" "-Wl,-z,noexecstack" "-L" "/opt/rustwide/rustup-home/toolchains/1.75.0-x86_64-unknown-linux-gnu/lib/rustlib/x86_64-unknown-linux-gnu/lib" "-o" "/tmp/rustdoctestSnnrfv/rust_out" "-Wl,--gc-sections" "-pie" "-Wl,-z,relro,-z,now" "-nodefaultlibs"
[INFO] [stdout]   = note: collect2: fatal error: ld terminated with signal 9 [Killed]
[INFO] [stdout]           compilation terminated.
[INFO] [stdout]           
[INFO] [stdout] 
[INFO] [stdout] error: aborting due to previous error
[INFO] [stdout] 
[INFO] [stdout] Couldn't compile the test.
[INFO] [stdout] ---- src/worker.rs - worker::WorkerBuilder<Ctx>::exchanges (line 109) stdout ----
[INFO] [stdout] error: linking with `cc` failed: exit status: 1
[INFO] [stdout]   |
[INFO] [stdout]   = note: LC_ALL="C" PATH="/opt/rustwide/rustup-home/toolchains/1.75.0-x86_64-unknown-linux-gnu/lib/rustlib/x86_64-unknown-linux-gnu/bin:/opt/rustwide/cargo-home/bin:/usr/local/sbin:/usr/local/bin:/usr/sbin:/usr/bin:/sbin:/bin" VSLANG="1033" "cc" "-m64" "/tmp/rustcnKLiId/symbols.o" "/tmp/rustdoctestqNXoyH/rust_out.rust_out.263fb70ac1c95110-cgu.0.rcgu.o" "/tmp/rustdoctestqNXoyH/rust_out.2uel00cfmdh5ufit.rcgu.o" "-Wl,--as-needed" "-L" "/opt/rustwide/target/debug/deps" "-L" "/opt/rustwide/target/debug/deps" "-L" "/opt/rustwide/target/debug/build/ring-c95103f713b6fc05/out" "-L" "/opt/rustwide/rustup-home/toolchains/1.75.0-x86_64-unknown-linux-gnu/lib/rustlib/x86_64-unknown-linux-gnu/lib" "-Wl,-Bstatic" "/opt/rustwide/target/debug/deps/libbatch-2c3ef50cbaf9c898.rlib" "/opt/rustwide/target/debug/deps/libwait_timeout-8eecd11f79155612.rlib" "/opt/rustwide/target/debug/deps/libuuid-127c88f121365f72.rlib" "/opt/rustwide/target/debug/deps/liblapin_futures_rustls-75a4341cdba219b5.rlib" "/opt/rustwide/target/debug/deps/libtls_api_rustls-0319ab1314b7b8fb.rlib" "/opt/rustwide/target/debug/deps/libwebpki_roots-3091427ce87ab0f3.rlib" "/opt/rustwide/target/debug/deps/librustls-9af8c00a828d6326.rlib" "/opt/rustwide/target/debug/deps/libbase64-30cb3015b498dd6d.rlib" "/opt/rustwide/target/debug/deps/libsct-237050c83b42dd3a.rlib" "/opt/rustwide/target/debug/deps/libwebpki-14345907b33c8d84.rlib" "/opt/rustwide/target/debug/deps/libring-9668f03ad3d9d83e.rlib" "/opt/rustwide/target/debug/deps/libspin-c4098cd951aef6c9.rlib" "/opt/rustwide/target/debug/deps/libuntrusted-df2af244a461839b.rlib" "/opt/rustwide/target/debug/deps/liblapin_futures_tls_api-917295e22e0736e8.rlib" "/opt/rustwide/target/debug/deps/libtokio_tls_api-7c4ce7dd228f8df2.rlib" "/opt/rustwide/target/debug/deps/libtls_api-36fd78c4f0a5949f.rlib" "/opt/rustwide/target/debug/deps/libns_dns_tokio-b5c516b11e8e8f09.rlib" "/opt/rustwide/target/debug/deps/libdomain-26941339ddab8854.rlib" "/opt/rustwide/target/debug/deps/libtokio_core-7b7120daea6fbec0.rlib" "/opt/rustwide/target/debug/deps/libscoped_tls-029e8dbb5d5096da.rlib" "/opt/rustwide/target/debug/deps/libtokio-356efabfe3199004.rlib" "/opt/rustwide/target/debug/deps/libtokio_uds-7b9c5de0477b48ee.rlib" "/opt/rustwide/target/debug/deps/libmio_uds-fb94263cd8c8e520.rlib" "/opt/rustwide/target/debug/deps/libtokio_udp-2b83cec6bc70c735.rlib" "/opt/rustwide/target/debug/deps/libtokio_timer-5879a73f13d790e8.rlib" "/opt/rustwide/target/debug/deps/libtokio_tcp-2aee3b7d9ea1a284.rlib" "/opt/rustwide/target/debug/deps/libtokio_reactor-9fbfafa46000c812.rlib" "/opt/rustwide/target/debug/deps/libtokio_sync-08ea48bc61321deb.rlib" "/opt/rustwide/target/debug/deps/libfnv-18bf5144d055e772.rlib" "/opt/rustwide/target/debug/deps/libparking_lot-f91c4e756200b0bf.rlib" "/opt/rustwide/target/debug/deps/libparking_lot_core-d1b38aaa333b526b.rlib" "/opt/rustwide/target/debug/deps/libsmallvec-d0609e27bcb54d1d.rlib" "/opt/rustwide/target/debug/deps/liblock_api-66bae9b5c6af1fce.rlib" "/opt/rustwide/target/debug/deps/libtokio_fs-be7ad69e76cda24b.rlib" "/opt/rustwide/target/debug/deps/libtokio_threadpool-621b9570426f2d78.rlib" "/opt/rustwide/target/debug/deps/libcrossbeam_queue-c5563bd9f963b5a9.rlib" "/opt/rustwide/target/debug/deps/libcrossbeam_deque-b16be8723014cb64.rlib" "/opt/rustwide/target/debug/deps/libcrossbeam_epoch-2eefb546c17400b4.rlib" "/opt/rustwide/target/debug/deps/libscopeguard-012e5ed929fc2fe6.rlib" "/opt/rustwide/target/debug/deps/libmemoffset-391bf7ec82acb482.rlib" "/opt/rustwide/target/debug/deps/libmaybe_uninit-5d087cbaeefa52e2.rlib" "/opt/rustwide/target/debug/deps/libtokio_current_thread-0ec463f1ca04bf29.rlib" "/opt/rustwide/target/debug/deps/libtokio_executor-1cf9988edc02426a.rlib" "/opt/rustwide/target/debug/deps/libcrossbeam_utils-642de20fe914a5f2.rlib" "/opt/rustwide/target/debug/deps/libtokio_codec-bd5247d188bf0c02.rlib" "/opt/rustwide/target/debug/deps/libnum_cpus-9552c331c95e3c5a.rlib" "/opt/rustwide/target/debug/deps/libmio-f557bdafb7da8ce1.rlib" "/opt/rustwide/target/debug/deps/libslab-6eb39baadbe9101c.rlib" "/opt/rustwide/target/debug/deps/libnet2-f8e3dd69994b7a7c.rlib" "/opt/rustwide/target/debug/deps/libcfg_if-925b73a2e437f0c3.rlib" "/opt/rustwide/target/debug/deps/libabstract_ns-0590ddd53b27468e.rlib" "/opt/rustwide/target/debug/deps/libvoid-57759e2f45e50f47.rlib" "/opt/rustwide/target/debug/deps/librand-8fe927880221dbec.rlib" "/opt/rustwide/target/debug/deps/liblapin_futures-5fae806dc6b20700.rlib" "/opt/rustwide/target/debug/deps/libtokio_timer-e7be59c6008502cd.rlib" "/opt/rustwide/target/debug/deps/libslab-0feb2de2ef35cc0b.rlib" "/opt/rustwide/target/debug/deps/libtokio_io-c2cdb9f79a7fff25.rlib" "/opt/rustwide/target/debug/deps/libbytes-240a8d2e5e959533.rlib" "/opt/rustwide/target/debug/deps/libiovec-1ed35ee292792122.rlib" "/opt/rustwide/target/debug/deps/libbyteorder-e9468b374a0c0c11.rlib" "/opt/rustwide/target/debug/deps/liblapin_async-45c4d6fbdeea53e8.rlib" "/opt/rustwide/target/debug/deps/libsasl-03d6cd2448ce23e0.rlib" "/opt/rustwide/target/debug/deps/libamq_protocol-152d7c84a0f18854.rlib" "/opt/rustwide/target/debug/deps/liburl-5eb6abafa299dfb6.rlib" "/opt/rustwide/target/debug/deps/libpercent_encoding-139f6dad4c5bd392.rlib" "/opt/rustwide/target/debug/deps/libidna-1c39b7924ead49eb.rlib" "/opt/rustwide/target/debug/deps/libunicode_normalization-e1c1be84a555e587.rlib" "/opt/rustwide/target/debug/deps/libtinyvec-cf6c9f6b792a5507.rlib" "/opt/rustwide/target/debug/deps/libtinyvec_macros-b1cb7f53f58c9f87.rlib" "/opt/rustwide/target/debug/deps/libunicode_bidi-9e36a2b0928c1d80.rlib" "/opt/rustwide/target/debug/deps/libmatches-5e4cb3d4c3233fbd.rlib" "/opt/rustwide/target/debug/deps/libamq_protocol_codegen-5a1cf70249cb6a5c.rlib" "/opt/rustwide/target/debug/deps/libhandlebars-c499251bf6fe9b1a.rlib" "/opt/rustwide/target/debug/deps/libregex-3cce5e2b06fe87ad.rlib" "/opt/rustwide/target/debug/deps/libutf8_ranges-4ad094584ea8f45b.rlib" "/opt/rustwide/target/debug/deps/libregex_syntax-2696e54958e00d15.rlib" "/opt/rustwide/target/debug/deps/libucd_util-a038f79afc473100.rlib" "/opt/rustwide/target/debug/deps/libthread_local-a8c51dbf257b3fb9.rlib" "/opt/rustwide/target/debug/deps/liblazy_static-591486ebcb9a7ead.rlib" "/opt/rustwide/target/debug/deps/libaho_corasick-f031fd6ed75ff267.rlib" "/opt/rustwide/target/debug/deps/liblazy_static-f3c2a39b584a8c58.rlib" "/opt/rustwide/target/debug/deps/libpest-b961e9ac9948c96c.rlib" "/opt/rustwide/target/debug/deps/libquick_error-e0931f21b2f0d487.rlib" "/opt/rustwide/target/debug/deps/liblog-efa70ab06cac8285.rlib" "/opt/rustwide/target/debug/deps/liblog-e491f2c1d0b13538.rlib" "/opt/rustwide/target/debug/deps/libamq_protocol_types-c856ed115dd8b57a.rlib" "/opt/rustwide/target/debug/deps/libserde_json-f7e7de9bae5c986c.rlib" "/opt/rustwide/target/debug/deps/libryu-5f304b1b6393964f.rlib" "/opt/rustwide/target/debug/deps/libitoa-5f181af53b99b92c.rlib" "/opt/rustwide/target/debug/deps/libserde-8d72183392081d4f.rlib" "/opt/rustwide/target/debug/deps/libnom-ea1bc1541cfdd061.rlib" "/opt/rustwide/target/debug/deps/libmemchr-21701f66ea029c2a.rlib" "/opt/rustwide/target/debug/deps/libcookie_factory-e1dbce7fb5a34fc0.rlib" "/opt/rustwide/target/debug/deps/libfutures-8d8915a23f05644b.rlib" "/opt/rustwide/target/debug/deps/libfailure-e4cd3de53cd468f5.rlib" "/opt/rustwide/target/debug/deps/libbacktrace-5ac71eae19830ba2.rlib" "/opt/rustwide/target/debug/deps/libminiz_oxide-3fde4c3c03045389.rlib" "/opt/rustwide/target/debug/deps/libadler-c8f2240c56a0abca.rlib" "/opt/rustwide/target/debug/deps/libobject-e7796a9e8e532c53.rlib" "/opt/rustwide/target/debug/deps/libmemchr-94009dd89ebb9d8d.rlib" "/opt/rustwide/target/debug/deps/liblibc-05dfc01c3726be84.rlib" "/opt/rustwide/target/debug/deps/libaddr2line-2d4126a5dc567f39.rlib" "/opt/rustwide/target/debug/deps/libgimli-7f4f1abc0cbbfdc4.rlib" "/opt/rustwide/target/debug/deps/libcfg_if-61dc7a6799e72b18.rlib" "/opt/rustwide/target/debug/deps/librustc_demangle-7ef8571a19a75907.rlib" "/opt/rustwide/rustup-home/toolchains/1.75.0-x86_64-unknown-linux-gnu/lib/rustlib/x86_64-unknown-linux-gnu/lib/libstd-90f6ddbf82de36ec.rlib" "/opt/rustwide/rustup-home/toolchains/1.75.0-x86_64-unknown-linux-gnu/lib/rustlib/x86_64-unknown-linux-gnu/lib/libpanic_unwind-480c41e9d4e1f677.rlib" "/opt/rustwide/rustup-home/toolchains/1.75.0-x86_64-unknown-linux-gnu/lib/rustlib/x86_64-unknown-linux-gnu/lib/libobject-db744c0ca03eed1d.rlib" "/opt/rustwide/rustup-home/toolchains/1.75.0-x86_64-unknown-linux-gnu/lib/rustlib/x86_64-unknown-linux-gnu/lib/libmemchr-8ba652dc7d4b285a.rlib" "/opt/rustwide/rustup-home/toolchains/1.75.0-x86_64-unknown-linux-gnu/lib/rustlib/x86_64-unknown-linux-gnu/lib/libaddr2line-d5f4520a9ebc0d58.rlib" "/opt/rustwide/rustup-home/toolchains/1.75.0-x86_64-unknown-linux-gnu/lib/rustlib/x86_64-unknown-linux-gnu/lib/libgimli-4ad84de58f0cb463.rlib" "/opt/rustwide/rustup-home/toolchains/1.75.0-x86_64-unknown-linux-gnu/lib/rustlib/x86_64-unknown-linux-gnu/lib/librustc_demangle-0d10aae2e0f38735.rlib" "/opt/rustwide/rustup-home/toolchains/1.75.0-x86_64-unknown-linux-gnu/lib/rustlib/x86_64-unknown-linux-gnu/lib/libstd_detect-0c17cff739e6745b.rlib" "/opt/rustwide/rustup-home/toolchains/1.75.0-x86_64-unknown-linux-gnu/lib/rustlib/x86_64-unknown-linux-gnu/lib/libhashbrown-b29e17139dde1aa8.rlib" "/opt/rustwide/rustup-home/toolchains/1.75.0-x86_64-unknown-linux-gnu/lib/rustlib/x86_64-unknown-linux-gnu/lib/librustc_std_workspace_alloc-1f975299829cc7bd.rlib" "/opt/rustwide/rustup-home/toolchains/1.75.0-x86_64-unknown-linux-gnu/lib/rustlib/x86_64-unknown-linux-gnu/lib/libminiz_oxide-86bae3bc3079f89b.rlib" "/opt/rustwide/rustup-home/toolchains/1.75.0-x86_64-unknown-linux-gnu/lib/rustlib/x86_64-unknown-linux-gnu/lib/libadler-321b82c30dffdf5f.rlib" "/opt/rustwide/rustup-home/toolchains/1.75.0-x86_64-unknown-linux-gnu/lib/rustlib/x86_64-unknown-linux-gnu/lib/libunwind-3dd8a6810a0bdfef.rlib" "/opt/rustwide/rustup-home/toolchains/1.75.0-x86_64-unknown-linux-gnu/lib/rustlib/x86_64-unknown-linux-gnu/lib/libcfg_if-eb39a61c0c879984.rlib" "/opt/rustwide/rustup-home/toolchains/1.75.0-x86_64-unknown-linux-gnu/lib/rustlib/x86_64-unknown-linux-gnu/lib/liblibc-aa769569f91c3548.rlib" "/opt/rustwide/rustup-home/toolchains/1.75.0-x86_64-unknown-linux-gnu/lib/rustlib/x86_64-unknown-linux-gnu/lib/liballoc-510a192a50a983ed.rlib" "/opt/rustwide/rustup-home/toolchains/1.75.0-x86_64-unknown-linux-gnu/lib/rustlib/x86_64-unknown-linux-gnu/lib/librustc_std_workspace_core-0577018320f99037.rlib" "/opt/rustwide/rustup-home/toolchains/1.75.0-x86_64-unknown-linux-gnu/lib/rustlib/x86_64-unknown-linux-gnu/lib/libcore-193cf992125ccd4c.rlib" "/opt/rustwide/rustup-home/toolchains/1.75.0-x86_64-unknown-linux-gnu/lib/rustlib/x86_64-unknown-linux-gnu/lib/libcompiler_builtins-8e138eaf26ebb4a8.rlib" "-Wl,-Bdynamic" "-lgcc_s" "-lutil" "-lrt" "-lpthread" "-lm" "-ldl" "-lc" "-Wl,--eh-frame-hdr" "-Wl,-z,noexecstack" "-L" "/opt/rustwide/rustup-home/toolchains/1.75.0-x86_64-unknown-linux-gnu/lib/rustlib/x86_64-unknown-linux-gnu/lib" "-o" "/tmp/rustdoctestqNXoyH/rust_out" "-Wl,--gc-sections" "-pie" "-Wl,-z,relro,-z,now" "-nodefaultlibs"
[INFO] [stdout]   = note: collect2: fatal error: ld terminated with signal 9 [Killed]
[INFO] [stdout]           compilation terminated.
[INFO] [stdout]           
[INFO] [stdout] 
[INFO] [stdout] error: aborting due to previous error
[INFO] [stdout] 
[INFO] [stdout] Couldn't compile the test.
[INFO] [stdout] ---- src/client.rs - client::ClientBuilder::handle (line 82) stdout ----
[INFO] [stdout] error: linking with `cc` failed: exit status: 1
[INFO] [stdout]   |
[INFO] [stdout]   = note: LC_ALL="C" PATH="/opt/rustwide/rustup-home/toolchains/1.75.0-x86_64-unknown-linux-gnu/lib/rustlib/x86_64-unknown-linux-gnu/bin:/opt/rustwide/cargo-home/bin:/usr/local/sbin:/usr/local/bin:/usr/sbin:/usr/bin:/sbin:/bin" VSLANG="1033" "cc" "-m64" "/tmp/rustcldl1tb/symbols.o" "/tmp/rustdoctest2Jfw8a/rust_out.rust_out.263fb70ac1c95110-cgu.0.rcgu.o" "/tmp/rustdoctest2Jfw8a/rust_out.2uel00cfmdh5ufit.rcgu.o" "-Wl,--as-needed" "-L" "/opt/rustwide/target/debug/deps" "-L" "/opt/rustwide/target/debug/deps" "-L" "/opt/rustwide/target/debug/build/ring-c95103f713b6fc05/out" "-L" "/opt/rustwide/rustup-home/toolchains/1.75.0-x86_64-unknown-linux-gnu/lib/rustlib/x86_64-unknown-linux-gnu/lib" "-Wl,-Bstatic" "/opt/rustwide/target/debug/deps/libbatch-2c3ef50cbaf9c898.rlib" "/opt/rustwide/target/debug/deps/libwait_timeout-8eecd11f79155612.rlib" "/opt/rustwide/target/debug/deps/libuuid-127c88f121365f72.rlib" "/opt/rustwide/target/debug/deps/liblapin_futures_rustls-75a4341cdba219b5.rlib" "/opt/rustwide/target/debug/deps/libtls_api_rustls-0319ab1314b7b8fb.rlib" "/opt/rustwide/target/debug/deps/libwebpki_roots-3091427ce87ab0f3.rlib" "/opt/rustwide/target/debug/deps/librustls-9af8c00a828d6326.rlib" "/opt/rustwide/target/debug/deps/libbase64-30cb3015b498dd6d.rlib" "/opt/rustwide/target/debug/deps/libsct-237050c83b42dd3a.rlib" "/opt/rustwide/target/debug/deps/libwebpki-14345907b33c8d84.rlib" "/opt/rustwide/target/debug/deps/libring-9668f03ad3d9d83e.rlib" "/opt/rustwide/target/debug/deps/libspin-c4098cd951aef6c9.rlib" "/opt/rustwide/target/debug/deps/libuntrusted-df2af244a461839b.rlib" "/opt/rustwide/target/debug/deps/liblapin_futures_tls_api-917295e22e0736e8.rlib" "/opt/rustwide/target/debug/deps/libtokio_tls_api-7c4ce7dd228f8df2.rlib" "/opt/rustwide/target/debug/deps/libtls_api-36fd78c4f0a5949f.rlib" "/opt/rustwide/target/debug/deps/libns_dns_tokio-b5c516b11e8e8f09.rlib" "/opt/rustwide/target/debug/deps/libdomain-26941339ddab8854.rlib" "/opt/rustwide/target/debug/deps/libtokio_core-7b7120daea6fbec0.rlib" "/opt/rustwide/target/debug/deps/libscoped_tls-029e8dbb5d5096da.rlib" "/opt/rustwide/target/debug/deps/libtokio-356efabfe3199004.rlib" "/opt/rustwide/target/debug/deps/libtokio_uds-7b9c5de0477b48ee.rlib" "/opt/rustwide/target/debug/deps/libmio_uds-fb94263cd8c8e520.rlib" "/opt/rustwide/target/debug/deps/libtokio_udp-2b83cec6bc70c735.rlib" "/opt/rustwide/target/debug/deps/libtokio_timer-5879a73f13d790e8.rlib" "/opt/rustwide/target/debug/deps/libtokio_tcp-2aee3b7d9ea1a284.rlib" "/opt/rustwide/target/debug/deps/libtokio_reactor-9fbfafa46000c812.rlib" "/opt/rustwide/target/debug/deps/libtokio_sync-08ea48bc61321deb.rlib" "/opt/rustwide/target/debug/deps/libfnv-18bf5144d055e772.rlib" "/opt/rustwide/target/debug/deps/libparking_lot-f91c4e756200b0bf.rlib" "/opt/rustwide/target/debug/deps/libparking_lot_core-d1b38aaa333b526b.rlib" "/opt/rustwide/target/debug/deps/libsmallvec-d0609e27bcb54d1d.rlib" "/opt/rustwide/target/debug/deps/liblock_api-66bae9b5c6af1fce.rlib" "/opt/rustwide/target/debug/deps/libtokio_fs-be7ad69e76cda24b.rlib" "/opt/rustwide/target/debug/deps/libtokio_threadpool-621b9570426f2d78.rlib" "/opt/rustwide/target/debug/deps/libcrossbeam_queue-c5563bd9f963b5a9.rlib" "/opt/rustwide/target/debug/deps/libcrossbeam_deque-b16be8723014cb64.rlib" "/opt/rustwide/target/debug/deps/libcrossbeam_epoch-2eefb546c17400b4.rlib" "/opt/rustwide/target/debug/deps/libscopeguard-012e5ed929fc2fe6.rlib" "/opt/rustwide/target/debug/deps/libmemoffset-391bf7ec82acb482.rlib" "/opt/rustwide/target/debug/deps/libmaybe_uninit-5d087cbaeefa52e2.rlib" "/opt/rustwide/target/debug/deps/libtokio_current_thread-0ec463f1ca04bf29.rlib" "/opt/rustwide/target/debug/deps/libtokio_executor-1cf9988edc02426a.rlib" "/opt/rustwide/target/debug/deps/libcrossbeam_utils-642de20fe914a5f2.rlib" "/opt/rustwide/target/debug/deps/libtokio_codec-bd5247d188bf0c02.rlib" "/opt/rustwide/target/debug/deps/libnum_cpus-9552c331c95e3c5a.rlib" "/opt/rustwide/target/debug/deps/libmio-f557bdafb7da8ce1.rlib" "/opt/rustwide/target/debug/deps/libslab-6eb39baadbe9101c.rlib" "/opt/rustwide/target/debug/deps/libnet2-f8e3dd69994b7a7c.rlib" "/opt/rustwide/target/debug/deps/libcfg_if-925b73a2e437f0c3.rlib" "/opt/rustwide/target/debug/deps/libabstract_ns-0590ddd53b27468e.rlib" "/opt/rustwide/target/debug/deps/libvoid-57759e2f45e50f47.rlib" "/opt/rustwide/target/debug/deps/librand-8fe927880221dbec.rlib" "/opt/rustwide/target/debug/deps/liblapin_futures-5fae806dc6b20700.rlib" "/opt/rustwide/target/debug/deps/libtokio_timer-e7be59c6008502cd.rlib" "/opt/rustwide/target/debug/deps/libslab-0feb2de2ef35cc0b.rlib" "/opt/rustwide/target/debug/deps/libtokio_io-c2cdb9f79a7fff25.rlib" "/opt/rustwide/target/debug/deps/libbytes-240a8d2e5e959533.rlib" "/opt/rustwide/target/debug/deps/libiovec-1ed35ee292792122.rlib" "/opt/rustwide/target/debug/deps/libbyteorder-e9468b374a0c0c11.rlib" "/opt/rustwide/target/debug/deps/liblapin_async-45c4d6fbdeea53e8.rlib" "/opt/rustwide/target/debug/deps/libsasl-03d6cd2448ce23e0.rlib" "/opt/rustwide/target/debug/deps/libamq_protocol-152d7c84a0f18854.rlib" "/opt/rustwide/target/debug/deps/liburl-5eb6abafa299dfb6.rlib" "/opt/rustwide/target/debug/deps/libpercent_encoding-139f6dad4c5bd392.rlib" "/opt/rustwide/target/debug/deps/libidna-1c39b7924ead49eb.rlib" "/opt/rustwide/target/debug/deps/libunicode_normalization-e1c1be84a555e587.rlib" "/opt/rustwide/target/debug/deps/libtinyvec-cf6c9f6b792a5507.rlib" "/opt/rustwide/target/debug/deps/libtinyvec_macros-b1cb7f53f58c9f87.rlib" "/opt/rustwide/target/debug/deps/libunicode_bidi-9e36a2b0928c1d80.rlib" "/opt/rustwide/target/debug/deps/libmatches-5e4cb3d4c3233fbd.rlib" "/opt/rustwide/target/debug/deps/libamq_protocol_codegen-5a1cf70249cb6a5c.rlib" "/opt/rustwide/target/debug/deps/libhandlebars-c499251bf6fe9b1a.rlib" "/opt/rustwide/target/debug/deps/libregex-3cce5e2b06fe87ad.rlib" "/opt/rustwide/target/debug/deps/libutf8_ranges-4ad094584ea8f45b.rlib" "/opt/rustwide/target/debug/deps/libregex_syntax-2696e54958e00d15.rlib" "/opt/rustwide/target/debug/deps/libucd_util-a038f79afc473100.rlib" "/opt/rustwide/target/debug/deps/libthread_local-a8c51dbf257b3fb9.rlib" "/opt/rustwide/target/debug/deps/liblazy_static-591486ebcb9a7ead.rlib" "/opt/rustwide/target/debug/deps/libaho_corasick-f031fd6ed75ff267.rlib" "/opt/rustwide/target/debug/deps/liblazy_static-f3c2a39b584a8c58.rlib" "/opt/rustwide/target/debug/deps/libpest-b961e9ac9948c96c.rlib" "/opt/rustwide/target/debug/deps/libquick_error-e0931f21b2f0d487.rlib" "/opt/rustwide/target/debug/deps/liblog-efa70ab06cac8285.rlib" "/opt/rustwide/target/debug/deps/liblog-e491f2c1d0b13538.rlib" "/opt/rustwide/target/debug/deps/libamq_protocol_types-c856ed115dd8b57a.rlib" "/opt/rustwide/target/debug/deps/libserde_json-f7e7de9bae5c986c.rlib" "/opt/rustwide/target/debug/deps/libryu-5f304b1b6393964f.rlib" "/opt/rustwide/target/debug/deps/libitoa-5f181af53b99b92c.rlib" "/opt/rustwide/target/debug/deps/libserde-8d72183392081d4f.rlib" "/opt/rustwide/target/debug/deps/libnom-ea1bc1541cfdd061.rlib" "/opt/rustwide/target/debug/deps/libmemchr-21701f66ea029c2a.rlib" "/opt/rustwide/target/debug/deps/libcookie_factory-e1dbce7fb5a34fc0.rlib" "/opt/rustwide/target/debug/deps/libfutures-8d8915a23f05644b.rlib" "/opt/rustwide/target/debug/deps/libfailure-e4cd3de53cd468f5.rlib" "/opt/rustwide/target/debug/deps/libbacktrace-5ac71eae19830ba2.rlib" "/opt/rustwide/target/debug/deps/libminiz_oxide-3fde4c3c03045389.rlib" "/opt/rustwide/target/debug/deps/libadler-c8f2240c56a0abca.rlib" "/opt/rustwide/target/debug/deps/libobject-e7796a9e8e532c53.rlib" "/opt/rustwide/target/debug/deps/libmemchr-94009dd89ebb9d8d.rlib" "/opt/rustwide/target/debug/deps/liblibc-05dfc01c3726be84.rlib" "/opt/rustwide/target/debug/deps/libaddr2line-2d4126a5dc567f39.rlib" "/opt/rustwide/target/debug/deps/libgimli-7f4f1abc0cbbfdc4.rlib" "/opt/rustwide/target/debug/deps/libcfg_if-61dc7a6799e72b18.rlib" "/opt/rustwide/target/debug/deps/librustc_demangle-7ef8571a19a75907.rlib" "/opt/rustwide/rustup-home/toolchains/1.75.0-x86_64-unknown-linux-gnu/lib/rustlib/x86_64-unknown-linux-gnu/lib/libstd-90f6ddbf82de36ec.rlib" "/opt/rustwide/rustup-home/toolchains/1.75.0-x86_64-unknown-linux-gnu/lib/rustlib/x86_64-unknown-linux-gnu/lib/libpanic_unwind-480c41e9d4e1f677.rlib" "/opt/rustwide/rustup-home/toolchains/1.75.0-x86_64-unknown-linux-gnu/lib/rustlib/x86_64-unknown-linux-gnu/lib/libobject-db744c0ca03eed1d.rlib" "/opt/rustwide/rustup-home/toolchains/1.75.0-x86_64-unknown-linux-gnu/lib/rustlib/x86_64-unknown-linux-gnu/lib/libmemchr-8ba652dc7d4b285a.rlib" "/opt/rustwide/rustup-home/toolchains/1.75.0-x86_64-unknown-linux-gnu/lib/rustlib/x86_64-unknown-linux-gnu/lib/libaddr2line-d5f4520a9ebc0d58.rlib" "/opt/rustwide/rustup-home/toolchains/1.75.0-x86_64-unknown-linux-gnu/lib/rustlib/x86_64-unknown-linux-gnu/lib/libgimli-4ad84de58f0cb463.rlib" "/opt/rustwide/rustup-home/toolchains/1.75.0-x86_64-unknown-linux-gnu/lib/rustlib/x86_64-unknown-linux-gnu/lib/librustc_demangle-0d10aae2e0f38735.rlib" "/opt/rustwide/rustup-home/toolchains/1.75.0-x86_64-unknown-linux-gnu/lib/rustlib/x86_64-unknown-linux-gnu/lib/libstd_detect-0c17cff739e6745b.rlib" "/opt/rustwide/rustup-home/toolchains/1.75.0-x86_64-unknown-linux-gnu/lib/rustlib/x86_64-unknown-linux-gnu/lib/libhashbrown-b29e17139dde1aa8.rlib" "/opt/rustwide/rustup-home/toolchains/1.75.0-x86_64-unknown-linux-gnu/lib/rustlib/x86_64-unknown-linux-gnu/lib/librustc_std_workspace_alloc-1f975299829cc7bd.rlib" "/opt/rustwide/rustup-home/toolchains/1.75.0-x86_64-unknown-linux-gnu/lib/rustlib/x86_64-unknown-linux-gnu/lib/libminiz_oxide-86bae3bc3079f89b.rlib" "/opt/rustwide/rustup-home/toolchains/1.75.0-x86_64-unknown-linux-gnu/lib/rustlib/x86_64-unknown-linux-gnu/lib/libadler-321b82c30dffdf5f.rlib" "/opt/rustwide/rustup-home/toolchains/1.75.0-x86_64-unknown-linux-gnu/lib/rustlib/x86_64-unknown-linux-gnu/lib/libunwind-3dd8a6810a0bdfef.rlib" "/opt/rustwide/rustup-home/toolchains/1.75.0-x86_64-unknown-linux-gnu/lib/rustlib/x86_64-unknown-linux-gnu/lib/libcfg_if-eb39a61c0c879984.rlib" "/opt/rustwide/rustup-home/toolchains/1.75.0-x86_64-unknown-linux-gnu/lib/rustlib/x86_64-unknown-linux-gnu/lib/liblibc-aa769569f91c3548.rlib" "/opt/rustwide/rustup-home/toolchains/1.75.0-x86_64-unknown-linux-gnu/lib/rustlib/x86_64-unknown-linux-gnu/lib/liballoc-510a192a50a983ed.rlib" "/opt/rustwide/rustup-home/toolchains/1.75.0-x86_64-unknown-linux-gnu/lib/rustlib/x86_64-unknown-linux-gnu/lib/librustc_std_workspace_core-0577018320f99037.rlib" "/opt/rustwide/rustup-home/toolchains/1.75.0-x86_64-unknown-linux-gnu/lib/rustlib/x86_64-unknown-linux-gnu/lib/libcore-193cf992125ccd4c.rlib" "/opt/rustwide/rustup-home/toolchains/1.75.0-x86_64-unknown-linux-gnu/lib/rustlib/x86_64-unknown-linux-gnu/lib/libcompiler_builtins-8e138eaf26ebb4a8.rlib" "-Wl,-Bdynamic" "-lgcc_s" "-lutil" "-lrt" "-lpthread" "-lm" "-ldl" "-lc" "-Wl,--eh-frame-hdr" "-Wl,-z,noexecstack" "-L" "/opt/rustwide/rustup-home/toolchains/1.75.0-x86_64-unknown-linux-gnu/lib/rustlib/x86_64-unknown-linux-gnu/lib" "-o" "/tmp/rustdoctest2Jfw8a/rust_out" "-Wl,--gc-sections" "-pie" "-Wl,-z,relro,-z,now" "-nodefaultlibs"
[INFO] [stdout]   = note: collect2: fatal error: ld terminated with signal 9 [Killed]
[INFO] [stdout]           compilation terminated.
[INFO] [stdout]           
[INFO] [stdout] 
[INFO] [stdout] error: aborting due to previous error
[INFO] [stdout] 
[INFO] [stdout] Couldn't compile the test.
[INFO] [stdout] ---- src/client.rs - client::ClientBuilder::connection_url (line 43) stdout ----
[INFO] [stdout] error: linking with `cc` failed: exit status: 1
[INFO] [stdout]   |
[INFO] [stdout]   = note: LC_ALL="C" PATH="/opt/rustwide/rustup-home/toolchains/1.75.0-x86_64-unknown-linux-gnu/lib/rustlib/x86_64-unknown-linux-gnu/bin:/opt/rustwide/cargo-home/bin:/usr/local/sbin:/usr/local/bin:/usr/sbin:/usr/bin:/sbin:/bin" VSLANG="1033" "cc" "-m64" "/tmp/rustc3e3jq1/symbols.o" "/tmp/rustdoctest2B8SiT/rust_out.rust_out.263fb70ac1c95110-cgu.0.rcgu.o" "/tmp/rustdoctest2B8SiT/rust_out.2uel00cfmdh5ufit.rcgu.o" "-Wl,--as-needed" "-L" "/opt/rustwide/target/debug/deps" "-L" "/opt/rustwide/target/debug/deps" "-L" "/opt/rustwide/target/debug/build/ring-c95103f713b6fc05/out" "-L" "/opt/rustwide/rustup-home/toolchains/1.75.0-x86_64-unknown-linux-gnu/lib/rustlib/x86_64-unknown-linux-gnu/lib" "-Wl,-Bstatic" "/opt/rustwide/target/debug/deps/libbatch-2c3ef50cbaf9c898.rlib" "/opt/rustwide/target/debug/deps/libwait_timeout-8eecd11f79155612.rlib" "/opt/rustwide/target/debug/deps/libuuid-127c88f121365f72.rlib" "/opt/rustwide/target/debug/deps/liblapin_futures_rustls-75a4341cdba219b5.rlib" "/opt/rustwide/target/debug/deps/libtls_api_rustls-0319ab1314b7b8fb.rlib" "/opt/rustwide/target/debug/deps/libwebpki_roots-3091427ce87ab0f3.rlib" "/opt/rustwide/target/debug/deps/librustls-9af8c00a828d6326.rlib" "/opt/rustwide/target/debug/deps/libbase64-30cb3015b498dd6d.rlib" "/opt/rustwide/target/debug/deps/libsct-237050c83b42dd3a.rlib" "/opt/rustwide/target/debug/deps/libwebpki-14345907b33c8d84.rlib" "/opt/rustwide/target/debug/deps/libring-9668f03ad3d9d83e.rlib" "/opt/rustwide/target/debug/deps/libspin-c4098cd951aef6c9.rlib" "/opt/rustwide/target/debug/deps/libuntrusted-df2af244a461839b.rlib" "/opt/rustwide/target/debug/deps/liblapin_futures_tls_api-917295e22e0736e8.rlib" "/opt/rustwide/target/debug/deps/libtokio_tls_api-7c4ce7dd228f8df2.rlib" "/opt/rustwide/target/debug/deps/libtls_api-36fd78c4f0a5949f.rlib" "/opt/rustwide/target/debug/deps/libns_dns_tokio-b5c516b11e8e8f09.rlib" "/opt/rustwide/target/debug/deps/libdomain-26941339ddab8854.rlib" "/opt/rustwide/target/debug/deps/libtokio_core-7b7120daea6fbec0.rlib" "/opt/rustwide/target/debug/deps/libscoped_tls-029e8dbb5d5096da.rlib" "/opt/rustwide/target/debug/deps/libtokio-356efabfe3199004.rlib" "/opt/rustwide/target/debug/deps/libtokio_uds-7b9c5de0477b48ee.rlib" "/opt/rustwide/target/debug/deps/libmio_uds-fb94263cd8c8e520.rlib" "/opt/rustwide/target/debug/deps/libtokio_udp-2b83cec6bc70c735.rlib" "/opt/rustwide/target/debug/deps/libtokio_timer-5879a73f13d790e8.rlib" "/opt/rustwide/target/debug/deps/libtokio_tcp-2aee3b7d9ea1a284.rlib" "/opt/rustwide/target/debug/deps/libtokio_reactor-9fbfafa46000c812.rlib" "/opt/rustwide/target/debug/deps/libtokio_sync-08ea48bc61321deb.rlib" "/opt/rustwide/target/debug/deps/libfnv-18bf5144d055e772.rlib" "/opt/rustwide/target/debug/deps/libparking_lot-f91c4e756200b0bf.rlib" "/opt/rustwide/target/debug/deps/libparking_lot_core-d1b38aaa333b526b.rlib" "/opt/rustwide/target/debug/deps/libsmallvec-d0609e27bcb54d1d.rlib" "/opt/rustwide/target/debug/deps/liblock_api-66bae9b5c6af1fce.rlib" "/opt/rustwide/target/debug/deps/libtokio_fs-be7ad69e76cda24b.rlib" "/opt/rustwide/target/debug/deps/libtokio_threadpool-621b9570426f2d78.rlib" "/opt/rustwide/target/debug/deps/libcrossbeam_queue-c5563bd9f963b5a9.rlib" "/opt/rustwide/target/debug/deps/libcrossbeam_deque-b16be8723014cb64.rlib" "/opt/rustwide/target/debug/deps/libcrossbeam_epoch-2eefb546c17400b4.rlib" "/opt/rustwide/target/debug/deps/libscopeguard-012e5ed929fc2fe6.rlib" "/opt/rustwide/target/debug/deps/libmemoffset-391bf7ec82acb482.rlib" "/opt/rustwide/target/debug/deps/libmaybe_uninit-5d087cbaeefa52e2.rlib" "/opt/rustwide/target/debug/deps/libtokio_current_thread-0ec463f1ca04bf29.rlib" "/opt/rustwide/target/debug/deps/libtokio_executor-1cf9988edc02426a.rlib" "/opt/rustwide/target/debug/deps/libcrossbeam_utils-642de20fe914a5f2.rlib" "/opt/rustwide/target/debug/deps/libtokio_codec-bd5247d188bf0c02.rlib" "/opt/rustwide/target/debug/deps/libnum_cpus-9552c331c95e3c5a.rlib" "/opt/rustwide/target/debug/deps/libmio-f557bdafb7da8ce1.rlib" "/opt/rustwide/target/debug/deps/libslab-6eb39baadbe9101c.rlib" "/opt/rustwide/target/debug/deps/libnet2-f8e3dd69994b7a7c.rlib" "/opt/rustwide/target/debug/deps/libcfg_if-925b73a2e437f0c3.rlib" "/opt/rustwide/target/debug/deps/libabstract_ns-0590ddd53b27468e.rlib" "/opt/rustwide/target/debug/deps/libvoid-57759e2f45e50f47.rlib" "/opt/rustwide/target/debug/deps/librand-8fe927880221dbec.rlib" "/opt/rustwide/target/debug/deps/liblapin_futures-5fae806dc6b20700.rlib" "/opt/rustwide/target/debug/deps/libtokio_timer-e7be59c6008502cd.rlib" "/opt/rustwide/target/debug/deps/libslab-0feb2de2ef35cc0b.rlib" "/opt/rustwide/target/debug/deps/libtokio_io-c2cdb9f79a7fff25.rlib" "/opt/rustwide/target/debug/deps/libbytes-240a8d2e5e959533.rlib" "/opt/rustwide/target/debug/deps/libiovec-1ed35ee292792122.rlib" "/opt/rustwide/target/debug/deps/libbyteorder-e9468b374a0c0c11.rlib" "/opt/rustwide/target/debug/deps/liblapin_async-45c4d6fbdeea53e8.rlib" "/opt/rustwide/target/debug/deps/libsasl-03d6cd2448ce23e0.rlib" "/opt/rustwide/target/debug/deps/libamq_protocol-152d7c84a0f18854.rlib" "/opt/rustwide/target/debug/deps/liburl-5eb6abafa299dfb6.rlib" "/opt/rustwide/target/debug/deps/libpercent_encoding-139f6dad4c5bd392.rlib" "/opt/rustwide/target/debug/deps/libidna-1c39b7924ead49eb.rlib" "/opt/rustwide/target/debug/deps/libunicode_normalization-e1c1be84a555e587.rlib" "/opt/rustwide/target/debug/deps/libtinyvec-cf6c9f6b792a5507.rlib" "/opt/rustwide/target/debug/deps/libtinyvec_macros-b1cb7f53f58c9f87.rlib" "/opt/rustwide/target/debug/deps/libunicode_bidi-9e36a2b0928c1d80.rlib" "/opt/rustwide/target/debug/deps/libmatches-5e4cb3d4c3233fbd.rlib" "/opt/rustwide/target/debug/deps/libamq_protocol_codegen-5a1cf70249cb6a5c.rlib" "/opt/rustwide/target/debug/deps/libhandlebars-c499251bf6fe9b1a.rlib" "/opt/rustwide/target/debug/deps/libregex-3cce5e2b06fe87ad.rlib" "/opt/rustwide/target/debug/deps/libutf8_ranges-4ad094584ea8f45b.rlib" "/opt/rustwide/target/debug/deps/libregex_syntax-2696e54958e00d15.rlib" "/opt/rustwide/target/debug/deps/libucd_util-a038f79afc473100.rlib" "/opt/rustwide/target/debug/deps/libthread_local-a8c51dbf257b3fb9.rlib" "/opt/rustwide/target/debug/deps/liblazy_static-591486ebcb9a7ead.rlib" "/opt/rustwide/target/debug/deps/libaho_corasick-f031fd6ed75ff267.rlib" "/opt/rustwide/target/debug/deps/liblazy_static-f3c2a39b584a8c58.rlib" "/opt/rustwide/target/debug/deps/libpest-b961e9ac9948c96c.rlib" "/opt/rustwide/target/debug/deps/libquick_error-e0931f21b2f0d487.rlib" "/opt/rustwide/target/debug/deps/liblog-efa70ab06cac8285.rlib" "/opt/rustwide/target/debug/deps/liblog-e491f2c1d0b13538.rlib" "/opt/rustwide/target/debug/deps/libamq_protocol_types-c856ed115dd8b57a.rlib" "/opt/rustwide/target/debug/deps/libserde_json-f7e7de9bae5c986c.rlib" "/opt/rustwide/target/debug/deps/libryu-5f304b1b6393964f.rlib" "/opt/rustwide/target/debug/deps/libitoa-5f181af53b99b92c.rlib" "/opt/rustwide/target/debug/deps/libserde-8d72183392081d4f.rlib" "/opt/rustwide/target/debug/deps/libnom-ea1bc1541cfdd061.rlib" "/opt/rustwide/target/debug/deps/libmemchr-21701f66ea029c2a.rlib" "/opt/rustwide/target/debug/deps/libcookie_factory-e1dbce7fb5a34fc0.rlib" "/opt/rustwide/target/debug/deps/libfutures-8d8915a23f05644b.rlib" "/opt/rustwide/target/debug/deps/libfailure-e4cd3de53cd468f5.rlib" "/opt/rustwide/target/debug/deps/libbacktrace-5ac71eae19830ba2.rlib" "/opt/rustwide/target/debug/deps/libminiz_oxide-3fde4c3c03045389.rlib" "/opt/rustwide/target/debug/deps/libadler-c8f2240c56a0abca.rlib" "/opt/rustwide/target/debug/deps/libobject-e7796a9e8e532c53.rlib" "/opt/rustwide/target/debug/deps/libmemchr-94009dd89ebb9d8d.rlib" "/opt/rustwide/target/debug/deps/liblibc-05dfc01c3726be84.rlib" "/opt/rustwide/target/debug/deps/libaddr2line-2d4126a5dc567f39.rlib" "/opt/rustwide/target/debug/deps/libgimli-7f4f1abc0cbbfdc4.rlib" "/opt/rustwide/target/debug/deps/libcfg_if-61dc7a6799e72b18.rlib" "/opt/rustwide/target/debug/deps/librustc_demangle-7ef8571a19a75907.rlib" "/opt/rustwide/rustup-home/toolchains/1.75.0-x86_64-unknown-linux-gnu/lib/rustlib/x86_64-unknown-linux-gnu/lib/libstd-90f6ddbf82de36ec.rlib" "/opt/rustwide/rustup-home/toolchains/1.75.0-x86_64-unknown-linux-gnu/lib/rustlib/x86_64-unknown-linux-gnu/lib/libpanic_unwind-480c41e9d4e1f677.rlib" "/opt/rustwide/rustup-home/toolchains/1.75.0-x86_64-unknown-linux-gnu/lib/rustlib/x86_64-unknown-linux-gnu/lib/libobject-db744c0ca03eed1d.rlib" "/opt/rustwide/rustup-home/toolchains/1.75.0-x86_64-unknown-linux-gnu/lib/rustlib/x86_64-unknown-linux-gnu/lib/libmemchr-8ba652dc7d4b285a.rlib" "/opt/rustwide/rustup-home/toolchains/1.75.0-x86_64-unknown-linux-gnu/lib/rustlib/x86_64-unknown-linux-gnu/lib/libaddr2line-d5f4520a9ebc0d58.rlib" "/opt/rustwide/rustup-home/toolchains/1.75.0-x86_64-unknown-linux-gnu/lib/rustlib/x86_64-unknown-linux-gnu/lib/libgimli-4ad84de58f0cb463.rlib" "/opt/rustwide/rustup-home/toolchains/1.75.0-x86_64-unknown-linux-gnu/lib/rustlib/x86_64-unknown-linux-gnu/lib/librustc_demangle-0d10aae2e0f38735.rlib" "/opt/rustwide/rustup-home/toolchains/1.75.0-x86_64-unknown-linux-gnu/lib/rustlib/x86_64-unknown-linux-gnu/lib/libstd_detect-0c17cff739e6745b.rlib" "/opt/rustwide/rustup-home/toolchains/1.75.0-x86_64-unknown-linux-gnu/lib/rustlib/x86_64-unknown-linux-gnu/lib/libhashbrown-b29e17139dde1aa8.rlib" "/opt/rustwide/rustup-home/toolchains/1.75.0-x86_64-unknown-linux-gnu/lib/rustlib/x86_64-unknown-linux-gnu/lib/librustc_std_workspace_alloc-1f975299829cc7bd.rlib" "/opt/rustwide/rustup-home/toolchains/1.75.0-x86_64-unknown-linux-gnu/lib/rustlib/x86_64-unknown-linux-gnu/lib/libminiz_oxide-86bae3bc3079f89b.rlib" "/opt/rustwide/rustup-home/toolchains/1.75.0-x86_64-unknown-linux-gnu/lib/rustlib/x86_64-unknown-linux-gnu/lib/libadler-321b82c30dffdf5f.rlib" "/opt/rustwide/rustup-home/toolchains/1.75.0-x86_64-unknown-linux-gnu/lib/rustlib/x86_64-unknown-linux-gnu/lib/libunwind-3dd8a6810a0bdfef.rlib" "/opt/rustwide/rustup-home/toolchains/1.75.0-x86_64-unknown-linux-gnu/lib/rustlib/x86_64-unknown-linux-gnu/lib/libcfg_if-eb39a61c0c879984.rlib" "/opt/rustwide/rustup-home/toolchains/1.75.0-x86_64-unknown-linux-gnu/lib/rustlib/x86_64-unknown-linux-gnu/lib/liblibc-aa769569f91c3548.rlib" "/opt/rustwide/rustup-home/toolchains/1.75.0-x86_64-unknown-linux-gnu/lib/rustlib/x86_64-unknown-linux-gnu/lib/liballoc-510a192a50a983ed.rlib" "/opt/rustwide/rustup-home/toolchains/1.75.0-x86_64-unknown-linux-gnu/lib/rustlib/x86_64-unknown-linux-gnu/lib/librustc_std_workspace_core-0577018320f99037.rlib" "/opt/rustwide/rustup-home/toolchains/1.75.0-x86_64-unknown-linux-gnu/lib/rustlib/x86_64-unknown-linux-gnu/lib/libcore-193cf992125ccd4c.rlib" "/opt/rustwide/rustup-home/toolchains/1.75.0-x86_64-unknown-linux-gnu/lib/rustlib/x86_64-unknown-linux-gnu/lib/libcompiler_builtins-8e138eaf26ebb4a8.rlib" "-Wl,-Bdynamic" "-lgcc_s" "-lutil" "-lrt" "-lpthread" "-lm" "-ldl" "-lc" "-Wl,--eh-frame-hdr" "-Wl,-z,noexecstack" "-L" "/opt/rustwide/rustup-home/toolchains/1.75.0-x86_64-unknown-linux-gnu/lib/rustlib/x86_64-unknown-linux-gnu/lib" "-o" "/tmp/rustdoctest2B8SiT/rust_out" "-Wl,--gc-sections" "-pie" "-Wl,-z,relro,-z,now" "-nodefaultlibs"
[INFO] [stdout]   = note: collect2: fatal error: ld terminated with signal 9 [Killed]
[INFO] [stdout]           compilation terminated.
[INFO] [stdout]           
[INFO] [stdout] 
[INFO] [stdout] error: aborting due to previous error
[INFO] [stdout] 
[INFO] [stdout] Couldn't compile the test.
[INFO] [stdout] ---- src/rabbitmq.rs - rabbitmq::QueueBuilder::new (line 478) stdout ----
[INFO] [stdout] error: linking with `cc` failed: exit status: 1
[INFO] [stdout]   |
[INFO] [stdout]   = note: LC_ALL="C" PATH="/opt/rustwide/rustup-home/toolchains/1.75.0-x86_64-unknown-linux-gnu/lib/rustlib/x86_64-unknown-linux-gnu/bin:/opt/rustwide/cargo-home/bin:/usr/local/sbin:/usr/local/bin:/usr/sbin:/usr/bin:/sbin:/bin" VSLANG="1033" "cc" "-m64" "/tmp/rustcTGmoEt/symbols.o" "/tmp/rustdoctestuzLI8L/rust_out.rust_out.263fb70ac1c95110-cgu.0.rcgu.o" "/tmp/rustdoctestuzLI8L/rust_out.2uel00cfmdh5ufit.rcgu.o" "-Wl,--as-needed" "-L" "/opt/rustwide/target/debug/deps" "-L" "/opt/rustwide/target/debug/deps" "-L" "/opt/rustwide/target/debug/build/ring-c95103f713b6fc05/out" "-L" "/opt/rustwide/rustup-home/toolchains/1.75.0-x86_64-unknown-linux-gnu/lib/rustlib/x86_64-unknown-linux-gnu/lib" "-Wl,-Bstatic" "/opt/rustwide/target/debug/deps/libbatch-2c3ef50cbaf9c898.rlib" "/opt/rustwide/target/debug/deps/libwait_timeout-8eecd11f79155612.rlib" "/opt/rustwide/target/debug/deps/libuuid-127c88f121365f72.rlib" "/opt/rustwide/target/debug/deps/liblapin_futures_rustls-75a4341cdba219b5.rlib" "/opt/rustwide/target/debug/deps/libtls_api_rustls-0319ab1314b7b8fb.rlib" "/opt/rustwide/target/debug/deps/libwebpki_roots-3091427ce87ab0f3.rlib" "/opt/rustwide/target/debug/deps/librustls-9af8c00a828d6326.rlib" "/opt/rustwide/target/debug/deps/libbase64-30cb3015b498dd6d.rlib" "/opt/rustwide/target/debug/deps/libsct-237050c83b42dd3a.rlib" "/opt/rustwide/target/debug/deps/libwebpki-14345907b33c8d84.rlib" "/opt/rustwide/target/debug/deps/libring-9668f03ad3d9d83e.rlib" "/opt/rustwide/target/debug/deps/libspin-c4098cd951aef6c9.rlib" "/opt/rustwide/target/debug/deps/libuntrusted-df2af244a461839b.rlib" "/opt/rustwide/target/debug/deps/liblapin_futures_tls_api-917295e22e0736e8.rlib" "/opt/rustwide/target/debug/deps/libtokio_tls_api-7c4ce7dd228f8df2.rlib" "/opt/rustwide/target/debug/deps/libtls_api-36fd78c4f0a5949f.rlib" "/opt/rustwide/target/debug/deps/libns_dns_tokio-b5c516b11e8e8f09.rlib" "/opt/rustwide/target/debug/deps/libdomain-26941339ddab8854.rlib" "/opt/rustwide/target/debug/deps/libtokio_core-7b7120daea6fbec0.rlib" "/opt/rustwide/target/debug/deps/libscoped_tls-029e8dbb5d5096da.rlib" "/opt/rustwide/target/debug/deps/libtokio-356efabfe3199004.rlib" "/opt/rustwide/target/debug/deps/libtokio_uds-7b9c5de0477b48ee.rlib" "/opt/rustwide/target/debug/deps/libmio_uds-fb94263cd8c8e520.rlib" "/opt/rustwide/target/debug/deps/libtokio_udp-2b83cec6bc70c735.rlib" "/opt/rustwide/target/debug/deps/libtokio_timer-5879a73f13d790e8.rlib" "/opt/rustwide/target/debug/deps/libtokio_tcp-2aee3b7d9ea1a284.rlib" "/opt/rustwide/target/debug/deps/libtokio_reactor-9fbfafa46000c812.rlib" "/opt/rustwide/target/debug/deps/libtokio_sync-08ea48bc61321deb.rlib" "/opt/rustwide/target/debug/deps/libfnv-18bf5144d055e772.rlib" "/opt/rustwide/target/debug/deps/libparking_lot-f91c4e756200b0bf.rlib" "/opt/rustwide/target/debug/deps/libparking_lot_core-d1b38aaa333b526b.rlib" "/opt/rustwide/target/debug/deps/libsmallvec-d0609e27bcb54d1d.rlib" "/opt/rustwide/target/debug/deps/liblock_api-66bae9b5c6af1fce.rlib" "/opt/rustwide/target/debug/deps/libtokio_fs-be7ad69e76cda24b.rlib" "/opt/rustwide/target/debug/deps/libtokio_threadpool-621b9570426f2d78.rlib" "/opt/rustwide/target/debug/deps/libcrossbeam_queue-c5563bd9f963b5a9.rlib" "/opt/rustwide/target/debug/deps/libcrossbeam_deque-b16be8723014cb64.rlib" "/opt/rustwide/target/debug/deps/libcrossbeam_epoch-2eefb546c17400b4.rlib" "/opt/rustwide/target/debug/deps/libscopeguard-012e5ed929fc2fe6.rlib" "/opt/rustwide/target/debug/deps/libmemoffset-391bf7ec82acb482.rlib" "/opt/rustwide/target/debug/deps/libmaybe_uninit-5d087cbaeefa52e2.rlib" "/opt/rustwide/target/debug/deps/libtokio_current_thread-0ec463f1ca04bf29.rlib" "/opt/rustwide/target/debug/deps/libtokio_executor-1cf9988edc02426a.rlib" "/opt/rustwide/target/debug/deps/libcrossbeam_utils-642de20fe914a5f2.rlib" "/opt/rustwide/target/debug/deps/libtokio_codec-bd5247d188bf0c02.rlib" "/opt/rustwide/target/debug/deps/libnum_cpus-9552c331c95e3c5a.rlib" "/opt/rustwide/target/debug/deps/libmio-f557bdafb7da8ce1.rlib" "/opt/rustwide/target/debug/deps/libslab-6eb39baadbe9101c.rlib" "/opt/rustwide/target/debug/deps/libnet2-f8e3dd69994b7a7c.rlib" "/opt/rustwide/target/debug/deps/libcfg_if-925b73a2e437f0c3.rlib" "/opt/rustwide/target/debug/deps/libabstract_ns-0590ddd53b27468e.rlib" "/opt/rustwide/target/debug/deps/libvoid-57759e2f45e50f47.rlib" "/opt/rustwide/target/debug/deps/librand-8fe927880221dbec.rlib" "/opt/rustwide/target/debug/deps/liblapin_futures-5fae806dc6b20700.rlib" "/opt/rustwide/target/debug/deps/libtokio_timer-e7be59c6008502cd.rlib" "/opt/rustwide/target/debug/deps/libslab-0feb2de2ef35cc0b.rlib" "/opt/rustwide/target/debug/deps/libtokio_io-c2cdb9f79a7fff25.rlib" "/opt/rustwide/target/debug/deps/libbytes-240a8d2e5e959533.rlib" "/opt/rustwide/target/debug/deps/libiovec-1ed35ee292792122.rlib" "/opt/rustwide/target/debug/deps/libbyteorder-e9468b374a0c0c11.rlib" "/opt/rustwide/target/debug/deps/liblapin_async-45c4d6fbdeea53e8.rlib" "/opt/rustwide/target/debug/deps/libsasl-03d6cd2448ce23e0.rlib" "/opt/rustwide/target/debug/deps/libamq_protocol-152d7c84a0f18854.rlib" "/opt/rustwide/target/debug/deps/liburl-5eb6abafa299dfb6.rlib" "/opt/rustwide/target/debug/deps/libpercent_encoding-139f6dad4c5bd392.rlib" "/opt/rustwide/target/debug/deps/libidna-1c39b7924ead49eb.rlib" "/opt/rustwide/target/debug/deps/libunicode_normalization-e1c1be84a555e587.rlib" "/opt/rustwide/target/debug/deps/libtinyvec-cf6c9f6b792a5507.rlib" "/opt/rustwide/target/debug/deps/libtinyvec_macros-b1cb7f53f58c9f87.rlib" "/opt/rustwide/target/debug/deps/libunicode_bidi-9e36a2b0928c1d80.rlib" "/opt/rustwide/target/debug/deps/libmatches-5e4cb3d4c3233fbd.rlib" "/opt/rustwide/target/debug/deps/libamq_protocol_codegen-5a1cf70249cb6a5c.rlib" "/opt/rustwide/target/debug/deps/libhandlebars-c499251bf6fe9b1a.rlib" "/opt/rustwide/target/debug/deps/libregex-3cce5e2b06fe87ad.rlib" "/opt/rustwide/target/debug/deps/libutf8_ranges-4ad094584ea8f45b.rlib" "/opt/rustwide/target/debug/deps/libregex_syntax-2696e54958e00d15.rlib" "/opt/rustwide/target/debug/deps/libucd_util-a038f79afc473100.rlib" "/opt/rustwide/target/debug/deps/libthread_local-a8c51dbf257b3fb9.rlib" "/opt/rustwide/target/debug/deps/liblazy_static-591486ebcb9a7ead.rlib" "/opt/rustwide/target/debug/deps/libaho_corasick-f031fd6ed75ff267.rlib" "/opt/rustwide/target/debug/deps/liblazy_static-f3c2a39b584a8c58.rlib" "/opt/rustwide/target/debug/deps/libpest-b961e9ac9948c96c.rlib" "/opt/rustwide/target/debug/deps/libquick_error-e0931f21b2f0d487.rlib" "/opt/rustwide/target/debug/deps/liblog-efa70ab06cac8285.rlib" "/opt/rustwide/target/debug/deps/liblog-e491f2c1d0b13538.rlib" "/opt/rustwide/target/debug/deps/libamq_protocol_types-c856ed115dd8b57a.rlib" "/opt/rustwide/target/debug/deps/libserde_json-f7e7de9bae5c986c.rlib" "/opt/rustwide/target/debug/deps/libryu-5f304b1b6393964f.rlib" "/opt/rustwide/target/debug/deps/libitoa-5f181af53b99b92c.rlib" "/opt/rustwide/target/debug/deps/libserde-8d72183392081d4f.rlib" "/opt/rustwide/target/debug/deps/libnom-ea1bc1541cfdd061.rlib" "/opt/rustwide/target/debug/deps/libmemchr-21701f66ea029c2a.rlib" "/opt/rustwide/target/debug/deps/libcookie_factory-e1dbce7fb5a34fc0.rlib" "/opt/rustwide/target/debug/deps/libfutures-8d8915a23f05644b.rlib" "/opt/rustwide/target/debug/deps/libfailure-e4cd3de53cd468f5.rlib" "/opt/rustwide/target/debug/deps/libbacktrace-5ac71eae19830ba2.rlib" "/opt/rustwide/target/debug/deps/libminiz_oxide-3fde4c3c03045389.rlib" "/opt/rustwide/target/debug/deps/libadler-c8f2240c56a0abca.rlib" "/opt/rustwide/target/debug/deps/libobject-e7796a9e8e532c53.rlib" "/opt/rustwide/target/debug/deps/libmemchr-94009dd89ebb9d8d.rlib" "/opt/rustwide/target/debug/deps/liblibc-05dfc01c3726be84.rlib" "/opt/rustwide/target/debug/deps/libaddr2line-2d4126a5dc567f39.rlib" "/opt/rustwide/target/debug/deps/libgimli-7f4f1abc0cbbfdc4.rlib" "/opt/rustwide/target/debug/deps/libcfg_if-61dc7a6799e72b18.rlib" "/opt/rustwide/target/debug/deps/librustc_demangle-7ef8571a19a75907.rlib" "/opt/rustwide/rustup-home/toolchains/1.75.0-x86_64-unknown-linux-gnu/lib/rustlib/x86_64-unknown-linux-gnu/lib/libstd-90f6ddbf82de36ec.rlib" "/opt/rustwide/rustup-home/toolchains/1.75.0-x86_64-unknown-linux-gnu/lib/rustlib/x86_64-unknown-linux-gnu/lib/libpanic_unwind-480c41e9d4e1f677.rlib" "/opt/rustwide/rustup-home/toolchains/1.75.0-x86_64-unknown-linux-gnu/lib/rustlib/x86_64-unknown-linux-gnu/lib/libobject-db744c0ca03eed1d.rlib" "/opt/rustwide/rustup-home/toolchains/1.75.0-x86_64-unknown-linux-gnu/lib/rustlib/x86_64-unknown-linux-gnu/lib/libmemchr-8ba652dc7d4b285a.rlib" "/opt/rustwide/rustup-home/toolchains/1.75.0-x86_64-unknown-linux-gnu/lib/rustlib/x86_64-unknown-linux-gnu/lib/libaddr2line-d5f4520a9ebc0d58.rlib" "/opt/rustwide/rustup-home/toolchains/1.75.0-x86_64-unknown-linux-gnu/lib/rustlib/x86_64-unknown-linux-gnu/lib/libgimli-4ad84de58f0cb463.rlib" "/opt/rustwide/rustup-home/toolchains/1.75.0-x86_64-unknown-linux-gnu/lib/rustlib/x86_64-unknown-linux-gnu/lib/librustc_demangle-0d10aae2e0f38735.rlib" "/opt/rustwide/rustup-home/toolchains/1.75.0-x86_64-unknown-linux-gnu/lib/rustlib/x86_64-unknown-linux-gnu/lib/libstd_detect-0c17cff739e6745b.rlib" "/opt/rustwide/rustup-home/toolchains/1.75.0-x86_64-unknown-linux-gnu/lib/rustlib/x86_64-unknown-linux-gnu/lib/libhashbrown-b29e17139dde1aa8.rlib" "/opt/rustwide/rustup-home/toolchains/1.75.0-x86_64-unknown-linux-gnu/lib/rustlib/x86_64-unknown-linux-gnu/lib/librustc_std_workspace_alloc-1f975299829cc7bd.rlib" "/opt/rustwide/rustup-home/toolchains/1.75.0-x86_64-unknown-linux-gnu/lib/rustlib/x86_64-unknown-linux-gnu/lib/libminiz_oxide-86bae3bc3079f89b.rlib" "/opt/rustwide/rustup-home/toolchains/1.75.0-x86_64-unknown-linux-gnu/lib/rustlib/x86_64-unknown-linux-gnu/lib/libadler-321b82c30dffdf5f.rlib" "/opt/rustwide/rustup-home/toolchains/1.75.0-x86_64-unknown-linux-gnu/lib/rustlib/x86_64-unknown-linux-gnu/lib/libunwind-3dd8a6810a0bdfef.rlib" "/opt/rustwide/rustup-home/toolchains/1.75.0-x86_64-unknown-linux-gnu/lib/rustlib/x86_64-unknown-linux-gnu/lib/libcfg_if-eb39a61c0c879984.rlib" "/opt/rustwide/rustup-home/toolchains/1.75.0-x86_64-unknown-linux-gnu/lib/rustlib/x86_64-unknown-linux-gnu/lib/liblibc-aa769569f91c3548.rlib" "/opt/rustwide/rustup-home/toolchains/1.75.0-x86_64-unknown-linux-gnu/lib/rustlib/x86_64-unknown-linux-gnu/lib/liballoc-510a192a50a983ed.rlib" "/opt/rustwide/rustup-home/toolchains/1.75.0-x86_64-unknown-linux-gnu/lib/rustlib/x86_64-unknown-linux-gnu/lib/librustc_std_workspace_core-0577018320f99037.rlib" "/opt/rustwide/rustup-home/toolchains/1.75.0-x86_64-unknown-linux-gnu/lib/rustlib/x86_64-unknown-linux-gnu/lib/libcore-193cf992125ccd4c.rlib" "/opt/rustwide/rustup-home/toolchains/1.75.0-x86_64-unknown-linux-gnu/lib/rustlib/x86_64-unknown-linux-gnu/lib/libcompiler_builtins-8e138eaf26ebb4a8.rlib" "-Wl,-Bdynamic" "-lgcc_s" "-lutil" "-lrt" "-lpthread" "-lm" "-ldl" "-lc" "-Wl,--eh-frame-hdr" "-Wl,-z,noexecstack" "-L" "/opt/rustwide/rustup-home/toolchains/1.75.0-x86_64-unknown-linux-gnu/lib/rustlib/x86_64-unknown-linux-gnu/lib" "-o" "/tmp/rustdoctestuzLI8L/rust_out" "-Wl,--gc-sections" "-pie" "-Wl,-z,relro,-z,now" "-nodefaultlibs"
[INFO] [stdout]   = note: collect2: fatal error: ld terminated with signal 9 [Killed]
[INFO] [stdout]           compilation terminated.
[INFO] [stdout]           
[INFO] [stdout] 
[INFO] [stdout] error: aborting due to previous error
[INFO] [stdout] 
[INFO] [stdout] Couldn't compile the test.
[INFO] [stdout] ---- src/lib.rs - (line 9) stdout ----
[INFO] [stdout] error: linking with `cc` failed: exit status: 1
[INFO] [stdout]   |
[INFO] [stdout]   = note: LC_ALL="C" PATH="/opt/rustwide/rustup-home/toolchains/1.75.0-x86_64-unknown-linux-gnu/lib/rustlib/x86_64-unknown-linux-gnu/bin:/opt/rustwide/cargo-home/bin:/usr/local/sbin:/usr/local/bin:/usr/sbin:/usr/bin:/sbin:/bin" VSLANG="1033" "cc" "-m64" "/tmp/rustczuWuYI/symbols.o" "/tmp/rustdoctestwhb8iA/rust_out.rust_out.263fb70ac1c95110-cgu.0.rcgu.o" "/tmp/rustdoctestwhb8iA/rust_out.2uel00cfmdh5ufit.rcgu.o" "-Wl,--as-needed" "-L" "/opt/rustwide/target/debug/deps" "-L" "/opt/rustwide/target/debug/deps" "-L" "/opt/rustwide/target/debug/build/ring-c95103f713b6fc05/out" "-L" "/opt/rustwide/rustup-home/toolchains/1.75.0-x86_64-unknown-linux-gnu/lib/rustlib/x86_64-unknown-linux-gnu/lib" "-Wl,-Bstatic" "/opt/rustwide/target/debug/deps/libbatch-2c3ef50cbaf9c898.rlib" "/opt/rustwide/target/debug/deps/libwait_timeout-8eecd11f79155612.rlib" "/opt/rustwide/target/debug/deps/libuuid-127c88f121365f72.rlib" "/opt/rustwide/target/debug/deps/liblapin_futures_rustls-75a4341cdba219b5.rlib" "/opt/rustwide/target/debug/deps/libtls_api_rustls-0319ab1314b7b8fb.rlib" "/opt/rustwide/target/debug/deps/libwebpki_roots-3091427ce87ab0f3.rlib" "/opt/rustwide/target/debug/deps/librustls-9af8c00a828d6326.rlib" "/opt/rustwide/target/debug/deps/libbase64-30cb3015b498dd6d.rlib" "/opt/rustwide/target/debug/deps/libsct-237050c83b42dd3a.rlib" "/opt/rustwide/target/debug/deps/libwebpki-14345907b33c8d84.rlib" "/opt/rustwide/target/debug/deps/libring-9668f03ad3d9d83e.rlib" "/opt/rustwide/target/debug/deps/libspin-c4098cd951aef6c9.rlib" "/opt/rustwide/target/debug/deps/libuntrusted-df2af244a461839b.rlib" "/opt/rustwide/target/debug/deps/liblapin_futures_tls_api-917295e22e0736e8.rlib" "/opt/rustwide/target/debug/deps/libtokio_tls_api-7c4ce7dd228f8df2.rlib" "/opt/rustwide/target/debug/deps/libtls_api-36fd78c4f0a5949f.rlib" "/opt/rustwide/target/debug/deps/libns_dns_tokio-b5c516b11e8e8f09.rlib" "/opt/rustwide/target/debug/deps/libdomain-26941339ddab8854.rlib" "/opt/rustwide/target/debug/deps/libtokio_core-7b7120daea6fbec0.rlib" "/opt/rustwide/target/debug/deps/libscoped_tls-029e8dbb5d5096da.rlib" "/opt/rustwide/target/debug/deps/libtokio-356efabfe3199004.rlib" "/opt/rustwide/target/debug/deps/libtokio_uds-7b9c5de0477b48ee.rlib" "/opt/rustwide/target/debug/deps/libmio_uds-fb94263cd8c8e520.rlib" "/opt/rustwide/target/debug/deps/libtokio_udp-2b83cec6bc70c735.rlib" "/opt/rustwide/target/debug/deps/libtokio_timer-5879a73f13d790e8.rlib" "/opt/rustwide/target/debug/deps/libtokio_tcp-2aee3b7d9ea1a284.rlib" "/opt/rustwide/target/debug/deps/libtokio_reactor-9fbfafa46000c812.rlib" "/opt/rustwide/target/debug/deps/libtokio_sync-08ea48bc61321deb.rlib" "/opt/rustwide/target/debug/deps/libfnv-18bf5144d055e772.rlib" "/opt/rustwide/target/debug/deps/libparking_lot-f91c4e756200b0bf.rlib" "/opt/rustwide/target/debug/deps/libparking_lot_core-d1b38aaa333b526b.rlib" "/opt/rustwide/target/debug/deps/libsmallvec-d0609e27bcb54d1d.rlib" "/opt/rustwide/target/debug/deps/liblock_api-66bae9b5c6af1fce.rlib" "/opt/rustwide/target/debug/deps/libtokio_fs-be7ad69e76cda24b.rlib" "/opt/rustwide/target/debug/deps/libtokio_threadpool-621b9570426f2d78.rlib" "/opt/rustwide/target/debug/deps/libcrossbeam_queue-c5563bd9f963b5a9.rlib" "/opt/rustwide/target/debug/deps/libcrossbeam_deque-b16be8723014cb64.rlib" "/opt/rustwide/target/debug/deps/libcrossbeam_epoch-2eefb546c17400b4.rlib" "/opt/rustwide/target/debug/deps/libscopeguard-012e5ed929fc2fe6.rlib" "/opt/rustwide/target/debug/deps/libmemoffset-391bf7ec82acb482.rlib" "/opt/rustwide/target/debug/deps/libmaybe_uninit-5d087cbaeefa52e2.rlib" "/opt/rustwide/target/debug/deps/libtokio_current_thread-0ec463f1ca04bf29.rlib" "/opt/rustwide/target/debug/deps/libtokio_executor-1cf9988edc02426a.rlib" "/opt/rustwide/target/debug/deps/libcrossbeam_utils-642de20fe914a5f2.rlib" "/opt/rustwide/target/debug/deps/libtokio_codec-bd5247d188bf0c02.rlib" "/opt/rustwide/target/debug/deps/libnum_cpus-9552c331c95e3c5a.rlib" "/opt/rustwide/target/debug/deps/libmio-f557bdafb7da8ce1.rlib" "/opt/rustwide/target/debug/deps/libslab-6eb39baadbe9101c.rlib" "/opt/rustwide/target/debug/deps/libnet2-f8e3dd69994b7a7c.rlib" "/opt/rustwide/target/debug/deps/libcfg_if-925b73a2e437f0c3.rlib" "/opt/rustwide/target/debug/deps/libabstract_ns-0590ddd53b27468e.rlib" "/opt/rustwide/target/debug/deps/libvoid-57759e2f45e50f47.rlib" "/opt/rustwide/target/debug/deps/librand-8fe927880221dbec.rlib" "/opt/rustwide/target/debug/deps/liblapin_futures-5fae806dc6b20700.rlib" "/opt/rustwide/target/debug/deps/libtokio_timer-e7be59c6008502cd.rlib" "/opt/rustwide/target/debug/deps/libslab-0feb2de2ef35cc0b.rlib" "/opt/rustwide/target/debug/deps/libtokio_io-c2cdb9f79a7fff25.rlib" "/opt/rustwide/target/debug/deps/libbytes-240a8d2e5e959533.rlib" "/opt/rustwide/target/debug/deps/libiovec-1ed35ee292792122.rlib" "/opt/rustwide/target/debug/deps/libbyteorder-e9468b374a0c0c11.rlib" "/opt/rustwide/target/debug/deps/liblapin_async-45c4d6fbdeea53e8.rlib" "/opt/rustwide/target/debug/deps/libsasl-03d6cd2448ce23e0.rlib" "/opt/rustwide/target/debug/deps/libamq_protocol-152d7c84a0f18854.rlib" "/opt/rustwide/target/debug/deps/liburl-5eb6abafa299dfb6.rlib" "/opt/rustwide/target/debug/deps/libpercent_encoding-139f6dad4c5bd392.rlib" "/opt/rustwide/target/debug/deps/libidna-1c39b7924ead49eb.rlib" "/opt/rustwide/target/debug/deps/libunicode_normalization-e1c1be84a555e587.rlib" "/opt/rustwide/target/debug/deps/libtinyvec-cf6c9f6b792a5507.rlib" "/opt/rustwide/target/debug/deps/libtinyvec_macros-b1cb7f53f58c9f87.rlib" "/opt/rustwide/target/debug/deps/libunicode_bidi-9e36a2b0928c1d80.rlib" "/opt/rustwide/target/debug/deps/libmatches-5e4cb3d4c3233fbd.rlib" "/opt/rustwide/target/debug/deps/libamq_protocol_codegen-5a1cf70249cb6a5c.rlib" "/opt/rustwide/target/debug/deps/libhandlebars-c499251bf6fe9b1a.rlib" "/opt/rustwide/target/debug/deps/libregex-3cce5e2b06fe87ad.rlib" "/opt/rustwide/target/debug/deps/libutf8_ranges-4ad094584ea8f45b.rlib" "/opt/rustwide/target/debug/deps/libregex_syntax-2696e54958e00d15.rlib" "/opt/rustwide/target/debug/deps/libucd_util-a038f79afc473100.rlib" "/opt/rustwide/target/debug/deps/libthread_local-a8c51dbf257b3fb9.rlib" "/opt/rustwide/target/debug/deps/liblazy_static-591486ebcb9a7ead.rlib" "/opt/rustwide/target/debug/deps/libaho_corasick-f031fd6ed75ff267.rlib" "/opt/rustwide/target/debug/deps/liblazy_static-f3c2a39b584a8c58.rlib" "/opt/rustwide/target/debug/deps/libpest-b961e9ac9948c96c.rlib" "/opt/rustwide/target/debug/deps/libquick_error-e0931f21b2f0d487.rlib" "/opt/rustwide/target/debug/deps/liblog-efa70ab06cac8285.rlib" "/opt/rustwide/target/debug/deps/liblog-e491f2c1d0b13538.rlib" "/opt/rustwide/target/debug/deps/libamq_protocol_types-c856ed115dd8b57a.rlib" "/opt/rustwide/target/debug/deps/libserde_json-f7e7de9bae5c986c.rlib" "/opt/rustwide/target/debug/deps/libryu-5f304b1b6393964f.rlib" "/opt/rustwide/target/debug/deps/libitoa-5f181af53b99b92c.rlib" "/opt/rustwide/target/debug/deps/libserde-8d72183392081d4f.rlib" "/opt/rustwide/target/debug/deps/libnom-ea1bc1541cfdd061.rlib" "/opt/rustwide/target/debug/deps/libmemchr-21701f66ea029c2a.rlib" "/opt/rustwide/target/debug/deps/libcookie_factory-e1dbce7fb5a34fc0.rlib" "/opt/rustwide/target/debug/deps/libfutures-8d8915a23f05644b.rlib" "/opt/rustwide/target/debug/deps/libfailure-e4cd3de53cd468f5.rlib" "/opt/rustwide/target/debug/deps/libbacktrace-5ac71eae19830ba2.rlib" "/opt/rustwide/target/debug/deps/libminiz_oxide-3fde4c3c03045389.rlib" "/opt/rustwide/target/debug/deps/libadler-c8f2240c56a0abca.rlib" "/opt/rustwide/target/debug/deps/libobject-e7796a9e8e532c53.rlib" "/opt/rustwide/target/debug/deps/libmemchr-94009dd89ebb9d8d.rlib" "/opt/rustwide/target/debug/deps/liblibc-05dfc01c3726be84.rlib" "/opt/rustwide/target/debug/deps/libaddr2line-2d4126a5dc567f39.rlib" "/opt/rustwide/target/debug/deps/libgimli-7f4f1abc0cbbfdc4.rlib" "/opt/rustwide/target/debug/deps/libcfg_if-61dc7a6799e72b18.rlib" "/opt/rustwide/target/debug/deps/librustc_demangle-7ef8571a19a75907.rlib" "/opt/rustwide/rustup-home/toolchains/1.75.0-x86_64-unknown-linux-gnu/lib/rustlib/x86_64-unknown-linux-gnu/lib/libstd-90f6ddbf82de36ec.rlib" "/opt/rustwide/rustup-home/toolchains/1.75.0-x86_64-unknown-linux-gnu/lib/rustlib/x86_64-unknown-linux-gnu/lib/libpanic_unwind-480c41e9d4e1f677.rlib" "/opt/rustwide/rustup-home/toolchains/1.75.0-x86_64-unknown-linux-gnu/lib/rustlib/x86_64-unknown-linux-gnu/lib/libobject-db744c0ca03eed1d.rlib" "/opt/rustwide/rustup-home/toolchains/1.75.0-x86_64-unknown-linux-gnu/lib/rustlib/x86_64-unknown-linux-gnu/lib/libmemchr-8ba652dc7d4b285a.rlib" "/opt/rustwide/rustup-home/toolchains/1.75.0-x86_64-unknown-linux-gnu/lib/rustlib/x86_64-unknown-linux-gnu/lib/libaddr2line-d5f4520a9ebc0d58.rlib" "/opt/rustwide/rustup-home/toolchains/1.75.0-x86_64-unknown-linux-gnu/lib/rustlib/x86_64-unknown-linux-gnu/lib/libgimli-4ad84de58f0cb463.rlib" "/opt/rustwide/rustup-home/toolchains/1.75.0-x86_64-unknown-linux-gnu/lib/rustlib/x86_64-unknown-linux-gnu/lib/librustc_demangle-0d10aae2e0f38735.rlib" "/opt/rustwide/rustup-home/toolchains/1.75.0-x86_64-unknown-linux-gnu/lib/rustlib/x86_64-unknown-linux-gnu/lib/libstd_detect-0c17cff739e6745b.rlib" "/opt/rustwide/rustup-home/toolchains/1.75.0-x86_64-unknown-linux-gnu/lib/rustlib/x86_64-unknown-linux-gnu/lib/libhashbrown-b29e17139dde1aa8.rlib" "/opt/rustwide/rustup-home/toolchains/1.75.0-x86_64-unknown-linux-gnu/lib/rustlib/x86_64-unknown-linux-gnu/lib/librustc_std_workspace_alloc-1f975299829cc7bd.rlib" "/opt/rustwide/rustup-home/toolchains/1.75.0-x86_64-unknown-linux-gnu/lib/rustlib/x86_64-unknown-linux-gnu/lib/libminiz_oxide-86bae3bc3079f89b.rlib" "/opt/rustwide/rustup-home/toolchains/1.75.0-x86_64-unknown-linux-gnu/lib/rustlib/x86_64-unknown-linux-gnu/lib/libadler-321b82c30dffdf5f.rlib" "/opt/rustwide/rustup-home/toolchains/1.75.0-x86_64-unknown-linux-gnu/lib/rustlib/x86_64-unknown-linux-gnu/lib/libunwind-3dd8a6810a0bdfef.rlib" "/opt/rustwide/rustup-home/toolchains/1.75.0-x86_64-unknown-linux-gnu/lib/rustlib/x86_64-unknown-linux-gnu/lib/libcfg_if-eb39a61c0c879984.rlib" "/opt/rustwide/rustup-home/toolchains/1.75.0-x86_64-unknown-linux-gnu/lib/rustlib/x86_64-unknown-linux-gnu/lib/liblibc-aa769569f91c3548.rlib" "/opt/rustwide/rustup-home/toolchains/1.75.0-x86_64-unknown-linux-gnu/lib/rustlib/x86_64-unknown-linux-gnu/lib/liballoc-510a192a50a983ed.rlib" "/opt/rustwide/rustup-home/toolchains/1.75.0-x86_64-unknown-linux-gnu/lib/rustlib/x86_64-unknown-linux-gnu/lib/librustc_std_workspace_core-0577018320f99037.rlib" "/opt/rustwide/rustup-home/toolchains/1.75.0-x86_64-unknown-linux-gnu/lib/rustlib/x86_64-unknown-linux-gnu/lib/libcore-193cf992125ccd4c.rlib" "/opt/rustwide/rustup-home/toolchains/1.75.0-x86_64-unknown-linux-gnu/lib/rustlib/x86_64-unknown-linux-gnu/lib/libcompiler_builtins-8e138eaf26ebb4a8.rlib" "-Wl,-Bdynamic" "-lgcc_s" "-lutil" "-lrt" "-lpthread" "-lm" "-ldl" "-lc" "-Wl,--eh-frame-hdr" "-Wl,-z,noexecstack" "-L" "/opt/rustwide/rustup-home/toolchains/1.75.0-x86_64-unknown-linux-gnu/lib/rustlib/x86_64-unknown-linux-gnu/lib" "-o" "/tmp/rustdoctestwhb8iA/rust_out" "-Wl,--gc-sections" "-pie" "-Wl,-z,relro,-z,now" "-nodefaultlibs"
[INFO] [stdout]   = note: collect2: fatal error: ld terminated with signal 9 [Killed]
[INFO] [stdout]           compilation terminated.
[INFO] [stdout]           
[INFO] [stdout] 
[INFO] [stdout] error: aborting due to previous error
[INFO] [stdout] 
[INFO] [stdout] Couldn't compile the test.
[INFO] [stdout] 
[INFO] [stdout] failures:
[INFO] [stdout]     src/client.rs - client::ClientBuilder::connection_url (line 43)
[INFO] [stdout]     src/client.rs - client::ClientBuilder::exchanges (line 60)
[INFO] [stdout]     src/client.rs - client::ClientBuilder::handle (line 82)
[INFO] [stdout]     src/lib.rs - (line 9)
[INFO] [stdout]     src/rabbitmq.rs - rabbitmq::ExchangeBuilder::new (line 375)
[INFO] [stdout]     src/rabbitmq.rs - rabbitmq::QueueBuilder::bind (line 494)
[INFO] [stdout]     src/rabbitmq.rs - rabbitmq::QueueBuilder::new (line 478)
[INFO] [stdout]     src/worker.rs - worker::WorkerBuilder<Ctx>::build (line 226)
[INFO] [stdout]     src/worker.rs - worker::WorkerBuilder<Ctx>::exchanges (line 109)
[INFO] [stdout]     src/worker.rs - worker::WorkerBuilder<Ctx>::handle (line 154)
[INFO] [stdout]     src/worker.rs - worker::WorkerBuilder<Ctx>::new (line 69)
[INFO] [stdout] 
[INFO] [stdout] test result: FAILED. 8 passed; 11 failed; 0 ignored; 0 measured; 0 filtered out; finished in 3.50s
[INFO] [stdout] 
[INFO] [stderr] error: doctest failed, to rerun pass `--doc`
[INFO] running `Command { std: "docker" "inspect" "fb9db01459cff0857ca855dd87f8d79831aa4d8ff55a8c897052ea8d6f093945", kill_on_drop: false }`
[INFO] running `Command { std: "docker" "rm" "-f" "fb9db01459cff0857ca855dd87f8d79831aa4d8ff55a8c897052ea8d6f093945", kill_on_drop: false }`
[INFO] [stdout] fb9db01459cff0857ca855dd87f8d79831aa4d8ff55a8c897052ea8d6f093945
