[INFO] fetching crate basecracker 0.2.0...
[INFO] testing basecracker-0.2.0 against 1.75.0 for beta-1.76-1
[INFO] extracting crate basecracker 0.2.0 into /workspace/builds/worker-7-tc1/source
[INFO] validating manifest of crates.io crate basecracker 0.2.0 on toolchain 1.75.0
[INFO] running `Command { std: CARGO_HOME="/workspace/cargo-home" RUSTUP_HOME="/workspace/rustup-home" "/workspace/cargo-home/bin/cargo" "+1.75.0" "metadata" "--manifest-path" "Cargo.toml" "--no-deps", kill_on_drop: false }`
[INFO] started tweaking crates.io crate basecracker 0.2.0
[INFO] finished tweaking crates.io crate basecracker 0.2.0
[INFO] tweaked toml for crates.io crate basecracker 0.2.0 written to /workspace/builds/worker-7-tc1/source/Cargo.toml
[INFO] crate crates.io crate basecracker 0.2.0 already has a lockfile, it will not be regenerated
[INFO] running `Command { std: CARGO_HOME="/workspace/cargo-home" RUSTUP_HOME="/workspace/rustup-home" "/workspace/cargo-home/bin/cargo" "+1.75.0" "fetch" "--manifest-path" "Cargo.toml", kill_on_drop: false }`
[INFO] [stderr]     Updating crates.io index
[INFO] [stderr]  Downloading crates ...
[INFO] [stderr]   Downloaded base64 v0.21.2
[INFO] [stderr]   Downloaded base32 v0.4.0
[INFO] [stderr]   Downloaded main_error v0.1.2
[INFO] [stderr]   Downloaded proc-macro2 v1.0.59
[INFO] [stderr]   Downloaded clap v4.3.2
[INFO] [stderr]   Downloaded clap_builder v4.3.1
[INFO] [stderr]   Downloaded base85 v1.1.1
[INFO] [stderr]   Downloaded iterator-ext v0.2.1
[INFO] [stderr]   Downloaded bs62 v0.1.4
[INFO] running `Command { std: "docker" "create" "-v" "/var/lib/crater-agent-workspace/builds/worker-7-tc1/target:/opt/rustwide/target:rw,Z" "-v" "/var/lib/crater-agent-workspace/builds/worker-7-tc1/source:/opt/rustwide/workdir:ro,Z" "-v" "/var/lib/crater-agent-workspace/cargo-home:/opt/rustwide/cargo-home:ro,Z" "-v" "/var/lib/crater-agent-workspace/rustup-home:/opt/rustwide/rustup-home:ro,Z" "-e" "SOURCE_DIR=/opt/rustwide/workdir" "-e" "CARGO_TARGET_DIR=/opt/rustwide/target" "-e" "CARGO_HOME=/opt/rustwide/cargo-home" "-e" "RUSTUP_HOME=/opt/rustwide/rustup-home" "-w" "/opt/rustwide/workdir" "-m" "1610612736" "--user" "0:0" "--network" "none" "ghcr.io/rust-lang/crates-build-env/linux@sha256:2788e3201cd34a07e3172128adcd8b3090168a8e3bcc40d7c032b9dda1df7d1c" "/opt/rustwide/cargo-home/bin/cargo" "+1.75.0" "metadata" "--no-deps" "--format-version=1", kill_on_drop: false }`
[INFO] [stdout] a7934358b42cea90d68b19f94b3ded9e72538127020ede347d6b5b28db4c6c41
[INFO] running `Command { std: "docker" "start" "-a" "a7934358b42cea90d68b19f94b3ded9e72538127020ede347d6b5b28db4c6c41", kill_on_drop: false }`
[INFO] running `Command { std: "docker" "inspect" "a7934358b42cea90d68b19f94b3ded9e72538127020ede347d6b5b28db4c6c41", kill_on_drop: false }`
[INFO] running `Command { std: "docker" "rm" "-f" "a7934358b42cea90d68b19f94b3ded9e72538127020ede347d6b5b28db4c6c41", kill_on_drop: false }`
[INFO] [stdout] a7934358b42cea90d68b19f94b3ded9e72538127020ede347d6b5b28db4c6c41
[INFO] running `Command { std: "docker" "create" "-v" "/var/lib/crater-agent-workspace/builds/worker-7-tc1/target:/opt/rustwide/target:rw,Z" "-v" "/var/lib/crater-agent-workspace/builds/worker-7-tc1/source:/opt/rustwide/workdir:ro,Z" "-v" "/var/lib/crater-agent-workspace/cargo-home:/opt/rustwide/cargo-home:ro,Z" "-v" "/var/lib/crater-agent-workspace/rustup-home:/opt/rustwide/rustup-home:ro,Z" "-e" "SOURCE_DIR=/opt/rustwide/workdir" "-e" "CARGO_TARGET_DIR=/opt/rustwide/target" "-e" "CARGO_INCREMENTAL=0" "-e" "RUST_BACKTRACE=full" "-e" "RUSTFLAGS=--cap-lints=warn" "-e" "RUSTDOCFLAGS=--cap-lints=warn" "-e" "CARGO_HOME=/opt/rustwide/cargo-home" "-e" "RUSTUP_HOME=/opt/rustwide/rustup-home" "-w" "/opt/rustwide/workdir" "-m" "1610612736" "--user" "0:0" "--network" "none" "ghcr.io/rust-lang/crates-build-env/linux@sha256:2788e3201cd34a07e3172128adcd8b3090168a8e3bcc40d7c032b9dda1df7d1c" "/opt/rustwide/cargo-home/bin/cargo" "+1.75.0" "build" "--frozen" "--message-format=json", kill_on_drop: false }`
[INFO] [stdout] 3d3c7a4032f4128f36e9716a9bc713f94c308a41050f49d1b5fb89ddd435d2cf
[INFO] running `Command { std: "docker" "start" "-a" "3d3c7a4032f4128f36e9716a9bc713f94c308a41050f49d1b5fb89ddd435d2cf", kill_on_drop: false }`
[INFO] [stderr]    Compiling proc-macro2 v1.0.59
[INFO] [stderr]    Compiling libc v0.2.144
[INFO] [stderr]    Compiling unicode-ident v1.0.9
[INFO] [stderr]    Compiling quote v1.0.28
[INFO] [stderr]    Compiling io-lifetimes v1.0.11
[INFO] [stderr]    Compiling rustix v0.37.19
[INFO] [stderr]    Compiling num-traits v0.2.15
[INFO] [stderr]    Compiling num-integer v0.1.45
[INFO] [stderr]    Compiling num-bigint v0.4.3
[INFO] [stderr]    Compiling anstyle v1.0.0
[INFO] [stderr]    Compiling clap_lex v0.5.0
[INFO] [stderr]    Compiling base64 v0.21.2
[INFO] [stderr]    Compiling main_error v0.1.2
[INFO] [stderr]    Compiling base32 v0.4.0
[INFO] [stderr]    Compiling iterator-ext v0.2.1
[INFO] [stderr]    Compiling base85 v1.1.1
[INFO] [stderr]    Compiling base-x v0.2.11
[INFO] [stderr]    Compiling base58 v0.2.0
[INFO] [stderr]    Compiling syn v2.0.18
[INFO] [stderr]    Compiling bs62 v0.1.4
[INFO] [stderr]    Compiling is-terminal v0.4.7
[INFO] [stderr]    Compiling anstream v0.3.2
[INFO] [stderr]    Compiling clap_builder v4.3.1
[INFO] [stderr]    Compiling thiserror-impl v1.0.40
[INFO] [stderr]    Compiling clap_derive v4.3.2
[INFO] [stderr]    Compiling thiserror v1.0.40
[INFO] [stderr]    Compiling clap v4.3.2
[INFO] [stderr]    Compiling basecracker v0.2.0 (/opt/rustwide/workdir)
[INFO] [stderr]     Finished dev [unoptimized + debuginfo] target(s) in 6.86s
[INFO] running `Command { std: "docker" "inspect" "3d3c7a4032f4128f36e9716a9bc713f94c308a41050f49d1b5fb89ddd435d2cf", kill_on_drop: false }`
[INFO] running `Command { std: "docker" "rm" "-f" "3d3c7a4032f4128f36e9716a9bc713f94c308a41050f49d1b5fb89ddd435d2cf", kill_on_drop: false }`
[INFO] [stdout] 3d3c7a4032f4128f36e9716a9bc713f94c308a41050f49d1b5fb89ddd435d2cf
[INFO] running `Command { std: "docker" "create" "-v" "/var/lib/crater-agent-workspace/builds/worker-7-tc1/target:/opt/rustwide/target:rw,Z" "-v" "/var/lib/crater-agent-workspace/builds/worker-7-tc1/source:/opt/rustwide/workdir:ro,Z" "-v" "/var/lib/crater-agent-workspace/cargo-home:/opt/rustwide/cargo-home:ro,Z" "-v" "/var/lib/crater-agent-workspace/rustup-home:/opt/rustwide/rustup-home:ro,Z" "-e" "SOURCE_DIR=/opt/rustwide/workdir" "-e" "CARGO_TARGET_DIR=/opt/rustwide/target" "-e" "CARGO_INCREMENTAL=0" "-e" "RUST_BACKTRACE=full" "-e" "RUSTFLAGS=--cap-lints=warn" "-e" "RUSTDOCFLAGS=--cap-lints=warn" "-e" "CARGO_HOME=/opt/rustwide/cargo-home" "-e" "RUSTUP_HOME=/opt/rustwide/rustup-home" "-w" "/opt/rustwide/workdir" "-m" "1610612736" "--user" "0:0" "--network" "none" "ghcr.io/rust-lang/crates-build-env/linux@sha256:2788e3201cd34a07e3172128adcd8b3090168a8e3bcc40d7c032b9dda1df7d1c" "/opt/rustwide/cargo-home/bin/cargo" "+1.75.0" "test" "--frozen" "--no-run" "--message-format=json", kill_on_drop: false }`
[INFO] [stdout] abc718d738b011aa2b0b4bda05213c1655a561e00855520d78f71ed48adce707
[INFO] running `Command { std: "docker" "start" "-a" "abc718d738b011aa2b0b4bda05213c1655a561e00855520d78f71ed48adce707", kill_on_drop: false }`
[INFO] [stderr]    Compiling basecracker v0.2.0 (/opt/rustwide/workdir)
[INFO] [stderr]     Finished test [unoptimized + debuginfo] target(s) in 0.60s
[INFO] running `Command { std: "docker" "inspect" "abc718d738b011aa2b0b4bda05213c1655a561e00855520d78f71ed48adce707", kill_on_drop: false }`
[INFO] running `Command { std: "docker" "rm" "-f" "abc718d738b011aa2b0b4bda05213c1655a561e00855520d78f71ed48adce707", kill_on_drop: false }`
[INFO] [stdout] abc718d738b011aa2b0b4bda05213c1655a561e00855520d78f71ed48adce707
[INFO] running `Command { std: "docker" "create" "-v" "/var/lib/crater-agent-workspace/builds/worker-7-tc1/target:/opt/rustwide/target:rw,Z" "-v" "/var/lib/crater-agent-workspace/builds/worker-7-tc1/source:/opt/rustwide/workdir:ro,Z" "-v" "/var/lib/crater-agent-workspace/cargo-home:/opt/rustwide/cargo-home:ro,Z" "-v" "/var/lib/crater-agent-workspace/rustup-home:/opt/rustwide/rustup-home:ro,Z" "-e" "SOURCE_DIR=/opt/rustwide/workdir" "-e" "CARGO_TARGET_DIR=/opt/rustwide/target" "-e" "CARGO_INCREMENTAL=0" "-e" "RUST_BACKTRACE=full" "-e" "RUSTFLAGS=--cap-lints=warn" "-e" "RUSTDOCFLAGS=--cap-lints=warn" "-e" "CARGO_HOME=/opt/rustwide/cargo-home" "-e" "RUSTUP_HOME=/opt/rustwide/rustup-home" "-w" "/opt/rustwide/workdir" "-m" "1610612736" "--user" "0:0" "--network" "none" "ghcr.io/rust-lang/crates-build-env/linux@sha256:2788e3201cd34a07e3172128adcd8b3090168a8e3bcc40d7c032b9dda1df7d1c" "/opt/rustwide/cargo-home/bin/cargo" "+1.75.0" "test" "--frozen", kill_on_drop: false }`
[INFO] [stdout] 7b812d53acbe0c94954b12cff56cf97c22d1fc051e1c925a2fe5be729d23c714
[INFO] running `Command { std: "docker" "start" "-a" "7b812d53acbe0c94954b12cff56cf97c22d1fc051e1c925a2fe5be729d23c714", kill_on_drop: false }`
[INFO] [stderr]     Finished test [unoptimized + debuginfo] target(s) in 0.03s
[INFO] [stderr]      Running unittests src/lib.rs (/opt/rustwide/target/debug/deps/basecracker-6f2dea7bb5455db7)
[INFO] [stdout] 
[INFO] [stdout] running 13 tests
[INFO] [stdout] test modules::module_base10::tests::test_encode_decode ... ok
[INFO] [stdout] test modules::module_base2::tests::test_encode_decode ... ok
[INFO] [stdout] test modules::module_base32::tests::test_encode_decode ... ok
[INFO] [stdout] test modules::module_base36::tests::test_encode_decode ... ok
[INFO] [stdout] test modules::module_base62::tests::test_decode_forgiving ... ok
[INFO] [stdout] test modules::module_base58::tests::test_encode_decode ... ok
[INFO] [stdout] test modules::module_base64::tests::test_encode_decode ... ok
[INFO] [stdout] test modules::module_base85::tests::test_encode_decode ... ok
[INFO] [stdout] test modules::module_base62::tests::test_encode_decode ... ok
[INFO] [stdout] test modules::module_hex::tests::test_encode_decode ... ok
[INFO] [stdout] test modules::tests::test_base64_is_not_valid ... ok
[INFO] [stdout] test modules::tests::test_base64_is_valid ... ok
[INFO] [stdout] test utils::test::test_printable_percentage ... ok
[INFO] [stdout] 
[INFO] [stdout] test result: ok. 13 passed; 0 failed; 0 ignored; 0 measured; 0 filtered out; finished in 0.00s
[INFO] [stdout] 
[INFO] [stderr]      Running unittests src/main.rs (/opt/rustwide/target/debug/deps/basecracker-bc9beb9d0bea5942)
[INFO] [stdout] 
[INFO] [stdout] running 0 tests
[INFO] [stdout] 
[INFO] [stdout] test result: ok. 0 passed; 0 failed; 0 ignored; 0 measured; 0 filtered out; finished in 0.00s
[INFO] [stdout] 
[INFO] [stderr]    Doc-tests basecracker
[INFO] [stdout] 
[INFO] [stdout] running 1 test
[INFO] [stdout] test src/lib.rs - (line 32) ... FAILED
[INFO] [stdout] 
[INFO] [stdout] failures:
[INFO] [stdout] 
[INFO] [stdout] ---- src/lib.rs - (line 32) stdout ----
[INFO] [stdout] error: prefix `don` is unknown
[INFO] [stdout]   --> src/lib.rs:46:23
[INFO] [stdout]    |
[INFO] [stdout] 17 |           Quiet mode, don't print anything except results
[INFO] [stdout]    |                       ^^^ unknown prefix
[INFO] [stdout]    |
[INFO] [stdout]    = note: prefixed identifiers and literals are reserved since Rust 2021
[INFO] [stdout] help: consider inserting whitespace here
[INFO] [stdout]    |
[INFO] [stdout] 17 |           Quiet mode, don 't print anything except results
[INFO] [stdout]    |                          +
[INFO] [stdout] 
[INFO] [stdout] error: expected one of `!`, `.`, `::`, `;`, `?`, `{`, `}`, or an operator, found `,`
[INFO] [stdout]  --> src/lib.rs:34:7
[INFO] [stdout]   |
[INFO] [stdout] 5 | Encode, Decode and Crack encoded data, useful to crack some random encoded strings in CTFs.
[INFO] [stdout]   |       ^ expected one of 8 possible tokens
[INFO] [stdout] 
[INFO] [stdout] error: aborting due to 2 previous errors
[INFO] [stdout] 
[INFO] [stdout] Couldn't compile the test.
[INFO] [stdout] 
[INFO] [stdout] failures:
[INFO] [stdout]     src/lib.rs - (line 32)
[INFO] [stdout] 
[INFO] [stdout] test result: FAILED. 0 passed; 1 failed; 0 ignored; 0 measured; 0 filtered out; finished in 0.04s
[INFO] [stdout] 
[INFO] [stderr] error: doctest failed, to rerun pass `--doc`
[INFO] running `Command { std: "docker" "inspect" "7b812d53acbe0c94954b12cff56cf97c22d1fc051e1c925a2fe5be729d23c714", kill_on_drop: false }`
[INFO] running `Command { std: "docker" "rm" "-f" "7b812d53acbe0c94954b12cff56cf97c22d1fc051e1c925a2fe5be729d23c714", kill_on_drop: false }`
[INFO] [stdout] 7b812d53acbe0c94954b12cff56cf97c22d1fc051e1c925a2fe5be729d23c714
[INFO] testing basecracker-0.2.0 against beta-2023-12-22 for beta-1.76-1
[INFO] extracting crate basecracker 0.2.0 into /workspace/builds/worker-7-tc2/source
[INFO] validating manifest of crates.io crate basecracker 0.2.0 on toolchain beta-2023-12-22
[INFO] running `Command { std: CARGO_HOME="/workspace/cargo-home" RUSTUP_HOME="/workspace/rustup-home" "/workspace/cargo-home/bin/cargo" "+beta-2023-12-22" "metadata" "--manifest-path" "Cargo.toml" "--no-deps", kill_on_drop: false }`
[INFO] started tweaking crates.io crate basecracker 0.2.0
[INFO] finished tweaking crates.io crate basecracker 0.2.0
[INFO] tweaked toml for crates.io crate basecracker 0.2.0 written to /workspace/builds/worker-7-tc2/source/Cargo.toml
[INFO] crate crates.io crate basecracker 0.2.0 already has a lockfile, it will not be regenerated
[INFO] running `Command { std: CARGO_HOME="/workspace/cargo-home" RUSTUP_HOME="/workspace/rustup-home" "/workspace/cargo-home/bin/cargo" "+beta-2023-12-22" "fetch" "--manifest-path" "Cargo.toml", kill_on_drop: false }`
[INFO] running `Command { std: "docker" "create" "-v" "/var/lib/crater-agent-workspace/builds/worker-7-tc2/target:/opt/rustwide/target:rw,Z" "-v" "/var/lib/crater-agent-workspace/builds/worker-7-tc2/source:/opt/rustwide/workdir:ro,Z" "-v" "/var/lib/crater-agent-workspace/cargo-home:/opt/rustwide/cargo-home:ro,Z" "-v" "/var/lib/crater-agent-workspace/rustup-home:/opt/rustwide/rustup-home:ro,Z" "-e" "SOURCE_DIR=/opt/rustwide/workdir" "-e" "CARGO_TARGET_DIR=/opt/rustwide/target" "-e" "CARGO_HOME=/opt/rustwide/cargo-home" "-e" "RUSTUP_HOME=/opt/rustwide/rustup-home" "-w" "/opt/rustwide/workdir" "-m" "1610612736" "--user" "0:0" "--network" "none" "ghcr.io/rust-lang/crates-build-env/linux@sha256:2788e3201cd34a07e3172128adcd8b3090168a8e3bcc40d7c032b9dda1df7d1c" "/opt/rustwide/cargo-home/bin/cargo" "+beta-2023-12-22" "metadata" "--no-deps" "--format-version=1", kill_on_drop: false }`
[INFO] [stdout] 093321dd1cd860838cd9bdde7d71e62892bdba913e9765809467c921b93d5e0c
[INFO] running `Command { std: "docker" "start" "-a" "093321dd1cd860838cd9bdde7d71e62892bdba913e9765809467c921b93d5e0c", kill_on_drop: false }`
[INFO] running `Command { std: "docker" "inspect" "093321dd1cd860838cd9bdde7d71e62892bdba913e9765809467c921b93d5e0c", kill_on_drop: false }`
[INFO] running `Command { std: "docker" "rm" "-f" "093321dd1cd860838cd9bdde7d71e62892bdba913e9765809467c921b93d5e0c", kill_on_drop: false }`
[INFO] [stdout] 093321dd1cd860838cd9bdde7d71e62892bdba913e9765809467c921b93d5e0c
[INFO] running `Command { std: "docker" "create" "-v" "/var/lib/crater-agent-workspace/builds/worker-7-tc2/target:/opt/rustwide/target:rw,Z" "-v" "/var/lib/crater-agent-workspace/builds/worker-7-tc2/source:/opt/rustwide/workdir:ro,Z" "-v" "/var/lib/crater-agent-workspace/cargo-home:/opt/rustwide/cargo-home:ro,Z" "-v" "/var/lib/crater-agent-workspace/rustup-home:/opt/rustwide/rustup-home:ro,Z" "-e" "SOURCE_DIR=/opt/rustwide/workdir" "-e" "CARGO_TARGET_DIR=/opt/rustwide/target" "-e" "CARGO_INCREMENTAL=0" "-e" "RUST_BACKTRACE=full" "-e" "RUSTFLAGS=--cap-lints=warn" "-e" "RUSTDOCFLAGS=--cap-lints=warn" "-e" "CARGO_HOME=/opt/rustwide/cargo-home" "-e" "RUSTUP_HOME=/opt/rustwide/rustup-home" "-w" "/opt/rustwide/workdir" "-m" "1610612736" "--user" "0:0" "--network" "none" "ghcr.io/rust-lang/crates-build-env/linux@sha256:2788e3201cd34a07e3172128adcd8b3090168a8e3bcc40d7c032b9dda1df7d1c" "/opt/rustwide/cargo-home/bin/cargo" "+beta-2023-12-22" "build" "--frozen" "--message-format=json", kill_on_drop: false }`
[INFO] [stdout] 260a90855888ba6cb46fbdc54eb2f2294751cb2afeb22e652f5655285eb14b21
[INFO] running `Command { std: "docker" "start" "-a" "260a90855888ba6cb46fbdc54eb2f2294751cb2afeb22e652f5655285eb14b21", kill_on_drop: false }`
[INFO] [stderr]    Compiling libc v0.2.144
[INFO] [stderr]    Compiling proc-macro2 v1.0.59
[INFO] [stderr]    Compiling unicode-ident v1.0.9
[INFO] [stderr]    Compiling quote v1.0.28
[INFO] [stderr]    Compiling io-lifetimes v1.0.11
[INFO] [stderr]    Compiling rustix v0.37.19
[INFO] [stderr]    Compiling num-traits v0.2.15
[INFO] [stderr]    Compiling num-integer v0.1.45
[INFO] [stderr]    Compiling num-bigint v0.4.3
[INFO] [stderr]    Compiling anstyle v1.0.0
[INFO] [stderr]    Compiling clap_lex v0.5.0
[INFO] [stderr]    Compiling anstyle-parse v0.2.0
[INFO] [stderr]    Compiling iterator-ext v0.2.1
[INFO] [stderr]    Compiling base58 v0.2.0
[INFO] [stderr]    Compiling main_error v0.1.2
[INFO] [stderr]    Compiling base32 v0.4.0
[INFO] [stderr]    Compiling base85 v1.1.1
[INFO] [stderr]    Compiling base-x v0.2.11
[INFO] [stderr]    Compiling base64 v0.21.2
[INFO] [stderr]    Compiling syn v2.0.18
[INFO] [stderr]    Compiling bs62 v0.1.4
[INFO] [stderr]    Compiling is-terminal v0.4.7
[INFO] [stderr]    Compiling anstream v0.3.2
[INFO] [stderr]    Compiling clap_builder v4.3.1
[INFO] [stderr]    Compiling clap_derive v4.3.2
[INFO] [stderr]    Compiling thiserror-impl v1.0.40
[INFO] [stderr]    Compiling thiserror v1.0.40
[INFO] [stderr]    Compiling clap v4.3.2
[INFO] [stderr]    Compiling basecracker v0.2.0 (/opt/rustwide/workdir)
[INFO] [stderr]     Finished dev [unoptimized + debuginfo] target(s) in 5.72s
[INFO] running `Command { std: "docker" "inspect" "260a90855888ba6cb46fbdc54eb2f2294751cb2afeb22e652f5655285eb14b21", kill_on_drop: false }`
[INFO] running `Command { std: "docker" "rm" "-f" "260a90855888ba6cb46fbdc54eb2f2294751cb2afeb22e652f5655285eb14b21", kill_on_drop: false }`
[INFO] [stdout] 260a90855888ba6cb46fbdc54eb2f2294751cb2afeb22e652f5655285eb14b21
[INFO] running `Command { std: "docker" "create" "-v" "/var/lib/crater-agent-workspace/builds/worker-7-tc2/target:/opt/rustwide/target:rw,Z" "-v" "/var/lib/crater-agent-workspace/builds/worker-7-tc2/source:/opt/rustwide/workdir:ro,Z" "-v" "/var/lib/crater-agent-workspace/cargo-home:/opt/rustwide/cargo-home:ro,Z" "-v" "/var/lib/crater-agent-workspace/rustup-home:/opt/rustwide/rustup-home:ro,Z" "-e" "SOURCE_DIR=/opt/rustwide/workdir" "-e" "CARGO_TARGET_DIR=/opt/rustwide/target" "-e" "CARGO_INCREMENTAL=0" "-e" "RUST_BACKTRACE=full" "-e" "RUSTFLAGS=--cap-lints=warn" "-e" "RUSTDOCFLAGS=--cap-lints=warn" "-e" "CARGO_HOME=/opt/rustwide/cargo-home" "-e" "RUSTUP_HOME=/opt/rustwide/rustup-home" "-w" "/opt/rustwide/workdir" "-m" "1610612736" "--user" "0:0" "--network" "none" "ghcr.io/rust-lang/crates-build-env/linux@sha256:2788e3201cd34a07e3172128adcd8b3090168a8e3bcc40d7c032b9dda1df7d1c" "/opt/rustwide/cargo-home/bin/cargo" "+beta-2023-12-22" "test" "--frozen" "--no-run" "--message-format=json", kill_on_drop: false }`
[INFO] [stdout] 48d70edfe5973b2b7f8048b148fd4bc423f1b547aaee082154a0ef712cac43e9
[INFO] running `Command { std: "docker" "start" "-a" "48d70edfe5973b2b7f8048b148fd4bc423f1b547aaee082154a0ef712cac43e9", kill_on_drop: false }`
[INFO] [stderr]    Compiling basecracker v0.2.0 (/opt/rustwide/workdir)
[INFO] [stderr]     Finished test [unoptimized + debuginfo] target(s) in 0.51s
[INFO] running `Command { std: "docker" "inspect" "48d70edfe5973b2b7f8048b148fd4bc423f1b547aaee082154a0ef712cac43e9", kill_on_drop: false }`
[INFO] running `Command { std: "docker" "rm" "-f" "48d70edfe5973b2b7f8048b148fd4bc423f1b547aaee082154a0ef712cac43e9", kill_on_drop: false }`
[INFO] [stdout] 48d70edfe5973b2b7f8048b148fd4bc423f1b547aaee082154a0ef712cac43e9
[INFO] running `Command { std: "docker" "create" "-v" "/var/lib/crater-agent-workspace/builds/worker-7-tc2/target:/opt/rustwide/target:rw,Z" "-v" "/var/lib/crater-agent-workspace/builds/worker-7-tc2/source:/opt/rustwide/workdir:ro,Z" "-v" "/var/lib/crater-agent-workspace/cargo-home:/opt/rustwide/cargo-home:ro,Z" "-v" "/var/lib/crater-agent-workspace/rustup-home:/opt/rustwide/rustup-home:ro,Z" "-e" "SOURCE_DIR=/opt/rustwide/workdir" "-e" "CARGO_TARGET_DIR=/opt/rustwide/target" "-e" "CARGO_INCREMENTAL=0" "-e" "RUST_BACKTRACE=full" "-e" "RUSTFLAGS=--cap-lints=warn" "-e" "RUSTDOCFLAGS=--cap-lints=warn" "-e" "CARGO_HOME=/opt/rustwide/cargo-home" "-e" "RUSTUP_HOME=/opt/rustwide/rustup-home" "-w" "/opt/rustwide/workdir" "-m" "1610612736" "--user" "0:0" "--network" "none" "ghcr.io/rust-lang/crates-build-env/linux@sha256:2788e3201cd34a07e3172128adcd8b3090168a8e3bcc40d7c032b9dda1df7d1c" "/opt/rustwide/cargo-home/bin/cargo" "+beta-2023-12-22" "test" "--frozen", kill_on_drop: false }`
[INFO] [stdout] 235cc152f320ad700edbf8bde34ca51bb0946ecf140f25ab7e2528387b482890
[INFO] running `Command { std: "docker" "start" "-a" "235cc152f320ad700edbf8bde34ca51bb0946ecf140f25ab7e2528387b482890", kill_on_drop: false }`
[INFO] [stderr]     Finished test [unoptimized + debuginfo] target(s) in 0.03s
[INFO] [stderr]      Running unittests src/lib.rs (/opt/rustwide/target/debug/deps/basecracker-87d1ad5531dc0ada)
[INFO] [stdout] 
[INFO] [stdout] running 13 tests
[INFO] [stdout] test modules::module_base32::tests::test_encode_decode ... ok
[INFO] [stdout] test modules::module_base10::tests::test_encode_decode ... ok
[INFO] [stdout] test modules::module_base36::tests::test_encode_decode ... ok
[INFO] [stdout] test modules::module_base2::tests::test_encode_decode ... ok
[INFO] [stdout] test modules::module_base58::tests::test_encode_decode ... ok
[INFO] [stdout] test modules::module_base62::tests::test_decode_forgiving ... ok
[INFO] [stdout] test modules::module_base85::tests::test_encode_decode ... ok
[INFO] [stdout] test modules::module_base64::tests::test_encode_decode ... ok
[INFO] [stdout] test modules::module_base62::tests::test_encode_decode ... ok
[INFO] [stdout] test modules::module_hex::tests::test_encode_decode ... ok
[INFO] [stdout] test modules::tests::test_base64_is_not_valid ... ok
[INFO] [stdout] test modules::tests::test_base64_is_valid ... ok
[INFO] [stdout] test utils::test::test_printable_percentage ... ok
[INFO] [stdout] 
[INFO] [stdout] test result: ok. 13 passed; 0 failed; 0 ignored; 0 measured; 0 filtered out; finished in 0.00s
[INFO] [stdout] 
[INFO] [stderr]      Running unittests src/main.rs (/opt/rustwide/target/debug/deps/basecracker-69cf8e2d1c0aa0ec)
[INFO] [stdout] 
[INFO] [stdout] running 0 tests
[INFO] [stdout] 
[INFO] [stdout] test result: ok. 0 passed; 0 failed; 0 ignored; 0 measured; 0 filtered out; finished in 0.00s
[INFO] [stdout] 
[INFO] [stderr]    Doc-tests basecracker
[INFO] [stdout] 
[INFO] [stdout] running 1 test
[INFO] [stdout] test src/lib.rs - (line 32) ... FAILED
[INFO] [stdout] 
[INFO] [stdout] failures:
[INFO] [stdout] 
[INFO] [stdout] ---- src/lib.rs - (line 32) stdout ----
[INFO] [stdout] error: prefix `don` is unknown
[INFO] [stdout]   --> src/lib.rs:46:23
[INFO] [stdout]    |
[INFO] [stdout] 17 |           Quiet mode, don't print anything except results
[INFO] [stdout]    |                       ^^^ unknown prefix
[INFO] [stdout]    |
[INFO] [stdout]    = note: prefixed identifiers and literals are reserved since Rust 2021
[INFO] [stdout] help: consider inserting whitespace here
[INFO] [stdout]    |
[INFO] [stdout] 17 |           Quiet mode, don 't print anything except results
[INFO] [stdout]    |                          +
[INFO] [stdout] 
[INFO] [stdout] error: expected one of `!`, `.`, `::`, `;`, `?`, `{`, `}`, or an operator, found `,`
[INFO] [stdout]  --> src/lib.rs:34:7
[INFO] [stdout]   |
[INFO] [stdout] 5 | Encode, Decode and Crack encoded data, useful to crack some random encoded strings in CTFs.
[INFO] [stdout]   |       ^ expected one of 8 possible tokens
[INFO] [stdout] 
[INFO] [stdout] error: aborting due to 2 previous errors
[INFO] [stdout] 
[INFO] [stdout] Couldn't compile the test.
[INFO] [stdout] 
[INFO] [stdout] failures:
[INFO] [stdout]     src/lib.rs - (line 32)
[INFO] [stdout] 
[INFO] [stdout] test result: FAILED. 0 passed; 1 failed; 0 ignored; 0 measured; 0 filtered out; finished in 0.04s
[INFO] [stdout] 
[INFO] [stderr] error: doctest failed, to rerun pass `--doc`
[INFO] running `Command { std: "docker" "inspect" "235cc152f320ad700edbf8bde34ca51bb0946ecf140f25ab7e2528387b482890", kill_on_drop: false }`
[INFO] running `Command { std: "docker" "rm" "-f" "235cc152f320ad700edbf8bde34ca51bb0946ecf140f25ab7e2528387b482890", kill_on_drop: false }`
[INFO] [stdout] 235cc152f320ad700edbf8bde34ca51bb0946ecf140f25ab7e2528387b482890
