[INFO] fetching crate base58-monero 2.0.0...
[INFO] testing base58-monero-2.0.0 against 1.75.0 for beta-1.76-1
[INFO] extracting crate base58-monero 2.0.0 into /workspace/builds/worker-2-tc1/source
[INFO] validating manifest of crates.io crate base58-monero 2.0.0 on toolchain 1.75.0
[INFO] running `Command { std: CARGO_HOME="/workspace/cargo-home" RUSTUP_HOME="/workspace/rustup-home" "/workspace/cargo-home/bin/cargo" "+1.75.0" "metadata" "--manifest-path" "Cargo.toml" "--no-deps", kill_on_drop: false }`
[INFO] started tweaking crates.io crate base58-monero 2.0.0
[INFO] finished tweaking crates.io crate base58-monero 2.0.0
[INFO] tweaked toml for crates.io crate base58-monero 2.0.0 written to /workspace/builds/worker-2-tc1/source/Cargo.toml
[INFO] running `Command { std: CARGO_HOME="/workspace/cargo-home" RUSTUP_HOME="/workspace/rustup-home" "/workspace/cargo-home/bin/cargo" "+1.75.0" "generate-lockfile" "--manifest-path" "Cargo.toml", kill_on_drop: false }`
[INFO] [stderr]     Updating crates.io index
[INFO] running `Command { std: CARGO_HOME="/workspace/cargo-home" RUSTUP_HOME="/workspace/rustup-home" "/workspace/cargo-home/bin/cargo" "+1.75.0" "fetch" "--manifest-path" "Cargo.toml", kill_on_drop: false }`
[INFO] running `Command { std: "docker" "create" "-v" "/var/lib/crater-agent-workspace/builds/worker-2-tc1/target:/opt/rustwide/target:rw,Z" "-v" "/var/lib/crater-agent-workspace/builds/worker-2-tc1/source:/opt/rustwide/workdir:ro,Z" "-v" "/var/lib/crater-agent-workspace/cargo-home:/opt/rustwide/cargo-home:ro,Z" "-v" "/var/lib/crater-agent-workspace/rustup-home:/opt/rustwide/rustup-home:ro,Z" "-e" "SOURCE_DIR=/opt/rustwide/workdir" "-e" "CARGO_TARGET_DIR=/opt/rustwide/target" "-e" "CARGO_HOME=/opt/rustwide/cargo-home" "-e" "RUSTUP_HOME=/opt/rustwide/rustup-home" "-w" "/opt/rustwide/workdir" "-m" "1610612736" "--user" "0:0" "--network" "none" "ghcr.io/rust-lang/crates-build-env/linux@sha256:2788e3201cd34a07e3172128adcd8b3090168a8e3bcc40d7c032b9dda1df7d1c" "/opt/rustwide/cargo-home/bin/cargo" "+1.75.0" "metadata" "--no-deps" "--format-version=1", kill_on_drop: false }`
[INFO] [stdout] b061c901100a7024f504943aec8a8282e557592281eddd548de6d806ef170377
[INFO] running `Command { std: "docker" "start" "-a" "b061c901100a7024f504943aec8a8282e557592281eddd548de6d806ef170377", kill_on_drop: false }`
[INFO] running `Command { std: "docker" "inspect" "b061c901100a7024f504943aec8a8282e557592281eddd548de6d806ef170377", kill_on_drop: false }`
[INFO] running `Command { std: "docker" "rm" "-f" "b061c901100a7024f504943aec8a8282e557592281eddd548de6d806ef170377", kill_on_drop: false }`
[INFO] [stdout] b061c901100a7024f504943aec8a8282e557592281eddd548de6d806ef170377
[INFO] running `Command { std: "docker" "create" "-v" "/var/lib/crater-agent-workspace/builds/worker-2-tc1/target:/opt/rustwide/target:rw,Z" "-v" "/var/lib/crater-agent-workspace/builds/worker-2-tc1/source:/opt/rustwide/workdir:ro,Z" "-v" "/var/lib/crater-agent-workspace/cargo-home:/opt/rustwide/cargo-home:ro,Z" "-v" "/var/lib/crater-agent-workspace/rustup-home:/opt/rustwide/rustup-home:ro,Z" "-e" "SOURCE_DIR=/opt/rustwide/workdir" "-e" "CARGO_TARGET_DIR=/opt/rustwide/target" "-e" "CARGO_INCREMENTAL=0" "-e" "RUST_BACKTRACE=full" "-e" "RUSTFLAGS=--cap-lints=warn" "-e" "RUSTDOCFLAGS=--cap-lints=warn" "-e" "CARGO_HOME=/opt/rustwide/cargo-home" "-e" "RUSTUP_HOME=/opt/rustwide/rustup-home" "-w" "/opt/rustwide/workdir" "-m" "1610612736" "--user" "0:0" "--network" "none" "ghcr.io/rust-lang/crates-build-env/linux@sha256:2788e3201cd34a07e3172128adcd8b3090168a8e3bcc40d7c032b9dda1df7d1c" "/opt/rustwide/cargo-home/bin/cargo" "+1.75.0" "build" "--frozen" "--message-format=json", kill_on_drop: false }`
[INFO] [stdout] a83ab70a31c1e34d011a79f69ae7d63c1d7ec91047427789680d8f6f20868497
[INFO] running `Command { std: "docker" "start" "-a" "a83ab70a31c1e34d011a79f69ae7d63c1d7ec91047427789680d8f6f20868497", kill_on_drop: false }`
[INFO] [stderr]    Compiling syn v2.0.48
[INFO] [stderr]    Compiling thiserror-impl v1.0.56
[INFO] [stderr]    Compiling thiserror v1.0.56
[INFO] [stderr]    Compiling base58-monero v2.0.0 (/opt/rustwide/workdir)
[INFO] [stderr]     Finished dev [unoptimized + debuginfo] target(s) in 4.95s
[INFO] running `Command { std: "docker" "inspect" "a83ab70a31c1e34d011a79f69ae7d63c1d7ec91047427789680d8f6f20868497", kill_on_drop: false }`
[INFO] running `Command { std: "docker" "rm" "-f" "a83ab70a31c1e34d011a79f69ae7d63c1d7ec91047427789680d8f6f20868497", kill_on_drop: false }`
[INFO] [stdout] a83ab70a31c1e34d011a79f69ae7d63c1d7ec91047427789680d8f6f20868497
[INFO] running `Command { std: "docker" "create" "-v" "/var/lib/crater-agent-workspace/builds/worker-2-tc1/target:/opt/rustwide/target:rw,Z" "-v" "/var/lib/crater-agent-workspace/builds/worker-2-tc1/source:/opt/rustwide/workdir:ro,Z" "-v" "/var/lib/crater-agent-workspace/cargo-home:/opt/rustwide/cargo-home:ro,Z" "-v" "/var/lib/crater-agent-workspace/rustup-home:/opt/rustwide/rustup-home:ro,Z" "-e" "SOURCE_DIR=/opt/rustwide/workdir" "-e" "CARGO_TARGET_DIR=/opt/rustwide/target" "-e" "CARGO_INCREMENTAL=0" "-e" "RUST_BACKTRACE=full" "-e" "RUSTFLAGS=--cap-lints=warn" "-e" "RUSTDOCFLAGS=--cap-lints=warn" "-e" "CARGO_HOME=/opt/rustwide/cargo-home" "-e" "RUSTUP_HOME=/opt/rustwide/rustup-home" "-w" "/opt/rustwide/workdir" "-m" "1610612736" "--user" "0:0" "--network" "none" "ghcr.io/rust-lang/crates-build-env/linux@sha256:2788e3201cd34a07e3172128adcd8b3090168a8e3bcc40d7c032b9dda1df7d1c" "/opt/rustwide/cargo-home/bin/cargo" "+1.75.0" "test" "--frozen" "--no-run" "--message-format=json", kill_on_drop: false }`
[INFO] [stdout] 2ba727830f659052cd7bca41d6514ce0606fcb96a8225ee7375d333775e5d264
[INFO] running `Command { std: "docker" "start" "-a" "2ba727830f659052cd7bca41d6514ce0606fcb96a8225ee7375d333775e5d264", kill_on_drop: false }`
[INFO] [stderr]    Compiling async-stream-impl v0.3.5
[INFO] [stderr]    Compiling tokio v1.35.1
[INFO] [stderr]    Compiling base58-monero v2.0.0 (/opt/rustwide/workdir)
[INFO] [stderr]    Compiling async-stream v0.3.5
[INFO] [stderr]    Compiling tokio-stream v0.1.14
[INFO] [stderr]    Compiling tokio-test v0.4.3
[INFO] [stderr]     Finished test [unoptimized + debuginfo] target(s) in 9.40s
[INFO] running `Command { std: "docker" "inspect" "2ba727830f659052cd7bca41d6514ce0606fcb96a8225ee7375d333775e5d264", kill_on_drop: false }`
[INFO] running `Command { std: "docker" "rm" "-f" "2ba727830f659052cd7bca41d6514ce0606fcb96a8225ee7375d333775e5d264", kill_on_drop: false }`
[INFO] [stdout] 2ba727830f659052cd7bca41d6514ce0606fcb96a8225ee7375d333775e5d264
[INFO] running `Command { std: "docker" "create" "-v" "/var/lib/crater-agent-workspace/builds/worker-2-tc1/target:/opt/rustwide/target:rw,Z" "-v" "/var/lib/crater-agent-workspace/builds/worker-2-tc1/source:/opt/rustwide/workdir:ro,Z" "-v" "/var/lib/crater-agent-workspace/cargo-home:/opt/rustwide/cargo-home:ro,Z" "-v" "/var/lib/crater-agent-workspace/rustup-home:/opt/rustwide/rustup-home:ro,Z" "-e" "SOURCE_DIR=/opt/rustwide/workdir" "-e" "CARGO_TARGET_DIR=/opt/rustwide/target" "-e" "CARGO_INCREMENTAL=0" "-e" "RUST_BACKTRACE=full" "-e" "RUSTFLAGS=--cap-lints=warn" "-e" "RUSTDOCFLAGS=--cap-lints=warn" "-e" "CARGO_HOME=/opt/rustwide/cargo-home" "-e" "RUSTUP_HOME=/opt/rustwide/rustup-home" "-w" "/opt/rustwide/workdir" "-m" "1610612736" "--user" "0:0" "--network" "none" "ghcr.io/rust-lang/crates-build-env/linux@sha256:2788e3201cd34a07e3172128adcd8b3090168a8e3bcc40d7c032b9dda1df7d1c" "/opt/rustwide/cargo-home/bin/cargo" "+1.75.0" "test" "--frozen", kill_on_drop: false }`
[INFO] [stdout] 469a1a2b57b7f9e2b704d3d722a819b8d8d69f5acc82091fd49d2e4480df2b8b
[INFO] running `Command { std: "docker" "start" "-a" "469a1a2b57b7f9e2b704d3d722a819b8d8d69f5acc82091fd49d2e4480df2b8b", kill_on_drop: false }`
[INFO] [stderr]     Finished test [unoptimized + debuginfo] target(s) in 0.11s
[INFO] [stderr]      Running unittests src/lib.rs (/opt/rustwide/target/debug/deps/base58_monero-90582dd80dcf5dbb)
[INFO] [stdout] 
[INFO] [stdout] running 10 tests
[INFO] [stdout] test base58::tests::decode_wrong_block ... ok
[INFO] [stdout] test base58::tests::test_base58_decode_address ... ok
[INFO] [stdout] test base58::tests::test_base58_decode_block ... ok
[INFO] [stdout] test base58::tests::encode_empty_value ... ok
[INFO] [stdout] test base58::tests::encode_wrong_block ... ok
[INFO] [stdout] test base58::tests::test_base58_encode_block ... ok
[INFO] [stdout] test base58::tests::test_base58_encode_address ... ok
[INFO] [stdout] test base58::tests::test_u8be_to_u64 ... ok
[INFO] [stdout] test base58::tests::test_base58_decode ... ok
[INFO] [stdout] test base58::tests::test_base58_encode ... ok
[INFO] [stdout] 
[INFO] [stdout] test result: ok. 10 passed; 0 failed; 0 ignored; 0 measured; 0 filtered out; finished in 0.03s
[INFO] [stdout] 
[INFO] [stderr]    Doc-tests base58-monero
[INFO] [stdout] 
[INFO] [stdout] running 4 tests
[INFO] [stdout] test src/lib.rs - (line 68) ... FAILED
[INFO] [stdout] test src/base58.rs - base58 (line 49) ... FAILED
[INFO] [stdout] test src/base58.rs - base58 (line 22) ... FAILED
[INFO] [stdout] test src/lib.rs - (line 52) ... ok
[INFO] [stdout] 
[INFO] [stdout] failures:
[INFO] [stdout] 
[INFO] [stdout] ---- src/lib.rs - (line 68) stdout ----
[INFO] [stdout] error[E0432]: unresolved imports `base58_monero::encode_check`, `base58_monero::decode_check`
[INFO] [stdout]   --> src/lib.rs:70:21
[INFO] [stdout]    |
[INFO] [stdout] 5  | use base58_monero::{encode_check, decode_check, Error};
[INFO] [stdout]    |                     ^^^^^^^^^^^^  ^^^^^^^^^^^^ no `decode_check` in the root
[INFO] [stdout]    |                     |
[INFO] [stdout]    |                     no `encode_check` in the root
[INFO] [stdout]    |
[INFO] [stdout] note: found an item that was configured out
[INFO] [stdout]   --> /opt/rustwide/workdir/src/lib.rs:99:17
[INFO] [stdout]    |
[INFO] [stdout] 99 | pub use base58::encode_check;
[INFO] [stdout]    |                 ^^^^^^^^^^^^
[INFO] [stdout]    = note: the item is gated behind the `check` feature
[INFO] [stdout] note: found an item that was configured out
[INFO] [stdout]   --> /opt/rustwide/workdir/src/lib.rs:92:17
[INFO] [stdout]    |
[INFO] [stdout] 92 | pub use base58::decode_check;
[INFO] [stdout]    |                 ^^^^^^^^^^^^
[INFO] [stdout]    = note: the item is gated behind the `check` feature
[INFO] [stdout] 
[INFO] [stdout] error: aborting due to previous error
[INFO] [stdout] 
[INFO] [stdout] For more information about this error, try `rustc --explain E0432`.
[INFO] [stdout] Couldn't compile the test.
[INFO] [stdout] ---- src/base58.rs - base58 (line 49) stdout ----
[INFO] [stdout] error[E0433]: failed to resolve: use of undeclared crate or module `futures_util`
[INFO] [stdout]  --> src/base58.rs:52:5
[INFO] [stdout]   |
[INFO] [stdout] 6 | use futures_util::stream::StreamExt;
[INFO] [stdout]   |     ^^^^^^^^^^^^ use of undeclared crate or module `futures_util`
[INFO] [stdout] 
[INFO] [stdout] error[E0432]: unresolved import `futures_util`
[INFO] [stdout]  --> src/base58.rs:51:5
[INFO] [stdout]   |
[INFO] [stdout] 5 | use futures_util::pin_mut;
[INFO] [stdout]   |     ^^^^^^^^^^^^ use of undeclared crate or module `futures_util`
[INFO] [stdout] 
[INFO] [stdout] error[E0432]: unresolved import `base58_monero::decode_stream_check`
[INFO] [stdout]   --> src/base58.rs:53:21
[INFO] [stdout]    |
[INFO] [stdout] 7  | use base58_monero::{decode_stream_check, Error};
[INFO] [stdout]    |                     ^^^^^^^^^^^^^^^^^^^ no `decode_stream_check` in the root
[INFO] [stdout]    |
[INFO] [stdout] note: found an item that was configured out
[INFO] [stdout]   --> /opt/rustwide/workdir/src/lib.rs:96:17
[INFO] [stdout]    |
[INFO] [stdout] 96 | pub use base58::decode_stream_check;
[INFO] [stdout]    |                 ^^^^^^^^^^^^^^^^^^^
[INFO] [stdout] 
[INFO] [stdout] error: cannot determine resolution for the macro `pin_mut`
[INFO] [stdout]   --> src/base58.rs:61:5
[INFO] [stdout]    |
[INFO] [stdout] 15 |     pin_mut!(s);
[INFO] [stdout]    |     ^^^^^^^
[INFO] [stdout]    |
[INFO] [stdout]    = note: import resolution is stuck, try simplifying macro imports
[INFO] [stdout] 
[INFO] [stdout] error: aborting due to 4 previous errors
[INFO] [stdout] 
[INFO] [stdout] Some errors have detailed explanations: E0432, E0433.
[INFO] [stdout] For more information about an error, try `rustc --explain E0432`.
[INFO] [stdout] Couldn't compile the test.
[INFO] [stdout] ---- src/base58.rs - base58 (line 22) stdout ----
[INFO] [stdout] error[E0433]: failed to resolve: use of undeclared crate or module `futures_util`
[INFO] [stdout]  --> src/base58.rs:25:5
[INFO] [stdout]   |
[INFO] [stdout] 6 | use futures_util::stream::StreamExt;
[INFO] [stdout]   |     ^^^^^^^^^^^^ use of undeclared crate or module `futures_util`
[INFO] [stdout] 
[INFO] [stdout] error[E0432]: unresolved import `futures_util`
[INFO] [stdout]  --> src/base58.rs:24:5
[INFO] [stdout]   |
[INFO] [stdout] 5 | use futures_util::pin_mut;
[INFO] [stdout]   |     ^^^^^^^^^^^^ use of undeclared crate or module `futures_util`
[INFO] [stdout] 
[INFO] [stdout] error[E0432]: unresolved import `base58_monero::encode_stream`
[INFO] [stdout]    --> src/base58.rs:26:21
[INFO] [stdout]     |
[INFO] [stdout] 7   | use base58_monero::{encode_stream, Error};
[INFO] [stdout]     |                     ^^^^^^^^^^^^^ no `encode_stream` in the root
[INFO] [stdout]     |
[INFO] [stdout] note: found an item that was configured out
[INFO] [stdout]    --> /opt/rustwide/workdir/src/lib.rs:101:17
[INFO] [stdout]     |
[INFO] [stdout] 101 | pub use base58::encode_stream;
[INFO] [stdout]     |                 ^^^^^^^^^^^^^
[INFO] [stdout]     = note: the item is gated behind the `stream` feature
[INFO] [stdout] 
[INFO] [stdout] error: cannot determine resolution for the macro `pin_mut`
[INFO] [stdout]   --> src/base58.rs:34:5
[INFO] [stdout]    |
[INFO] [stdout] 15 |     pin_mut!(s);
[INFO] [stdout]    |     ^^^^^^^
[INFO] [stdout]    |
[INFO] [stdout]    = note: import resolution is stuck, try simplifying macro imports
[INFO] [stdout] 
[INFO] [stdout] error: aborting due to 4 previous errors
[INFO] [stdout] 
[INFO] [stdout] Some errors have detailed explanations: E0432, E0433.
[INFO] [stdout] For more information about an error, try `rustc --explain E0432`.
[INFO] [stdout] Couldn't compile the test.
[INFO] [stdout] 
[INFO] [stdout] failures:
[INFO] [stdout]     src/base58.rs - base58 (line 22)
[INFO] [stdout]     src/base58.rs - base58 (line 49)
[INFO] [stdout]     src/lib.rs - (line 68)
[INFO] [stdout] 
[INFO] [stdout] test result: FAILED. 1 passed; 3 failed; 0 ignored; 0 measured; 0 filtered out; finished in 0.35s
[INFO] [stdout] 
[INFO] [stderr] error: doctest failed, to rerun pass `--doc`
[INFO] running `Command { std: "docker" "inspect" "469a1a2b57b7f9e2b704d3d722a819b8d8d69f5acc82091fd49d2e4480df2b8b", kill_on_drop: false }`
[INFO] running `Command { std: "docker" "rm" "-f" "469a1a2b57b7f9e2b704d3d722a819b8d8d69f5acc82091fd49d2e4480df2b8b", kill_on_drop: false }`
[INFO] [stdout] 469a1a2b57b7f9e2b704d3d722a819b8d8d69f5acc82091fd49d2e4480df2b8b
