[INFO] fetching crate base-coroutine 0.2.0...
[INFO] testing base-coroutine-0.2.0 against 1.75.0 for beta-1.76-1
[INFO] extracting crate base-coroutine 0.2.0 into /workspace/builds/worker-2-tc1/source
[INFO] validating manifest of crates.io crate base-coroutine 0.2.0 on toolchain 1.75.0
[INFO] running `Command { std: CARGO_HOME="/workspace/cargo-home" RUSTUP_HOME="/workspace/rustup-home" "/workspace/cargo-home/bin/cargo" "+1.75.0" "metadata" "--manifest-path" "Cargo.toml" "--no-deps", kill_on_drop: false }`
[INFO] started tweaking crates.io crate base-coroutine 0.2.0
[INFO] finished tweaking crates.io crate base-coroutine 0.2.0
[INFO] tweaked toml for crates.io crate base-coroutine 0.2.0 written to /workspace/builds/worker-2-tc1/source/Cargo.toml
[INFO] running `Command { std: CARGO_HOME="/workspace/cargo-home" RUSTUP_HOME="/workspace/rustup-home" "/workspace/cargo-home/bin/cargo" "+1.75.0" "generate-lockfile" "--manifest-path" "Cargo.toml", kill_on_drop: false }`
[INFO] [stderr]     Updating crates.io index
[INFO] running `Command { std: CARGO_HOME="/workspace/cargo-home" RUSTUP_HOME="/workspace/rustup-home" "/workspace/cargo-home/bin/cargo" "+1.75.0" "fetch" "--manifest-path" "Cargo.toml", kill_on_drop: false }`
[INFO] [stderr] warning: version requirement `0.5.2+5.3.0-patched` for dependency `jemalloc-sys` includes semver metadata which will be ignored, removing the metadata is recommended to avoid confusion
[INFO] [stderr]  Downloading crates ...
[INFO] [stderr]   Downloaded st3 v0.4.1
[INFO] [stderr]   Downloaded jemalloc-sys v0.5.4+5.3.0-patched
[INFO] [stderr]   Downloaded object-collection v0.0.3
[INFO] [stderr]   Downloaded object-collection v0.0.4
[INFO] [stderr]   Downloaded timer-utils v0.0.3
[INFO] running `Command { std: "docker" "create" "-v" "/var/lib/crater-agent-workspace/builds/worker-2-tc1/target:/opt/rustwide/target:rw,Z" "-v" "/var/lib/crater-agent-workspace/builds/worker-2-tc1/source:/opt/rustwide/workdir:ro,Z" "-v" "/var/lib/crater-agent-workspace/cargo-home:/opt/rustwide/cargo-home:ro,Z" "-v" "/var/lib/crater-agent-workspace/rustup-home:/opt/rustwide/rustup-home:ro,Z" "-e" "SOURCE_DIR=/opt/rustwide/workdir" "-e" "CARGO_TARGET_DIR=/opt/rustwide/target" "-e" "CARGO_HOME=/opt/rustwide/cargo-home" "-e" "RUSTUP_HOME=/opt/rustwide/rustup-home" "-w" "/opt/rustwide/workdir" "-m" "1610612736" "--user" "0:0" "--network" "none" "ghcr.io/rust-lang/crates-build-env/linux@sha256:2788e3201cd34a07e3172128adcd8b3090168a8e3bcc40d7c032b9dda1df7d1c" "/opt/rustwide/cargo-home/bin/cargo" "+1.75.0" "metadata" "--no-deps" "--format-version=1", kill_on_drop: false }`
[INFO] [stdout] 1127fd77ce392637a2c80ce109ec2f424934a8be3a23bdf2ab7b803d392d9ea9
[INFO] running `Command { std: "docker" "start" "-a" "1127fd77ce392637a2c80ce109ec2f424934a8be3a23bdf2ab7b803d392d9ea9", kill_on_drop: false }`
[INFO] running `Command { std: "docker" "inspect" "1127fd77ce392637a2c80ce109ec2f424934a8be3a23bdf2ab7b803d392d9ea9", kill_on_drop: false }`
[INFO] running `Command { std: "docker" "rm" "-f" "1127fd77ce392637a2c80ce109ec2f424934a8be3a23bdf2ab7b803d392d9ea9", kill_on_drop: false }`
[INFO] [stdout] 1127fd77ce392637a2c80ce109ec2f424934a8be3a23bdf2ab7b803d392d9ea9
[INFO] running `Command { std: "docker" "create" "-v" "/var/lib/crater-agent-workspace/builds/worker-2-tc1/target:/opt/rustwide/target:rw,Z" "-v" "/var/lib/crater-agent-workspace/builds/worker-2-tc1/source:/opt/rustwide/workdir:ro,Z" "-v" "/var/lib/crater-agent-workspace/cargo-home:/opt/rustwide/cargo-home:ro,Z" "-v" "/var/lib/crater-agent-workspace/rustup-home:/opt/rustwide/rustup-home:ro,Z" "-e" "SOURCE_DIR=/opt/rustwide/workdir" "-e" "CARGO_TARGET_DIR=/opt/rustwide/target" "-e" "CARGO_INCREMENTAL=0" "-e" "RUST_BACKTRACE=full" "-e" "RUSTFLAGS=--cap-lints=warn" "-e" "RUSTDOCFLAGS=--cap-lints=warn" "-e" "CARGO_HOME=/opt/rustwide/cargo-home" "-e" "RUSTUP_HOME=/opt/rustwide/rustup-home" "-w" "/opt/rustwide/workdir" "-m" "1610612736" "--user" "0:0" "--network" "none" "ghcr.io/rust-lang/crates-build-env/linux@sha256:2788e3201cd34a07e3172128adcd8b3090168a8e3bcc40d7c032b9dda1df7d1c" "/opt/rustwide/cargo-home/bin/cargo" "+1.75.0" "build" "--frozen" "--message-format=json", kill_on_drop: false }`
[INFO] [stdout] 8e1e623febd51ea2278da260207d49a59bf2c9186f8c4067afc951c0c3fb7a7f
[INFO] running `Command { std: "docker" "start" "-a" "8e1e623febd51ea2278da260207d49a59bf2c9186f8c4067afc951c0c3fb7a7f", kill_on_drop: false }`
[INFO] [stderr] warning: version requirement `0.5.2+5.3.0-patched` for dependency `jemalloc-sys` includes semver metadata which will be ignored, removing the metadata is recommended to avoid confusion
[INFO] [stderr]    Compiling crossbeam-utils v0.8.18
[INFO] [stderr]    Compiling libc v0.2.151
[INFO] [stderr]    Compiling rustversion v1.0.14
[INFO] [stderr]    Compiling rayon-core v1.12.0
[INFO] [stderr]    Compiling object-collection v0.0.3
[INFO] [stderr]    Compiling either v1.9.0
[INFO] [stderr]    Compiling object-collection v0.0.4
[INFO] [stderr]    Compiling scopeguard v1.2.0
[INFO] [stderr]    Compiling once_cell v1.19.0
[INFO] [stderr]    Compiling timer-utils v0.0.3
[INFO] [stderr]    Compiling crossbeam-epoch v0.9.17
[INFO] [stderr]    Compiling st3 v0.4.1
[INFO] [stderr]    Compiling concurrent-queue v2.4.0
[INFO] [stderr]    Compiling crossbeam-deque v0.8.4
[INFO] [stderr]    Compiling cc v1.0.83
[INFO] [stderr]    Compiling num_cpus v1.16.0
[INFO] [stderr]    Compiling rayon v1.8.0
[INFO] [stderr]    Compiling jemalloc-sys v0.5.4+5.3.0-patched
[INFO] [stderr]    Compiling base-coroutine v0.2.0 (/opt/rustwide/workdir)
[INFO] [stdout] warning: `extern` fn uses type `CoroutineResult<Yield, Return>`, which is not FFI-safe
[INFO] [stdout]    --> src/coroutine.rs:163:29
[INFO] [stdout]     |
[INFO] [stdout] 163 |     marker: PhantomData<&'a extern "C" fn(Param) -> CoroutineResult<Yield, Return>>,
[INFO] [stdout]     |                             ^^^^^^^^^^^^^^^^^^^^^^^^^^^^^^^^^^^^^^^^^^^^^^^^^^^^^^ not FFI-safe
[INFO] [stdout]     |
[INFO] [stdout]     = help: consider adding a `#[repr(C)]`, `#[repr(transparent)]`, or integer `#[repr(...)]` attribute to this enum
[INFO] [stdout]     = note: enum has no representation hint
[INFO] [stdout] note: the type is defined here
[INFO] [stdout]    --> src/coroutine.rs:114:1
[INFO] [stdout]     |
[INFO] [stdout] 114 | pub enum CoroutineResult<Yield, Return> {
[INFO] [stdout]     | ^^^^^^^^^^^^^^^^^^^^^^^^^^^^^^^^^^^^^^^
[INFO] [stdout]     = note: `#[warn(improper_ctypes_definitions)]` on by default
[INFO] [stdout] 
[INFO] [stdout] 
[INFO] [stdout] warning: 1 warning emitted
[INFO] [stdout] 
[INFO] [stdout] 
[INFO] [stderr]     Finished dev [unoptimized + debuginfo] target(s) in 35.86s
[INFO] running `Command { std: "docker" "inspect" "8e1e623febd51ea2278da260207d49a59bf2c9186f8c4067afc951c0c3fb7a7f", kill_on_drop: false }`
[INFO] running `Command { std: "docker" "rm" "-f" "8e1e623febd51ea2278da260207d49a59bf2c9186f8c4067afc951c0c3fb7a7f", kill_on_drop: false }`
[INFO] [stdout] 8e1e623febd51ea2278da260207d49a59bf2c9186f8c4067afc951c0c3fb7a7f
[INFO] running `Command { std: "docker" "create" "-v" "/var/lib/crater-agent-workspace/builds/worker-2-tc1/target:/opt/rustwide/target:rw,Z" "-v" "/var/lib/crater-agent-workspace/builds/worker-2-tc1/source:/opt/rustwide/workdir:ro,Z" "-v" "/var/lib/crater-agent-workspace/cargo-home:/opt/rustwide/cargo-home:ro,Z" "-v" "/var/lib/crater-agent-workspace/rustup-home:/opt/rustwide/rustup-home:ro,Z" "-e" "SOURCE_DIR=/opt/rustwide/workdir" "-e" "CARGO_TARGET_DIR=/opt/rustwide/target" "-e" "CARGO_INCREMENTAL=0" "-e" "RUST_BACKTRACE=full" "-e" "RUSTFLAGS=--cap-lints=warn" "-e" "RUSTDOCFLAGS=--cap-lints=warn" "-e" "CARGO_HOME=/opt/rustwide/cargo-home" "-e" "RUSTUP_HOME=/opt/rustwide/rustup-home" "-w" "/opt/rustwide/workdir" "-m" "1610612736" "--user" "0:0" "--network" "none" "ghcr.io/rust-lang/crates-build-env/linux@sha256:2788e3201cd34a07e3172128adcd8b3090168a8e3bcc40d7c032b9dda1df7d1c" "/opt/rustwide/cargo-home/bin/cargo" "+1.75.0" "test" "--frozen" "--no-run" "--message-format=json", kill_on_drop: false }`
[INFO] [stdout] 93c247de5ab8673e6fc35d2cdbd6bc68985fc607ce5e76fcfbf0dd7e988dabb9
[INFO] running `Command { std: "docker" "start" "-a" "93c247de5ab8673e6fc35d2cdbd6bc68985fc607ce5e76fcfbf0dd7e988dabb9", kill_on_drop: false }`
[INFO] [stderr] warning: version requirement `0.5.2+5.3.0-patched` for dependency `jemalloc-sys` includes semver metadata which will be ignored, removing the metadata is recommended to avoid confusion
[INFO] [stderr]    Compiling base-coroutine v0.2.0 (/opt/rustwide/workdir)
[INFO] [stdout] warning: `extern` fn uses type `CoroutineResult<Yield, Return>`, which is not FFI-safe
[INFO] [stdout]    --> src/coroutine.rs:163:29
[INFO] [stdout]     |
[INFO] [stdout] 163 |     marker: PhantomData<&'a extern "C" fn(Param) -> CoroutineResult<Yield, Return>>,
[INFO] [stdout]     |                             ^^^^^^^^^^^^^^^^^^^^^^^^^^^^^^^^^^^^^^^^^^^^^^^^^^^^^^ not FFI-safe
[INFO] [stdout]     |
[INFO] [stdout]     = help: consider adding a `#[repr(C)]`, `#[repr(transparent)]`, or integer `#[repr(...)]` attribute to this enum
[INFO] [stdout]     = note: enum has no representation hint
[INFO] [stdout] note: the type is defined here
[INFO] [stdout]    --> src/coroutine.rs:114:1
[INFO] [stdout]     |
[INFO] [stdout] 114 | pub enum CoroutineResult<Yield, Return> {
[INFO] [stdout]     | ^^^^^^^^^^^^^^^^^^^^^^^^^^^^^^^^^^^^^^^
[INFO] [stdout]     = note: `#[warn(improper_ctypes_definitions)]` on by default
[INFO] [stdout] 
[INFO] [stdout] 
[INFO] [stdout] warning: 1 warning emitted
[INFO] [stdout] 
[INFO] [stdout] 
[INFO] [stdout] warning: `extern` fn uses type `CoroutineResult<Yield, Return>`, which is not FFI-safe
[INFO] [stdout]    --> src/coroutine.rs:163:29
[INFO] [stdout]     |
[INFO] [stdout] 163 |     marker: PhantomData<&'a extern "C" fn(Param) -> CoroutineResult<Yield, Return>>,
[INFO] [stdout]     |                             ^^^^^^^^^^^^^^^^^^^^^^^^^^^^^^^^^^^^^^^^^^^^^^^^^^^^^^ not FFI-safe
[INFO] [stdout]     |
[INFO] [stdout]     = help: consider adding a `#[repr(C)]`, `#[repr(transparent)]`, or integer `#[repr(...)]` attribute to this enum
[INFO] [stdout]     = note: enum has no representation hint
[INFO] [stdout] note: the type is defined here
[INFO] [stdout]    --> src/coroutine.rs:114:1
[INFO] [stdout]     |
[INFO] [stdout] 114 | pub enum CoroutineResult<Yield, Return> {
[INFO] [stdout]     | ^^^^^^^^^^^^^^^^^^^^^^^^^^^^^^^^^^^^^^^
[INFO] [stdout]     = note: `#[warn(improper_ctypes_definitions)]` on by default
[INFO] [stdout] 
[INFO] [stdout] 
[INFO] [stdout] warning: 1 warning emitted
[INFO] [stdout] 
[INFO] [stdout] 
[INFO] [stderr]     Finished test [unoptimized + debuginfo] target(s) in 1.28s
[INFO] running `Command { std: "docker" "inspect" "93c247de5ab8673e6fc35d2cdbd6bc68985fc607ce5e76fcfbf0dd7e988dabb9", kill_on_drop: false }`
[INFO] running `Command { std: "docker" "rm" "-f" "93c247de5ab8673e6fc35d2cdbd6bc68985fc607ce5e76fcfbf0dd7e988dabb9", kill_on_drop: false }`
[INFO] [stdout] 93c247de5ab8673e6fc35d2cdbd6bc68985fc607ce5e76fcfbf0dd7e988dabb9
[INFO] running `Command { std: "docker" "create" "-v" "/var/lib/crater-agent-workspace/builds/worker-2-tc1/target:/opt/rustwide/target:rw,Z" "-v" "/var/lib/crater-agent-workspace/builds/worker-2-tc1/source:/opt/rustwide/workdir:ro,Z" "-v" "/var/lib/crater-agent-workspace/cargo-home:/opt/rustwide/cargo-home:ro,Z" "-v" "/var/lib/crater-agent-workspace/rustup-home:/opt/rustwide/rustup-home:ro,Z" "-e" "SOURCE_DIR=/opt/rustwide/workdir" "-e" "CARGO_TARGET_DIR=/opt/rustwide/target" "-e" "CARGO_INCREMENTAL=0" "-e" "RUST_BACKTRACE=full" "-e" "RUSTFLAGS=--cap-lints=warn" "-e" "RUSTDOCFLAGS=--cap-lints=warn" "-e" "CARGO_HOME=/opt/rustwide/cargo-home" "-e" "RUSTUP_HOME=/opt/rustwide/rustup-home" "-w" "/opt/rustwide/workdir" "-m" "1610612736" "--user" "0:0" "--network" "none" "ghcr.io/rust-lang/crates-build-env/linux@sha256:2788e3201cd34a07e3172128adcd8b3090168a8e3bcc40d7c032b9dda1df7d1c" "/opt/rustwide/cargo-home/bin/cargo" "+1.75.0" "test" "--frozen", kill_on_drop: false }`
[INFO] [stdout] 5c0a263814cb4d39b8c64d841dfcdbcdf7e2309e533ff59acd2ed604e9b2a10f
[INFO] running `Command { std: "docker" "start" "-a" "5c0a263814cb4d39b8c64d841dfcdbcdf7e2309e533ff59acd2ed604e9b2a10f", kill_on_drop: false }`
[INFO] [stderr] warning: version requirement `0.5.2+5.3.0-patched` for dependency `jemalloc-sys` includes semver metadata which will be ignored, removing the metadata is recommended to avoid confusion
[INFO] [stderr] warning: `extern` fn uses type `CoroutineResult<Yield, Return>`, which is not FFI-safe
[INFO] [stderr]    --> src/coroutine.rs:163:29
[INFO] [stderr]     |
[INFO] [stderr] 163 |     marker: PhantomData<&'a extern "C" fn(Param) -> CoroutineResult<Yield, Return>>,
[INFO] [stderr]     |                             ^^^^^^^^^^^^^^^^^^^^^^^^^^^^^^^^^^^^^^^^^^^^^^^^^^^^^^ not FFI-safe
[INFO] [stderr]     |
[INFO] [stderr]     = help: consider adding a `#[repr(C)]`, `#[repr(transparent)]`, or integer `#[repr(...)]` attribute to this enum
[INFO] [stderr]     = note: enum has no representation hint
[INFO] [stderr] note: the type is defined here
[INFO] [stderr]    --> src/coroutine.rs:114:1
[INFO] [stderr]     |
[INFO] [stderr] 114 | pub enum CoroutineResult<Yield, Return> {
[INFO] [stderr]     | ^^^^^^^^^^^^^^^^^^^^^^^^^^^^^^^^^^^^^^^
[INFO] [stderr]     = note: `#[warn(improper_ctypes_definitions)]` on by default
[INFO] [stderr] 
[INFO] [stderr] warning: `base-coroutine` (lib) generated 1 warning
[INFO] [stderr] warning: `base-coroutine` (lib test) generated 1 warning (1 duplicate)
[INFO] [stderr]     Finished test [unoptimized + debuginfo] target(s) in 0.02s
[INFO] [stderr]      Running unittests src/lib.rs (/opt/rustwide/target/debug/deps/base_coroutine-0a010476e8dc29c0)
[INFO] [stdout] 
[INFO] [stdout] running 20 tests
[INFO] [stdout] test context::tests::type_sizes ... ok
[INFO] [stdout] test coroutine::tests::test_return ... ok
[INFO] [stdout] test context::tests::number_generator ... ok
[INFO] [stdout] test coroutine::tests::test_yield ... ok
[INFO] [stdout] test id::tests::test ... ok
[INFO] [stdout] test coroutine::tests::test_current ... ok
[INFO] [stdout] test coroutine::tests::test_yield_once ... ok
[INFO] [stdout] test random::tests::rng ... ok
[INFO] [stdout] test scheduler::tests::simplest ... ok
[INFO] [stdout] test stack::tests::stack_size_too_small ... ok
[INFO] [stdout] test scheduler::tests::with_suspend ... ok
[INFO] [stdout] test stack::tests::stack_size_too_large ... ok
[INFO] [stdout] test event_loop::tests::timed_join_test ... ok
[INFO] [stdout] test scheduler::tests::preemptive_schedule ... ok
[INFO] [stdout] test monitor::tests::test_clean ... ok
[INFO] [stdout] test monitor::tests::test ... ok
[INFO] [stdout] test monitor::tests::test_sigmask ... ok
[INFO] [stdout] test event_loop::tests::join_test ... FAILED
[INFO] [stdout] test scheduler::tests::timed_schedule ... ok
[INFO] [stdout] test scheduler::tests::with_delay ... ok
[INFO] [stdout] 
[INFO] [stdout] failures:
[INFO] [stdout] 
[INFO] [stdout] ---- event_loop::tests::join_test stdout ----
[INFO] [stdout] thread 'event_loop::tests::join_test' panicked at /opt/rustwide/cargo-home/registry/src/index.crates.io-6f17d22bba15001f/once_cell-1.19.0/src/lib.rs:1331:29:
[INFO] [stdout] Lazy instance has previously been poisoned
[INFO] [stdout] stack backtrace:
[INFO] [stdout]    0:     0x557aa916784c - std::backtrace_rs::backtrace::libunwind::trace::ha637c64ce894333a
[INFO] [stdout]                                at /rustc/82e1608dfa6e0b5569232559e3d385fea5a93112/library/std/src/../../backtrace/src/backtrace/libunwind.rs:104:5
[INFO] [stdout]    1:     0x557aa916784c - std::backtrace_rs::backtrace::trace_unsynchronized::h47f62dea28e0c88d
[INFO] [stdout]                                at /rustc/82e1608dfa6e0b5569232559e3d385fea5a93112/library/std/src/../../backtrace/src/backtrace/mod.rs:66:5
[INFO] [stdout]    2:     0x557aa916784c - std::sys_common::backtrace::_print_fmt::h9eef0abe20ede486
[INFO] [stdout]                                at /rustc/82e1608dfa6e0b5569232559e3d385fea5a93112/library/std/src/sys_common/backtrace.rs:67:5
[INFO] [stdout]    3:     0x557aa916784c - <std::sys_common::backtrace::_print::DisplayBacktrace as core::fmt::Display>::fmt::hed7f999df88cc644
[INFO] [stdout]                                at /rustc/82e1608dfa6e0b5569232559e3d385fea5a93112/library/std/src/sys_common/backtrace.rs:44:22
[INFO] [stdout]    4:     0x557aa9191600 - core::fmt::rt::Argument::fmt::h1539a9308b8d058d
[INFO] [stdout]                                at /rustc/82e1608dfa6e0b5569232559e3d385fea5a93112/library/core/src/fmt/rt.rs:142:9
[INFO] [stdout]    5:     0x557aa9191600 - core::fmt::write::h3a39390d8560d9c9
[INFO] [stdout]                                at /rustc/82e1608dfa6e0b5569232559e3d385fea5a93112/library/core/src/fmt/mod.rs:1120:17
[INFO] [stdout]    6:     0x557aa916502f - std::io::Write::write_fmt::h040b369f3a0f9cbc
[INFO] [stdout]                                at /rustc/82e1608dfa6e0b5569232559e3d385fea5a93112/library/std/src/io/mod.rs:1762:15
[INFO] [stdout]    7:     0x557aa9167634 - std::sys_common::backtrace::_print::h894006fb5c6f3d45
[INFO] [stdout]                                at /rustc/82e1608dfa6e0b5569232559e3d385fea5a93112/library/std/src/sys_common/backtrace.rs:47:5
[INFO] [stdout]    8:     0x557aa9167634 - std::sys_common::backtrace::print::h23a2d212c6fff936
[INFO] [stdout]                                at /rustc/82e1608dfa6e0b5569232559e3d385fea5a93112/library/std/src/sys_common/backtrace.rs:34:9
[INFO] [stdout]    9:     0x557aa91692f7 - std::panicking::default_hook::{{closure}}::h8a1d2ee00185001a
[INFO] [stdout]   10:     0x557aa9168fe3 - std::panicking::default_hook::h6038f2eba384e475
[INFO] [stdout]                                at /rustc/82e1608dfa6e0b5569232559e3d385fea5a93112/library/std/src/panicking.rs:289:9
[INFO] [stdout]   11:     0x557aa91008c7 - <alloc::boxed::Box<F,A> as core::ops::function::Fn<Args>>::call::h0ad024c9bdc6d768
[INFO] [stdout]                                at /rustc/82e1608dfa6e0b5569232559e3d385fea5a93112/library/alloc/src/boxed.rs:2021:9
[INFO] [stdout]   12:     0x557aa91008c7 - test::test_main::{{closure}}::h7500b54257359db6
[INFO] [stdout]                                at /rustc/82e1608dfa6e0b5569232559e3d385fea5a93112/library/test/src/lib.rs:138:21
[INFO] [stdout]   13:     0x557aa9169908 - <alloc::boxed::Box<F,A> as core::ops::function::Fn<Args>>::call::h1f8f335eaa9cfaee
[INFO] [stdout]                                at /rustc/82e1608dfa6e0b5569232559e3d385fea5a93112/library/alloc/src/boxed.rs:2021:9
[INFO] [stdout]   14:     0x557aa9169908 - std::panicking::rust_panic_with_hook::h2b5517d590cab22e
[INFO] [stdout]                                at /rustc/82e1608dfa6e0b5569232559e3d385fea5a93112/library/std/src/panicking.rs:783:13
[INFO] [stdout]   15:     0x557aa9169629 - std::panicking::begin_panic_handler::{{closure}}::h233112c06e0ef43e
[INFO] [stdout]                                at /rustc/82e1608dfa6e0b5569232559e3d385fea5a93112/library/std/src/panicking.rs:649:13
[INFO] [stdout]   16:     0x557aa9167d16 - std::sys_common::backtrace::__rust_end_short_backtrace::h6e893f24d7ebbff8
[INFO] [stdout]                                at /rustc/82e1608dfa6e0b5569232559e3d385fea5a93112/library/std/src/sys_common/backtrace.rs:170:18
[INFO] [stdout]   17:     0x557aa91693c2 - rust_begin_unwind
[INFO] [stdout]                                at /rustc/82e1608dfa6e0b5569232559e3d385fea5a93112/library/std/src/panicking.rs:645:5
[INFO] [stdout]   18:     0x557aa8e0efd5 - core::panicking::panic_fmt::hbf0e066aabfa482c
[INFO] [stdout]                                at /rustc/82e1608dfa6e0b5569232559e3d385fea5a93112/library/core/src/panicking.rs:72:14
[INFO] [stdout]   19:     0x557aa8e52a2a - once_cell::sync::Lazy<T,F>::force_mut::h772f599472fb0d89
[INFO] [stdout]                                at /opt/rustwide/cargo-home/registry/src/index.crates.io-6f17d22bba15001f/once_cell-1.19.0/src/lib.rs:1331:29
[INFO] [stdout]   20:     0x557aa8e51a3a - <once_cell::sync::Lazy<T,F> as core::ops::deref::DerefMut>::deref_mut::h0361c308c80e8616
[INFO] [stdout]                                at /opt/rustwide/cargo-home/registry/src/index.crates.io-6f17d22bba15001f/once_cell-1.19.0/src/lib.rs:1382:13
[INFO] [stdout]   21:     0x557aa8e1db13 - base_coroutine::event_loop::EventLoop::next::hb7fe42013f6ee980
[INFO] [stdout]                                at /opt/rustwide/workdir/src/event_loop/mod.rs:115:13
[INFO] [stdout]   22:     0x557aa8e1dbb6 - base_coroutine::event_loop::EventLoop::next_scheduler::h352f4ad4dc80f475
[INFO] [stdout]                                at /opt/rustwide/workdir/src/event_loop/mod.rs:120:9
[INFO] [stdout]   23:     0x557aa8e1dbf1 - base_coroutine::event_loop::EventLoop::submit::h6ac301ea7bfe9b49
[INFO] [stdout]                                at /opt/rustwide/workdir/src/event_loop/mod.rs:128:9
[INFO] [stdout]   24:     0x557aa8e4126a - base_coroutine::event_loop::tests::join_test::hccc46f40b7769534
[INFO] [stdout]                                at /opt/rustwide/workdir/src/event_loop/mod.rs:319:23
[INFO] [stdout]   25:     0x557aa8e41227 - base_coroutine::event_loop::tests::join_test::{{closure}}::hacd046cb3cda4a5d
[INFO] [stdout]                                at /opt/rustwide/workdir/src/event_loop/mod.rs:318:19
[INFO] [stdout]   26:     0x557aa8e19fc6 - core::ops::function::FnOnce::call_once::h3392bacb163eaf5f
[INFO] [stdout]                                at /rustc/82e1608dfa6e0b5569232559e3d385fea5a93112/library/core/src/ops/function.rs:250:5
[INFO] [stdout]   27:     0x557aa9105f1f - core::ops::function::FnOnce::call_once::h2b5d431d5046312d
[INFO] [stdout]                                at /rustc/82e1608dfa6e0b5569232559e3d385fea5a93112/library/core/src/ops/function.rs:250:5
[INFO] [stdout]   28:     0x557aa9105f1f - test::__rust_begin_short_backtrace::h7714669af176e207
[INFO] [stdout]                                at /rustc/82e1608dfa6e0b5569232559e3d385fea5a93112/library/test/src/lib.rs:628:18
[INFO] [stdout]   29:     0x557aa9104f35 - test::run_test_in_process::{{closure}}::h85218797dcbcec12
[INFO] [stdout]                                at /rustc/82e1608dfa6e0b5569232559e3d385fea5a93112/library/test/src/lib.rs:651:60
[INFO] [stdout]   30:     0x557aa9104f35 - <core::panic::unwind_safe::AssertUnwindSafe<F> as core::ops::function::FnOnce<()>>::call_once::h76c106ea31c14d7b
[INFO] [stdout]                                at /rustc/82e1608dfa6e0b5569232559e3d385fea5a93112/library/core/src/panic/unwind_safe.rs:272:9
[INFO] [stdout]   31:     0x557aa9104f35 - std::panicking::try::do_call::h3bd5d0f6620ee946
[INFO] [stdout]                                at /rustc/82e1608dfa6e0b5569232559e3d385fea5a93112/library/std/src/panicking.rs:552:40
[INFO] [stdout]   32:     0x557aa9104f35 - std::panicking::try::h232e535e4744fe31
[INFO] [stdout]                                at /rustc/82e1608dfa6e0b5569232559e3d385fea5a93112/library/std/src/panicking.rs:516:19
[INFO] [stdout]   33:     0x557aa9104f35 - std::panic::catch_unwind::h3ce3bd6ca8dbac68
[INFO] [stdout]                                at /rustc/82e1608dfa6e0b5569232559e3d385fea5a93112/library/std/src/panic.rs:142:14
[INFO] [stdout]   34:     0x557aa9104f35 - test::run_test_in_process::hc97b257c9621286a
[INFO] [stdout]                                at /rustc/82e1608dfa6e0b5569232559e3d385fea5a93112/library/test/src/lib.rs:651:27
[INFO] [stdout]   35:     0x557aa9104f35 - test::run_test::{{closure}}::h2aa798823a438d38
[INFO] [stdout]                                at /rustc/82e1608dfa6e0b5569232559e3d385fea5a93112/library/test/src/lib.rs:574:43
[INFO] [stdout]   36:     0x557aa90cd1f6 - test::run_test::{{closure}}::h87d231c78fb59832
[INFO] [stdout]                                at /rustc/82e1608dfa6e0b5569232559e3d385fea5a93112/library/test/src/lib.rs:602:41
[INFO] [stdout]   37:     0x557aa90cd1f6 - std::sys_common::backtrace::__rust_begin_short_backtrace::he6df152596625789
[INFO] [stdout]                                at /rustc/82e1608dfa6e0b5569232559e3d385fea5a93112/library/std/src/sys_common/backtrace.rs:154:18
[INFO] [stdout]   38:     0x557aa90d22a7 - std::thread::Builder::spawn_unchecked_::{{closure}}::{{closure}}::ha94be15d1e0acf36
[INFO] [stdout]                                at /rustc/82e1608dfa6e0b5569232559e3d385fea5a93112/library/std/src/thread/mod.rs:529:17
[INFO] [stdout]   39:     0x557aa90d22a7 - <core::panic::unwind_safe::AssertUnwindSafe<F> as core::ops::function::FnOnce<()>>::call_once::h9dc6bd6372f16606
[INFO] [stdout]                                at /rustc/82e1608dfa6e0b5569232559e3d385fea5a93112/library/core/src/panic/unwind_safe.rs:272:9
[INFO] [stdout]   40:     0x557aa90d22a7 - std::panicking::try::do_call::h9057517f80303cd4
[INFO] [stdout]                                at /rustc/82e1608dfa6e0b5569232559e3d385fea5a93112/library/std/src/panicking.rs:552:40
[INFO] [stdout]   41:     0x557aa90d22a7 - std::panicking::try::he3a30b11ee45340c
[INFO] [stdout]                                at /rustc/82e1608dfa6e0b5569232559e3d385fea5a93112/library/std/src/panicking.rs:516:19
[INFO] [stdout]   42:     0x557aa90d22a7 - std::panic::catch_unwind::h410458cfd3528b8b
[INFO] [stdout]                                at /rustc/82e1608dfa6e0b5569232559e3d385fea5a93112/library/std/src/panic.rs:142:14
[INFO] [stdout]   43:     0x557aa90d22a7 - std::thread::Builder::spawn_unchecked_::{{closure}}::h72ac3bdb567b737b
[INFO] [stdout]                                at /rustc/82e1608dfa6e0b5569232559e3d385fea5a93112/library/std/src/thread/mod.rs:528:30
[INFO] [stdout]   44:     0x557aa90d22a7 - core::ops::function::FnOnce::call_once{{vtable.shim}}::h38f34da3654a8344
[INFO] [stdout]                                at /rustc/82e1608dfa6e0b5569232559e3d385fea5a93112/library/core/src/ops/function.rs:250:5
[INFO] [stdout]   45:     0x557aa916e4b5 - <alloc::boxed::Box<F,A> as core::ops::function::FnOnce<Args>>::call_once::hc7eafaff61e32df9
[INFO] [stdout]                                at /rustc/82e1608dfa6e0b5569232559e3d385fea5a93112/library/alloc/src/boxed.rs:2007:9
[INFO] [stdout]   46:     0x557aa916e4b5 - <alloc::boxed::Box<F,A> as core::ops::function::FnOnce<Args>>::call_once::h6ba4a5de48dd2304
[INFO] [stdout]                                at /rustc/82e1608dfa6e0b5569232559e3d385fea5a93112/library/alloc/src/boxed.rs:2007:9
[INFO] [stdout]   47:     0x557aa916e4b5 - std::sys::unix::thread::Thread::new::thread_start::he469335aef763e45
[INFO] [stdout]                                at /rustc/82e1608dfa6e0b5569232559e3d385fea5a93112/library/std/src/sys/unix/thread.rs:108:17
[INFO] [stdout]   48:     0x7fdf8d7e9ac3 - <unknown>
[INFO] [stdout]   49:     0x7fdf8d87abf4 - __clone
[INFO] [stdout]   50:                0x0 - <unknown>
[INFO] [stdout] 
[INFO] [stdout] 
[INFO] [stdout] failures:
[INFO] [stdout]     event_loop::tests::join_test
[INFO] [stdout] 
[INFO] [stdout] test result: FAILED. 19 passed; 1 failed; 0 ignored; 0 measured; 0 filtered out; finished in 0.11s
[INFO] [stdout] 
[INFO] [stderr] error: test failed, to rerun pass `--lib`
[INFO] running `Command { std: "docker" "inspect" "5c0a263814cb4d39b8c64d841dfcdbcdf7e2309e533ff59acd2ed604e9b2a10f", kill_on_drop: false }`
[INFO] running `Command { std: "docker" "rm" "-f" "5c0a263814cb4d39b8c64d841dfcdbcdf7e2309e533ff59acd2ed604e9b2a10f", kill_on_drop: false }`
[INFO] [stdout] 5c0a263814cb4d39b8c64d841dfcdbcdf7e2309e533ff59acd2ed604e9b2a10f
