[INFO] fetching crate barcode-rs 0.1.0...
[INFO] testing barcode-rs-0.1.0 against 1.75.0 for beta-1.76-1
[INFO] extracting crate barcode-rs 0.1.0 into /workspace/builds/worker-4-tc1/source
[INFO] validating manifest of crates.io crate barcode-rs 0.1.0 on toolchain 1.75.0
[INFO] running `Command { std: CARGO_HOME="/workspace/cargo-home" RUSTUP_HOME="/workspace/rustup-home" "/workspace/cargo-home/bin/cargo" "+1.75.0" "metadata" "--manifest-path" "Cargo.toml" "--no-deps", kill_on_drop: false }`
[INFO] started tweaking crates.io crate barcode-rs 0.1.0
[INFO] finished tweaking crates.io crate barcode-rs 0.1.0
[INFO] tweaked toml for crates.io crate barcode-rs 0.1.0 written to /workspace/builds/worker-4-tc1/source/Cargo.toml
[INFO] running `Command { std: CARGO_HOME="/workspace/cargo-home" RUSTUP_HOME="/workspace/rustup-home" "/workspace/cargo-home/bin/cargo" "+1.75.0" "generate-lockfile" "--manifest-path" "Cargo.toml", kill_on_drop: false }`
[INFO] [stderr]     Updating crates.io index
[INFO] running `Command { std: CARGO_HOME="/workspace/cargo-home" RUSTUP_HOME="/workspace/rustup-home" "/workspace/cargo-home/bin/cargo" "+1.75.0" "fetch" "--manifest-path" "Cargo.toml", kill_on_drop: false }`
[INFO] [stderr]  Downloading crates ...
[INFO] [stderr]   Downloaded phf_macros v0.11.2
[INFO] running `Command { std: "docker" "create" "-v" "/var/lib/crater-agent-workspace/builds/worker-4-tc1/target:/opt/rustwide/target:rw,Z" "-v" "/var/lib/crater-agent-workspace/builds/worker-4-tc1/source:/opt/rustwide/workdir:ro,Z" "-v" "/var/lib/crater-agent-workspace/cargo-home:/opt/rustwide/cargo-home:ro,Z" "-v" "/var/lib/crater-agent-workspace/rustup-home:/opt/rustwide/rustup-home:ro,Z" "-e" "SOURCE_DIR=/opt/rustwide/workdir" "-e" "CARGO_TARGET_DIR=/opt/rustwide/target" "-e" "CARGO_HOME=/opt/rustwide/cargo-home" "-e" "RUSTUP_HOME=/opt/rustwide/rustup-home" "-w" "/opt/rustwide/workdir" "-m" "1610612736" "--user" "0:0" "--network" "none" "ghcr.io/rust-lang/crates-build-env/linux@sha256:2788e3201cd34a07e3172128adcd8b3090168a8e3bcc40d7c032b9dda1df7d1c" "/opt/rustwide/cargo-home/bin/cargo" "+1.75.0" "metadata" "--no-deps" "--format-version=1", kill_on_drop: false }`
[INFO] [stdout] ab85b8f000308e84bbc7524f501d6127d45c71ff380a3e67fc257217ebc8ffc0
[INFO] running `Command { std: "docker" "start" "-a" "ab85b8f000308e84bbc7524f501d6127d45c71ff380a3e67fc257217ebc8ffc0", kill_on_drop: false }`
[INFO] running `Command { std: "docker" "inspect" "ab85b8f000308e84bbc7524f501d6127d45c71ff380a3e67fc257217ebc8ffc0", kill_on_drop: false }`
[INFO] running `Command { std: "docker" "rm" "-f" "ab85b8f000308e84bbc7524f501d6127d45c71ff380a3e67fc257217ebc8ffc0", kill_on_drop: false }`
[INFO] [stdout] ab85b8f000308e84bbc7524f501d6127d45c71ff380a3e67fc257217ebc8ffc0
[INFO] running `Command { std: "docker" "create" "-v" "/var/lib/crater-agent-workspace/builds/worker-4-tc1/target:/opt/rustwide/target:rw,Z" "-v" "/var/lib/crater-agent-workspace/builds/worker-4-tc1/source:/opt/rustwide/workdir:ro,Z" "-v" "/var/lib/crater-agent-workspace/cargo-home:/opt/rustwide/cargo-home:ro,Z" "-v" "/var/lib/crater-agent-workspace/rustup-home:/opt/rustwide/rustup-home:ro,Z" "-e" "SOURCE_DIR=/opt/rustwide/workdir" "-e" "CARGO_TARGET_DIR=/opt/rustwide/target" "-e" "CARGO_INCREMENTAL=0" "-e" "RUST_BACKTRACE=full" "-e" "RUSTFLAGS=--cap-lints=warn" "-e" "RUSTDOCFLAGS=--cap-lints=warn" "-e" "CARGO_HOME=/opt/rustwide/cargo-home" "-e" "RUSTUP_HOME=/opt/rustwide/rustup-home" "-w" "/opt/rustwide/workdir" "-m" "1610612736" "--user" "0:0" "--network" "none" "ghcr.io/rust-lang/crates-build-env/linux@sha256:2788e3201cd34a07e3172128adcd8b3090168a8e3bcc40d7c032b9dda1df7d1c" "/opt/rustwide/cargo-home/bin/cargo" "+1.75.0" "build" "--frozen" "--message-format=json", kill_on_drop: false }`
[INFO] [stdout] 109b7f04a52d2c12a3ab5d0446f1193c9fd1d21749c80c10645d23895764cd21
[INFO] running `Command { std: "docker" "start" "-a" "109b7f04a52d2c12a3ab5d0446f1193c9fd1d21749c80c10645d23895764cd21", kill_on_drop: false }`
[INFO] [stderr]    Compiling siphasher v0.3.11
[INFO] [stderr]    Compiling rand_core v0.6.4
[INFO] [stderr]    Compiling syn v2.0.48
[INFO] [stderr]    Compiling bit-vec v0.6.3
[INFO] [stderr]    Compiling rand v0.8.5
[INFO] [stderr]    Compiling phf_shared v0.11.2
[INFO] [stderr]    Compiling phf_generator v0.11.2
[INFO] [stderr]    Compiling phf_macros v0.11.2
[INFO] [stderr]    Compiling phf v0.11.2
[INFO] [stderr]    Compiling barcode-rs v0.1.0 (/opt/rustwide/workdir)
[INFO] [stderr]     Finished dev [unoptimized + debuginfo] target(s) in 3.38s
[INFO] running `Command { std: "docker" "inspect" "109b7f04a52d2c12a3ab5d0446f1193c9fd1d21749c80c10645d23895764cd21", kill_on_drop: false }`
[INFO] running `Command { std: "docker" "rm" "-f" "109b7f04a52d2c12a3ab5d0446f1193c9fd1d21749c80c10645d23895764cd21", kill_on_drop: false }`
[INFO] [stdout] 109b7f04a52d2c12a3ab5d0446f1193c9fd1d21749c80c10645d23895764cd21
[INFO] running `Command { std: "docker" "create" "-v" "/var/lib/crater-agent-workspace/builds/worker-4-tc1/target:/opt/rustwide/target:rw,Z" "-v" "/var/lib/crater-agent-workspace/builds/worker-4-tc1/source:/opt/rustwide/workdir:ro,Z" "-v" "/var/lib/crater-agent-workspace/cargo-home:/opt/rustwide/cargo-home:ro,Z" "-v" "/var/lib/crater-agent-workspace/rustup-home:/opt/rustwide/rustup-home:ro,Z" "-e" "SOURCE_DIR=/opt/rustwide/workdir" "-e" "CARGO_TARGET_DIR=/opt/rustwide/target" "-e" "CARGO_INCREMENTAL=0" "-e" "RUST_BACKTRACE=full" "-e" "RUSTFLAGS=--cap-lints=warn" "-e" "RUSTDOCFLAGS=--cap-lints=warn" "-e" "CARGO_HOME=/opt/rustwide/cargo-home" "-e" "RUSTUP_HOME=/opt/rustwide/rustup-home" "-w" "/opt/rustwide/workdir" "-m" "1610612736" "--user" "0:0" "--network" "none" "ghcr.io/rust-lang/crates-build-env/linux@sha256:2788e3201cd34a07e3172128adcd8b3090168a8e3bcc40d7c032b9dda1df7d1c" "/opt/rustwide/cargo-home/bin/cargo" "+1.75.0" "test" "--frozen" "--no-run" "--message-format=json", kill_on_drop: false }`
[INFO] [stdout] b2f5c52394ccb10993f2343f2841561e4aeb5142b89dcd307295ef6462684af3
[INFO] running `Command { std: "docker" "start" "-a" "b2f5c52394ccb10993f2343f2841561e4aeb5142b89dcd307295ef6462684af3", kill_on_drop: false }`
[INFO] [stderr]    Compiling barcode-rs v0.1.0 (/opt/rustwide/workdir)
[INFO] [stderr]     Finished test [unoptimized + debuginfo] target(s) in 0.41s
[INFO] running `Command { std: "docker" "inspect" "b2f5c52394ccb10993f2343f2841561e4aeb5142b89dcd307295ef6462684af3", kill_on_drop: false }`
[INFO] running `Command { std: "docker" "rm" "-f" "b2f5c52394ccb10993f2343f2841561e4aeb5142b89dcd307295ef6462684af3", kill_on_drop: false }`
[INFO] [stdout] b2f5c52394ccb10993f2343f2841561e4aeb5142b89dcd307295ef6462684af3
[INFO] running `Command { std: "docker" "create" "-v" "/var/lib/crater-agent-workspace/builds/worker-4-tc1/target:/opt/rustwide/target:rw,Z" "-v" "/var/lib/crater-agent-workspace/builds/worker-4-tc1/source:/opt/rustwide/workdir:ro,Z" "-v" "/var/lib/crater-agent-workspace/cargo-home:/opt/rustwide/cargo-home:ro,Z" "-v" "/var/lib/crater-agent-workspace/rustup-home:/opt/rustwide/rustup-home:ro,Z" "-e" "SOURCE_DIR=/opt/rustwide/workdir" "-e" "CARGO_TARGET_DIR=/opt/rustwide/target" "-e" "CARGO_INCREMENTAL=0" "-e" "RUST_BACKTRACE=full" "-e" "RUSTFLAGS=--cap-lints=warn" "-e" "RUSTDOCFLAGS=--cap-lints=warn" "-e" "CARGO_HOME=/opt/rustwide/cargo-home" "-e" "RUSTUP_HOME=/opt/rustwide/rustup-home" "-w" "/opt/rustwide/workdir" "-m" "1610612736" "--user" "0:0" "--network" "none" "ghcr.io/rust-lang/crates-build-env/linux@sha256:2788e3201cd34a07e3172128adcd8b3090168a8e3bcc40d7c032b9dda1df7d1c" "/opt/rustwide/cargo-home/bin/cargo" "+1.75.0" "test" "--frozen", kill_on_drop: false }`
[INFO] [stdout] 70f141e9281bd2098277517cb9c3cc23e6a2ea5e24e03c0950a4b0a14281d5bf
[INFO] running `Command { std: "docker" "start" "-a" "70f141e9281bd2098277517cb9c3cc23e6a2ea5e24e03c0950a4b0a14281d5bf", kill_on_drop: false }`
[INFO] [stderr]     Finished test [unoptimized + debuginfo] target(s) in 0.02s
[INFO] [stderr]      Running unittests src/lib.rs (/opt/rustwide/target/debug/deps/barcode_rs-f0d870459a25834c)
[INFO] [stdout] 
[INFO] [stdout] running 5 tests
[INFO] [stdout] test tests::code_11 ... ok
[INFO] [stdout] test tests::ean_13 ... ok
[INFO] [stdout] test tests::ean_8 ... ok
[INFO] [stdout] test tests::interleaved_2_of_5 ... ok
[INFO] [stdout] test tests::standard_2_of_5 ... ok
[INFO] [stdout] 
[INFO] [stdout] test result: ok. 5 passed; 0 failed; 0 ignored; 0 measured; 0 filtered out; finished in 0.00s
[INFO] [stdout] 
[INFO] [stderr]    Doc-tests barcode-rs
[INFO] [stdout] 
[INFO] [stdout] running 2 tests
[INFO] [stdout] test src/lib.rs - (line 14) ... FAILED
[INFO] [stdout] test src/lib.rs - (line 20) ... FAILED
[INFO] [stdout] 
[INFO] [stdout] failures:
[INFO] [stdout] 
[INFO] [stdout] ---- src/lib.rs - (line 14) stdout ----
[INFO] [stdout] error[E0433]: failed to resolve: use of undeclared type `BarcodeFormat`
[INFO] [stdout]  --> src/lib.rs:16:54
[INFO] [stdout]   |
[INFO] [stdout] 4 | let result: bit_vec::BitVec = my_data.barcode_encode(BarcodeFormat::EAN13).unwrap();
[INFO] [stdout]   |                                                      ^^^^^^^^^^^^^ use of undeclared type `BarcodeFormat`
[INFO] [stdout]   |
[INFO] [stdout] help: consider importing this enum
[INFO] [stdout]   |
[INFO] [stdout] 2 + use barcode_rs::BarcodeFormat;
[INFO] [stdout]   |
[INFO] [stdout] 
[INFO] [stdout] error[E0599]: no method named `barcode_encode` found for reference `&str` in the current scope
[INFO] [stdout]  --> src/lib.rs:16:39
[INFO] [stdout]   |
[INFO] [stdout] 4 | let result: bit_vec::BitVec = my_data.barcode_encode(BarcodeFormat::EAN13).unwrap();
[INFO] [stdout]   |                                       ^^^^^^^^^^^^^^ method not found in `&str`
[INFO] [stdout]   |
[INFO] [stdout]  ::: /opt/rustwide/workdir/src/encoding_source.rs:6:8
[INFO] [stdout]   |
[INFO] [stdout] 6 |     fn barcode_encode(&self, format: BarcodeFormat) -> Result<BitVec, EncodingError>;
[INFO] [stdout]   |        -------------- the method is available for `&str` here
[INFO] [stdout]   |
[INFO] [stdout]   = help: items from traits can only be used if the trait is in scope
[INFO] [stdout] help: the following trait is implemented but not in scope; perhaps add a `use` for it:
[INFO] [stdout]   |
[INFO] [stdout] 2 + use barcode_rs::encoding_source::BorrowEncodingSource;
[INFO] [stdout]   |
[INFO] [stdout] 
[INFO] [stdout] error: aborting due to 2 previous errors
[INFO] [stdout] 
[INFO] [stdout] Some errors have detailed explanations: E0433, E0599.
[INFO] [stdout] For more information about an error, try `rustc --explain E0433`.
[INFO] [stdout] Couldn't compile the test.
[INFO] [stdout] ---- src/lib.rs - (line 20) stdout ----
[INFO] [stdout] error[E0433]: failed to resolve: use of undeclared type `BarcodeFormat`
[INFO] [stdout]  --> src/lib.rs:23:60
[INFO] [stdout]   |
[INFO] [stdout] 6 | let result: bit_vec::BitVec = barcode_rs::encode(&my_data, BarcodeFormat::EAN13).unwrap();
[INFO] [stdout]   |                                                            ^^^^^^^^^^^^^ use of undeclared type `BarcodeFormat`
[INFO] [stdout]   |
[INFO] [stdout] help: consider importing this enum
[INFO] [stdout]   |
[INFO] [stdout] 2 + use barcode_rs::BarcodeFormat;
[INFO] [stdout]   |
[INFO] [stdout] 
[INFO] [stdout] error[E0308]: mismatched types
[INFO] [stdout]  --> src/lib.rs:25:20
[INFO] [stdout]   |
[INFO] [stdout] 8 | assert_eq!(result, "10101100010100111001100101001110111101011001101010100001011001101100110100001011100101110100101".to_string());
[INFO] [stdout]   |                    ^^^^^^^^^^^^^^^^^^^^^^^^^^^^^^^^^^^^^^^^^^^^^^^^^^^^^^^^^^^^^^^^^^^^^^^^^^^^^^^^^^^^^^^^^^^^^^^^^^^^^^^^^^^^^ expected `BitVec`, found `String`
[INFO] [stdout]   |
[INFO] [stdout]   = note: expected struct `BitVec`
[INFO] [stdout]              found struct `String`
[INFO] [stdout] 
[INFO] [stdout] error: aborting due to 2 previous errors
[INFO] [stdout] 
[INFO] [stdout] Some errors have detailed explanations: E0308, E0433.
[INFO] [stdout] For more information about an error, try `rustc --explain E0308`.
[INFO] [stdout] Couldn't compile the test.
[INFO] [stdout] 
[INFO] [stdout] failures:
[INFO] [stdout]     src/lib.rs - (line 14)
[INFO] [stdout]     src/lib.rs - (line 20)
[INFO] [stdout] 
[INFO] [stdout] test result: FAILED. 0 passed; 2 failed; 0 ignored; 0 measured; 0 filtered out; finished in 0.08s
[INFO] [stdout] 
[INFO] [stderr] error: doctest failed, to rerun pass `--doc`
[INFO] running `Command { std: "docker" "inspect" "70f141e9281bd2098277517cb9c3cc23e6a2ea5e24e03c0950a4b0a14281d5bf", kill_on_drop: false }`
[INFO] running `Command { std: "docker" "rm" "-f" "70f141e9281bd2098277517cb9c3cc23e6a2ea5e24e03c0950a4b0a14281d5bf", kill_on_drop: false }`
[INFO] [stdout] 70f141e9281bd2098277517cb9c3cc23e6a2ea5e24e03c0950a4b0a14281d5bf
