[INFO] fetching crate bacup 0.1.10...
[INFO] testing bacup-0.1.10 against 1.75.0 for beta-1.76-1
[INFO] extracting crate bacup 0.1.10 into /workspace/builds/worker-3-tc1/source
[INFO] validating manifest of crates.io crate bacup 0.1.10 on toolchain 1.75.0
[INFO] running `Command { std: CARGO_HOME="/workspace/cargo-home" RUSTUP_HOME="/workspace/rustup-home" "/workspace/cargo-home/bin/cargo" "+1.75.0" "metadata" "--manifest-path" "Cargo.toml" "--no-deps", kill_on_drop: false }`
[INFO] started tweaking crates.io crate bacup 0.1.10
[INFO] finished tweaking crates.io crate bacup 0.1.10
[INFO] tweaked toml for crates.io crate bacup 0.1.10 written to /workspace/builds/worker-3-tc1/source/Cargo.toml
[INFO] crate crates.io crate bacup 0.1.10 already has a lockfile, it will not be regenerated
[INFO] running `Command { std: CARGO_HOME="/workspace/cargo-home" RUSTUP_HOME="/workspace/rustup-home" "/workspace/cargo-home/bin/cargo" "+1.75.0" "fetch" "--manifest-path" "Cargo.toml", kill_on_drop: false }`
[INFO] [stderr]     Updating crates.io index
[INFO] [stderr]  Downloading crates ...
[INFO] [stderr]   Downloaded rustls-native-certs v0.5.0
[INFO] [stderr]   Downloaded thiserror-impl v1.0.31
[INFO] [stderr]   Downloaded wasm-bindgen-backend v0.2.80
[INFO] [stderr]   Downloaded indexmap v1.8.1
[INFO] [stderr]   Downloaded wasm-bindgen v0.2.80
[INFO] [stderr]   Downloaded js-sys v0.3.57
[INFO] [stderr]   Downloaded bytes-utils v0.1.2
[INFO] [stderr]   Downloaded parking_lot_core v0.9.3
[INFO] [stderr]   Downloaded num_threads v0.1.5
[INFO] [stderr]   Downloaded pin-project v1.0.10
[INFO] [stderr]   Downloaded libc v0.2.125
[INFO] [stderr]   Downloaded aws-smithy-eventstream v0.41.0
[INFO] [stderr]   Downloaded hyper v0.14.18
[INFO] [stderr]   Downloaded miniz_oxide v0.5.1
[INFO] [stderr]   Downloaded aws-config v0.11.0
[INFO] [stderr]   Downloaded aws-smithy-http-tower v0.41.0
[INFO] [stderr]   Downloaded time v0.3.9
[INFO] [stderr]   Downloaded http v0.2.7
[INFO] [stderr]   Downloaded unicode-segmentation v1.9.0
[INFO] [stderr]   Downloaded tracing-core v0.1.26
[INFO] [stderr]   Downloaded aws-sdk-sts v0.11.0
[INFO] [stderr]   Downloaded tokio-cron-scheduler v0.7.0
[INFO] [stderr]   Downloaded mio v0.8.2
[INFO] [stderr]   Downloaded tokio v1.18.0
[INFO] [stderr]   Downloaded aws-http v0.11.0
[INFO] [stderr]   Downloaded aws-smithy-async v0.41.0
[INFO] [stderr]   Downloaded aws-smithy-client v0.41.0
[INFO] [stderr]   Downloaded aws-smithy-http v0.41.0
[INFO] [stderr]   Downloaded aws-smithy-types v0.41.0
[INFO] [stderr]   Downloaded tracing v0.1.34
[INFO] [stderr]   Downloaded web-sys v0.3.57
[INFO] [stderr]   Downloaded aws-sdk-s3 v0.11.0
[INFO] [stderr]   Downloaded tokio-util v0.7.1
[INFO] [stderr]   Downloaded h2 v0.3.13
[INFO] [stderr]   Downloaded flate2 v1.0.23
[INFO] [stderr]   Downloaded async-compression v0.3.12
[INFO] [stderr]   Downloaded aws-sdk-sso v0.11.0
[INFO] [stderr]   Downloaded semver v1.0.7
[INFO] [stderr]   Downloaded zeroize v1.5.5
[INFO] [stderr]   Downloaded futures-executor v0.3.21
[INFO] [stderr]   Downloaded futures-macro v0.3.21
[INFO] [stderr]   Downloaded slab v0.4.6
[INFO] [stderr]   Downloaded futures v0.3.21
[INFO] [stderr]   Downloaded shellexpand v2.1.0
[INFO] [stderr]   Downloaded stderrlog v0.5.1
[INFO] [stderr]   Downloaded cron v0.10.1
[INFO] [stderr]   Downloaded tracing-attributes v0.1.21
[INFO] [stderr]   Downloaded filetime v0.2.16
[INFO] [stderr]   Downloaded tokio-tar v0.3.0
[INFO] [stderr]   Downloaded redox_syscall v0.2.13
[INFO] [stderr]   Downloaded tokio-stream v0.1.8
[INFO] [stderr]   Downloaded serde_derive v1.0.137
[INFO] [stderr]   Downloaded thiserror v1.0.31
[INFO] [stderr]   Downloaded lock_api v0.4.7
[INFO] [stderr]   Downloaded parking_lot v0.12.0
[INFO] [stderr]   Downloaded which v4.2.5
[INFO] [stderr]   Downloaded toml v0.5.9
[INFO] [stderr]   Downloaded proc-macro2 v1.0.37
[INFO] [stderr]   Downloaded getrandom v0.2.6
[INFO] [stderr]   Downloaded once_cell v1.10.0
[INFO] [stderr]   Downloaded wasm-bindgen-macro-support v0.2.80
[INFO] [stderr]   Downloaded wasm-bindgen-macro v0.2.80
[INFO] [stderr]   Downloaded hyper-rustls v0.22.1
[INFO] [stderr]   Downloaded tower v0.4.12
[INFO] [stderr]   Downloaded httparse v1.7.1
[INFO] [stderr]   Downloaded async-trait v0.1.53
[INFO] [stderr]   Downloaded urlencoding v2.1.0
[INFO] [stderr]   Downloaded aws-smithy-query v0.41.0
[INFO] [stderr]   Downloaded aws-smithy-json v0.41.0
[INFO] [stderr]   Downloaded aws-endpoint v0.11.0
[INFO] [stderr]   Downloaded aws-sig-auth v0.11.0
[INFO] [stderr]   Downloaded aws-sigv4 v0.11.0
[INFO] [stderr]   Downloaded xmlparser v0.13.3
[INFO] [stderr]   Downloaded aws-smithy-xml v0.41.0
[INFO] [stderr]   Downloaded aws-types v0.11.0
[INFO] [stderr]   Downloaded cron v0.11.0
[INFO] [stderr]   Downloaded dyn-clone v1.0.5
[INFO] [stderr]   Downloaded quote v1.0.18
[INFO] [stderr]   Downloaded log v0.4.16
[INFO] [stderr]   Downloaded md5 v0.7.0
[INFO] [stderr]   Downloaded ct-logs v0.8.0
[INFO] [stderr]   Downloaded rustls v0.19.1
[INFO] [stderr]   Downloaded tokio-rustls v0.22.0
[INFO] [stderr]   Downloaded wasm-bindgen-shared v0.2.80
[INFO] [stderr]   Downloaded tower-layer v0.3.1
[INFO] [stderr]   Downloaded pin-project-internal v1.0.10
[INFO] [stderr]   Downloaded syn v1.0.92
[INFO] running `Command { std: "docker" "create" "-v" "/var/lib/crater-agent-workspace/builds/worker-3-tc1/target:/opt/rustwide/target:rw,Z" "-v" "/var/lib/crater-agent-workspace/builds/worker-3-tc1/source:/opt/rustwide/workdir:ro,Z" "-v" "/var/lib/crater-agent-workspace/cargo-home:/opt/rustwide/cargo-home:ro,Z" "-v" "/var/lib/crater-agent-workspace/rustup-home:/opt/rustwide/rustup-home:ro,Z" "-e" "SOURCE_DIR=/opt/rustwide/workdir" "-e" "CARGO_TARGET_DIR=/opt/rustwide/target" "-e" "CARGO_HOME=/opt/rustwide/cargo-home" "-e" "RUSTUP_HOME=/opt/rustwide/rustup-home" "-w" "/opt/rustwide/workdir" "-m" "1610612736" "--user" "0:0" "--network" "none" "ghcr.io/rust-lang/crates-build-env/linux@sha256:2788e3201cd34a07e3172128adcd8b3090168a8e3bcc40d7c032b9dda1df7d1c" "/opt/rustwide/cargo-home/bin/cargo" "+1.75.0" "metadata" "--no-deps" "--format-version=1", kill_on_drop: false }`
[INFO] [stdout] 6b8268ea7276f601f2c85aad57d79dfe5f519119694c459f6aced25e11e0fd13
[INFO] running `Command { std: "docker" "start" "-a" "6b8268ea7276f601f2c85aad57d79dfe5f519119694c459f6aced25e11e0fd13", kill_on_drop: false }`
[INFO] running `Command { std: "docker" "inspect" "6b8268ea7276f601f2c85aad57d79dfe5f519119694c459f6aced25e11e0fd13", kill_on_drop: false }`
[INFO] running `Command { std: "docker" "rm" "-f" "6b8268ea7276f601f2c85aad57d79dfe5f519119694c459f6aced25e11e0fd13", kill_on_drop: false }`
[INFO] [stdout] 6b8268ea7276f601f2c85aad57d79dfe5f519119694c459f6aced25e11e0fd13
[INFO] running `Command { std: "docker" "create" "-v" "/var/lib/crater-agent-workspace/builds/worker-3-tc1/target:/opt/rustwide/target:rw,Z" "-v" "/var/lib/crater-agent-workspace/builds/worker-3-tc1/source:/opt/rustwide/workdir:ro,Z" "-v" "/var/lib/crater-agent-workspace/cargo-home:/opt/rustwide/cargo-home:ro,Z" "-v" "/var/lib/crater-agent-workspace/rustup-home:/opt/rustwide/rustup-home:ro,Z" "-e" "SOURCE_DIR=/opt/rustwide/workdir" "-e" "CARGO_TARGET_DIR=/opt/rustwide/target" "-e" "CARGO_INCREMENTAL=0" "-e" "RUST_BACKTRACE=full" "-e" "RUSTFLAGS=--cap-lints=warn" "-e" "RUSTDOCFLAGS=--cap-lints=warn" "-e" "CARGO_HOME=/opt/rustwide/cargo-home" "-e" "RUSTUP_HOME=/opt/rustwide/rustup-home" "-w" "/opt/rustwide/workdir" "-m" "1610612736" "--user" "0:0" "--network" "none" "ghcr.io/rust-lang/crates-build-env/linux@sha256:2788e3201cd34a07e3172128adcd8b3090168a8e3bcc40d7c032b9dda1df7d1c" "/opt/rustwide/cargo-home/bin/cargo" "+1.75.0" "build" "--frozen" "--message-format=json", kill_on_drop: false }`
[INFO] [stdout] d38dd6354d1f85d20a28ab08c297a2e300167caef5ffa1275a4b73ab77dcefe4
[INFO] running `Command { std: "docker" "start" "-a" "d38dd6354d1f85d20a28ab08c297a2e300167caef5ffa1275a4b73ab77dcefe4", kill_on_drop: false }`
[INFO] [stderr]    Compiling libc v0.2.125
[INFO] [stderr]    Compiling proc-macro2 v1.0.37
[INFO] [stderr]    Compiling unicode-xid v0.2.2
[INFO] [stderr]    Compiling syn v1.0.92
[INFO] [stderr]    Compiling memchr v2.5.0
[INFO] [stderr]    Compiling once_cell v1.10.0
[INFO] [stderr]    Compiling log v0.4.16
[INFO] [stderr]    Compiling pin-project-lite v0.2.9
[INFO] [stderr]    Compiling bytes v1.1.0
[INFO] [stderr]    Compiling futures-core v0.3.21
[INFO] [stderr]    Compiling parking_lot_core v0.9.3
[INFO] [stderr]    Compiling scopeguard v1.1.0
[INFO] [stderr]    Compiling smallvec v1.8.0
[INFO] [stderr]    Compiling futures-sink v0.3.21
[INFO] [stderr]    Compiling lock_api v0.4.7
[INFO] [stderr]    Compiling num-traits v0.2.14
[INFO] [stderr]    Compiling lazy_static v1.4.0
[INFO] [stderr]    Compiling futures-channel v0.3.21
[INFO] [stderr]    Compiling futures-task v0.3.21
[INFO] [stderr]    Compiling itoa v1.0.1
[INFO] [stderr]    Compiling futures-util v0.3.21
[INFO] [stderr]    Compiling futures-io v0.3.21
[INFO] [stderr]    Compiling cc v1.0.73
[INFO] [stderr]    Compiling slab v0.4.6
[INFO] [stderr]    Compiling tracing-core v0.1.26
[INFO] [stderr]    Compiling spin v0.5.2
[INFO] [stderr]    Compiling untrusted v0.7.1
[INFO] [stderr]    Compiling indexmap v1.8.1
[INFO] [stderr]    Compiling num_threads v0.1.5
[INFO] [stderr]    Compiling http v0.2.7
[INFO] [stderr]    Compiling hashbrown v0.11.2
[INFO] [stderr]    Compiling httparse v1.7.1
[INFO] [stderr]    Compiling ryu v1.0.9
[INFO] [stderr]    Compiling try-lock v0.2.3
[INFO] [stderr]    Compiling tower-service v0.3.1
[INFO] [stderr]    Compiling either v1.6.1
[INFO] [stderr]    Compiling percent-encoding v2.1.0
[INFO] [stderr]    Compiling httpdate v1.0.2
[INFO] [stderr]    Compiling want v0.3.0
[INFO] [stderr]    Compiling quote v1.0.18
[INFO] [stderr]    Compiling base64 v0.13.0
[INFO] [stderr]    Compiling semver v1.0.7
[INFO] [stderr]    Compiling bytes-utils v0.1.2
[INFO] [stderr]    Compiling tower-layer v0.3.1
[INFO] [stderr]    Compiling num_cpus v1.13.1
[INFO] [stderr]    Compiling socket2 v0.4.4
[INFO] [stderr]    Compiling signal-hook-registry v1.4.0
[INFO] [stderr]    Compiling mio v0.8.2
[INFO] [stderr]    Compiling time v0.3.9
[INFO] [stderr]    Compiling fastrand v1.7.0
[INFO] [stderr]    Compiling matches v0.1.9
[INFO] [stderr]    Compiling aho-corasick v0.7.18
[INFO] [stderr]    Compiling parking_lot v0.12.0
[INFO] [stderr]    Compiling zeroize v1.5.5
[INFO] [stderr]    Compiling http-body v0.4.4
[INFO] [stderr]    Compiling num-integer v0.1.45
[INFO] [stderr]    Compiling rustc_version v0.4.0
[INFO] [stderr]    Compiling regex-syntax v0.6.25
[INFO] [stderr]    Compiling form_urlencoded v1.0.1
[INFO] [stderr]    Compiling proc-macro-error-attr v1.0.4
[INFO] [stderr]    Compiling time v0.1.44
[INFO] [stderr]    Compiling ring v0.16.20
[INFO] [stderr]    Compiling serde_derive v1.0.137
[INFO] [stderr]    Compiling proc-macro-error v1.0.4
[INFO] [stderr]    Compiling chrono v0.4.19
[INFO] [stderr]    Compiling serde v1.0.137
[INFO] [stderr]    Compiling tinyvec_macros v0.1.0
[INFO] [stderr]    Compiling xmlparser v0.13.3
[INFO] [stderr]    Compiling aws-types v0.11.0
[INFO] [stderr]    Compiling minimal-lexical v0.2.1
[INFO] [stderr]    Compiling tinyvec v1.6.0
[INFO] [stderr]    Compiling atty v0.2.14
[INFO] [stderr]    Compiling urlencoding v2.1.0
[INFO] [stderr]    Compiling unicode-segmentation v1.9.0
[INFO] [stderr]    Compiling unicode-width v0.1.9
[INFO] [stderr]    Compiling miniz_oxide v0.5.1
[INFO] [stderr]    Compiling getrandom v0.2.6
[INFO] [stderr]    Compiling aws-smithy-types v0.41.0
[INFO] [stderr]    Compiling nom v7.1.1
[INFO] [stderr]    Compiling textwrap v0.11.0
[INFO] [stderr]    Compiling dirs-sys-next v0.1.2
[INFO] [stderr]    Compiling heck v0.3.3
[INFO] [stderr]    Compiling unicode-bidi v0.3.8
[INFO] [stderr]    Compiling tokio-cron-scheduler v0.7.0
[INFO] [stderr]    Compiling async-trait v0.1.53
[INFO] [stderr]    Compiling clap v2.34.0
[INFO] [stderr]    Compiling aws-smithy-eventstream v0.41.0
[INFO] [stderr]    Compiling aws-smithy-json v0.41.0
[INFO] [stderr]    Compiling aws-smithy-query v0.41.0
[INFO] [stderr]    Compiling unicode-normalization v0.1.19
[INFO] [stderr]    Compiling flate2 v1.0.23
[INFO] [stderr]    Compiling dirs-next v2.0.0
[INFO] [stderr]    Compiling uuid v0.8.2
[INFO] [stderr]    Compiling xattr v0.2.2
[INFO] [stderr]    Compiling filetime v0.2.16
[INFO] [stderr]    Compiling thread_local v1.0.1
[INFO] [stderr]    Compiling md5 v0.7.0
[INFO] [stderr]    Compiling termcolor v1.1.3
[INFO] [stderr]    Compiling remove_dir_all v0.5.3
[INFO] [stderr]    Compiling shellexpand v2.1.0
[INFO] [stderr]    Compiling which v4.2.5
[INFO] [stderr]    Compiling tempfile v3.3.0
[INFO] [stderr]    Compiling dyn-clone v1.0.5
[INFO] [stderr]    Compiling stderrlog v0.5.1
[INFO] [stderr]    Compiling glob v0.3.0
[INFO] [stderr]    Compiling regex v1.5.5
[INFO] [stderr]    Compiling idna v0.2.3
[INFO] [stderr]    Compiling cron v0.10.1
[INFO] [stderr]    Compiling cron v0.11.0
[INFO] [stderr]    Compiling sct v0.6.1
[INFO] [stderr]    Compiling webpki v0.21.4
[INFO] [stderr]    Compiling ct-logs v0.8.0
[INFO] [stderr]    Compiling tokio-macros v1.7.0
[INFO] [stderr]    Compiling futures-macro v0.3.21
[INFO] [stderr]    Compiling tracing-attributes v0.1.21
[INFO] [stderr]    Compiling pin-project-internal v1.0.10
[INFO] [stderr]    Compiling thiserror-impl v1.0.31
[INFO] [stderr]    Compiling num-derive v0.3.3
[INFO] [stderr]    Compiling structopt-derive v0.4.18
[INFO] [stderr]    Compiling rustls v0.19.1
[INFO] [stderr]    Compiling tokio v1.18.0
[INFO] [stderr]    Compiling pin-project v1.0.10
[INFO] [stderr]    Compiling structopt v0.3.26
[INFO] [stderr]    Compiling tracing v0.1.34
[INFO] [stderr]    Compiling thiserror v1.0.31
[INFO] [stderr]    Compiling aws-smithy-xml v0.41.0
[INFO] [stderr]    Compiling rustls-native-certs v0.5.0
[INFO] [stderr]    Compiling futures-executor v0.3.21
[INFO] [stderr]    Compiling futures v0.3.21
[INFO] [stderr]    Compiling tokio-util v0.7.1
[INFO] [stderr]    Compiling tokio-util v0.6.9
[INFO] [stderr]    Compiling tokio-stream v0.1.8
[INFO] [stderr]    Compiling tokio-rustls v0.22.0
[INFO] [stderr]    Compiling tower v0.4.12
[INFO] [stderr]    Compiling async-compression v0.3.12
[INFO] [stderr]    Compiling aws-smithy-async v0.41.0
[INFO] [stderr]    Compiling tokio-tar v0.3.0
[INFO] [stderr]    Compiling h2 v0.3.13
[INFO] [stderr]    Compiling url v2.2.2
[INFO] [stderr]    Compiling toml v0.5.9
[INFO] [stderr]    Compiling hyper v0.14.18
[INFO] [stderr]    Compiling aws-smithy-http v0.41.0
[INFO] [stderr]    Compiling hyper-rustls v0.22.1
[INFO] [stderr]    Compiling aws-smithy-http-tower v0.41.0
[INFO] [stderr]    Compiling aws-sigv4 v0.11.0
[INFO] [stderr]    Compiling aws-smithy-client v0.41.0
[INFO] [stderr]    Compiling aws-sig-auth v0.11.0
[INFO] [stderr]    Compiling aws-http v0.11.0
[INFO] [stderr]    Compiling aws-endpoint v0.11.0
[INFO] [stderr]    Compiling aws-sdk-sts v0.11.0
[INFO] [stderr]    Compiling aws-sdk-sso v0.11.0
[INFO] [stderr]    Compiling aws-sdk-s3 v0.11.0
[INFO] [stderr]    Compiling aws-config v0.11.0
[INFO] [stderr]    Compiling bacup v0.1.10 (/opt/rustwide/workdir)
[INFO] [stderr]     Finished dev [unoptimized + debuginfo] target(s) in 45.60s
[INFO] running `Command { std: "docker" "inspect" "d38dd6354d1f85d20a28ab08c297a2e300167caef5ffa1275a4b73ab77dcefe4", kill_on_drop: false }`
[INFO] running `Command { std: "docker" "rm" "-f" "d38dd6354d1f85d20a28ab08c297a2e300167caef5ffa1275a4b73ab77dcefe4", kill_on_drop: false }`
[INFO] [stdout] d38dd6354d1f85d20a28ab08c297a2e300167caef5ffa1275a4b73ab77dcefe4
[INFO] running `Command { std: "docker" "create" "-v" "/var/lib/crater-agent-workspace/builds/worker-3-tc1/target:/opt/rustwide/target:rw,Z" "-v" "/var/lib/crater-agent-workspace/builds/worker-3-tc1/source:/opt/rustwide/workdir:ro,Z" "-v" "/var/lib/crater-agent-workspace/cargo-home:/opt/rustwide/cargo-home:ro,Z" "-v" "/var/lib/crater-agent-workspace/rustup-home:/opt/rustwide/rustup-home:ro,Z" "-e" "SOURCE_DIR=/opt/rustwide/workdir" "-e" "CARGO_TARGET_DIR=/opt/rustwide/target" "-e" "CARGO_INCREMENTAL=0" "-e" "RUST_BACKTRACE=full" "-e" "RUSTFLAGS=--cap-lints=warn" "-e" "RUSTDOCFLAGS=--cap-lints=warn" "-e" "CARGO_HOME=/opt/rustwide/cargo-home" "-e" "RUSTUP_HOME=/opt/rustwide/rustup-home" "-w" "/opt/rustwide/workdir" "-m" "1610612736" "--user" "0:0" "--network" "none" "ghcr.io/rust-lang/crates-build-env/linux@sha256:2788e3201cd34a07e3172128adcd8b3090168a8e3bcc40d7c032b9dda1df7d1c" "/opt/rustwide/cargo-home/bin/cargo" "+1.75.0" "test" "--frozen" "--no-run" "--message-format=json", kill_on_drop: false }`
[INFO] [stdout] 6883f9ebc1fbec1878fe6e09bb2ae16c507378758ee7c648c3480d4669063d25
[INFO] running `Command { std: "docker" "start" "-a" "6883f9ebc1fbec1878fe6e09bb2ae16c507378758ee7c648c3480d4669063d25", kill_on_drop: false }`
[INFO] [stderr]    Compiling bacup v0.1.10 (/opt/rustwide/workdir)
[INFO] [stderr]     Finished test [unoptimized + debuginfo] target(s) in 11.39s
[INFO] running `Command { std: "docker" "inspect" "6883f9ebc1fbec1878fe6e09bb2ae16c507378758ee7c648c3480d4669063d25", kill_on_drop: false }`
[INFO] running `Command { std: "docker" "rm" "-f" "6883f9ebc1fbec1878fe6e09bb2ae16c507378758ee7c648c3480d4669063d25", kill_on_drop: false }`
[INFO] [stdout] 6883f9ebc1fbec1878fe6e09bb2ae16c507378758ee7c648c3480d4669063d25
[INFO] running `Command { std: "docker" "create" "-v" "/var/lib/crater-agent-workspace/builds/worker-3-tc1/target:/opt/rustwide/target:rw,Z" "-v" "/var/lib/crater-agent-workspace/builds/worker-3-tc1/source:/opt/rustwide/workdir:ro,Z" "-v" "/var/lib/crater-agent-workspace/cargo-home:/opt/rustwide/cargo-home:ro,Z" "-v" "/var/lib/crater-agent-workspace/rustup-home:/opt/rustwide/rustup-home:ro,Z" "-e" "SOURCE_DIR=/opt/rustwide/workdir" "-e" "CARGO_TARGET_DIR=/opt/rustwide/target" "-e" "CARGO_INCREMENTAL=0" "-e" "RUST_BACKTRACE=full" "-e" "RUSTFLAGS=--cap-lints=warn" "-e" "RUSTDOCFLAGS=--cap-lints=warn" "-e" "CARGO_HOME=/opt/rustwide/cargo-home" "-e" "RUSTUP_HOME=/opt/rustwide/rustup-home" "-w" "/opt/rustwide/workdir" "-m" "1610612736" "--user" "0:0" "--network" "none" "ghcr.io/rust-lang/crates-build-env/linux@sha256:2788e3201cd34a07e3172128adcd8b3090168a8e3bcc40d7c032b9dda1df7d1c" "/opt/rustwide/cargo-home/bin/cargo" "+1.75.0" "test" "--frozen", kill_on_drop: false }`
[INFO] [stdout] e3bd30955dd61f61e5cb0f9588f3a19e8175c72a40ae27cc425aa049515cd1a1
[INFO] running `Command { std: "docker" "start" "-a" "e3bd30955dd61f61e5cb0f9588f3a19e8175c72a40ae27cc425aa049515cd1a1", kill_on_drop: false }`
[INFO] [stderr]     Finished test [unoptimized + debuginfo] target(s) in 0.19s
[INFO] [stderr]      Running unittests src/lib.rs (/opt/rustwide/target/debug/deps/bacup-b5c4c22b892d78f0)
[INFO] [stdout] 
[INFO] [stdout] running 20 tests
[INFO] [stdout] test services::postgresql::tests::test_dump_success ... ignored
[INFO] [stdout] test services::folders::tests::test_new_absolute_folder ... ok
[INFO] [stdout] test services::postgresql::tests::test_new_connection_fail_port ... ok
[INFO] [stdout] test services::postgresql::tests::test_new_connection_fail_db_name ... ok
[INFO] [stdout] test services::postgresql::tests::test_new_connection_ok ... ignored
[INFO] [stdout] test services::folders::tests::test_non_existing_abolute ... ok
[INFO] [stdout] test remotes::localhost::tests::test_upload_file ... ok
[INFO] [stdout] test services::folders::tests::test_new_relative ... ok
[INFO] [stdout] test backup::tests::test_parse_when_montly ... ok
[INFO] [stdout] test services::postgresql::tests::test_new_connection_fail_host ... ok
[INFO] [stdout] test services::folders::tests::test_dump_and_list_wildcard ... ok
[INFO] [stdout] test services::folders::tests::test_dump_and_list_no_wildcard_single_file ... ok
[INFO] [stdout] test remotes::localhost::tests::test_upload_folder ... ok
[INFO] [stdout] test backup::tests::test_parse_when_daily ... ok
[INFO] [stdout] test services::postgresql::tests::test_new_connection_fail_username ... ok
[INFO] [stdout] test remotes::localhost::tests::test_upload_file_compressed ... ok
[INFO] [stdout] test services::folders::tests::test_new_absolute_file ... ok
[INFO] [stdout] test backup::tests::test_parse_when_weekly ... ok
[INFO] [stdout] test services::folders::tests::test_dump_and_list_no_wildcard_folder ... FAILED
[INFO] [stdout] test remotes::localhost::tests::test_upload_folder_compressed ... ok
[INFO] [stdout] 
[INFO] [stdout] failures:
[INFO] [stdout] 
[INFO] [stdout] ---- services::folders::tests::test_dump_and_list_no_wildcard_folder stdout ----
[INFO] [stdout] thread 'services::folders::tests::test_dump_and_list_no_wildcard_folder' panicked at src/services/folders.rs:143:9:
[INFO] [stdout] assertion failed: files.contains(&git_info)
[INFO] [stdout] stack backtrace:
[INFO] [stdout]    0:     0x563a16a266ac - std::backtrace_rs::backtrace::libunwind::trace::ha637c64ce894333a
[INFO] [stdout]                                at /rustc/82e1608dfa6e0b5569232559e3d385fea5a93112/library/std/src/../../backtrace/src/backtrace/libunwind.rs:104:5
[INFO] [stdout]    1:     0x563a16a266ac - std::backtrace_rs::backtrace::trace_unsynchronized::h47f62dea28e0c88d
[INFO] [stdout]                                at /rustc/82e1608dfa6e0b5569232559e3d385fea5a93112/library/std/src/../../backtrace/src/backtrace/mod.rs:66:5
[INFO] [stdout]    2:     0x563a16a266ac - std::sys_common::backtrace::_print_fmt::h9eef0abe20ede486
[INFO] [stdout]                                at /rustc/82e1608dfa6e0b5569232559e3d385fea5a93112/library/std/src/sys_common/backtrace.rs:67:5
[INFO] [stdout]    3:     0x563a16a266ac - <std::sys_common::backtrace::_print::DisplayBacktrace as core::fmt::Display>::fmt::hed7f999df88cc644
[INFO] [stdout]                                at /rustc/82e1608dfa6e0b5569232559e3d385fea5a93112/library/std/src/sys_common/backtrace.rs:44:22
[INFO] [stdout]    4:     0x563a16a52470 - core::fmt::rt::Argument::fmt::h1539a9308b8d058d
[INFO] [stdout]                                at /rustc/82e1608dfa6e0b5569232559e3d385fea5a93112/library/core/src/fmt/rt.rs:142:9
[INFO] [stdout]    5:     0x563a16a52470 - core::fmt::write::h3a39390d8560d9c9
[INFO] [stdout]                                at /rustc/82e1608dfa6e0b5569232559e3d385fea5a93112/library/core/src/fmt/mod.rs:1120:17
[INFO] [stdout]    6:     0x563a16a2374f - std::io::Write::write_fmt::h040b369f3a0f9cbc
[INFO] [stdout]                                at /rustc/82e1608dfa6e0b5569232559e3d385fea5a93112/library/std/src/io/mod.rs:1762:15
[INFO] [stdout]    7:     0x563a16a26494 - std::sys_common::backtrace::_print::h894006fb5c6f3d45
[INFO] [stdout]                                at /rustc/82e1608dfa6e0b5569232559e3d385fea5a93112/library/std/src/sys_common/backtrace.rs:47:5
[INFO] [stdout]    8:     0x563a16a26494 - std::sys_common::backtrace::print::h23a2d212c6fff936
[INFO] [stdout]                                at /rustc/82e1608dfa6e0b5569232559e3d385fea5a93112/library/std/src/sys_common/backtrace.rs:34:9
[INFO] [stdout]    9:     0x563a16a28157 - std::panicking::default_hook::{{closure}}::h8a1d2ee00185001a
[INFO] [stdout]   10:     0x563a16a27e43 - std::panicking::default_hook::h6038f2eba384e475
[INFO] [stdout]                                at /rustc/82e1608dfa6e0b5569232559e3d385fea5a93112/library/std/src/panicking.rs:289:9
[INFO] [stdout]   11:     0x563a16738807 - <alloc::boxed::Box<F,A> as core::ops::function::Fn<Args>>::call::h0ad024c9bdc6d768
[INFO] [stdout]                                at /rustc/82e1608dfa6e0b5569232559e3d385fea5a93112/library/alloc/src/boxed.rs:2021:9
[INFO] [stdout]   12:     0x563a16738807 - test::test_main::{{closure}}::h7500b54257359db6
[INFO] [stdout]                                at /rustc/82e1608dfa6e0b5569232559e3d385fea5a93112/library/test/src/lib.rs:138:21
[INFO] [stdout]   13:     0x563a16a28768 - <alloc::boxed::Box<F,A> as core::ops::function::Fn<Args>>::call::h1f8f335eaa9cfaee
[INFO] [stdout]                                at /rustc/82e1608dfa6e0b5569232559e3d385fea5a93112/library/alloc/src/boxed.rs:2021:9
[INFO] [stdout]   14:     0x563a16a28768 - std::panicking::rust_panic_with_hook::h2b5517d590cab22e
[INFO] [stdout]                                at /rustc/82e1608dfa6e0b5569232559e3d385fea5a93112/library/std/src/panicking.rs:783:13
[INFO] [stdout]   15:     0x563a16a28489 - std::panicking::begin_panic_handler::{{closure}}::h233112c06e0ef43e
[INFO] [stdout]                                at /rustc/82e1608dfa6e0b5569232559e3d385fea5a93112/library/std/src/panicking.rs:649:13
[INFO] [stdout]   16:     0x563a16a26b76 - std::sys_common::backtrace::__rust_end_short_backtrace::h6e893f24d7ebbff8
[INFO] [stdout]                                at /rustc/82e1608dfa6e0b5569232559e3d385fea5a93112/library/std/src/sys_common/backtrace.rs:170:18
[INFO] [stdout]   17:     0x563a16a28222 - rust_begin_unwind
[INFO] [stdout]                                at /rustc/82e1608dfa6e0b5569232559e3d385fea5a93112/library/std/src/panicking.rs:645:5
[INFO] [stdout]   18:     0x563a165f6745 - core::panicking::panic_fmt::hbf0e066aabfa482c
[INFO] [stdout]                                at /rustc/82e1608dfa6e0b5569232559e3d385fea5a93112/library/core/src/panicking.rs:72:14
[INFO] [stdout]   19:     0x563a165f67e3 - core::panicking::panic::h195fc2a96298d4c3
[INFO] [stdout]                                at /rustc/82e1608dfa6e0b5569232559e3d385fea5a93112/library/core/src/panicking.rs:127:5
[INFO] [stdout]   20:     0x563a166c25ea - bacup::services::folders::tests::test_dump_and_list_no_wildcard_folder::{{closure}}::h21e803aa8988900e
[INFO] [stdout]                                at /opt/rustwide/workdir/src/services/folders.rs:143:9
[INFO] [stdout]   21:     0x563a166ab0eb - <core::pin::Pin<P> as core::future::future::Future>::poll::h46d01e0971d471fd
[INFO] [stdout]                                at /rustc/82e1608dfa6e0b5569232559e3d385fea5a93112/library/core/src/future/future.rs:125:9
[INFO] [stdout]   22:     0x563a1663e944 - tokio::runtime::basic_scheduler::CoreGuard::block_on::{{closure}}::{{closure}}::{{closure}}::h4dec5ef964a41b83
[INFO] [stdout]                                at /opt/rustwide/cargo-home/registry/src/index.crates.io-6f17d22bba15001f/tokio-1.18.0/src/runtime/basic_scheduler.rs:507:48
[INFO] [stdout]   23:     0x563a166926c0 - tokio::coop::with_budget::{{closure}}::h4d86c07984941a42
[INFO] [stdout]                                at /opt/rustwide/cargo-home/registry/src/index.crates.io-6f17d22bba15001f/tokio-1.18.0/src/coop.rs:102:9
[INFO] [stdout]   24:     0x563a16659f8e - std::thread::local::LocalKey<T>::try_with::hfc106fe72d90c4e9
[INFO] [stdout]                                at /rustc/82e1608dfa6e0b5569232559e3d385fea5a93112/library/std/src/thread/local.rs:270:16
[INFO] [stdout]   25:     0x563a166520aa - std::thread::local::LocalKey<T>::with::h09a9e90e4fbed5c3
[INFO] [stdout]                                at /rustc/82e1608dfa6e0b5569232559e3d385fea5a93112/library/std/src/thread/local.rs:246:9
[INFO] [stdout]   26:     0x563a1663d5e6 - tokio::coop::with_budget::hbbde2b3e1d28ea78
[INFO] [stdout]                                at /opt/rustwide/cargo-home/registry/src/index.crates.io-6f17d22bba15001f/tokio-1.18.0/src/coop.rs:95:5
[INFO] [stdout]   27:     0x563a1663d5e6 - tokio::coop::budget::hfbc250768a6e82fa
[INFO] [stdout]                                at /opt/rustwide/cargo-home/registry/src/index.crates.io-6f17d22bba15001f/tokio-1.18.0/src/coop.rs:72:5
[INFO] [stdout]   28:     0x563a1663d5e6 - tokio::runtime::basic_scheduler::CoreGuard::block_on::{{closure}}::{{closure}}::h12d663198683a740
[INFO] [stdout]                                at /opt/rustwide/cargo-home/registry/src/index.crates.io-6f17d22bba15001f/tokio-1.18.0/src/runtime/basic_scheduler.rs:507:25
[INFO] [stdout]   29:     0x563a1662a2cc - tokio::runtime::basic_scheduler::Context::enter::h5a3d3f028de48625
[INFO] [stdout]                                at /opt/rustwide/cargo-home/registry/src/index.crates.io-6f17d22bba15001f/tokio-1.18.0/src/runtime/basic_scheduler.rs:361:19
[INFO] [stdout]   30:     0x563a166377c6 - tokio::runtime::basic_scheduler::CoreGuard::block_on::{{closure}}::h521cbd67b7ab9f1c
[INFO] [stdout]                                at /opt/rustwide/cargo-home/registry/src/index.crates.io-6f17d22bba15001f/tokio-1.18.0/src/runtime/basic_scheduler.rs:506:36
[INFO] [stdout]   31:     0x563a166349db - tokio::runtime::basic_scheduler::CoreGuard::enter::{{closure}}::h1ad404d19dfed965
[INFO] [stdout]                                at /opt/rustwide/cargo-home/registry/src/index.crates.io-6f17d22bba15001f/tokio-1.18.0/src/runtime/basic_scheduler.rs:564:57
[INFO] [stdout]   32:     0x563a166cbb27 - tokio::macros::scoped_tls::ScopedKey<T>::set::h44c613dc572391d5
[INFO] [stdout]                                at /opt/rustwide/cargo-home/registry/src/index.crates.io-6f17d22bba15001f/tokio-1.18.0/src/macros/scoped_tls.rs:61:9
[INFO] [stdout]   33:     0x563a16633fbc - tokio::runtime::basic_scheduler::CoreGuard::enter::hf1fc2c32cf9ec021
[INFO] [stdout]                                at /opt/rustwide/cargo-home/registry/src/index.crates.io-6f17d22bba15001f/tokio-1.18.0/src/runtime/basic_scheduler.rs:564:27
[INFO] [stdout]   34:     0x563a16634de8 - tokio::runtime::basic_scheduler::CoreGuard::block_on::h9274ddd249c58f5d
[INFO] [stdout]                                at /opt/rustwide/cargo-home/registry/src/index.crates.io-6f17d22bba15001f/tokio-1.18.0/src/runtime/basic_scheduler.rs:497:9
[INFO] [stdout]   35:     0x563a16623028 - tokio::runtime::basic_scheduler::BasicScheduler::block_on::h2c48f9e8de68b80d
[INFO] [stdout]                                at /opt/rustwide/cargo-home/registry/src/index.crates.io-6f17d22bba15001f/tokio-1.18.0/src/runtime/basic_scheduler.rs:173:24
[INFO] [stdout]   36:     0x563a1666d0e3 - tokio::runtime::Runtime::block_on::h5228da49fd53018a
[INFO] [stdout]                                at /opt/rustwide/cargo-home/registry/src/index.crates.io-6f17d22bba15001f/tokio-1.18.0/src/runtime/mod.rs:475:46
[INFO] [stdout]   37:     0x563a166c1baa - bacup::services::folders::tests::test_dump_and_list_no_wildcard_folder::h9031f5be38a2f162
[INFO] [stdout]                                at /opt/rustwide/workdir/src/services/folders.rs:146:9
[INFO] [stdout]   38:     0x563a166c1a77 - bacup::services::folders::tests::test_dump_and_list_no_wildcard_folder::{{closure}}::h96c19b42a5c3b378
[INFO] [stdout]                                at /opt/rustwide/workdir/src/services/folders.rs:130:53
[INFO] [stdout]   39:     0x563a1663edc6 - core::ops::function::FnOnce::call_once::h1042851c27567b1c
[INFO] [stdout]                                at /rustc/82e1608dfa6e0b5569232559e3d385fea5a93112/library/core/src/ops/function.rs:250:5
[INFO] [stdout]   40:     0x563a1673de5f - core::ops::function::FnOnce::call_once::h2b5d431d5046312d
[INFO] [stdout]                                at /rustc/82e1608dfa6e0b5569232559e3d385fea5a93112/library/core/src/ops/function.rs:250:5
[INFO] [stdout]   41:     0x563a1673de5f - test::__rust_begin_short_backtrace::h7714669af176e207
[INFO] [stdout]                                at /rustc/82e1608dfa6e0b5569232559e3d385fea5a93112/library/test/src/lib.rs:628:18
[INFO] [stdout]   42:     0x563a1673ce75 - test::run_test_in_process::{{closure}}::h85218797dcbcec12
[INFO] [stdout]                                at /rustc/82e1608dfa6e0b5569232559e3d385fea5a93112/library/test/src/lib.rs:651:60
[INFO] [stdout]   43:     0x563a1673ce75 - <core::panic::unwind_safe::AssertUnwindSafe<F> as core::ops::function::FnOnce<()>>::call_once::h76c106ea31c14d7b
[INFO] [stdout]                                at /rustc/82e1608dfa6e0b5569232559e3d385fea5a93112/library/core/src/panic/unwind_safe.rs:272:9
[INFO] [stdout]   44:     0x563a1673ce75 - std::panicking::try::do_call::h3bd5d0f6620ee946
[INFO] [stdout]                                at /rustc/82e1608dfa6e0b5569232559e3d385fea5a93112/library/std/src/panicking.rs:552:40
[INFO] [stdout]   45:     0x563a1673ce75 - std::panicking::try::h232e535e4744fe31
[INFO] [stdout]                                at /rustc/82e1608dfa6e0b5569232559e3d385fea5a93112/library/std/src/panicking.rs:516:19
[INFO] [stdout]   46:     0x563a1673ce75 - std::panic::catch_unwind::h3ce3bd6ca8dbac68
[INFO] [stdout]                                at /rustc/82e1608dfa6e0b5569232559e3d385fea5a93112/library/std/src/panic.rs:142:14
[INFO] [stdout]   47:     0x563a1673ce75 - test::run_test_in_process::hc97b257c9621286a
[INFO] [stdout]                                at /rustc/82e1608dfa6e0b5569232559e3d385fea5a93112/library/test/src/lib.rs:651:27
[INFO] [stdout]   48:     0x563a1673ce75 - test::run_test::{{closure}}::h2aa798823a438d38
[INFO] [stdout]                                at /rustc/82e1608dfa6e0b5569232559e3d385fea5a93112/library/test/src/lib.rs:574:43
[INFO] [stdout]   49:     0x563a16705136 - test::run_test::{{closure}}::h87d231c78fb59832
[INFO] [stdout]                                at /rustc/82e1608dfa6e0b5569232559e3d385fea5a93112/library/test/src/lib.rs:602:41
[INFO] [stdout]   50:     0x563a16705136 - std::sys_common::backtrace::__rust_begin_short_backtrace::he6df152596625789
[INFO] [stdout]                                at /rustc/82e1608dfa6e0b5569232559e3d385fea5a93112/library/std/src/sys_common/backtrace.rs:154:18
[INFO] [stdout]   51:     0x563a1670a1e7 - std::thread::Builder::spawn_unchecked_::{{closure}}::{{closure}}::ha94be15d1e0acf36
[INFO] [stdout]                                at /rustc/82e1608dfa6e0b5569232559e3d385fea5a93112/library/std/src/thread/mod.rs:529:17
[INFO] [stdout]   52:     0x563a1670a1e7 - <core::panic::unwind_safe::AssertUnwindSafe<F> as core::ops::function::FnOnce<()>>::call_once::h9dc6bd6372f16606
[INFO] [stdout]                                at /rustc/82e1608dfa6e0b5569232559e3d385fea5a93112/library/core/src/panic/unwind_safe.rs:272:9
[INFO] [stdout]   53:     0x563a1670a1e7 - std::panicking::try::do_call::h9057517f80303cd4
[INFO] [stdout]                                at /rustc/82e1608dfa6e0b5569232559e3d385fea5a93112/library/std/src/panicking.rs:552:40
[INFO] [stdout]   54:     0x563a1670a1e7 - std::panicking::try::he3a30b11ee45340c
[INFO] [stdout]                                at /rustc/82e1608dfa6e0b5569232559e3d385fea5a93112/library/std/src/panicking.rs:516:19
[INFO] [stdout]   55:     0x563a1670a1e7 - std::panic::catch_unwind::h410458cfd3528b8b
[INFO] [stdout]                                at /rustc/82e1608dfa6e0b5569232559e3d385fea5a93112/library/std/src/panic.rs:142:14
[INFO] [stdout]   56:     0x563a1670a1e7 - std::thread::Builder::spawn_unchecked_::{{closure}}::h72ac3bdb567b737b
[INFO] [stdout]                                at /rustc/82e1608dfa6e0b5569232559e3d385fea5a93112/library/std/src/thread/mod.rs:528:30
[INFO] [stdout]   57:     0x563a1670a1e7 - core::ops::function::FnOnce::call_once{{vtable.shim}}::h38f34da3654a8344
[INFO] [stdout]                                at /rustc/82e1608dfa6e0b5569232559e3d385fea5a93112/library/core/src/ops/function.rs:250:5
[INFO] [stdout]   58:     0x563a16a2ea45 - <alloc::boxed::Box<F,A> as core::ops::function::FnOnce<Args>>::call_once::hc7eafaff61e32df9
[INFO] [stdout]                                at /rustc/82e1608dfa6e0b5569232559e3d385fea5a93112/library/alloc/src/boxed.rs:2007:9
[INFO] [stdout]   59:     0x563a16a2ea45 - <alloc::boxed::Box<F,A> as core::ops::function::FnOnce<Args>>::call_once::h6ba4a5de48dd2304
[INFO] [stdout]                                at /rustc/82e1608dfa6e0b5569232559e3d385fea5a93112/library/alloc/src/boxed.rs:2007:9
[INFO] [stdout]   60:     0x563a16a2ea45 - std::sys::unix::thread::Thread::new::thread_start::he469335aef763e45
[INFO] [stdout]                                at /rustc/82e1608dfa6e0b5569232559e3d385fea5a93112/library/std/src/sys/unix/thread.rs:108:17
[INFO] [stdout]   61:     0x7ff47c5a5ac3 - <unknown>
[INFO] [stdout]   62:     0x7ff47c636bf4 - __clone
[INFO] [stdout]   63:                0x0 - <unknown>
[INFO] [stdout] 
[INFO] [stdout] 
[INFO] [stdout] failures:
[INFO] [stdout]     services::folders::tests::test_dump_and_list_no_wildcard_folder
[INFO] [stdout] 
[INFO] [stdout] test result: FAILED. 17 passed; 1 failed; 2 ignored; 0 measured; 0 filtered out; finished in 0.35s
[INFO] [stdout] 
[INFO] [stderr] error: test failed, to rerun pass `--lib`
[INFO] running `Command { std: "docker" "inspect" "e3bd30955dd61f61e5cb0f9588f3a19e8175c72a40ae27cc425aa049515cd1a1", kill_on_drop: false }`
[INFO] running `Command { std: "docker" "rm" "-f" "e3bd30955dd61f61e5cb0f9588f3a19e8175c72a40ae27cc425aa049515cd1a1", kill_on_drop: false }`
[INFO] [stdout] e3bd30955dd61f61e5cb0f9588f3a19e8175c72a40ae27cc425aa049515cd1a1
