[INFO] fetching crate babygiant-alt-bn128 0.1.1...
[INFO] testing babygiant-alt-bn128-0.1.1 against 1.75.0 for beta-1.76-1
[INFO] extracting crate babygiant-alt-bn128 0.1.1 into /workspace/builds/worker-6-tc1/source
[INFO] validating manifest of crates.io crate babygiant-alt-bn128 0.1.1 on toolchain 1.75.0
[INFO] running `Command { std: CARGO_HOME="/workspace/cargo-home" RUSTUP_HOME="/workspace/rustup-home" "/workspace/cargo-home/bin/cargo" "+1.75.0" "metadata" "--manifest-path" "Cargo.toml" "--no-deps", kill_on_drop: false }`
[INFO] started tweaking crates.io crate babygiant-alt-bn128 0.1.1
[INFO] finished tweaking crates.io crate babygiant-alt-bn128 0.1.1
[INFO] tweaked toml for crates.io crate babygiant-alt-bn128 0.1.1 written to /workspace/builds/worker-6-tc1/source/Cargo.toml
[INFO] running `Command { std: CARGO_HOME="/workspace/cargo-home" RUSTUP_HOME="/workspace/rustup-home" "/workspace/cargo-home/bin/cargo" "+1.75.0" "generate-lockfile" "--manifest-path" "Cargo.toml", kill_on_drop: false }`
[INFO] [stderr]     Updating crates.io index
[INFO] running `Command { std: CARGO_HOME="/workspace/cargo-home" RUSTUP_HOME="/workspace/rustup-home" "/workspace/cargo-home/bin/cargo" "+1.75.0" "fetch" "--manifest-path" "Cargo.toml", kill_on_drop: false }`
[INFO] [stderr]  Downloading crates ...
[INFO] [stderr]   Downloaded ark-serialize v0.2.0
[INFO] [stderr]   Downloaded rand_xorshift v0.2.0
[INFO] [stderr]   Downloaded ark-bn254 v0.2.0
[INFO] [stderr]   Downloaded ark-ff-asm v0.2.0
[INFO] [stderr]   Downloaded ark-ff-macros v0.2.0
[INFO] [stderr]   Downloaded ark-ed-on-bn254 v0.2.0
[INFO] [stderr]   Downloaded ark-ff v0.2.0
[INFO] [stderr]   Downloaded ark-ec v0.2.0
[INFO] [stderr]   Downloaded ark-std v0.2.0
[INFO] running `Command { std: "docker" "create" "-v" "/var/lib/crater-agent-workspace/builds/worker-6-tc1/target:/opt/rustwide/target:rw,Z" "-v" "/var/lib/crater-agent-workspace/builds/worker-6-tc1/source:/opt/rustwide/workdir:ro,Z" "-v" "/var/lib/crater-agent-workspace/cargo-home:/opt/rustwide/cargo-home:ro,Z" "-v" "/var/lib/crater-agent-workspace/rustup-home:/opt/rustwide/rustup-home:ro,Z" "-e" "SOURCE_DIR=/opt/rustwide/workdir" "-e" "CARGO_TARGET_DIR=/opt/rustwide/target" "-e" "CARGO_HOME=/opt/rustwide/cargo-home" "-e" "RUSTUP_HOME=/opt/rustwide/rustup-home" "-w" "/opt/rustwide/workdir" "-m" "1610612736" "--user" "0:0" "--network" "none" "ghcr.io/rust-lang/crates-build-env/linux@sha256:2788e3201cd34a07e3172128adcd8b3090168a8e3bcc40d7c032b9dda1df7d1c" "/opt/rustwide/cargo-home/bin/cargo" "+1.75.0" "metadata" "--no-deps" "--format-version=1", kill_on_drop: false }`
[INFO] [stdout] 29d4e59f42576e3c3d72d0fc450db0896c2405d6cec4ddf1914d750f9d47bd4c
[INFO] running `Command { std: "docker" "start" "-a" "29d4e59f42576e3c3d72d0fc450db0896c2405d6cec4ddf1914d750f9d47bd4c", kill_on_drop: false }`
[INFO] running `Command { std: "docker" "inspect" "29d4e59f42576e3c3d72d0fc450db0896c2405d6cec4ddf1914d750f9d47bd4c", kill_on_drop: false }`
[INFO] running `Command { std: "docker" "rm" "-f" "29d4e59f42576e3c3d72d0fc450db0896c2405d6cec4ddf1914d750f9d47bd4c", kill_on_drop: false }`
[INFO] [stdout] 29d4e59f42576e3c3d72d0fc450db0896c2405d6cec4ddf1914d750f9d47bd4c
[INFO] running `Command { std: "docker" "create" "-v" "/var/lib/crater-agent-workspace/builds/worker-6-tc1/target:/opt/rustwide/target:rw,Z" "-v" "/var/lib/crater-agent-workspace/builds/worker-6-tc1/source:/opt/rustwide/workdir:ro,Z" "-v" "/var/lib/crater-agent-workspace/cargo-home:/opt/rustwide/cargo-home:ro,Z" "-v" "/var/lib/crater-agent-workspace/rustup-home:/opt/rustwide/rustup-home:ro,Z" "-e" "SOURCE_DIR=/opt/rustwide/workdir" "-e" "CARGO_TARGET_DIR=/opt/rustwide/target" "-e" "CARGO_INCREMENTAL=0" "-e" "RUST_BACKTRACE=full" "-e" "RUSTFLAGS=--cap-lints=warn" "-e" "RUSTDOCFLAGS=--cap-lints=warn" "-e" "CARGO_HOME=/opt/rustwide/cargo-home" "-e" "RUSTUP_HOME=/opt/rustwide/rustup-home" "-w" "/opt/rustwide/workdir" "-m" "1610612736" "--user" "0:0" "--network" "none" "ghcr.io/rust-lang/crates-build-env/linux@sha256:2788e3201cd34a07e3172128adcd8b3090168a8e3bcc40d7c032b9dda1df7d1c" "/opt/rustwide/cargo-home/bin/cargo" "+1.75.0" "build" "--frozen" "--message-format=json", kill_on_drop: false }`
[INFO] [stdout] 1155e889884cbd24614a5dcddb3fe83d3caf3f3cf814a7729642fd707ff5f2d9
[INFO] running `Command { std: "docker" "start" "-a" "1155e889884cbd24614a5dcddb3fe83d3caf3f3cf814a7729642fd707ff5f2d9", kill_on_drop: false }`
[INFO] [stderr]    Compiling proc-macro2 v1.0.75
[INFO] [stderr]    Compiling unicode-ident v1.0.12
[INFO] [stderr]    Compiling autocfg v1.1.0
[INFO] [stderr]    Compiling memchr v2.7.1
[INFO] [stderr]    Compiling thiserror v1.0.56
[INFO] [stderr]    Compiling ucd-trie v0.1.6
[INFO] [stderr]    Compiling rand_core v0.5.1
[INFO] [stderr]    Compiling syn v1.0.109
[INFO] [stderr]    Compiling ppv-lite86 v0.2.17
[INFO] [stderr]    Compiling regex-syntax v0.8.2
[INFO] [stderr]    Compiling hex v0.4.3
[INFO] [stderr]    Compiling rand_xorshift v0.2.0
[INFO] [stderr]    Compiling num-traits v0.2.17
[INFO] [stderr]    Compiling num-integer v0.1.45
[INFO] [stderr]    Compiling num-bigint v0.4.4
[INFO] [stderr]    Compiling rand_chacha v0.2.2
[INFO] [stderr]    Compiling rand v0.7.3
[INFO] [stderr]    Compiling aho-corasick v1.1.2
[INFO] [stderr]    Compiling quote v1.0.35
[INFO] [stderr]    Compiling syn v2.0.48
[INFO] [stderr]    Compiling ark-std v0.2.0
[INFO] [stderr]    Compiling ark-serialize v0.2.0
[INFO] [stderr]    Compiling regex-automata v0.4.3
[INFO] [stderr]    Compiling regex v1.10.2
[INFO] [stderr]    Compiling ark-ff-macros v0.2.0
[INFO] [stderr]    Compiling derivative v2.2.0
[INFO] [stderr]    Compiling ark-ff-asm v0.2.0
[INFO] [stderr]    Compiling thiserror-impl v1.0.56
[INFO] [stderr]    Compiling zeroize_derive v1.4.2
[INFO] [stderr]    Compiling zeroize v1.7.0
[INFO] [stderr]    Compiling pest v2.7.6
[INFO] [stderr]    Compiling semver-parser v0.10.2
[INFO] [stderr]    Compiling semver v0.11.0
[INFO] [stderr]    Compiling rustc_version v0.3.3
[INFO] [stderr]    Compiling ark-ff v0.2.0
[INFO] [stderr]    Compiling ark-ec v0.2.0
[INFO] [stderr]    Compiling ark-bn254 v0.2.0
[INFO] [stderr]    Compiling ark-ed-on-bn254 v0.2.0
[INFO] [stderr]    Compiling babygiant-alt-bn128 v0.1.1 (/opt/rustwide/workdir)
[INFO] [stderr]     Finished dev [unoptimized + debuginfo] target(s) in 24.39s
[INFO] running `Command { std: "docker" "inspect" "1155e889884cbd24614a5dcddb3fe83d3caf3f3cf814a7729642fd707ff5f2d9", kill_on_drop: false }`
[INFO] running `Command { std: "docker" "rm" "-f" "1155e889884cbd24614a5dcddb3fe83d3caf3f3cf814a7729642fd707ff5f2d9", kill_on_drop: false }`
[INFO] [stdout] 1155e889884cbd24614a5dcddb3fe83d3caf3f3cf814a7729642fd707ff5f2d9
[INFO] running `Command { std: "docker" "create" "-v" "/var/lib/crater-agent-workspace/builds/worker-6-tc1/target:/opt/rustwide/target:rw,Z" "-v" "/var/lib/crater-agent-workspace/builds/worker-6-tc1/source:/opt/rustwide/workdir:ro,Z" "-v" "/var/lib/crater-agent-workspace/cargo-home:/opt/rustwide/cargo-home:ro,Z" "-v" "/var/lib/crater-agent-workspace/rustup-home:/opt/rustwide/rustup-home:ro,Z" "-e" "SOURCE_DIR=/opt/rustwide/workdir" "-e" "CARGO_TARGET_DIR=/opt/rustwide/target" "-e" "CARGO_INCREMENTAL=0" "-e" "RUST_BACKTRACE=full" "-e" "RUSTFLAGS=--cap-lints=warn" "-e" "RUSTDOCFLAGS=--cap-lints=warn" "-e" "CARGO_HOME=/opt/rustwide/cargo-home" "-e" "RUSTUP_HOME=/opt/rustwide/rustup-home" "-w" "/opt/rustwide/workdir" "-m" "1610612736" "--user" "0:0" "--network" "none" "ghcr.io/rust-lang/crates-build-env/linux@sha256:2788e3201cd34a07e3172128adcd8b3090168a8e3bcc40d7c032b9dda1df7d1c" "/opt/rustwide/cargo-home/bin/cargo" "+1.75.0" "test" "--frozen" "--no-run" "--message-format=json", kill_on_drop: false }`
[INFO] [stdout] bc2c55bc25a6167790cd5bd54a399eadc62b9592158bbb6297a1904a3f22fe6c
[INFO] running `Command { std: "docker" "start" "-a" "bc2c55bc25a6167790cd5bd54a399eadc62b9592158bbb6297a1904a3f22fe6c", kill_on_drop: false }`
[INFO] [stderr]    Compiling babygiant-alt-bn128 v0.1.1 (/opt/rustwide/workdir)
[INFO] [stderr]     Finished test [unoptimized + debuginfo] target(s) in 1.08s
[INFO] running `Command { std: "docker" "inspect" "bc2c55bc25a6167790cd5bd54a399eadc62b9592158bbb6297a1904a3f22fe6c", kill_on_drop: false }`
[INFO] running `Command { std: "docker" "rm" "-f" "bc2c55bc25a6167790cd5bd54a399eadc62b9592158bbb6297a1904a3f22fe6c", kill_on_drop: false }`
[INFO] [stdout] bc2c55bc25a6167790cd5bd54a399eadc62b9592158bbb6297a1904a3f22fe6c
[INFO] running `Command { std: "docker" "create" "-v" "/var/lib/crater-agent-workspace/builds/worker-6-tc1/target:/opt/rustwide/target:rw,Z" "-v" "/var/lib/crater-agent-workspace/builds/worker-6-tc1/source:/opt/rustwide/workdir:ro,Z" "-v" "/var/lib/crater-agent-workspace/cargo-home:/opt/rustwide/cargo-home:ro,Z" "-v" "/var/lib/crater-agent-workspace/rustup-home:/opt/rustwide/rustup-home:ro,Z" "-e" "SOURCE_DIR=/opt/rustwide/workdir" "-e" "CARGO_TARGET_DIR=/opt/rustwide/target" "-e" "CARGO_INCREMENTAL=0" "-e" "RUST_BACKTRACE=full" "-e" "RUSTFLAGS=--cap-lints=warn" "-e" "RUSTDOCFLAGS=--cap-lints=warn" "-e" "CARGO_HOME=/opt/rustwide/cargo-home" "-e" "RUSTUP_HOME=/opt/rustwide/rustup-home" "-w" "/opt/rustwide/workdir" "-m" "1610612736" "--user" "0:0" "--network" "none" "ghcr.io/rust-lang/crates-build-env/linux@sha256:2788e3201cd34a07e3172128adcd8b3090168a8e3bcc40d7c032b9dda1df7d1c" "/opt/rustwide/cargo-home/bin/cargo" "+1.75.0" "test" "--frozen", kill_on_drop: false }`
[INFO] [stdout] 63ff52a8c89f84c70f91a81f9445af83df58cf9604decfc13fd0647a06c37220
[INFO] running `Command { std: "docker" "start" "-a" "63ff52a8c89f84c70f91a81f9445af83df58cf9604decfc13fd0647a06c37220", kill_on_drop: false }`
[INFO] [stderr]     Finished test [unoptimized + debuginfo] target(s) in 0.03s
[INFO] [stderr]      Running unittests src/lib.rs (/opt/rustwide/target/debug/deps/babygiant_alt_bn128-6a9f15185221e41f)
[INFO] [stdout] 
[INFO] [stdout] running 4 tests
[INFO] [stdout] test tests::test_compute_dlog1 ... ok
[INFO] [stdout] test tests::test_compute_dlog2 has been running for over 60 seconds
[INFO] [stdout] test tests::test_compute_dlog3 has been running for over 60 seconds
[INFO] [stdout] test tests::test_compute_dlog4 has been running for over 60 seconds
[INFO] [stdout] test tests::test_compute_dlog2 ... ok
[INFO] [stdout] test tests::test_compute_dlog3 ... ok
[INFO] [stdout] test tests::test_compute_dlog4 ... ok
[INFO] [stdout] 
[INFO] [stdout] test result: ok. 4 passed; 0 failed; 0 ignored; 0 measured; 0 filtered out; finished in 95.39s
[INFO] [stdout] 
[INFO] [stderr]    Doc-tests babygiant-alt-bn128
[INFO] [stdout] 
[INFO] [stdout] running 5 tests
[INFO] [stdout] test src/lib.rs - do_compute_dlog (line 179) ... FAILED
[INFO] [stdout] test src/lib.rs - do_compute_dlog (line 139) ... FAILED
[INFO] [stdout] test src/lib.rs - do_compute_dlog (line 155) ... FAILED
[INFO] [stdout] test src/lib.rs - do_compute_dlog (line 161) ... FAILED
[INFO] [stdout] test src/lib.rs - do_compute_dlog (line 168) ... ok
[INFO] [stdout] 
[INFO] [stdout] failures:
[INFO] [stdout] 
[INFO] [stdout] ---- src/lib.rs - do_compute_dlog (line 179) stdout ----
[INFO] [stdout] error: expected one of `!`, `.`, `::`, `;`, `?`, `{`, `}`, or an operator, found `run`
[INFO] [stdout]  --> src/lib.rs:180:7
[INFO] [stdout]   |
[INFO] [stdout] 3 | cargo run --release
[INFO] [stdout]   |       ^^^ expected one of 8 possible tokens
[INFO] [stdout] 
[INFO] [stdout] error: aborting due to previous error
[INFO] [stdout] 
[INFO] [stdout] Couldn't compile the test.
[INFO] [stdout] ---- src/lib.rs - do_compute_dlog (line 139) stdout ----
[INFO] [stdout] error[E0433]: failed to resolve: use of undeclared crate or module `dep`
[INFO] [stdout]  --> src/lib.rs:140:5
[INFO] [stdout]   |
[INFO] [stdout] 2 | use dep::elgamal::{priv_to_pub_key,exp_elgamal_encrypt,exp_elgamal_decrypt};
[INFO] [stdout]   |     ^^^ use of undeclared crate or module `dep`
[INFO] [stdout] 
[INFO] [stdout] error[E0432]: unresolved import `dep`
[INFO] [stdout]  --> src/lib.rs:141:5
[INFO] [stdout]   |
[INFO] [stdout] 3 | use dep::std;
[INFO] [stdout]   |     ^^^ use of undeclared crate or module `dep`
[INFO] [stdout] 
[INFO] [stdout] error: integer literal is too large
[INFO] [stdout]  --> src/lib.rs:144:21
[INFO] [stdout]   |
[INFO] [stdout] 6 |   let private_key = 0x04d73359c9166e49aafaf9a4852eaa4dceb2c26878196b10e9048004ff5cc20c;
[INFO] [stdout]   |                     ^^^^^^^^^^^^^^^^^^^^^^^^^^^^^^^^^^^^^^^^^^^^^^^^^^^^^^^^^^^^^^^^^^
[INFO] [stdout]   |
[INFO] [stdout]   = note: value exceeds limit of `0xffffffffffffffffffffffffffffffff`
[INFO] [stdout] 
[INFO] [stdout] error: integer literal is too large
[INFO] [stdout]  --> src/lib.rs:146:20
[INFO] [stdout]   |
[INFO] [stdout] 8 |   let randomness = 0x03f90f366f9fd55bb1335eac3b11f2190f2ce9ff1769db241edaa7774136099b;
[INFO] [stdout]   |                    ^^^^^^^^^^^^^^^^^^^^^^^^^^^^^^^^^^^^^^^^^^^^^^^^^^^^^^^^^^^^^^^^^^
[INFO] [stdout]   |
[INFO] [stdout]   = note: value exceeds limit of `0xffffffffffffffffffffffffffffffff`
[INFO] [stdout] 
[INFO] [stdout] error: aborting due to 4 previous errors
[INFO] [stdout] 
[INFO] [stdout] Some errors have detailed explanations: E0432, E0433.
[INFO] [stdout] For more information about an error, try `rustc --explain E0432`.
[INFO] [stdout] Couldn't compile the test.
[INFO] [stdout] ---- src/lib.rs - do_compute_dlog (line 155) stdout ----
[INFO] [stdout] error[E0422]: cannot find struct, variant or union type `Point` in this scope
[INFO] [stdout]  --> src/lib.rs:156:1
[INFO] [stdout]   |
[INFO] [stdout] 3 | Point { x: 0x06184da392a17823e9c1d38cb50980b17150ffa411965b03f0b0200d9557daa9, y: 0x244a710118db92636e46e3f97bd80093ba7026ff97ca32d387145...
[INFO] [stdout]   | ^^^^^ not found in this scope
[INFO] [stdout] 
[INFO] [stdout] error: integer literal is too large
[INFO] [stdout]  --> src/lib.rs:156:12
[INFO] [stdout]   |
[INFO] [stdout] 3 | Point { x: 0x06184da392a17823e9c1d38cb50980b17150ffa411965b03f0b0200d9557daa9, y: 0x244a710118db92636e46e3f97bd80093ba7026ff97ca32d387145...
[INFO] [stdout]   |            ^^^^^^^^^^^^^^^^^^^^^^^^^^^^^^^^^^^^^^^^^^^^^^^^^^^^^^^^^^^^^^^^^^
[INFO] [stdout]   |
[INFO] [stdout]   = note: value exceeds limit of `0xffffffffffffffffffffffffffffffff`
[INFO] [stdout] 
[INFO] [stdout] error: integer literal is too large
[INFO] [stdout]  --> src/lib.rs:156:83
[INFO] [stdout]   |
[INFO] [stdout] 3 | ...0ffa411965b03f0b0200d9557daa9, y: 0x244a710118db92636e46e3f97bd80093ba7026ff97ca32d387145337e250549c }
[INFO] [stdout]   |                                      ^^^^^^^^^^^^^^^^^^^^^^^^^^^^^^^^^^^^^^^^^^^^^^^^^^^^^^^^^^^^^^^^^^
[INFO] [stdout]   |
[INFO] [stdout]   = note: value exceeds limit of `0xffffffffffffffffffffffffffffffff`
[INFO] [stdout] 
[INFO] [stdout] error: aborting due to 3 previous errors
[INFO] [stdout] 
[INFO] [stdout] For more information about this error, try `rustc --explain E0422`.
[INFO] [stdout] Couldn't compile the test.
[INFO] [stdout] ---- src/lib.rs - do_compute_dlog (line 161) stdout ----
[INFO] [stdout] error: expected `;`, found `babygiant`
[INFO] [stdout]  --> src/lib.rs:162:15
[INFO] [stdout]   |
[INFO] [stdout] 3 | [dependencies]
[INFO] [stdout]   |               ^ help: add `;` here
[INFO] [stdout] 4 | babygiant-alt-bn128 = "0.1.0"
[INFO] [stdout]   | --------- unexpected token
[INFO] [stdout] 
[INFO] [stdout] error[E0425]: cannot find value `babygiant` in this scope
[INFO] [stdout]  --> src/lib.rs:163:1
[INFO] [stdout]   |
[INFO] [stdout] 4 | babygiant-alt-bn128 = "0.1.0"
[INFO] [stdout]   | ^^^^^^^^^ not found in this scope
[INFO] [stdout] 
[INFO] [stdout] error[E0425]: cannot find value `alt` in this scope
[INFO] [stdout]  --> src/lib.rs:163:11
[INFO] [stdout]   |
[INFO] [stdout] 4 | babygiant-alt-bn128 = "0.1.0"
[INFO] [stdout]   |           ^^^ not found in this scope
[INFO] [stdout] 
[INFO] [stdout] error[E0425]: cannot find value `bn128` in this scope
[INFO] [stdout]  --> src/lib.rs:163:15
[INFO] [stdout]   |
[INFO] [stdout] 4 | babygiant-alt-bn128 = "0.1.0"
[INFO] [stdout]   |               ^^^^^ not found in this scope
[INFO] [stdout] 
[INFO] [stdout] error[E0070]: invalid left-hand side of assignment
[INFO] [stdout]  --> src/lib.rs:163:21
[INFO] [stdout]   |
[INFO] [stdout] 4 | babygiant-alt-bn128 = "0.1.0"
[INFO] [stdout]   | ------------------- ^
[INFO] [stdout]   | |
[INFO] [stdout]   | cannot assign to this expression
[INFO] [stdout] 
[INFO] [stdout] error: aborting due to 5 previous errors
[INFO] [stdout] 
[INFO] [stdout] Some errors have detailed explanations: E0070, E0425.
[INFO] [stdout] For more information about an error, try `rustc --explain E0070`.
[INFO] [stdout] Couldn't compile the test.
[INFO] [stdout] 
[INFO] [stdout] failures:
[INFO] [stdout]     src/lib.rs - do_compute_dlog (line 139)
[INFO] [stdout]     src/lib.rs - do_compute_dlog (line 155)
[INFO] [stdout]     src/lib.rs - do_compute_dlog (line 161)
[INFO] [stdout]     src/lib.rs - do_compute_dlog (line 179)
[INFO] [stdout] 
[INFO] [stdout] test result: FAILED. 1 passed; 4 failed; 0 ignored; 0 measured; 0 filtered out; finished in 17.08s
[INFO] [stdout] 
[INFO] [stderr] error: doctest failed, to rerun pass `--doc`
[INFO] running `Command { std: "docker" "inspect" "63ff52a8c89f84c70f91a81f9445af83df58cf9604decfc13fd0647a06c37220", kill_on_drop: false }`
[INFO] running `Command { std: "docker" "rm" "-f" "63ff52a8c89f84c70f91a81f9445af83df58cf9604decfc13fd0647a06c37220", kill_on_drop: false }`
[INFO] [stdout] 63ff52a8c89f84c70f91a81f9445af83df58cf9604decfc13fd0647a06c37220
