[INFO] fetching crate babycat 0.0.15...
[INFO] testing babycat-0.0.15 against 1.75.0 for beta-1.76-1
[INFO] extracting crate babycat 0.0.15 into /workspace/builds/worker-3-tc1/source
[INFO] validating manifest of crates.io crate babycat 0.0.15 on toolchain 1.75.0
[INFO] running `Command { std: CARGO_HOME="/workspace/cargo-home" RUSTUP_HOME="/workspace/rustup-home" "/workspace/cargo-home/bin/cargo" "+1.75.0" "metadata" "--manifest-path" "Cargo.toml" "--no-deps", kill_on_drop: false }`
[INFO] removed /workspace/builds/worker-3-tc1/source/rust-toolchain.toml
[INFO] started tweaking crates.io crate babycat 0.0.15
[INFO] finished tweaking crates.io crate babycat 0.0.15
[INFO] tweaked toml for crates.io crate babycat 0.0.15 written to /workspace/builds/worker-3-tc1/source/Cargo.toml
[INFO] crate crates.io crate babycat 0.0.15 already has a lockfile, it will not be regenerated
[INFO] running `Command { std: CARGO_HOME="/workspace/cargo-home" RUSTUP_HOME="/workspace/rustup-home" "/workspace/cargo-home/bin/cargo" "+1.75.0" "fetch" "--manifest-path" "Cargo.toml", kill_on_drop: false }`
[INFO] [stderr]     Updating crates.io index
[INFO] [stderr]  Downloading crates ...
[INFO] [stderr]   Downloaded symphonia-utils-xiph v0.5.2
[INFO] [stderr]   Downloaded symphonia-metadata v0.5.2
[INFO] [stderr]   Downloaded ffmpeg-sys-next v5.1.1
[INFO] [stderr]   Downloaded oboe v0.4.6
[INFO] [stderr]   Downloaded symphonia-format-ogg v0.5.2
[INFO] [stderr]   Downloaded symphonia-format-mkv v0.5.2
[INFO] [stderr]   Downloaded bytemuck v1.13.0
[INFO] [stderr]   Downloaded bindgen v0.59.2
[INFO] [stderr]   Downloaded shlex v1.1.0
[INFO] [stderr]   Downloaded num-derive v0.3.3
[INFO] [stderr]   Downloaded indoc v1.0.9
[INFO] [stderr]   Downloaded rayon-core v1.10.2
[INFO] [stderr]   Downloaded crossbeam-channel v0.5.6
[INFO] [stderr]   Downloaded rayon v1.6.1
[INFO] [stderr]   Downloaded libsamplerate-sys v0.1.12
[INFO] [stderr]   Downloaded pyo3 v0.18.1
[INFO] [stderr]   Downloaded bindgen v0.61.0
[INFO] [stderr]   Downloaded rodio v0.15.0
[INFO] [stderr]   Downloaded nix v0.23.2
[INFO] [stderr]   Downloaded ffmpeg-next v5.1.1
[INFO] [stderr]   Downloaded cpal v0.13.5
[INFO] [stderr]   Downloaded crossterm v0.23.2
[INFO] [stderr]   Downloaded symphonia-core v0.5.2
[INFO] [stderr]   Downloaded stdweb v0.1.3
[INFO] [stderr]   Downloaded ndk-sys v0.3.0
[INFO] [stderr]   Downloaded float-cmp v0.9.0
[INFO] [stderr]   Downloaded pyo3-ffi v0.18.1
[INFO] [stderr]   Downloaded pyo3-macros-backend v0.18.1
[INFO] [stderr]   Downloaded crossbeam-deque v0.8.2
[INFO] [stderr]   Downloaded clang-sys v1.4.0
[INFO] [stderr]   Downloaded crossterm_winapi v0.9.0
[INFO] [stderr]   Downloaded alsa v0.6.0
[INFO] [stderr]   Downloaded symphonia-codec-alac v0.5.2
[INFO] [stderr]   Downloaded symphonia-codec-vorbis v0.5.2
[INFO] [stderr]   Downloaded num_enum_derive v0.5.10
[INFO] [stderr]   Downloaded ndk v0.6.0
[INFO] [stderr]   Downloaded hound v3.5.0
[INFO] [stderr]   Downloaded num-complex v0.4.3
[INFO] [stderr]   Downloaded oboe-sys v0.4.5
[INFO] [stderr]   Downloaded symphonia-bundle-flac v0.5.2
[INFO] [stderr]   Downloaded symphonia-codec-aac v0.5.2
[INFO] [stderr]   Downloaded numpy v0.18.0
[INFO] [stderr]   Downloaded symphonia-bundle-mp3 v0.5.2
[INFO] [stderr]   Downloaded cmake v0.1.49
[INFO] [stderr]   Downloaded signal-hook v0.3.15
[INFO] [stderr]   Downloaded pyo3-build-config v0.18.1
[INFO] [stderr]   Downloaded coreaudio-rs v0.10.0
[INFO] [stderr]   Downloaded jni v0.19.0
[INFO] [stderr]   Downloaded num_enum v0.5.10
[INFO] [stderr]   Downloaded symphonia-format-isomp4 v0.5.2
[INFO] [stderr]   Downloaded pyo3-macros v0.18.1
[INFO] [stderr]   Downloaded wasm-bindgen-test v0.3.34
[INFO] [stderr]   Downloaded symphonia-codec-pcm v0.5.2
[INFO] [stderr]   Downloaded symphonia-codec-adpcm v0.5.2
[INFO] [stderr]   Downloaded symphonia-format-wav v0.5.2
[INFO] [stderr]   Downloaded matrixmultiply v0.3.2
[INFO] [stderr]   Downloaded target-lexicon v0.12.6
[INFO] [stderr]   Downloaded coreaudio-sys v0.2.11
[INFO] [stderr]   Downloaded ndk-glue v0.6.2
[INFO] [stderr]   Downloaded unindent v0.1.11
[INFO] [stderr]   Downloaded alsa-sys v0.3.1
[INFO] [stderr]   Downloaded wasm-bindgen-test-macro v0.3.34
[INFO] [stderr]   Downloaded samplerate v0.2.4
[INFO] [stderr]   Downloaded symphonia v0.5.2
[INFO] [stderr]   Downloaded crossbeam-epoch v0.9.13
[INFO] running `Command { std: "docker" "create" "-v" "/var/lib/crater-agent-workspace/builds/worker-3-tc1/target:/opt/rustwide/target:rw,Z" "-v" "/var/lib/crater-agent-workspace/builds/worker-3-tc1/source:/opt/rustwide/workdir:ro,Z" "-v" "/var/lib/crater-agent-workspace/cargo-home:/opt/rustwide/cargo-home:ro,Z" "-v" "/var/lib/crater-agent-workspace/rustup-home:/opt/rustwide/rustup-home:ro,Z" "-e" "SOURCE_DIR=/opt/rustwide/workdir" "-e" "CARGO_TARGET_DIR=/opt/rustwide/target" "-e" "CARGO_HOME=/opt/rustwide/cargo-home" "-e" "RUSTUP_HOME=/opt/rustwide/rustup-home" "-w" "/opt/rustwide/workdir" "-m" "1610612736" "--user" "0:0" "--network" "none" "ghcr.io/rust-lang/crates-build-env/linux@sha256:2788e3201cd34a07e3172128adcd8b3090168a8e3bcc40d7c032b9dda1df7d1c" "/opt/rustwide/cargo-home/bin/cargo" "+1.75.0" "metadata" "--no-deps" "--format-version=1", kill_on_drop: false }`
[INFO] [stdout] 9b7f41d5af6c6ce9cde64832537aa8e4edcb121f5a41e87f1c1faa32ef1e9426
[INFO] running `Command { std: "docker" "start" "-a" "9b7f41d5af6c6ce9cde64832537aa8e4edcb121f5a41e87f1c1faa32ef1e9426", kill_on_drop: false }`
[INFO] running `Command { std: "docker" "inspect" "9b7f41d5af6c6ce9cde64832537aa8e4edcb121f5a41e87f1c1faa32ef1e9426", kill_on_drop: false }`
[INFO] running `Command { std: "docker" "rm" "-f" "9b7f41d5af6c6ce9cde64832537aa8e4edcb121f5a41e87f1c1faa32ef1e9426", kill_on_drop: false }`
[INFO] [stdout] 9b7f41d5af6c6ce9cde64832537aa8e4edcb121f5a41e87f1c1faa32ef1e9426
[INFO] running `Command { std: "docker" "create" "-v" "/var/lib/crater-agent-workspace/builds/worker-3-tc1/target:/opt/rustwide/target:rw,Z" "-v" "/var/lib/crater-agent-workspace/builds/worker-3-tc1/source:/opt/rustwide/workdir:ro,Z" "-v" "/var/lib/crater-agent-workspace/cargo-home:/opt/rustwide/cargo-home:ro,Z" "-v" "/var/lib/crater-agent-workspace/rustup-home:/opt/rustwide/rustup-home:ro,Z" "-e" "SOURCE_DIR=/opt/rustwide/workdir" "-e" "CARGO_TARGET_DIR=/opt/rustwide/target" "-e" "CARGO_INCREMENTAL=0" "-e" "RUST_BACKTRACE=full" "-e" "RUSTFLAGS=--cap-lints=warn" "-e" "RUSTDOCFLAGS=--cap-lints=warn" "-e" "CARGO_HOME=/opt/rustwide/cargo-home" "-e" "RUSTUP_HOME=/opt/rustwide/rustup-home" "-w" "/opt/rustwide/workdir" "-m" "1610612736" "--user" "0:0" "--network" "none" "ghcr.io/rust-lang/crates-build-env/linux@sha256:2788e3201cd34a07e3172128adcd8b3090168a8e3bcc40d7c032b9dda1df7d1c" "/opt/rustwide/cargo-home/bin/cargo" "+1.75.0" "build" "--frozen" "--message-format=json", kill_on_drop: false }`
[INFO] [stdout] 085595239ce999b88f0420800711d85e3c805b8c9ecdee86fbdaa66fb3b3e3c0
[INFO] running `Command { std: "docker" "start" "-a" "085595239ce999b88f0420800711d85e3c805b8c9ecdee86fbdaa66fb3b3e3c0", kill_on_drop: false }`
[INFO] [stderr]    Compiling proc-macro2 v1.0.51
[INFO] [stderr]    Compiling quote v1.0.23
[INFO] [stderr]    Compiling unicode-ident v1.0.6
[INFO] [stderr]    Compiling syn v1.0.107
[INFO] [stderr]    Compiling serde_derive v1.0.152
[INFO] [stderr]    Compiling serde v1.0.152
[INFO] [stderr]    Compiling log v0.4.17
[INFO] [stderr]    Compiling bytemuck v1.13.0
[INFO] [stderr]    Compiling bitflags v1.3.2
[INFO] [stderr]    Compiling arrayvec v0.7.2
[INFO] [stderr]    Compiling lazy_static v1.4.0
[INFO] [stderr]    Compiling encoding_rs v0.8.32
[INFO] [stderr]    Compiling crossbeam-utils v0.8.14
[INFO] [stderr]    Compiling memoffset v0.7.1
[INFO] [stderr]    Compiling crossbeam-epoch v0.9.13
[INFO] [stderr]    Compiling libc v0.2.139
[INFO] [stderr]    Compiling cc v1.0.79
[INFO] [stderr]    Compiling scopeguard v1.1.0
[INFO] [stderr]    Compiling num-traits v0.2.15
[INFO] [stderr]    Compiling rayon-core v1.10.2
[INFO] [stderr]    Compiling serde_json v1.0.93
[INFO] [stderr]    Compiling either v1.8.1
[INFO] [stderr]    Compiling cmake v0.1.49
[INFO] [stderr]    Compiling crossbeam-channel v0.5.6
[INFO] [stderr]    Compiling crossbeam-deque v0.8.2
[INFO] [stderr]    Compiling num_cpus v1.15.0
[INFO] [stderr]    Compiling itoa v1.0.5
[INFO] [stderr]    Compiling libsamplerate-sys v0.1.12
[INFO] [stderr]    Compiling ryu v1.0.12
[INFO] [stderr]    Compiling humantime v2.1.0
[INFO] [stderr]    Compiling hound v3.5.0
[INFO] [stderr]    Compiling base64 v0.13.1
[INFO] [stderr]    Compiling rayon v1.6.1
[INFO] [stderr]    Compiling float-cmp v0.9.0
[INFO] [stderr]    Compiling samplerate v0.2.4
[INFO] [stderr]    Compiling symphonia-core v0.5.2
[INFO] [stderr]    Compiling symphonia-metadata v0.5.2
[INFO] [stderr]    Compiling symphonia-codec-aac v0.5.2
[INFO] [stderr]    Compiling symphonia-codec-alac v0.5.2
[INFO] [stderr]    Compiling symphonia-codec-pcm v0.5.2
[INFO] [stderr]    Compiling symphonia-codec-adpcm v0.5.2
[INFO] [stderr]    Compiling symphonia-utils-xiph v0.5.2
[INFO] [stderr]    Compiling symphonia-format-wav v0.5.2
[INFO] [stderr]    Compiling symphonia-bundle-mp3 v0.5.2
[INFO] [stderr]    Compiling symphonia-format-ogg v0.5.2
[INFO] [stderr]    Compiling symphonia-format-isomp4 v0.5.2
[INFO] [stderr]    Compiling symphonia-format-mkv v0.5.2
[INFO] [stderr]    Compiling symphonia-bundle-flac v0.5.2
[INFO] [stderr]    Compiling symphonia-codec-vorbis v0.5.2
[INFO] [stderr]    Compiling symphonia v0.5.2
[INFO] [stderr]    Compiling babycat v0.0.15 (/opt/rustwide/workdir)
[INFO] [stderr]     Finished dev [unoptimized + debuginfo] target(s) in 38.41s
[INFO] running `Command { std: "docker" "inspect" "085595239ce999b88f0420800711d85e3c805b8c9ecdee86fbdaa66fb3b3e3c0", kill_on_drop: false }`
[INFO] running `Command { std: "docker" "rm" "-f" "085595239ce999b88f0420800711d85e3c805b8c9ecdee86fbdaa66fb3b3e3c0", kill_on_drop: false }`
[INFO] [stdout] 085595239ce999b88f0420800711d85e3c805b8c9ecdee86fbdaa66fb3b3e3c0
[INFO] running `Command { std: "docker" "create" "-v" "/var/lib/crater-agent-workspace/builds/worker-3-tc1/target:/opt/rustwide/target:rw,Z" "-v" "/var/lib/crater-agent-workspace/builds/worker-3-tc1/source:/opt/rustwide/workdir:ro,Z" "-v" "/var/lib/crater-agent-workspace/cargo-home:/opt/rustwide/cargo-home:ro,Z" "-v" "/var/lib/crater-agent-workspace/rustup-home:/opt/rustwide/rustup-home:ro,Z" "-e" "SOURCE_DIR=/opt/rustwide/workdir" "-e" "CARGO_TARGET_DIR=/opt/rustwide/target" "-e" "CARGO_INCREMENTAL=0" "-e" "RUST_BACKTRACE=full" "-e" "RUSTFLAGS=--cap-lints=warn" "-e" "RUSTDOCFLAGS=--cap-lints=warn" "-e" "CARGO_HOME=/opt/rustwide/cargo-home" "-e" "RUSTUP_HOME=/opt/rustwide/rustup-home" "-w" "/opt/rustwide/workdir" "-m" "1610612736" "--user" "0:0" "--network" "none" "ghcr.io/rust-lang/crates-build-env/linux@sha256:2788e3201cd34a07e3172128adcd8b3090168a8e3bcc40d7c032b9dda1df7d1c" "/opt/rustwide/cargo-home/bin/cargo" "+1.75.0" "test" "--frozen" "--no-run" "--message-format=json", kill_on_drop: false }`
[INFO] [stdout] 10c30948a8ce763125f2c00cdba303dcb9347b3af36ffbf659c8f2024cf73c83
[INFO] running `Command { std: "docker" "start" "-a" "10c30948a8ce763125f2c00cdba303dcb9347b3af36ffbf659c8f2024cf73c83", kill_on_drop: false }`
[INFO] [stderr]    Compiling wasm-bindgen-shared v0.2.84
[INFO] [stderr]    Compiling once_cell v1.17.1
[INFO] [stderr]    Compiling bumpalo v3.12.0
[INFO] [stderr]    Compiling wasm-bindgen v0.2.84
[INFO] [stderr]    Compiling wasm-bindgen-test-macro v0.3.34
[INFO] [stderr]    Compiling scoped-tls v1.0.1
[INFO] [stderr]    Compiling wasm-bindgen-backend v0.2.84
[INFO] [stderr]    Compiling wasm-bindgen-macro-support v0.2.84
[INFO] [stderr]    Compiling wasm-bindgen-macro v0.2.84
[INFO] [stderr]    Compiling js-sys v0.3.61
[INFO] [stderr]    Compiling console_error_panic_hook v0.1.7
[INFO] [stderr]    Compiling wasm-bindgen-futures v0.4.34
[INFO] [stderr]    Compiling wasm-bindgen-test v0.3.34
[INFO] [stderr]    Compiling babycat v0.0.15 (/opt/rustwide/workdir)
[INFO] [stderr]     Finished test [unoptimized + debuginfo] target(s) in 19.74s
[INFO] running `Command { std: "docker" "inspect" "10c30948a8ce763125f2c00cdba303dcb9347b3af36ffbf659c8f2024cf73c83", kill_on_drop: false }`
[INFO] running `Command { std: "docker" "rm" "-f" "10c30948a8ce763125f2c00cdba303dcb9347b3af36ffbf659c8f2024cf73c83", kill_on_drop: false }`
[INFO] [stdout] 10c30948a8ce763125f2c00cdba303dcb9347b3af36ffbf659c8f2024cf73c83
[INFO] running `Command { std: "docker" "create" "-v" "/var/lib/crater-agent-workspace/builds/worker-3-tc1/target:/opt/rustwide/target:rw,Z" "-v" "/var/lib/crater-agent-workspace/builds/worker-3-tc1/source:/opt/rustwide/workdir:ro,Z" "-v" "/var/lib/crater-agent-workspace/cargo-home:/opt/rustwide/cargo-home:ro,Z" "-v" "/var/lib/crater-agent-workspace/rustup-home:/opt/rustwide/rustup-home:ro,Z" "-e" "SOURCE_DIR=/opt/rustwide/workdir" "-e" "CARGO_TARGET_DIR=/opt/rustwide/target" "-e" "CARGO_INCREMENTAL=0" "-e" "RUST_BACKTRACE=full" "-e" "RUSTFLAGS=--cap-lints=warn" "-e" "RUSTDOCFLAGS=--cap-lints=warn" "-e" "CARGO_HOME=/opt/rustwide/cargo-home" "-e" "RUSTUP_HOME=/opt/rustwide/rustup-home" "-w" "/opt/rustwide/workdir" "-m" "1610612736" "--user" "0:0" "--network" "none" "ghcr.io/rust-lang/crates-build-env/linux@sha256:2788e3201cd34a07e3172128adcd8b3090168a8e3bcc40d7c032b9dda1df7d1c" "/opt/rustwide/cargo-home/bin/cargo" "+1.75.0" "test" "--frozen", kill_on_drop: false }`
[INFO] [stdout] eb78bc83c9e935afd4f41fbf6741cdb75460ac24d043102932c57560173d85ae
[INFO] running `Command { std: "docker" "start" "-a" "eb78bc83c9e935afd4f41fbf6741cdb75460ac24d043102932c57560173d85ae", kill_on_drop: false }`
[INFO] [stderr]     Finished test [unoptimized + debuginfo] target(s) in 0.14s
[INFO] [stderr]      Running unittests src/lib.rs (/opt/rustwide/target/debug/deps/babycat-c9443f8bf2e75d8f)
[INFO] [stdout] 
[INFO] [stdout] running 2 tests
[INFO] [stdout] test backend::source::convert_to_mono::tests::test_size_hint_1 ... ok
[INFO] [stdout] test backend::source::select_channels::tests::test_size_hint_1 ... ok
[INFO] [stdout] 
[INFO] [stdout] test result: ok. 2 passed; 0 failed; 0 ignored; 0 measured; 0 filtered out; finished in 0.00s
[INFO] [stdout] 
[INFO] [stderr]      Running tests/fixtures.rs (/opt/rustwide/target/debug/deps/fixtures-33456ec128c1af74)
[INFO] [stderr]      Running tests/test_append.rs (/opt/rustwide/target/debug/deps/test_append-83b0ec9c991d4cd0)
[INFO] [stdout] 
[INFO] [stdout] running 0 tests
[INFO] [stdout] 
[INFO] [stdout] test result: ok. 0 passed; 0 failed; 0 ignored; 0 measured; 0 filtered out; finished in 0.00s
[INFO] [stdout] 
[INFO] [stdout] 
[INFO] [stdout] running 1 test
[INFO] [stdout] test test_append::test_do_nothing ... ok
[INFO] [stdout] 
[INFO] [stdout] test result: ok. 1 passed; 0 failed; 0 ignored; 0 measured; 0 filtered out; finished in 0.00s
[INFO] [stdout] 
[INFO] [stderr]      Running tests/test_append_zeros.rs (/opt/rustwide/target/debug/deps/test_append_zeros-06110f99b5501cf4)
[INFO] [stdout] 
[INFO] [stdout] running 2 tests
[INFO] [stderr]      Running tests/test_prepend_zeros.rs (/opt/rustwide/target/debug/deps/test_prepend_zeros-c4a6e468285aba5f)
[INFO] [stdout] test test_append_zeros::test_append_1 ... ok
[INFO] [stdout] test test_append_zeros::test_do_nothing ... ok
[INFO] [stdout] 
[INFO] [stdout] test result: ok. 2 passed; 0 failed; 0 ignored; 0 measured; 0 filtered out; finished in 0.00s
[INFO] [stdout] 
[INFO] [stdout] 
[INFO] [stdout] running 2 tests
[INFO] [stdout] test test_prepend_zeros::test_prepend_1 ... ok
[INFO] [stdout] test test_prepend_zeros::test_do_nothing ... ok
[INFO] [stderr]      Running tests/test_select_channels.rs (/opt/rustwide/target/debug/deps/test_select_channels-090d7d00f2420e50)
[INFO] [stdout] 
[INFO] [stdout] test result: ok. 2 passed; 0 failed; 0 ignored; 0 measured; 0 filtered out; finished in 0.01s
[INFO] [stdout] 
[INFO] [stdout] 
[INFO] [stdout] running 1 test
[INFO] [stdout] test test_select_channels::test_do_nothing ... ok
[INFO] [stdout] 
[INFO] [stdout] test result: ok. 1 passed; 0 failed; 0 ignored; 0 measured; 0 filtered out; finished in 0.00s
[INFO] [stdout] 
[INFO] [stderr]      Running tests/test_skip_frames.rs (/opt/rustwide/target/debug/deps/test_skip_frames-d8bbadefcd89558a)
[INFO] [stdout] 
[INFO] [stdout] running 1 test
[INFO] [stdout] test test_skip_frames::test_size_hint_1 ... ok
[INFO] [stdout] 
[INFO] [stdout] test result: ok. 1 passed; 0 failed; 0 ignored; 0 measured; 0 filtered out; finished in 0.00s
[INFO] [stdout] 
[INFO] [stderr]      Running tests/test_take_frames.rs (/opt/rustwide/target/debug/deps/test_take_frames-1f0edf3ab4bf81e0)
[INFO] [stdout] 
[INFO] [stdout] running 1 test
[INFO] [stdout] test test_take_frames::test_size_hint_1 ... ok
[INFO] [stdout] 
[INFO] [stdout] test result: ok. 1 passed; 0 failed; 0 ignored; 0 measured; 0 filtered out; finished in 0.00s
[INFO] [stdout] 
[INFO] [stderr]      Running tests/test_waveform_args.rs (/opt/rustwide/target/debug/deps/test_waveform_args-a99970afd7394c5e)
[INFO] [stdout] 
[INFO] [stdout] running 2 tests
[INFO] [stderr]      Running tests/test_waveform_batch_different_encodings.rs (/opt/rustwide/target/debug/deps/test_waveform_batch_different_encodings-c40c27e7e1da98d1)
[INFO] [stdout] test test_waveform_args::test_setters ... ok
[INFO] [stdout] test test_waveform_args::test_default ... ok
[INFO] [stdout] 
[INFO] [stdout] test result: ok. 2 passed; 0 failed; 0 ignored; 0 measured; 0 filtered out; finished in 0.01s
[INFO] [stdout] 
[INFO] [stdout] 
[INFO] [stdout] running 1 test
[INFO] [stdout] test test_waveform_different_encodings::test_different_encodings_1 ... FAILED
[INFO] [stdout] 
[INFO] [stdout] failures:
[INFO] [stdout] 
[INFO] [stdout] ---- test_waveform_different_encodings::test_different_encodings_1 stdout ----
[INFO] [stdout] thread 'test_waveform_different_encodings::test_different_encodings_1' panicked at tests/test_waveform_batch_different_encodings.rs:34:48:
[INFO] [stdout] called `Result::unwrap()` on an `Err` value: FileNotFound("./audio-for-tests/log-sweep/192kbps-cbr.mp3")
[INFO] [stdout] stack backtrace:
[INFO] [stdout]    0:     0x55d68b545bbc - std::backtrace_rs::backtrace::libunwind::trace::ha637c64ce894333a
[INFO] [stdout]                                at /rustc/82e1608dfa6e0b5569232559e3d385fea5a93112/library/std/src/../../backtrace/src/backtrace/libunwind.rs:104:5
[INFO] [stdout]    1:     0x55d68b545bbc - std::backtrace_rs::backtrace::trace_unsynchronized::h47f62dea28e0c88d
[INFO] [stdout]                                at /rustc/82e1608dfa6e0b5569232559e3d385fea5a93112/library/std/src/../../backtrace/src/backtrace/mod.rs:66:5
[INFO] [stdout]    2:     0x55d68b545bbc - std::sys_common::backtrace::_print_fmt::h9eef0abe20ede486
[INFO] [stdout]                                at /rustc/82e1608dfa6e0b5569232559e3d385fea5a93112/library/std/src/sys_common/backtrace.rs:67:5
[INFO] [stdout]    3:     0x55d68b545bbc - <std::sys_common::backtrace::_print::DisplayBacktrace as core::fmt::Display>::fmt::hed7f999df88cc644
[INFO] [stdout]                                at /rustc/82e1608dfa6e0b5569232559e3d385fea5a93112/library/std/src/sys_common/backtrace.rs:44:22
[INFO] [stdout]    4:     0x55d68b570ba0 - core::fmt::rt::Argument::fmt::h1539a9308b8d058d
[INFO] [stdout]                                at /rustc/82e1608dfa6e0b5569232559e3d385fea5a93112/library/core/src/fmt/rt.rs:142:9
[INFO] [stdout]    5:     0x55d68b570ba0 - core::fmt::write::h3a39390d8560d9c9
[INFO] [stdout]                                at /rustc/82e1608dfa6e0b5569232559e3d385fea5a93112/library/core/src/fmt/mod.rs:1120:17
[INFO] [stdout]    6:     0x55d68b54339f - std::io::Write::write_fmt::h040b369f3a0f9cbc
[INFO] [stdout]                                at /rustc/82e1608dfa6e0b5569232559e3d385fea5a93112/library/std/src/io/mod.rs:1762:15
[INFO] [stdout]    7:     0x55d68b5459a4 - std::sys_common::backtrace::_print::h894006fb5c6f3d45
[INFO] [stdout]                                at /rustc/82e1608dfa6e0b5569232559e3d385fea5a93112/library/std/src/sys_common/backtrace.rs:47:5
[INFO] [stdout]    8:     0x55d68b5459a4 - std::sys_common::backtrace::print::h23a2d212c6fff936
[INFO] [stdout]                                at /rustc/82e1608dfa6e0b5569232559e3d385fea5a93112/library/std/src/sys_common/backtrace.rs:34:9
[INFO] [stdout]    9:     0x55d68b547667 - std::panicking::default_hook::{{closure}}::h8a1d2ee00185001a
[INFO] [stdout]   10:     0x55d68b547353 - std::panicking::default_hook::h6038f2eba384e475
[INFO] [stdout]                                at /rustc/82e1608dfa6e0b5569232559e3d385fea5a93112/library/std/src/panicking.rs:289:9
[INFO] [stdout]   11:     0x55d68b13ac37 - <alloc::boxed::Box<F,A> as core::ops::function::Fn<Args>>::call::h0ad024c9bdc6d768
[INFO] [stdout]                                at /rustc/82e1608dfa6e0b5569232559e3d385fea5a93112/library/alloc/src/boxed.rs:2021:9
[INFO] [stdout]   12:     0x55d68b13ac37 - test::test_main::{{closure}}::h7500b54257359db6
[INFO] [stdout]                                at /rustc/82e1608dfa6e0b5569232559e3d385fea5a93112/library/test/src/lib.rs:138:21
[INFO] [stdout]   13:     0x55d68b547c78 - <alloc::boxed::Box<F,A> as core::ops::function::Fn<Args>>::call::h1f8f335eaa9cfaee
[INFO] [stdout]                                at /rustc/82e1608dfa6e0b5569232559e3d385fea5a93112/library/alloc/src/boxed.rs:2021:9
[INFO] [stdout]   14:     0x55d68b547c78 - std::panicking::rust_panic_with_hook::h2b5517d590cab22e
[INFO] [stdout]                                at /rustc/82e1608dfa6e0b5569232559e3d385fea5a93112/library/std/src/panicking.rs:783:13
[INFO] [stdout]   15:     0x55d68b5479ce - std::panicking::begin_panic_handler::{{closure}}::h233112c06e0ef43e
[INFO] [stdout]                                at /rustc/82e1608dfa6e0b5569232559e3d385fea5a93112/library/std/src/panicking.rs:657:13
[INFO] [stdout]   16:     0x55d68b546086 - std::sys_common::backtrace::__rust_end_short_backtrace::h6e893f24d7ebbff8
[INFO] [stdout]                                at /rustc/82e1608dfa6e0b5569232559e3d385fea5a93112/library/std/src/sys_common/backtrace.rs:170:18
[INFO] [stdout]   17:     0x55d68b547732 - rust_begin_unwind
[INFO] [stdout]                                at /rustc/82e1608dfa6e0b5569232559e3d385fea5a93112/library/std/src/panicking.rs:645:5
[INFO] [stdout]   18:     0x55d68b103da5 - core::panicking::panic_fmt::hbf0e066aabfa482c
[INFO] [stdout]                                at /rustc/82e1608dfa6e0b5569232559e3d385fea5a93112/library/core/src/panicking.rs:72:14
[INFO] [stdout]   19:     0x55d68b104373 - core::result::unwrap_failed::hddb4fea594200c52
[INFO] [stdout]                                at /rustc/82e1608dfa6e0b5569232559e3d385fea5a93112/library/core/src/result.rs:1653:5
[INFO] [stdout]   20:     0x55d68b105189 - core::result::Result<T,E>::unwrap::h22d52568c7c4935c
[INFO] [stdout]                                at /rustc/82e1608dfa6e0b5569232559e3d385fea5a93112/library/core/src/result.rs:1077:23
[INFO] [stdout]   21:     0x55d68b105f3a - test_waveform_batch_different_encodings::test_waveform_different_encodings::test_different_encodings_1::hf022967ce1fa7d52
[INFO] [stdout]                                at /opt/rustwide/workdir/tests/test_waveform_batch_different_encodings.rs:34:28
[INFO] [stdout]   22:     0x55d68b105c27 - test_waveform_batch_different_encodings::test_waveform_different_encodings::test_different_encodings_1::{{closure}}::ha9182dbfe6a910c1
[INFO] [stdout]                                at /opt/rustwide/workdir/tests/test_waveform_batch_different_encodings.rs:13:36
[INFO] [stdout]   23:     0x55d68b104e96 - core::ops::function::FnOnce::call_once::h4bdaf487268bea8a
[INFO] [stdout]                                at /rustc/82e1608dfa6e0b5569232559e3d385fea5a93112/library/core/src/ops/function.rs:250:5
[INFO] [stdout]   24:     0x55d68b14028f - core::ops::function::FnOnce::call_once::h2b5d431d5046312d
[INFO] [stdout]                                at /rustc/82e1608dfa6e0b5569232559e3d385fea5a93112/library/core/src/ops/function.rs:250:5
[INFO] [stdout]   25:     0x55d68b14028f - test::__rust_begin_short_backtrace::h7714669af176e207
[INFO] [stdout]                                at /rustc/82e1608dfa6e0b5569232559e3d385fea5a93112/library/test/src/lib.rs:628:18
[INFO] [stdout]   26:     0x55d68b13f2a5 - test::run_test_in_process::{{closure}}::h85218797dcbcec12
[INFO] [stdout]                                at /rustc/82e1608dfa6e0b5569232559e3d385fea5a93112/library/test/src/lib.rs:651:60
[INFO] [stdout]   27:     0x55d68b13f2a5 - <core::panic::unwind_safe::AssertUnwindSafe<F> as core::ops::function::FnOnce<()>>::call_once::h76c106ea31c14d7b
[INFO] [stdout]                                at /rustc/82e1608dfa6e0b5569232559e3d385fea5a93112/library/core/src/panic/unwind_safe.rs:272:9
[INFO] [stdout]   28:     0x55d68b13f2a5 - std::panicking::try::do_call::h3bd5d0f6620ee946
[INFO] [stdout]                                at /rustc/82e1608dfa6e0b5569232559e3d385fea5a93112/library/std/src/panicking.rs:552:40
[INFO] [stdout]   29:     0x55d68b13f2a5 - std::panicking::try::h232e535e4744fe31
[INFO] [stdout]                                at /rustc/82e1608dfa6e0b5569232559e3d385fea5a93112/library/std/src/panicking.rs:516:19
[INFO] [stdout]   30:     0x55d68b13f2a5 - std::panic::catch_unwind::h3ce3bd6ca8dbac68
[INFO] [stdout]                                at /rustc/82e1608dfa6e0b5569232559e3d385fea5a93112/library/std/src/panic.rs:142:14
[INFO] [stdout]   31:     0x55d68b13f2a5 - test::run_test_in_process::hc97b257c9621286a
[INFO] [stdout]                                at /rustc/82e1608dfa6e0b5569232559e3d385fea5a93112/library/test/src/lib.rs:651:27
[INFO] [stdout]   32:     0x55d68b13f2a5 - test::run_test::{{closure}}::h2aa798823a438d38
[INFO] [stdout]                                at /rustc/82e1608dfa6e0b5569232559e3d385fea5a93112/library/test/src/lib.rs:574:43
[INFO] [stdout]   33:     0x55d68b107566 - test::run_test::{{closure}}::h87d231c78fb59832
[INFO] [stdout]                                at /rustc/82e1608dfa6e0b5569232559e3d385fea5a93112/library/test/src/lib.rs:602:41
[INFO] [stdout]   34:     0x55d68b107566 - std::sys_common::backtrace::__rust_begin_short_backtrace::he6df152596625789
[INFO] [stdout]                                at /rustc/82e1608dfa6e0b5569232559e3d385fea5a93112/library/std/src/sys_common/backtrace.rs:154:18
[INFO] [stdout]   35:     0x55d68b10c617 - std::thread::Builder::spawn_unchecked_::{{closure}}::{{closure}}::ha94be15d1e0acf36
[INFO] [stdout]                                at /rustc/82e1608dfa6e0b5569232559e3d385fea5a93112/library/std/src/thread/mod.rs:529:17
[INFO] [stdout]   36:     0x55d68b10c617 - <core::panic::unwind_safe::AssertUnwindSafe<F> as core::ops::function::FnOnce<()>>::call_once::h9dc6bd6372f16606
[INFO] [stdout]                                at /rustc/82e1608dfa6e0b5569232559e3d385fea5a93112/library/core/src/panic/unwind_safe.rs:272:9
[INFO] [stdout]   37:     0x55d68b10c617 - std::panicking::try::do_call::h9057517f80303cd4
[INFO] [stdout]                                at /rustc/82e1608dfa6e0b5569232559e3d385fea5a93112/library/std/src/panicking.rs:552:40
[INFO] [stdout]   38:     0x55d68b10c617 - std::panicking::try::he3a30b11ee45340c
[INFO] [stdout]                                at /rustc/82e1608dfa6e0b5569232559e3d385fea5a93112/library/std/src/panicking.rs:516:19
[INFO] [stdout]   39:     0x55d68b10c617 - std::panic::catch_unwind::h410458cfd3528b8b
[INFO] [stdout]                                at /rustc/82e1608dfa6e0b5569232559e3d385fea5a93112/library/std/src/panic.rs:142:14
[INFO] [stdout]   40:     0x55d68b10c617 - std::thread::Builder::spawn_unchecked_::{{closure}}::h72ac3bdb567b737b
[INFO] [stdout]                                at /rustc/82e1608dfa6e0b5569232559e3d385fea5a93112/library/std/src/thread/mod.rs:528:30
[INFO] [stdout]   41:     0x55d68b10c617 - core::ops::function::FnOnce::call_once{{vtable.shim}}::h38f34da3654a8344
[INFO] [stdout]                                at /rustc/82e1608dfa6e0b5569232559e3d385fea5a93112/library/core/src/ops/function.rs:250:5
[INFO] [stdout]   42:     0x55d68b54c815 - <alloc::boxed::Box<F,A> as core::ops::function::FnOnce<Args>>::call_once::hc7eafaff61e32df9
[INFO] [stdout]                                at /rustc/82e1608dfa6e0b5569232559e3d385fea5a93112/library/alloc/src/boxed.rs:2007:9
[INFO] [stdout]   43:     0x55d68b54c815 - <alloc::boxed::Box<F,A> as core::ops::function::FnOnce<Args>>::call_once::h6ba4a5de48dd2304
[INFO] [stdout]                                at /rustc/82e1608dfa6e0b5569232559e3d385fea5a93112/library/alloc/src/boxed.rs:2007:9
[INFO] [stdout]   44:     0x55d68b54c815 - std::sys::unix::thread::Thread::new::thread_start::he469335aef763e45
[INFO] [stdout]                                at /rustc/82e1608dfa6e0b5569232559e3d385fea5a93112/library/std/src/sys/unix/thread.rs:108:17
[INFO] [stdout]   45:     0x7fb1a990bac3 - <unknown>
[INFO] [stdout]   46:     0x7fb1a999cbf4 - __clone
[INFO] [stdout]   47:                0x0 - <unknown>
[INFO] [stdout] 
[INFO] [stdout] 
[INFO] [stdout] failures:
[INFO] [stdout]     test_waveform_different_encodings::test_different_encodings_1
[INFO] [stdout] 
[INFO] [stdout] test result: FAILED. 0 passed; 1 failed; 0 ignored; 0 measured; 0 filtered out; finished in 0.08s
[INFO] [stdout] 
[INFO] [stderr] error: test failed, to rerun pass `--test test_waveform_batch_different_encodings`
[INFO] running `Command { std: "docker" "inspect" "eb78bc83c9e935afd4f41fbf6741cdb75460ac24d043102932c57560173d85ae", kill_on_drop: false }`
[INFO] running `Command { std: "docker" "rm" "-f" "eb78bc83c9e935afd4f41fbf6741cdb75460ac24d043102932c57560173d85ae", kill_on_drop: false }`
[INFO] [stdout] eb78bc83c9e935afd4f41fbf6741cdb75460ac24d043102932c57560173d85ae
[INFO] testing babycat-0.0.15 against beta-2023-12-22 for beta-1.76-1
[INFO] extracting crate babycat 0.0.15 into /workspace/builds/worker-3-tc2/source
[INFO] validating manifest of crates.io crate babycat 0.0.15 on toolchain beta-2023-12-22
[INFO] running `Command { std: CARGO_HOME="/workspace/cargo-home" RUSTUP_HOME="/workspace/rustup-home" "/workspace/cargo-home/bin/cargo" "+beta-2023-12-22" "metadata" "--manifest-path" "Cargo.toml" "--no-deps", kill_on_drop: false }`
[INFO] removed /workspace/builds/worker-3-tc2/source/rust-toolchain.toml
[INFO] started tweaking crates.io crate babycat 0.0.15
[INFO] finished tweaking crates.io crate babycat 0.0.15
[INFO] tweaked toml for crates.io crate babycat 0.0.15 written to /workspace/builds/worker-3-tc2/source/Cargo.toml
[INFO] crate crates.io crate babycat 0.0.15 already has a lockfile, it will not be regenerated
[INFO] running `Command { std: CARGO_HOME="/workspace/cargo-home" RUSTUP_HOME="/workspace/rustup-home" "/workspace/cargo-home/bin/cargo" "+beta-2023-12-22" "fetch" "--manifest-path" "Cargo.toml", kill_on_drop: false }`
[INFO] running `Command { std: "docker" "create" "-v" "/var/lib/crater-agent-workspace/builds/worker-3-tc2/target:/opt/rustwide/target:rw,Z" "-v" "/var/lib/crater-agent-workspace/builds/worker-3-tc2/source:/opt/rustwide/workdir:ro,Z" "-v" "/var/lib/crater-agent-workspace/cargo-home:/opt/rustwide/cargo-home:ro,Z" "-v" "/var/lib/crater-agent-workspace/rustup-home:/opt/rustwide/rustup-home:ro,Z" "-e" "SOURCE_DIR=/opt/rustwide/workdir" "-e" "CARGO_TARGET_DIR=/opt/rustwide/target" "-e" "CARGO_HOME=/opt/rustwide/cargo-home" "-e" "RUSTUP_HOME=/opt/rustwide/rustup-home" "-w" "/opt/rustwide/workdir" "-m" "1610612736" "--user" "0:0" "--network" "none" "ghcr.io/rust-lang/crates-build-env/linux@sha256:2788e3201cd34a07e3172128adcd8b3090168a8e3bcc40d7c032b9dda1df7d1c" "/opt/rustwide/cargo-home/bin/cargo" "+beta-2023-12-22" "metadata" "--no-deps" "--format-version=1", kill_on_drop: false }`
[INFO] [stdout] 7e2485d0773e08b1cb8883ad60cc39f822513a25f577584a618206cf454a3f1f
[INFO] running `Command { std: "docker" "start" "-a" "7e2485d0773e08b1cb8883ad60cc39f822513a25f577584a618206cf454a3f1f", kill_on_drop: false }`
[INFO] running `Command { std: "docker" "inspect" "7e2485d0773e08b1cb8883ad60cc39f822513a25f577584a618206cf454a3f1f", kill_on_drop: false }`
[INFO] running `Command { std: "docker" "rm" "-f" "7e2485d0773e08b1cb8883ad60cc39f822513a25f577584a618206cf454a3f1f", kill_on_drop: false }`
[INFO] [stdout] 7e2485d0773e08b1cb8883ad60cc39f822513a25f577584a618206cf454a3f1f
[INFO] running `Command { std: "docker" "create" "-v" "/var/lib/crater-agent-workspace/builds/worker-3-tc2/target:/opt/rustwide/target:rw,Z" "-v" "/var/lib/crater-agent-workspace/builds/worker-3-tc2/source:/opt/rustwide/workdir:ro,Z" "-v" "/var/lib/crater-agent-workspace/cargo-home:/opt/rustwide/cargo-home:ro,Z" "-v" "/var/lib/crater-agent-workspace/rustup-home:/opt/rustwide/rustup-home:ro,Z" "-e" "SOURCE_DIR=/opt/rustwide/workdir" "-e" "CARGO_TARGET_DIR=/opt/rustwide/target" "-e" "CARGO_INCREMENTAL=0" "-e" "RUST_BACKTRACE=full" "-e" "RUSTFLAGS=--cap-lints=warn" "-e" "RUSTDOCFLAGS=--cap-lints=warn" "-e" "CARGO_HOME=/opt/rustwide/cargo-home" "-e" "RUSTUP_HOME=/opt/rustwide/rustup-home" "-w" "/opt/rustwide/workdir" "-m" "1610612736" "--user" "0:0" "--network" "none" "ghcr.io/rust-lang/crates-build-env/linux@sha256:2788e3201cd34a07e3172128adcd8b3090168a8e3bcc40d7c032b9dda1df7d1c" "/opt/rustwide/cargo-home/bin/cargo" "+beta-2023-12-22" "build" "--frozen" "--message-format=json", kill_on_drop: false }`
[INFO] [stdout] a95695c7df0b1b8331791d5d975c68f2fd5804654a27ec17ec94f47b56997021
[INFO] running `Command { std: "docker" "start" "-a" "a95695c7df0b1b8331791d5d975c68f2fd5804654a27ec17ec94f47b56997021", kill_on_drop: false }`
[INFO] [stderr]    Compiling proc-macro2 v1.0.51
[INFO] [stderr]    Compiling quote v1.0.23
[INFO] [stderr]    Compiling unicode-ident v1.0.6
[INFO] [stderr]    Compiling syn v1.0.107
[INFO] [stderr]    Compiling serde_derive v1.0.152
[INFO] [stderr]    Compiling serde v1.0.152
[INFO] [stderr]    Compiling log v0.4.17
[INFO] [stderr]    Compiling bitflags v1.3.2
[INFO] [stderr]    Compiling lazy_static v1.4.0
[INFO] [stderr]    Compiling bytemuck v1.13.0
[INFO] [stderr]    Compiling arrayvec v0.7.2
[INFO] [stderr]    Compiling encoding_rs v0.8.32
[INFO] [stderr]    Compiling crossbeam-utils v0.8.14
[INFO] [stderr]    Compiling memoffset v0.7.1
[INFO] [stderr]    Compiling crossbeam-epoch v0.9.13
[INFO] [stderr]    Compiling cc v1.0.79
[INFO] [stderr]    Compiling libc v0.2.139
[INFO] [stderr]    Compiling scopeguard v1.1.0
[INFO] [stderr]    Compiling num-traits v0.2.15
[INFO] [stderr]    Compiling rayon-core v1.10.2
[INFO] [stderr]    Compiling cmake v0.1.49
[INFO] [stderr]    Compiling serde_json v1.0.93
[INFO] [stderr]    Compiling crossbeam-channel v0.5.6
[INFO] [stderr]    Compiling ryu v1.0.12
[INFO] [stderr]    Compiling num_cpus v1.15.0
[INFO] [stderr]    Compiling crossbeam-deque v0.8.2
[INFO] [stderr]    Compiling itoa v1.0.5
[INFO] [stderr]    Compiling either v1.8.1
[INFO] [stderr]    Compiling base64 v0.13.1
[INFO] [stderr]    Compiling libsamplerate-sys v0.1.12
[INFO] [stderr]    Compiling float-cmp v0.9.0
[INFO] [stderr]    Compiling humantime v2.1.0
[INFO] [stderr]    Compiling hound v3.5.0
[INFO] [stderr]    Compiling rayon v1.6.1
[INFO] [stderr]    Compiling samplerate v0.2.4
[INFO] [stderr]    Compiling symphonia-core v0.5.2
[INFO] [stderr]    Compiling symphonia-metadata v0.5.2
[INFO] [stderr]    Compiling symphonia-codec-adpcm v0.5.2
[INFO] [stderr]    Compiling symphonia-codec-pcm v0.5.2
[INFO] [stderr]    Compiling symphonia-codec-aac v0.5.2
[INFO] [stderr]    Compiling symphonia-codec-alac v0.5.2
[INFO] [stderr]    Compiling symphonia-utils-xiph v0.5.2
[INFO] [stderr]    Compiling symphonia-format-ogg v0.5.2
[INFO] [stderr]    Compiling symphonia-format-mkv v0.5.2
[INFO] [stderr]    Compiling symphonia-format-isomp4 v0.5.2
[INFO] [stderr]    Compiling symphonia-codec-vorbis v0.5.2
[INFO] [stderr]    Compiling symphonia-bundle-flac v0.5.2
[INFO] [stderr]    Compiling symphonia-bundle-mp3 v0.5.2
[INFO] [stderr]    Compiling symphonia-format-wav v0.5.2
[INFO] [stderr]    Compiling symphonia v0.5.2
[INFO] [stderr]    Compiling babycat v0.0.15 (/opt/rustwide/workdir)
[INFO] [stderr]     Finished dev [unoptimized + debuginfo] target(s) in 38.62s
[INFO] running `Command { std: "docker" "inspect" "a95695c7df0b1b8331791d5d975c68f2fd5804654a27ec17ec94f47b56997021", kill_on_drop: false }`
[INFO] running `Command { std: "docker" "rm" "-f" "a95695c7df0b1b8331791d5d975c68f2fd5804654a27ec17ec94f47b56997021", kill_on_drop: false }`
[INFO] [stdout] a95695c7df0b1b8331791d5d975c68f2fd5804654a27ec17ec94f47b56997021
[INFO] running `Command { std: "docker" "create" "-v" "/var/lib/crater-agent-workspace/builds/worker-3-tc2/target:/opt/rustwide/target:rw,Z" "-v" "/var/lib/crater-agent-workspace/builds/worker-3-tc2/source:/opt/rustwide/workdir:ro,Z" "-v" "/var/lib/crater-agent-workspace/cargo-home:/opt/rustwide/cargo-home:ro,Z" "-v" "/var/lib/crater-agent-workspace/rustup-home:/opt/rustwide/rustup-home:ro,Z" "-e" "SOURCE_DIR=/opt/rustwide/workdir" "-e" "CARGO_TARGET_DIR=/opt/rustwide/target" "-e" "CARGO_INCREMENTAL=0" "-e" "RUST_BACKTRACE=full" "-e" "RUSTFLAGS=--cap-lints=warn" "-e" "RUSTDOCFLAGS=--cap-lints=warn" "-e" "CARGO_HOME=/opt/rustwide/cargo-home" "-e" "RUSTUP_HOME=/opt/rustwide/rustup-home" "-w" "/opt/rustwide/workdir" "-m" "1610612736" "--user" "0:0" "--network" "none" "ghcr.io/rust-lang/crates-build-env/linux@sha256:2788e3201cd34a07e3172128adcd8b3090168a8e3bcc40d7c032b9dda1df7d1c" "/opt/rustwide/cargo-home/bin/cargo" "+beta-2023-12-22" "test" "--frozen" "--no-run" "--message-format=json", kill_on_drop: false }`
[INFO] [stdout] aa89256cb593538ab6c1398cd678ac1f689084fc769e418b07893e4085a8f573
[INFO] running `Command { std: "docker" "start" "-a" "aa89256cb593538ab6c1398cd678ac1f689084fc769e418b07893e4085a8f573", kill_on_drop: false }`
[INFO] [stderr]    Compiling wasm-bindgen-shared v0.2.84
[INFO] [stderr]    Compiling once_cell v1.17.1
[INFO] [stderr]    Compiling bumpalo v3.12.0
[INFO] [stderr]    Compiling wasm-bindgen v0.2.84
[INFO] [stderr]    Compiling wasm-bindgen-test-macro v0.3.34
[INFO] [stderr]    Compiling scoped-tls v1.0.1
[INFO] [stderr]    Compiling wasm-bindgen-backend v0.2.84
[INFO] [stderr]    Compiling wasm-bindgen-macro-support v0.2.84
[INFO] [stderr]    Compiling wasm-bindgen-macro v0.2.84
[INFO] [stderr]    Compiling js-sys v0.3.61
[INFO] [stderr]    Compiling console_error_panic_hook v0.1.7
[INFO] [stderr]    Compiling wasm-bindgen-futures v0.4.34
[INFO] [stderr]    Compiling wasm-bindgen-test v0.3.34
[INFO] [stderr]    Compiling babycat v0.0.15 (/opt/rustwide/workdir)
[INFO] [stderr]     Finished test [unoptimized + debuginfo] target(s) in 16.66s
[INFO] running `Command { std: "docker" "inspect" "aa89256cb593538ab6c1398cd678ac1f689084fc769e418b07893e4085a8f573", kill_on_drop: false }`
[INFO] running `Command { std: "docker" "rm" "-f" "aa89256cb593538ab6c1398cd678ac1f689084fc769e418b07893e4085a8f573", kill_on_drop: false }`
[INFO] [stdout] aa89256cb593538ab6c1398cd678ac1f689084fc769e418b07893e4085a8f573
[INFO] running `Command { std: "docker" "create" "-v" "/var/lib/crater-agent-workspace/builds/worker-3-tc2/target:/opt/rustwide/target:rw,Z" "-v" "/var/lib/crater-agent-workspace/builds/worker-3-tc2/source:/opt/rustwide/workdir:ro,Z" "-v" "/var/lib/crater-agent-workspace/cargo-home:/opt/rustwide/cargo-home:ro,Z" "-v" "/var/lib/crater-agent-workspace/rustup-home:/opt/rustwide/rustup-home:ro,Z" "-e" "SOURCE_DIR=/opt/rustwide/workdir" "-e" "CARGO_TARGET_DIR=/opt/rustwide/target" "-e" "CARGO_INCREMENTAL=0" "-e" "RUST_BACKTRACE=full" "-e" "RUSTFLAGS=--cap-lints=warn" "-e" "RUSTDOCFLAGS=--cap-lints=warn" "-e" "CARGO_HOME=/opt/rustwide/cargo-home" "-e" "RUSTUP_HOME=/opt/rustwide/rustup-home" "-w" "/opt/rustwide/workdir" "-m" "1610612736" "--user" "0:0" "--network" "none" "ghcr.io/rust-lang/crates-build-env/linux@sha256:2788e3201cd34a07e3172128adcd8b3090168a8e3bcc40d7c032b9dda1df7d1c" "/opt/rustwide/cargo-home/bin/cargo" "+beta-2023-12-22" "test" "--frozen", kill_on_drop: false }`
[INFO] [stdout] 337f363c6d5453f043e09bcb4450e97c77e53e7abff36cf609a259f53afc03fd
[INFO] running `Command { std: "docker" "start" "-a" "337f363c6d5453f043e09bcb4450e97c77e53e7abff36cf609a259f53afc03fd", kill_on_drop: false }`
[INFO] [stderr]     Finished test [unoptimized + debuginfo] target(s) in 0.07s
[INFO] [stderr]      Running unittests src/lib.rs (/opt/rustwide/target/debug/deps/babycat-bddd1f3ca5494118)
[INFO] [stdout] 
[INFO] [stdout] running 2 tests
[INFO] [stdout] test backend::source::convert_to_mono::tests::test_size_hint_1 ... ok
[INFO] [stdout] test backend::source::select_channels::tests::test_size_hint_1 ... ok
[INFO] [stdout] 
[INFO] [stdout] test result: ok. 2 passed; 0 failed; 0 ignored; 0 measured; 0 filtered out; finished in 0.00s
[INFO] [stdout] 
[INFO] [stderr]      Running tests/fixtures.rs (/opt/rustwide/target/debug/deps/fixtures-2d5de337b6d8b525)
[INFO] [stdout] 
[INFO] [stdout] running 0 tests
[INFO] [stdout] 
[INFO] [stdout] test result: ok. 0 passed; 0 failed; 0 ignored; 0 measured; 0 filtered out; finished in 0.00s
[INFO] [stdout] 
[INFO] [stderr]      Running tests/test_append.rs (/opt/rustwide/target/debug/deps/test_append-69db9ed277c1f421)
[INFO] [stdout] 
[INFO] [stdout] running 1 test
[INFO] [stdout] test test_append::test_do_nothing ... ok
[INFO] [stdout] 
[INFO] [stdout] test result: ok. 1 passed; 0 failed; 0 ignored; 0 measured; 0 filtered out; finished in 0.00s
[INFO] [stdout] 
[INFO] [stderr]      Running tests/test_append_zeros.rs (/opt/rustwide/target/debug/deps/test_append_zeros-7acb14817594825b)
[INFO] [stdout] 
[INFO] [stdout] running 2 tests
[INFO] [stdout] test test_append_zeros::test_do_nothing ... ok
[INFO] [stdout] test test_append_zeros::test_append_1 ... ok
[INFO] [stdout] 
[INFO] [stdout] test result: ok. 2 passed; 0 failed; 0 ignored; 0 measured; 0 filtered out; finished in 0.00s
[INFO] [stdout] 
[INFO] [stderr]      Running tests/test_prepend_zeros.rs (/opt/rustwide/target/debug/deps/test_prepend_zeros-a820ad431321dc31)
[INFO] [stdout] 
[INFO] [stdout] running 2 tests
[INFO] [stdout] test test_prepend_zeros::test_do_nothing ... ok
[INFO] [stdout] test test_prepend_zeros::test_prepend_1 ... ok
[INFO] [stdout] 
[INFO] [stdout] test result: ok. 2 passed; 0 failed; 0 ignored; 0 measured; 0 filtered out; finished in 0.00s
[INFO] [stdout] 
[INFO] [stderr]      Running tests/test_select_channels.rs (/opt/rustwide/target/debug/deps/test_select_channels-d788b85995dccbac)
[INFO] [stdout] 
[INFO] [stdout] running 1 test
[INFO] [stdout] test test_select_channels::test_do_nothing ... ok
[INFO] [stdout] 
[INFO] [stdout] test result: ok. 1 passed; 0 failed; 0 ignored; 0 measured; 0 filtered out; finished in 0.00s
[INFO] [stdout] 
[INFO] [stderr]      Running tests/test_skip_frames.rs (/opt/rustwide/target/debug/deps/test_skip_frames-71fd3e63bc2b1fda)
[INFO] [stdout] 
[INFO] [stdout] running 1 test
[INFO] [stdout] test test_skip_frames::test_size_hint_1 ... ok
[INFO] [stdout] 
[INFO] [stdout] test result: ok. 1 passed; 0 failed; 0 ignored; 0 measured; 0 filtered out; finished in 0.00s
[INFO] [stdout] 
[INFO] [stderr]      Running tests/test_take_frames.rs (/opt/rustwide/target/debug/deps/test_take_frames-9bed8aa28425e1d5)
[INFO] [stdout] 
[INFO] [stdout] running 1 test
[INFO] [stdout] test test_take_frames::test_size_hint_1 ... ok
[INFO] [stdout] 
[INFO] [stdout] test result: ok. 1 passed; 0 failed; 0 ignored; 0 measured; 0 filtered out; finished in 0.00s
[INFO] [stdout] 
[INFO] [stderr]      Running tests/test_waveform_args.rs (/opt/rustwide/target/debug/deps/test_waveform_args-1c1a50d92d9c7af8)
[INFO] [stdout] 
[INFO] [stdout] running 2 tests
[INFO] [stdout] test test_waveform_args::test_default ... ok
[INFO] [stdout] test test_waveform_args::test_setters ... ok
[INFO] [stdout] 
[INFO] [stdout] test result: ok. 2 passed; 0 failed; 0 ignored; 0 measured; 0 filtered out; finished in 0.00s
[INFO] [stdout] 
[INFO] [stderr]      Running tests/test_waveform_batch_different_encodings.rs (/opt/rustwide/target/debug/deps/test_waveform_batch_different_encodings-0931c9c96aac989b)
[INFO] [stdout] 
[INFO] [stdout] running 1 test
[INFO] [stdout] test test_waveform_different_encodings::test_different_encodings_1 ... FAILED
[INFO] [stdout] 
[INFO] [stdout] failures:
[INFO] [stdout] 
[INFO] [stdout] ---- test_waveform_different_encodings::test_different_encodings_1 stdout ----
[INFO] [stdout] thread 'test_waveform_different_encodings::test_different_encodings_1' panicked at tests/test_waveform_batch_different_encodings.rs:34:48:
[INFO] [stdout] called `Result::unwrap()` on an `Err` value: FileNotFound("./audio-for-tests/log-sweep/192kbps-cbr.mp3")
[INFO] [stdout] stack backtrace:
[INFO] [stdout]    0:     0x55cdfe1a3d96 - std::backtrace_rs::backtrace::libunwind::trace::h261606ad26a499c1
[INFO] [stdout]                                at /rustc/0e09125c6c3c2fd70d7de961bcf0e51575235fad/library/std/src/../../backtrace/src/backtrace/libunwind.rs:104:5
[INFO] [stdout]    1:     0x55cdfe1a3d96 - std::backtrace_rs::backtrace::trace_unsynchronized::hd183f0625477fb28
[INFO] [stdout]                                at /rustc/0e09125c6c3c2fd70d7de961bcf0e51575235fad/library/std/src/../../backtrace/src/backtrace/mod.rs:66:5
[INFO] [stdout]    2:     0x55cdfe1a3d96 - std::sys_common::backtrace::_print_fmt::hd7f8fef21b4eda67
[INFO] [stdout]                                at /rustc/0e09125c6c3c2fd70d7de961bcf0e51575235fad/library/std/src/sys_common/backtrace.rs:68:5
[INFO] [stdout]    3:     0x55cdfe1a3d96 - <std::sys_common::backtrace::_print::DisplayBacktrace as core::fmt::Display>::fmt::h623d9b51f2f453f1
[INFO] [stdout]                                at /rustc/0e09125c6c3c2fd70d7de961bcf0e51575235fad/library/std/src/sys_common/backtrace.rs:44:22
[INFO] [stdout]    4:     0x55cdfe1ce080 - core::fmt::rt::Argument::fmt::h9f417ac76a86f368
[INFO] [stdout]                                at /rustc/0e09125c6c3c2fd70d7de961bcf0e51575235fad/library/core/src/fmt/rt.rs:142:9
[INFO] [stdout]    5:     0x55cdfe1ce080 - core::fmt::write::hc9b6faf4ac2aeff7
[INFO] [stdout]                                at /rustc/0e09125c6c3c2fd70d7de961bcf0e51575235fad/library/core/src/fmt/mod.rs:1120:17
[INFO] [stdout]    6:     0x55cdfe1a162f - std::io::Write::write_fmt::he04625a3a989fec3
[INFO] [stdout]                                at /rustc/0e09125c6c3c2fd70d7de961bcf0e51575235fad/library/std/src/io/mod.rs:1810:15
[INFO] [stdout]    7:     0x55cdfe1a3b74 - std::sys_common::backtrace::_print::hd5d66399c7df88a2
[INFO] [stdout]                                at /rustc/0e09125c6c3c2fd70d7de961bcf0e51575235fad/library/std/src/sys_common/backtrace.rs:47:5
[INFO] [stdout]    8:     0x55cdfe1a3b74 - std::sys_common::backtrace::print::he81ed2da642d37e5
[INFO] [stdout]                                at /rustc/0e09125c6c3c2fd70d7de961bcf0e51575235fad/library/std/src/sys_common/backtrace.rs:34:9
[INFO] [stdout]    9:     0x55cdfe1a58e7 - std::panicking::default_hook::{{closure}}::h85773f4fa117163d
[INFO] [stdout]   10:     0x55cdfe1a55cd - std::panicking::default_hook::h6a1694a91d09b278
[INFO] [stdout]                                at /rustc/0e09125c6c3c2fd70d7de961bcf0e51575235fad/library/std/src/panicking.rs:289:9
[INFO] [stdout]   11:     0x55cdfdd9cc27 - <alloc::boxed::Box<F,A> as core::ops::function::Fn<Args>>::call::h616ac37fa3cd6c8f
[INFO] [stdout]                                at /rustc/0e09125c6c3c2fd70d7de961bcf0e51575235fad/library/alloc/src/boxed.rs:2029:9
[INFO] [stdout]   12:     0x55cdfdd9cc27 - test::test_main::{{closure}}::h00d84697cefdcbb6
[INFO] [stdout]                                at /rustc/0e09125c6c3c2fd70d7de961bcf0e51575235fad/library/test/src/lib.rs:138:21
[INFO] [stdout]   13:     0x55cdfe1a5f06 - <alloc::boxed::Box<F,A> as core::ops::function::Fn<Args>>::call::hcb3fe3b9bb537ba8
[INFO] [stdout]                                at /rustc/0e09125c6c3c2fd70d7de961bcf0e51575235fad/library/alloc/src/boxed.rs:2029:9
[INFO] [stdout]   14:     0x55cdfe1a5f06 - std::panicking::rust_panic_with_hook::h0a7ad96e90f7145b
[INFO] [stdout]                                at /rustc/0e09125c6c3c2fd70d7de961bcf0e51575235fad/library/std/src/panicking.rs:783:13
[INFO] [stdout]   15:     0x55cdfe1a5c52 - std::panicking::begin_panic_handler::{{closure}}::h7919090525c6485e
[INFO] [stdout]                                at /rustc/0e09125c6c3c2fd70d7de961bcf0e51575235fad/library/std/src/panicking.rs:657:13
[INFO] [stdout]   16:     0x55cdfe1a4296 - std::sys_common::backtrace::__rust_end_short_backtrace::hf3289479464f7dfe
[INFO] [stdout]                                at /rustc/0e09125c6c3c2fd70d7de961bcf0e51575235fad/library/std/src/sys_common/backtrace.rs:171:18
[INFO] [stdout]   17:     0x55cdfe1a59b0 - rust_begin_unwind
[INFO] [stdout]                                at /rustc/0e09125c6c3c2fd70d7de961bcf0e51575235fad/library/std/src/panicking.rs:645:5
[INFO] [stdout]   18:     0x55cdfdd64d85 - core::panicking::panic_fmt::hcc9f77c5c132af55
[INFO] [stdout]                                at /rustc/0e09125c6c3c2fd70d7de961bcf0e51575235fad/library/core/src/panicking.rs:72:14
[INFO] [stdout]   19:     0x55cdfdd65363 - core::result::unwrap_failed::hbe14f498be1452f9
[INFO] [stdout]                                at /rustc/0e09125c6c3c2fd70d7de961bcf0e51575235fad/library/core/src/result.rs:1649:5
[INFO] [stdout]   20:     0x55cdfdd661bf - core::result::Result<T,E>::unwrap::h336197e54be40bc0
[INFO] [stdout]                                at /rustc/0e09125c6c3c2fd70d7de961bcf0e51575235fad/library/core/src/result.rs:1073:23
[INFO] [stdout]   21:     0x55cdfdd66f80 - test_waveform_batch_different_encodings::test_waveform_different_encodings::test_different_encodings_1::hdee3becbf0c0bfa1
[INFO] [stdout]                                at /opt/rustwide/workdir/tests/test_waveform_batch_different_encodings.rs:34:28
[INFO] [stdout]   22:     0x55cdfdd66c67 - test_waveform_batch_different_encodings::test_waveform_different_encodings::test_different_encodings_1::{{closure}}::h752129953a525547
[INFO] [stdout]                                at /opt/rustwide/workdir/tests/test_waveform_batch_different_encodings.rs:13:36
[INFO] [stdout]   23:     0x55cdfdd65ec6 - core::ops::function::FnOnce::call_once::h403e23674e808437
[INFO] [stdout]                                at /rustc/0e09125c6c3c2fd70d7de961bcf0e51575235fad/library/core/src/ops/function.rs:250:5
[INFO] [stdout]   24:     0x55cdfdda24ff - core::ops::function::FnOnce::call_once::hd64d26f405258157
[INFO] [stdout]                                at /rustc/0e09125c6c3c2fd70d7de961bcf0e51575235fad/library/core/src/ops/function.rs:250:5
[INFO] [stdout]   25:     0x55cdfdda24ff - test::__rust_begin_short_backtrace::he21b0b7a6d731bf9
[INFO] [stdout]                                at /rustc/0e09125c6c3c2fd70d7de961bcf0e51575235fad/library/test/src/lib.rs:627:18
[INFO] [stdout]   26:     0x55cdfdda1281 - test::run_test_in_process::{{closure}}::hf5c73986d7bdfde2
[INFO] [stdout]                                at /rustc/0e09125c6c3c2fd70d7de961bcf0e51575235fad/library/test/src/lib.rs:650:60
[INFO] [stdout]   27:     0x55cdfdda1281 - <core::panic::unwind_safe::AssertUnwindSafe<F> as core::ops::function::FnOnce<()>>::call_once::h330011ad032aadc0
[INFO] [stdout]                                at /rustc/0e09125c6c3c2fd70d7de961bcf0e51575235fad/library/core/src/panic/unwind_safe.rs:272:9
[INFO] [stdout]   28:     0x55cdfdda1281 - std::panicking::try::do_call::he61b0a958b795a41
[INFO] [stdout]                                at /rustc/0e09125c6c3c2fd70d7de961bcf0e51575235fad/library/std/src/panicking.rs:552:40
[INFO] [stdout]   29:     0x55cdfdda1281 - std::panicking::try::h7309da130f906eb7
[INFO] [stdout]                                at /rustc/0e09125c6c3c2fd70d7de961bcf0e51575235fad/library/std/src/panicking.rs:516:19
[INFO] [stdout]   30:     0x55cdfdda1281 - std::panic::catch_unwind::hc5c3a06fdaf0a92a
[INFO] [stdout]                                at /rustc/0e09125c6c3c2fd70d7de961bcf0e51575235fad/library/std/src/panic.rs:142:14
[INFO] [stdout]   31:     0x55cdfdda1281 - test::run_test_in_process::h7e7b7c71c3324e0f
[INFO] [stdout]                                at /rustc/0e09125c6c3c2fd70d7de961bcf0e51575235fad/library/test/src/lib.rs:650:27
[INFO] [stdout]   32:     0x55cdfdda1281 - test::run_test::{{closure}}::h1f509f28f5cf20b1
[INFO] [stdout]                                at /rustc/0e09125c6c3c2fd70d7de961bcf0e51575235fad/library/test/src/lib.rs:573:43
[INFO] [stdout]   33:     0x55cdfdd685b6 - test::run_test::{{closure}}::h1754218abf443f6d
[INFO] [stdout]                                at /rustc/0e09125c6c3c2fd70d7de961bcf0e51575235fad/library/test/src/lib.rs:601:41
[INFO] [stdout]   34:     0x55cdfdd685b6 - std::sys_common::backtrace::__rust_begin_short_backtrace::h2ee174b9d5954948
[INFO] [stdout]                                at /rustc/0e09125c6c3c2fd70d7de961bcf0e51575235fad/library/std/src/sys_common/backtrace.rs:155:18
[INFO] [stdout]   35:     0x55cdfdd6d617 - std::thread::Builder::spawn_unchecked_::{{closure}}::{{closure}}::hf60bee9c1a17ef09
[INFO] [stdout]                                at /rustc/0e09125c6c3c2fd70d7de961bcf0e51575235fad/library/std/src/thread/mod.rs:529:17
[INFO] [stdout]   36:     0x55cdfdd6d617 - <core::panic::unwind_safe::AssertUnwindSafe<F> as core::ops::function::FnOnce<()>>::call_once::h33d0dddec5216160
[INFO] [stdout]                                at /rustc/0e09125c6c3c2fd70d7de961bcf0e51575235fad/library/core/src/panic/unwind_safe.rs:272:9
[INFO] [stdout]   37:     0x55cdfdd6d617 - std::panicking::try::do_call::h144b3048b546f835
[INFO] [stdout]                                at /rustc/0e09125c6c3c2fd70d7de961bcf0e51575235fad/library/std/src/panicking.rs:552:40
[INFO] [stdout]   38:     0x55cdfdd6d617 - std::panicking::try::h978244d04646189f
[INFO] [stdout]                                at /rustc/0e09125c6c3c2fd70d7de961bcf0e51575235fad/library/std/src/panicking.rs:516:19
[INFO] [stdout]   39:     0x55cdfdd6d617 - std::panic::catch_unwind::hdf436369d188fe86
[INFO] [stdout]                                at /rustc/0e09125c6c3c2fd70d7de961bcf0e51575235fad/library/std/src/panic.rs:142:14
[INFO] [stdout]   40:     0x55cdfdd6d617 - std::thread::Builder::spawn_unchecked_::{{closure}}::h87329cbdd33c79ec
[INFO] [stdout]                                at /rustc/0e09125c6c3c2fd70d7de961bcf0e51575235fad/library/std/src/thread/mod.rs:528:30
[INFO] [stdout]   41:     0x55cdfdd6d617 - core::ops::function::FnOnce::call_once{{vtable.shim}}::h401abbe67897d450
[INFO] [stdout]                                at /rustc/0e09125c6c3c2fd70d7de961bcf0e51575235fad/library/core/src/ops/function.rs:250:5
[INFO] [stdout]   42:     0x55cdfe1aaac5 - <alloc::boxed::Box<F,A> as core::ops::function::FnOnce<Args>>::call_once::h5d7c8f150ab9c84c
[INFO] [stdout]                                at /rustc/0e09125c6c3c2fd70d7de961bcf0e51575235fad/library/alloc/src/boxed.rs:2015:9
[INFO] [stdout]   43:     0x55cdfe1aaac5 - <alloc::boxed::Box<F,A> as core::ops::function::FnOnce<Args>>::call_once::h570d5b005c242c15
[INFO] [stdout]                                at /rustc/0e09125c6c3c2fd70d7de961bcf0e51575235fad/library/alloc/src/boxed.rs:2015:9
[INFO] [stdout]   44:     0x55cdfe1aaac5 - std::sys::unix::thread::Thread::new::thread_start::h36b0a20c0b2361ad
[INFO] [stdout]                                at /rustc/0e09125c6c3c2fd70d7de961bcf0e51575235fad/library/std/src/sys/unix/thread.rs:108:17
[INFO] [stdout]   45:     0x7fd645704ac3 - <unknown>
[INFO] [stdout]   46:     0x7fd645795bf4 - __clone
[INFO] [stdout]   47:                0x0 - <unknown>
[INFO] [stdout] 
[INFO] [stdout] 
[INFO] [stdout] failures:
[INFO] [stdout]     test_waveform_different_encodings::test_different_encodings_1
[INFO] [stdout] 
[INFO] [stdout] test result: FAILED. 0 passed; 1 failed; 0 ignored; 0 measured; 0 filtered out; finished in 0.02s
[INFO] [stdout] 
[INFO] [stderr] error: test failed, to rerun pass `--test test_waveform_batch_different_encodings`
[INFO] running `Command { std: "docker" "inspect" "337f363c6d5453f043e09bcb4450e97c77e53e7abff36cf609a259f53afc03fd", kill_on_drop: false }`
[INFO] running `Command { std: "docker" "rm" "-f" "337f363c6d5453f043e09bcb4450e97c77e53e7abff36cf609a259f53afc03fd", kill_on_drop: false }`
[INFO] [stdout] 337f363c6d5453f043e09bcb4450e97c77e53e7abff36cf609a259f53afc03fd
