[INFO] fetching crate baby-emulator 0.1.7...
[INFO] testing baby-emulator-0.1.7 against 1.75.0 for beta-1.76-1
[INFO] extracting crate baby-emulator 0.1.7 into /workspace/builds/worker-4-tc1/source
[INFO] validating manifest of crates.io crate baby-emulator 0.1.7 on toolchain 1.75.0
[INFO] running `Command { std: CARGO_HOME="/workspace/cargo-home" RUSTUP_HOME="/workspace/rustup-home" "/workspace/cargo-home/bin/cargo" "+1.75.0" "metadata" "--manifest-path" "Cargo.toml" "--no-deps", kill_on_drop: false }`
[INFO] started tweaking crates.io crate baby-emulator 0.1.7
[INFO] finished tweaking crates.io crate baby-emulator 0.1.7
[INFO] tweaked toml for crates.io crate baby-emulator 0.1.7 written to /workspace/builds/worker-4-tc1/source/Cargo.toml
[INFO] running `Command { std: CARGO_HOME="/workspace/cargo-home" RUSTUP_HOME="/workspace/rustup-home" "/workspace/cargo-home/bin/cargo" "+1.75.0" "generate-lockfile" "--manifest-path" "Cargo.toml", kill_on_drop: false }`
[INFO] running `Command { std: CARGO_HOME="/workspace/cargo-home" RUSTUP_HOME="/workspace/rustup-home" "/workspace/cargo-home/bin/cargo" "+1.75.0" "fetch" "--manifest-path" "Cargo.toml", kill_on_drop: false }`
[INFO] running `Command { std: "docker" "create" "-v" "/var/lib/crater-agent-workspace/builds/worker-4-tc1/target:/opt/rustwide/target:rw,Z" "-v" "/var/lib/crater-agent-workspace/builds/worker-4-tc1/source:/opt/rustwide/workdir:ro,Z" "-v" "/var/lib/crater-agent-workspace/cargo-home:/opt/rustwide/cargo-home:ro,Z" "-v" "/var/lib/crater-agent-workspace/rustup-home:/opt/rustwide/rustup-home:ro,Z" "-e" "SOURCE_DIR=/opt/rustwide/workdir" "-e" "CARGO_TARGET_DIR=/opt/rustwide/target" "-e" "CARGO_HOME=/opt/rustwide/cargo-home" "-e" "RUSTUP_HOME=/opt/rustwide/rustup-home" "-w" "/opt/rustwide/workdir" "-m" "1610612736" "--user" "0:0" "--network" "none" "ghcr.io/rust-lang/crates-build-env/linux@sha256:2788e3201cd34a07e3172128adcd8b3090168a8e3bcc40d7c032b9dda1df7d1c" "/opt/rustwide/cargo-home/bin/cargo" "+1.75.0" "metadata" "--no-deps" "--format-version=1", kill_on_drop: false }`
[INFO] [stdout] 709befab04b856390f0010535968f93cb77e4b7f650bb7567f835912c8555bca
[INFO] running `Command { std: "docker" "start" "-a" "709befab04b856390f0010535968f93cb77e4b7f650bb7567f835912c8555bca", kill_on_drop: false }`
[INFO] running `Command { std: "docker" "inspect" "709befab04b856390f0010535968f93cb77e4b7f650bb7567f835912c8555bca", kill_on_drop: false }`
[INFO] running `Command { std: "docker" "rm" "-f" "709befab04b856390f0010535968f93cb77e4b7f650bb7567f835912c8555bca", kill_on_drop: false }`
[INFO] [stdout] 709befab04b856390f0010535968f93cb77e4b7f650bb7567f835912c8555bca
[INFO] running `Command { std: "docker" "create" "-v" "/var/lib/crater-agent-workspace/builds/worker-4-tc1/target:/opt/rustwide/target:rw,Z" "-v" "/var/lib/crater-agent-workspace/builds/worker-4-tc1/source:/opt/rustwide/workdir:ro,Z" "-v" "/var/lib/crater-agent-workspace/cargo-home:/opt/rustwide/cargo-home:ro,Z" "-v" "/var/lib/crater-agent-workspace/rustup-home:/opt/rustwide/rustup-home:ro,Z" "-e" "SOURCE_DIR=/opt/rustwide/workdir" "-e" "CARGO_TARGET_DIR=/opt/rustwide/target" "-e" "CARGO_INCREMENTAL=0" "-e" "RUST_BACKTRACE=full" "-e" "RUSTFLAGS=--cap-lints=warn" "-e" "RUSTDOCFLAGS=--cap-lints=warn" "-e" "CARGO_HOME=/opt/rustwide/cargo-home" "-e" "RUSTUP_HOME=/opt/rustwide/rustup-home" "-w" "/opt/rustwide/workdir" "-m" "1610612736" "--user" "0:0" "--network" "none" "ghcr.io/rust-lang/crates-build-env/linux@sha256:2788e3201cd34a07e3172128adcd8b3090168a8e3bcc40d7c032b9dda1df7d1c" "/opt/rustwide/cargo-home/bin/cargo" "+1.75.0" "build" "--frozen" "--message-format=json", kill_on_drop: false }`
[INFO] [stdout] ef83bbdbff11b59b4054c6720535ac09b067a56aa5a6aa1d926ec342e872ed25
[INFO] running `Command { std: "docker" "start" "-a" "ef83bbdbff11b59b4054c6720535ac09b067a56aa5a6aa1d926ec342e872ed25", kill_on_drop: false }`
[INFO] [stderr]    Compiling baby-emulator v0.1.7 (/opt/rustwide/workdir)
[INFO] [stderr]     Finished dev [unoptimized + debuginfo] target(s) in 0.82s
[INFO] running `Command { std: "docker" "inspect" "ef83bbdbff11b59b4054c6720535ac09b067a56aa5a6aa1d926ec342e872ed25", kill_on_drop: false }`
[INFO] running `Command { std: "docker" "rm" "-f" "ef83bbdbff11b59b4054c6720535ac09b067a56aa5a6aa1d926ec342e872ed25", kill_on_drop: false }`
[INFO] [stdout] ef83bbdbff11b59b4054c6720535ac09b067a56aa5a6aa1d926ec342e872ed25
[INFO] running `Command { std: "docker" "create" "-v" "/var/lib/crater-agent-workspace/builds/worker-4-tc1/target:/opt/rustwide/target:rw,Z" "-v" "/var/lib/crater-agent-workspace/builds/worker-4-tc1/source:/opt/rustwide/workdir:ro,Z" "-v" "/var/lib/crater-agent-workspace/cargo-home:/opt/rustwide/cargo-home:ro,Z" "-v" "/var/lib/crater-agent-workspace/rustup-home:/opt/rustwide/rustup-home:ro,Z" "-e" "SOURCE_DIR=/opt/rustwide/workdir" "-e" "CARGO_TARGET_DIR=/opt/rustwide/target" "-e" "CARGO_INCREMENTAL=0" "-e" "RUST_BACKTRACE=full" "-e" "RUSTFLAGS=--cap-lints=warn" "-e" "RUSTDOCFLAGS=--cap-lints=warn" "-e" "CARGO_HOME=/opt/rustwide/cargo-home" "-e" "RUSTUP_HOME=/opt/rustwide/rustup-home" "-w" "/opt/rustwide/workdir" "-m" "1610612736" "--user" "0:0" "--network" "none" "ghcr.io/rust-lang/crates-build-env/linux@sha256:2788e3201cd34a07e3172128adcd8b3090168a8e3bcc40d7c032b9dda1df7d1c" "/opt/rustwide/cargo-home/bin/cargo" "+1.75.0" "test" "--frozen" "--no-run" "--message-format=json", kill_on_drop: false }`
[INFO] [stdout] bb97257c5c1e527faf4cd9412175005c4ae906985618e73c4fd54d6bb4a096ed
[INFO] running `Command { std: "docker" "start" "-a" "bb97257c5c1e527faf4cd9412175005c4ae906985618e73c4fd54d6bb4a096ed", kill_on_drop: false }`
[INFO] [stderr]    Compiling baby-emulator v0.1.7 (/opt/rustwide/workdir)
[INFO] [stderr]     Finished test [unoptimized + debuginfo] target(s) in 1.48s
[INFO] running `Command { std: "docker" "inspect" "bb97257c5c1e527faf4cd9412175005c4ae906985618e73c4fd54d6bb4a096ed", kill_on_drop: false }`
[INFO] running `Command { std: "docker" "rm" "-f" "bb97257c5c1e527faf4cd9412175005c4ae906985618e73c4fd54d6bb4a096ed", kill_on_drop: false }`
[INFO] [stdout] bb97257c5c1e527faf4cd9412175005c4ae906985618e73c4fd54d6bb4a096ed
[INFO] running `Command { std: "docker" "create" "-v" "/var/lib/crater-agent-workspace/builds/worker-4-tc1/target:/opt/rustwide/target:rw,Z" "-v" "/var/lib/crater-agent-workspace/builds/worker-4-tc1/source:/opt/rustwide/workdir:ro,Z" "-v" "/var/lib/crater-agent-workspace/cargo-home:/opt/rustwide/cargo-home:ro,Z" "-v" "/var/lib/crater-agent-workspace/rustup-home:/opt/rustwide/rustup-home:ro,Z" "-e" "SOURCE_DIR=/opt/rustwide/workdir" "-e" "CARGO_TARGET_DIR=/opt/rustwide/target" "-e" "CARGO_INCREMENTAL=0" "-e" "RUST_BACKTRACE=full" "-e" "RUSTFLAGS=--cap-lints=warn" "-e" "RUSTDOCFLAGS=--cap-lints=warn" "-e" "CARGO_HOME=/opt/rustwide/cargo-home" "-e" "RUSTUP_HOME=/opt/rustwide/rustup-home" "-w" "/opt/rustwide/workdir" "-m" "1610612736" "--user" "0:0" "--network" "none" "ghcr.io/rust-lang/crates-build-env/linux@sha256:2788e3201cd34a07e3172128adcd8b3090168a8e3bcc40d7c032b9dda1df7d1c" "/opt/rustwide/cargo-home/bin/cargo" "+1.75.0" "test" "--frozen", kill_on_drop: false }`
[INFO] [stdout] fec745bc45e13df12714d2abee968925e15d0ef0ce38f40583e890b6c5742d41
[INFO] running `Command { std: "docker" "start" "-a" "fec745bc45e13df12714d2abee968925e15d0ef0ce38f40583e890b6c5742d41", kill_on_drop: false }`
[INFO] [stderr]     Finished test [unoptimized + debuginfo] target(s) in 0.01s
[INFO] [stderr]      Running unittests src/lib.rs (/opt/rustwide/target/debug/deps/baby_emulator-9174f85564844af7)
[INFO] [stdout] 
[INFO] [stdout] running 61 tests
[INFO] [stdout] test assembler::linker::tests::test_link_parsed_lines_fail ... ok
[INFO] [stdout] test assembler::parser::tests::instruction_test::test_describe ... ok
[INFO] [stdout] test assembler::linker::tests::test_inline_tags ... ok
[INFO] [stdout] test assembler::parser::tests::instruction_test::test_instruction_parse ... ok
[INFO] [stdout] test assembler::parser::tests::instruction_test::test_instruction_parse_ogn ... ok
[INFO] [stdout] test assembler::linker::tests::test_link_tags_correct ... ok
[INFO] [stdout] test assembler::linker::tests::test_link_tags_beyond ... ok
[INFO] [stdout] test assembler::linker::tests::test_link_parsed_lines_correct ... ok
[INFO] [stdout] test assembler::linker::tests::test_position_tags ... ok
[INFO] [stdout] test assembler::linker::tests::unlinked_data_tests::test_resolve_instruction ... ok
[INFO] [stdout] test assembler::linker::tests::unlinked_data_tests::test_resolve_value ... ok
[INFO] [stdout] test assembler::linker::tests::unlinked_data_tests::test_get_tag ... ok
[INFO] [stdout] test assembler::linker::tests::unlinked_data_tests::test_resolve_absolute_value ... ok
[INFO] [stdout] test assembler::linker::tests::test_link_tags_fail ... ok
[INFO] [stdout] test assembler::parser::tests::test_parse_absolute ... ok
[INFO] [stdout] test assembler::parser::tests::test_parse_instruction ... ok
[INFO] [stdout] test assembler::parser::tests::test_split_filter_lines ... ok
[INFO] [stdout] test assembler::parser::tests::test_parse_line ... ok
[INFO] [stdout] test assembler::parser::tests::test_parse_instruction_ogn ... ok
[INFO] [stdout] test assembler::parser::tests::test_parse_absolute_err ... ok
[INFO] [stdout] test assembler::parser::tests::test_parse_lines ... ok
[INFO] [stdout] test assembler::parser::tests::test_parse_lines_ogn ... ok
[INFO] [stdout] test assembler::parser::tests::test_parse_line_ogn ... ok
[INFO] [stdout] test assembler::parser::tests::test_strip_comments ... ok
[INFO] [stdout] test assembler::parser::tests::test_parse_tag ... ok
[INFO] [stdout] test assembler::parser::tests::value_tests::test_parse_binary ... ok
[INFO] [stdout] test assembler::parser::tests::instruction_test::test_get_operand ... ok
[INFO] [stdout] test assembler::parser::tests::value_tests::test_parse_decimal ... ok
[INFO] [stdout] test assembler::parser::tests::value_tests::test_parse_octal ... ok
[INFO] [stdout] test assembler::parser::tests::value_tests::test_parse_tag ... ok
[INFO] [stdout] test core::instructions::tests::test_from_number ... ok
[INFO] [stdout] test assembler::parser::tests::value_tests::test_parse ... ok
[INFO] [stdout] test core::instructions::tests::test_to_numbers_longer ... ok
[INFO] [stdout] test core::tests::test_jump_in_range_dispatch ... ok
[INFO] [stdout] test core::instructions::tests::test_to_number ... ok
[INFO] [stdout] test core::tests::test_jump_out_range ... ok
[INFO] [stdout] test core::instructions::tests::test_get_operand_out_range ... ok
[INFO] [stdout] test assembler::parser::tests::value_tests::test_parse_hex ... ok
[INFO] [stdout] test core::tests::test_jump_out_range_dispatch ... ok
[INFO] [stdout] test core::instructions::tests::test_to_numbers ... ok
[INFO] [stdout] test core::tests::test_negate_dispatch ... ok
[INFO] [stdout] test core::tests::test_jump_in_range ... ok
[INFO] [stdout] test core::tests::test_new_with_program ... ok
[INFO] [stdout] test core::tests::test_decode_instruction ... ok
[INFO] [stdout] test core::instructions::tests::test_get_operand_in_range ... ok
[INFO] [stdout] test core::tests::test_run_loop ... ok
[INFO] [stdout] test core::tests::test_new_example_program ... ok
[INFO] [stdout] test core::tests::test_relative_jump_out_range ... ok
[INFO] [stdout] test core::tests::test_test_negative ... ok
[INFO] [stdout] test core::tests::test_relative_jump_out_range_dispatch ... ok
[INFO] [stdout] test core::tests::test_store_dispatch ... ok
[INFO] [stdout] test core::tests::test_negate ... ok
[INFO] [stdout] test core::tests::test_relative_jump_in_range ... ok
[INFO] [stdout] test core::tests::test_store ... ok
[INFO] [stdout] test core::tests::test_test_negative_dispatch ... ok
[INFO] [stdout] test core::tests::test_relative_jump_in_range_dispatch ... ok
[INFO] [stdout] test core::tests::test_test_positive ... ok
[INFO] [stdout] test core::tests::test_subtract ... ok
[INFO] [stdout] test core::tests::test_test_positive_dispatch ... ok
[INFO] [stdout] test core::tests::test_subtract_dispatch ... ok
[INFO] [stdout] test core::instructions::tests::tests_get_instr_description ... FAILED
[INFO] [stdout] 
[INFO] [stdout] failures:
[INFO] [stdout] 
[INFO] [stdout] ---- core::instructions::tests::tests_get_instr_description stdout ----
[INFO] [stdout] thread 'core::instructions::tests::tests_get_instr_description' panicked at src/core/instructions/tests.rs:57:9:
[INFO] [stdout] assertion `left == right` failed
[INFO] [stdout]   left: "stop instruction"
[INFO] [stdout]  right: "jump instruction"
[INFO] [stdout] stack backtrace:
[INFO] [stdout]    0:     0x5576a40ffbdc - std::backtrace_rs::backtrace::libunwind::trace::ha637c64ce894333a
[INFO] [stdout]                                at /rustc/82e1608dfa6e0b5569232559e3d385fea5a93112/library/std/src/../../backtrace/src/backtrace/libunwind.rs:104:5
[INFO] [stdout]    1:     0x5576a40ffbdc - std::backtrace_rs::backtrace::trace_unsynchronized::h47f62dea28e0c88d
[INFO] [stdout]                                at /rustc/82e1608dfa6e0b5569232559e3d385fea5a93112/library/std/src/../../backtrace/src/backtrace/mod.rs:66:5
[INFO] [stdout]    2:     0x5576a40ffbdc - std::sys_common::backtrace::_print_fmt::h9eef0abe20ede486
[INFO] [stdout]                                at /rustc/82e1608dfa6e0b5569232559e3d385fea5a93112/library/std/src/sys_common/backtrace.rs:67:5
[INFO] [stdout]    3:     0x5576a40ffbdc - <std::sys_common::backtrace::_print::DisplayBacktrace as core::fmt::Display>::fmt::hed7f999df88cc644
[INFO] [stdout]                                at /rustc/82e1608dfa6e0b5569232559e3d385fea5a93112/library/std/src/sys_common/backtrace.rs:44:22
[INFO] [stdout]    4:     0x5576a412a220 - core::fmt::rt::Argument::fmt::h1539a9308b8d058d
[INFO] [stdout]                                at /rustc/82e1608dfa6e0b5569232559e3d385fea5a93112/library/core/src/fmt/rt.rs:142:9
[INFO] [stdout]    5:     0x5576a412a220 - core::fmt::write::h3a39390d8560d9c9
[INFO] [stdout]                                at /rustc/82e1608dfa6e0b5569232559e3d385fea5a93112/library/core/src/fmt/mod.rs:1120:17
[INFO] [stdout]    6:     0x5576a40fd58f - std::io::Write::write_fmt::h040b369f3a0f9cbc
[INFO] [stdout]                                at /rustc/82e1608dfa6e0b5569232559e3d385fea5a93112/library/std/src/io/mod.rs:1762:15
[INFO] [stdout]    7:     0x5576a40ff9c4 - std::sys_common::backtrace::_print::h894006fb5c6f3d45
[INFO] [stdout]                                at /rustc/82e1608dfa6e0b5569232559e3d385fea5a93112/library/std/src/sys_common/backtrace.rs:47:5
[INFO] [stdout]    8:     0x5576a40ff9c4 - std::sys_common::backtrace::print::h23a2d212c6fff936
[INFO] [stdout]                                at /rustc/82e1608dfa6e0b5569232559e3d385fea5a93112/library/std/src/sys_common/backtrace.rs:34:9
[INFO] [stdout]    9:     0x5576a4101687 - std::panicking::default_hook::{{closure}}::h8a1d2ee00185001a
[INFO] [stdout]   10:     0x5576a4101373 - std::panicking::default_hook::h6038f2eba384e475
[INFO] [stdout]                                at /rustc/82e1608dfa6e0b5569232559e3d385fea5a93112/library/std/src/panicking.rs:289:9
[INFO] [stdout]   11:     0x5576a40d1d87 - <alloc::boxed::Box<F,A> as core::ops::function::Fn<Args>>::call::h0ad024c9bdc6d768
[INFO] [stdout]                                at /rustc/82e1608dfa6e0b5569232559e3d385fea5a93112/library/alloc/src/boxed.rs:2021:9
[INFO] [stdout]   12:     0x5576a40d1d87 - test::test_main::{{closure}}::h7500b54257359db6
[INFO] [stdout]                                at /rustc/82e1608dfa6e0b5569232559e3d385fea5a93112/library/test/src/lib.rs:138:21
[INFO] [stdout]   13:     0x5576a4101c98 - <alloc::boxed::Box<F,A> as core::ops::function::Fn<Args>>::call::h1f8f335eaa9cfaee
[INFO] [stdout]                                at /rustc/82e1608dfa6e0b5569232559e3d385fea5a93112/library/alloc/src/boxed.rs:2021:9
[INFO] [stdout]   14:     0x5576a4101c98 - std::panicking::rust_panic_with_hook::h2b5517d590cab22e
[INFO] [stdout]                                at /rustc/82e1608dfa6e0b5569232559e3d385fea5a93112/library/std/src/panicking.rs:783:13
[INFO] [stdout]   15:     0x5576a41019ee - std::panicking::begin_panic_handler::{{closure}}::h233112c06e0ef43e
[INFO] [stdout]                                at /rustc/82e1608dfa6e0b5569232559e3d385fea5a93112/library/std/src/panicking.rs:657:13
[INFO] [stdout]   16:     0x5576a41000a6 - std::sys_common::backtrace::__rust_end_short_backtrace::h6e893f24d7ebbff8
[INFO] [stdout]                                at /rustc/82e1608dfa6e0b5569232559e3d385fea5a93112/library/std/src/sys_common/backtrace.rs:170:18
[INFO] [stdout]   17:     0x5576a4101752 - rust_begin_unwind
[INFO] [stdout]                                at /rustc/82e1608dfa6e0b5569232559e3d385fea5a93112/library/std/src/panicking.rs:645:5
[INFO] [stdout]   18:     0x5576a4057cf5 - core::panicking::panic_fmt::hbf0e066aabfa482c
[INFO] [stdout]                                at /rustc/82e1608dfa6e0b5569232559e3d385fea5a93112/library/core/src/panicking.rs:72:14
[INFO] [stdout]   19:     0x5576a405810b - core::panicking::assert_failed_inner::h0bba8b7c26ee4492
[INFO] [stdout]   20:     0x5576a4077abe - core::panicking::assert_failed::hb39637e3b7b714a8
[INFO] [stdout]                                at /rustc/82e1608dfa6e0b5569232559e3d385fea5a93112/library/core/src/panicking.rs:279:5
[INFO] [stdout]   21:     0x5576a40955ad - baby_emulator::core::instructions::tests::tests_get_instr_description::{{closure}}::he67eddcb74df5275
[INFO] [stdout]                                at /opt/rustwide/workdir/src/core/instructions/tests.rs:57:9
[INFO] [stdout]   22:     0x5576a4069cfb - <core::slice::iter::Iter<T> as core::iter::traits::iterator::Iterator>::for_each::h22391e3cad596cd6
[INFO] [stdout]                                at /rustc/82e1608dfa6e0b5569232559e3d385fea5a93112/library/core/src/slice/iter/macros.rs:254:21
[INFO] [stdout]   23:     0x5576a409549f - baby_emulator::core::instructions::tests::tests_get_instr_description::h4a2d009c8dc1938c
[INFO] [stdout]                                at /opt/rustwide/workdir/src/core/instructions/tests.rs:56:5
[INFO] [stdout]   24:     0x5576a4095417 - baby_emulator::core::instructions::tests::tests_get_instr_description::{{closure}}::hfa1c3bbc7b82558c
[INFO] [stdout]                                at /opt/rustwide/workdir/src/core/instructions/tests.rs:55:33
[INFO] [stdout]   25:     0x5576a407a3e6 - core::ops::function::FnOnce::call_once::heab58e82407e713c
[INFO] [stdout]                                at /rustc/82e1608dfa6e0b5569232559e3d385fea5a93112/library/core/src/ops/function.rs:250:5
[INFO] [stdout]   26:     0x5576a40d73df - core::ops::function::FnOnce::call_once::h2b5d431d5046312d
[INFO] [stdout]                                at /rustc/82e1608dfa6e0b5569232559e3d385fea5a93112/library/core/src/ops/function.rs:250:5
[INFO] [stdout]   27:     0x5576a40d73df - test::__rust_begin_short_backtrace::h7714669af176e207
[INFO] [stdout]                                at /rustc/82e1608dfa6e0b5569232559e3d385fea5a93112/library/test/src/lib.rs:628:18
[INFO] [stdout]   28:     0x5576a40d63f5 - test::run_test_in_process::{{closure}}::h85218797dcbcec12
[INFO] [stdout]                                at /rustc/82e1608dfa6e0b5569232559e3d385fea5a93112/library/test/src/lib.rs:651:60
[INFO] [stdout]   29:     0x5576a40d63f5 - <core::panic::unwind_safe::AssertUnwindSafe<F> as core::ops::function::FnOnce<()>>::call_once::h76c106ea31c14d7b
[INFO] [stdout]                                at /rustc/82e1608dfa6e0b5569232559e3d385fea5a93112/library/core/src/panic/unwind_safe.rs:272:9
[INFO] [stdout]   30:     0x5576a40d63f5 - std::panicking::try::do_call::h3bd5d0f6620ee946
[INFO] [stdout]                                at /rustc/82e1608dfa6e0b5569232559e3d385fea5a93112/library/std/src/panicking.rs:552:40
[INFO] [stdout]   31:     0x5576a40d63f5 - std::panicking::try::h232e535e4744fe31
[INFO] [stdout]                                at /rustc/82e1608dfa6e0b5569232559e3d385fea5a93112/library/std/src/panicking.rs:516:19
[INFO] [stdout]   32:     0x5576a40d63f5 - std::panic::catch_unwind::h3ce3bd6ca8dbac68
[INFO] [stdout]                                at /rustc/82e1608dfa6e0b5569232559e3d385fea5a93112/library/std/src/panic.rs:142:14
[INFO] [stdout]   33:     0x5576a40d63f5 - test::run_test_in_process::hc97b257c9621286a
[INFO] [stdout]                                at /rustc/82e1608dfa6e0b5569232559e3d385fea5a93112/library/test/src/lib.rs:651:27
[INFO] [stdout]   34:     0x5576a40d63f5 - test::run_test::{{closure}}::h2aa798823a438d38
[INFO] [stdout]                                at /rustc/82e1608dfa6e0b5569232559e3d385fea5a93112/library/test/src/lib.rs:574:43
[INFO] [stdout]   35:     0x5576a409e6b6 - test::run_test::{{closure}}::h87d231c78fb59832
[INFO] [stdout]                                at /rustc/82e1608dfa6e0b5569232559e3d385fea5a93112/library/test/src/lib.rs:602:41
[INFO] [stdout]   36:     0x5576a409e6b6 - std::sys_common::backtrace::__rust_begin_short_backtrace::he6df152596625789
[INFO] [stdout]                                at /rustc/82e1608dfa6e0b5569232559e3d385fea5a93112/library/std/src/sys_common/backtrace.rs:154:18
[INFO] [stdout]   37:     0x5576a40a3767 - std::thread::Builder::spawn_unchecked_::{{closure}}::{{closure}}::ha94be15d1e0acf36
[INFO] [stdout]                                at /rustc/82e1608dfa6e0b5569232559e3d385fea5a93112/library/std/src/thread/mod.rs:529:17
[INFO] [stdout]   38:     0x5576a40a3767 - <core::panic::unwind_safe::AssertUnwindSafe<F> as core::ops::function::FnOnce<()>>::call_once::h9dc6bd6372f16606
[INFO] [stdout]                                at /rustc/82e1608dfa6e0b5569232559e3d385fea5a93112/library/core/src/panic/unwind_safe.rs:272:9
[INFO] [stdout]   39:     0x5576a40a3767 - std::panicking::try::do_call::h9057517f80303cd4
[INFO] [stdout]                                at /rustc/82e1608dfa6e0b5569232559e3d385fea5a93112/library/std/src/panicking.rs:552:40
[INFO] [stdout]   40:     0x5576a40a3767 - std::panicking::try::he3a30b11ee45340c
[INFO] [stdout]                                at /rustc/82e1608dfa6e0b5569232559e3d385fea5a93112/library/std/src/panicking.rs:516:19
[INFO] [stdout]   41:     0x5576a40a3767 - std::panic::catch_unwind::h410458cfd3528b8b
[INFO] [stdout]                                at /rustc/82e1608dfa6e0b5569232559e3d385fea5a93112/library/std/src/panic.rs:142:14
[INFO] [stdout]   42:     0x5576a40a3767 - std::thread::Builder::spawn_unchecked_::{{closure}}::h72ac3bdb567b737b
[INFO] [stdout]                                at /rustc/82e1608dfa6e0b5569232559e3d385fea5a93112/library/std/src/thread/mod.rs:528:30
[INFO] [stdout]   43:     0x5576a40a3767 - core::ops::function::FnOnce::call_once{{vtable.shim}}::h38f34da3654a8344
[INFO] [stdout]                                at /rustc/82e1608dfa6e0b5569232559e3d385fea5a93112/library/core/src/ops/function.rs:250:5
[INFO] [stdout]   44:     0x5576a4106725 - <alloc::boxed::Box<F,A> as core::ops::function::FnOnce<Args>>::call_once::hc7eafaff61e32df9
[INFO] [stdout]                                at /rustc/82e1608dfa6e0b5569232559e3d385fea5a93112/library/alloc/src/boxed.rs:2007:9
[INFO] [stdout]   45:     0x5576a4106725 - <alloc::boxed::Box<F,A> as core::ops::function::FnOnce<Args>>::call_once::h6ba4a5de48dd2304
[INFO] [stdout]                                at /rustc/82e1608dfa6e0b5569232559e3d385fea5a93112/library/alloc/src/boxed.rs:2007:9
[INFO] [stdout]   46:     0x5576a4106725 - std::sys::unix::thread::Thread::new::thread_start::he469335aef763e45
[INFO] [stdout]                                at /rustc/82e1608dfa6e0b5569232559e3d385fea5a93112/library/std/src/sys/unix/thread.rs:108:17
[INFO] [stdout]   47:     0x7f7c73a2bac3 - <unknown>
[INFO] [stdout]   48:     0x7f7c73abcbf4 - __clone
[INFO] [stdout]   49:                0x0 - <unknown>
[INFO] [stdout] 
[INFO] [stdout] 
[INFO] [stdout] failures:
[INFO] [stdout]     core::instructions::tests::tests_get_instr_description
[INFO] [stdout] 
[INFO] [stdout] test result: FAILED. 60 passed; 1 failed; 0 ignored; 0 measured; 0 filtered out; finished in 0.14s
[INFO] [stdout] 
[INFO] [stderr] error: test failed, to rerun pass `--lib`
[INFO] running `Command { std: "docker" "inspect" "fec745bc45e13df12714d2abee968925e15d0ef0ce38f40583e890b6c5742d41", kill_on_drop: false }`
[INFO] running `Command { std: "docker" "rm" "-f" "fec745bc45e13df12714d2abee968925e15d0ef0ce38f40583e890b6c5742d41", kill_on_drop: false }`
[INFO] [stdout] fec745bc45e13df12714d2abee968925e15d0ef0ce38f40583e890b6c5742d41
