[INFO] fetching crate axum_session 0.10.0...
[INFO] testing axum_session-0.10.0 against 1.75.0 for beta-1.76-1
[INFO] extracting crate axum_session 0.10.0 into /workspace/builds/worker-1-tc1/source
[INFO] validating manifest of crates.io crate axum_session 0.10.0 on toolchain 1.75.0
[INFO] running `Command { std: CARGO_HOME="/workspace/cargo-home" RUSTUP_HOME="/workspace/rustup-home" "/workspace/cargo-home/bin/cargo" "+1.75.0" "metadata" "--manifest-path" "Cargo.toml" "--no-deps", kill_on_drop: false }`
[INFO] started tweaking crates.io crate axum_session 0.10.0
[INFO] finished tweaking crates.io crate axum_session 0.10.0
[INFO] tweaked toml for crates.io crate axum_session 0.10.0 written to /workspace/builds/worker-1-tc1/source/Cargo.toml
[INFO] running `Command { std: CARGO_HOME="/workspace/cargo-home" RUSTUP_HOME="/workspace/rustup-home" "/workspace/cargo-home/bin/cargo" "+1.75.0" "generate-lockfile" "--manifest-path" "Cargo.toml", kill_on_drop: false }`
[INFO] [stderr]     Updating crates.io index
[INFO] running `Command { std: CARGO_HOME="/workspace/cargo-home" RUSTUP_HOME="/workspace/rustup-home" "/workspace/cargo-home/bin/cargo" "+1.75.0" "fetch" "--manifest-path" "Cargo.toml", kill_on_drop: false }`
[INFO] [stderr]  Downloading crates ...
[INFO] [stderr]   Downloaded send_wrapper v0.6.0
[INFO] [stderr]   Downloaded atomic v0.5.3
[INFO] [stderr]   Downloaded rust_decimal v1.33.1
[INFO] [stderr]   Downloaded roaring v0.10.2
[INFO] [stderr]   Downloaded pico-args v0.5.0
[INFO] [stderr]   Downloaded bytecheck_derive v0.6.11
[INFO] [stderr]   Downloaded fuzzy-matcher v0.3.7
[INFO] [stderr]   Downloaded pem v2.0.1
[INFO] [stderr]   Downloaded redis v0.23.3
[INFO] [stderr]   Downloaded trice v0.3.1
[INFO] [stderr]   Downloaded lru v0.10.1
[INFO] [stderr]   Downloaded fastmurmur3 v0.2.0
[INFO] [stderr]   Downloaded cedar-policy-core v2.4.2
[INFO] [stderr]   Downloaded mongodb v2.8.0
[INFO] [stderr]   Downloaded rust-stemmers v1.2.0
[INFO] [stderr]   Downloaded earcutr v0.4.3
[INFO] [stderr]   Downloaded redis_pool v0.2.1
[INFO] [stderr]   Downloaded surrealdb v1.0.2
[INFO] [stderr]   Downloaded xorfilter-rs v0.5.1
[INFO] [stderr]   Downloaded fastbloom-rs v0.5.9
[INFO] [stderr]   Downloaded fst v0.4.7
[INFO] [stderr]   Downloaded geo v0.25.1
[INFO] [stderr]   Downloaded geo v0.26.0
[INFO] [stderr]   Downloaded wasm-streams v0.3.0
[INFO] [stderr]   Downloaded robust v0.2.3
[INFO] [stderr]   Downloaded trust-dns-proto v0.21.2
[INFO] [stderr]   Downloaded ulid v1.1.0
[INFO] [stderr]   Downloaded unicode-script v0.5.5
[INFO] [stderr]   Downloaded borsh-derive v1.3.0
[INFO] [stderr]   Downloaded futures-concurrency v7.4.3
[INFO] [stderr]   Downloaded axum-macros v0.4.0
[INFO] [stderr]   Downloaded ctr v0.9.2
[INFO] [stderr]   Downloaded polyval v0.6.1
[INFO] [stderr]   Downloaded ghash v0.5.0
[INFO] [stderr]   Downloaded aes-gcm v0.10.3
[INFO] [stderr]   Downloaded dashmap v5.5.3
[INFO] [stderr]   Downloaded pbkdf2 v0.11.0
[INFO] [stderr]   Downloaded rustc_version_runtime v0.2.1
[INFO] [stderr]   Downloaded take_mut v0.2.2
[INFO] [stderr]   Downloaded enum-as-inner v0.4.0
[INFO] [stderr]   Downloaded typed-builder v0.10.0
[INFO] [stderr]   Downloaded crc16 v0.4.0
[INFO] [stderr]   Downloaded psl-types v2.0.11
[INFO] [stderr]   Downloaded serde_with v3.4.0
[INFO] [stderr]   Downloaded ref-cast-impl v1.0.22
[INFO] [stderr]   Downloaded cedar-policy v2.4.2
[INFO] [stderr]   Downloaded rstar v0.11.0
[INFO] [stderr]   Downloaded revision v0.5.0
[INFO] [stderr]   Downloaded retain_mut v0.1.7
[INFO] [stderr]   Downloaded ptr_meta_derive v0.1.4
[INFO] [stderr]   Downloaded rkyv_derive v0.7.43
[INFO] [stderr]   Downloaded storekey v0.5.0
[INFO] [stderr]   Downloaded lexicmp v0.1.0
[INFO] [stderr]   Downloaded bcrypt v0.14.0
[INFO] [stderr]   Downloaded aes v0.8.3
[INFO] [stderr]   Downloaded xxhash-rust v0.8.8
[INFO] [stderr]   Downloaded path-clean v1.0.1
[INFO] [stderr]   Downloaded ws_stream_wasm v0.7.4
[INFO] [stderr]   Downloaded trust-dns-resolver v0.21.2
[INFO] [stderr]   Downloaded dmp v0.2.0
[INFO] [stderr]   Downloaded bytecheck v0.6.11
[INFO] [stderr]   Downloaded bson v2.8.1
[INFO] [stderr]   Downloaded rustc_lexer v0.1.0
[INFO] [stderr]   Downloaded async_io_stream v0.3.3
[INFO] [stderr]   Downloaded scrypt v0.11.0
[INFO] [stderr]   Downloaded serde_with_macros v3.4.0
[INFO] [stderr]   Downloaded surrealdb-derive v0.12.0
[INFO] [stderr]   Downloaded tokio-tungstenite v0.18.0
[INFO] [stderr]   Downloaded addr v0.15.6
[INFO] [stderr]   Downloaded sha-1 v0.10.1
[INFO] [stderr]   Downloaded stacker v0.1.15
[INFO] [stderr]   Downloaded wasmtimer v0.2.0
[INFO] [stderr]   Downloaded blowfish v0.9.1
[INFO] [stderr]   Downloaded rstar v0.10.0
[INFO] [stderr]   Downloaded nanoid v0.4.0
[INFO] [stderr]   Downloaded unicode-security v0.1.0
[INFO] [stderr]   Downloaded any_ascii v0.3.2
[INFO] [stderr]   Downloaded cedar-policy-validator v2.4.2
[INFO] [stderr]   Downloaded ptr_meta v0.1.4
[INFO] [stderr]   Downloaded pbkdf2 v0.12.2
[INFO] [stderr]   Downloaded tungstenite v0.18.0
[INFO] [stderr]   Downloaded geo-types v0.7.12
[INFO] [stderr]   Downloaded syn_derive v0.1.8
[INFO] [stderr]   Downloaded ref-cast v1.0.22
[INFO] [stderr]   Downloaded rend v0.4.1
[INFO] [stderr]   Downloaded psm v0.1.21
[INFO] [stderr]   Downloaded simdutf8 v0.1.4
[INFO] [stderr]   Downloaded float_next_after v1.0.0
[INFO] [stderr]   Downloaded rkyv v0.7.43
[INFO] [stderr]   Downloaded pharos v0.5.3
[INFO] [stderr]   Downloaded borsh v1.3.0
[INFO] [stderr]   Downloaded geographiclib-rs v0.2.3
[INFO] [stderr]   Downloaded snap v1.1.1
[INFO] [stderr]   Downloaded revision-derive v0.5.0
[INFO] [stderr]   Downloaded robust v1.1.0
[INFO] [stderr]   Downloaded surrealdb-jsonwebtoken v8.3.0-surreal.1
[INFO] [stderr]   Downloaded deunicode v1.4.2
[INFO] running `Command { std: "docker" "create" "-v" "/var/lib/crater-agent-workspace/builds/worker-1-tc1/target:/opt/rustwide/target:rw,Z" "-v" "/var/lib/crater-agent-workspace/builds/worker-1-tc1/source:/opt/rustwide/workdir:ro,Z" "-v" "/var/lib/crater-agent-workspace/cargo-home:/opt/rustwide/cargo-home:ro,Z" "-v" "/var/lib/crater-agent-workspace/rustup-home:/opt/rustwide/rustup-home:ro,Z" "-e" "SOURCE_DIR=/opt/rustwide/workdir" "-e" "CARGO_TARGET_DIR=/opt/rustwide/target" "-e" "CARGO_HOME=/opt/rustwide/cargo-home" "-e" "RUSTUP_HOME=/opt/rustwide/rustup-home" "-w" "/opt/rustwide/workdir" "-m" "1610612736" "--user" "0:0" "--network" "none" "ghcr.io/rust-lang/crates-build-env/linux@sha256:2788e3201cd34a07e3172128adcd8b3090168a8e3bcc40d7c032b9dda1df7d1c" "/opt/rustwide/cargo-home/bin/cargo" "+1.75.0" "metadata" "--no-deps" "--format-version=1", kill_on_drop: false }`
[INFO] [stdout] 75bdebd6c5d3afc9939a9012191373be87deebf0f0491610ed3aec0dad84eaad
[INFO] running `Command { std: "docker" "start" "-a" "75bdebd6c5d3afc9939a9012191373be87deebf0f0491610ed3aec0dad84eaad", kill_on_drop: false }`
[INFO] running `Command { std: "docker" "inspect" "75bdebd6c5d3afc9939a9012191373be87deebf0f0491610ed3aec0dad84eaad", kill_on_drop: false }`
[INFO] running `Command { std: "docker" "rm" "-f" "75bdebd6c5d3afc9939a9012191373be87deebf0f0491610ed3aec0dad84eaad", kill_on_drop: false }`
[INFO] [stdout] 75bdebd6c5d3afc9939a9012191373be87deebf0f0491610ed3aec0dad84eaad
[INFO] running `Command { std: "docker" "create" "-v" "/var/lib/crater-agent-workspace/builds/worker-1-tc1/target:/opt/rustwide/target:rw,Z" "-v" "/var/lib/crater-agent-workspace/builds/worker-1-tc1/source:/opt/rustwide/workdir:ro,Z" "-v" "/var/lib/crater-agent-workspace/cargo-home:/opt/rustwide/cargo-home:ro,Z" "-v" "/var/lib/crater-agent-workspace/rustup-home:/opt/rustwide/rustup-home:ro,Z" "-e" "SOURCE_DIR=/opt/rustwide/workdir" "-e" "CARGO_TARGET_DIR=/opt/rustwide/target" "-e" "CARGO_INCREMENTAL=0" "-e" "RUST_BACKTRACE=full" "-e" "RUSTFLAGS=--cap-lints=warn" "-e" "RUSTDOCFLAGS=--cap-lints=warn" "-e" "CARGO_HOME=/opt/rustwide/cargo-home" "-e" "RUSTUP_HOME=/opt/rustwide/rustup-home" "-w" "/opt/rustwide/workdir" "-m" "1610612736" "--user" "0:0" "--network" "none" "ghcr.io/rust-lang/crates-build-env/linux@sha256:2788e3201cd34a07e3172128adcd8b3090168a8e3bcc40d7c032b9dda1df7d1c" "/opt/rustwide/cargo-home/bin/cargo" "+1.75.0" "build" "--frozen" "--message-format=json", kill_on_drop: false }`
[INFO] [stdout] 83c95d47471ce75e05fb6842f95263bb34da1bca8d273f0e4591f0ca152cc696
[INFO] running `Command { std: "docker" "start" "-a" "83c95d47471ce75e05fb6842f95263bb34da1bca8d273f0e4591f0ca152cc696", kill_on_drop: false }`
[INFO] [stderr]    Compiling libc v0.2.151
[INFO] [stderr]    Compiling cfg-if v1.0.0
[INFO] [stderr]    Compiling version_check v0.9.4
[INFO] [stderr]    Compiling proc-macro2 v1.0.75
[INFO] [stderr]    Compiling unicode-ident v1.0.12
[INFO] [stderr]    Compiling autocfg v1.1.0
[INFO] [stderr]    Compiling typenum v1.17.0
[INFO] [stderr]    Compiling subtle v2.5.0
[INFO] [stderr]    Compiling futures-core v0.3.30
[INFO] [stderr]    Compiling serde v1.0.194
[INFO] [stderr]    Compiling pin-project-lite v0.2.13
[INFO] [stderr]    Compiling parking_lot_core v0.9.9
[INFO] [stderr]    Compiling cpufeatures v0.2.12
[INFO] [stderr]    Compiling memchr v2.7.1
[INFO] [stderr]    Compiling once_cell v1.19.0
[INFO] [stderr]    Compiling itoa v1.0.10
[INFO] [stderr]    Compiling futures-sink v0.3.30
[INFO] [stderr]    Compiling bytes v1.5.0
[INFO] [stderr]    Compiling smallvec v1.11.2
[INFO] [stderr]    Compiling scopeguard v1.2.0
[INFO] [stderr]    Compiling futures-channel v0.3.30
[INFO] [stderr]    Compiling zerocopy v0.7.32
[INFO] [stderr]    Compiling pin-utils v0.1.0
[INFO] [stderr]    Compiling futures-task v0.3.30
[INFO] [stderr]    Compiling tinyvec_macros v0.1.1
[INFO] [stderr]    Compiling futures-io v0.3.30
[INFO] [stderr]    Compiling tinyvec v1.6.0
[INFO] [stderr]    Compiling untrusted v0.9.0
[INFO] [stderr]    Compiling spin v0.9.8
[INFO] [stderr]    Compiling generic-array v0.14.7
[INFO] [stderr]    Compiling slab v0.4.9
[INFO] [stderr]    Compiling lock_api v0.4.11
[INFO] [stderr]    Compiling ahash v0.8.7
[INFO] [stderr]    Compiling num-traits v0.2.17
[INFO] [stderr]    Compiling allocator-api2 v0.2.16
[INFO] [stderr]    Compiling unicode-bidi v0.3.14
[INFO] [stderr]    Compiling percent-encoding v2.3.1
[INFO] [stderr]    Compiling crossbeam-utils v0.8.18
[INFO] [stderr]    Compiling thiserror v1.0.56
[INFO] [stderr]    Compiling serde_json v1.0.111
[INFO] [stderr]    Compiling base64 v0.21.5
[INFO] [stderr]    Compiling paste v1.0.14
[INFO] [stderr]    Compiling quote v1.0.35
[INFO] [stderr]    Compiling ppv-lite86 v0.2.17
[INFO] [stderr]    Compiling minimal-lexical v0.2.1
[INFO] [stderr]    Compiling syn v2.0.48
[INFO] [stderr]    Compiling rustversion v1.0.14
[INFO] [stderr]    Compiling rustls v0.21.10
[INFO] [stderr]    Compiling form_urlencoded v1.2.1
[INFO] [stderr]    Compiling unicode-normalization v0.1.22
[INFO] [stderr]    Compiling tracing-core v0.1.32
[INFO] [stderr]    Compiling log v0.4.20
[INFO] [stderr]    Compiling opaque-debug v0.3.0
[INFO] [stderr]    Compiling equivalent v1.0.1
[INFO] [stderr]    Compiling getrandom v0.2.11
[INFO] [stderr]    Compiling signal-hook-registry v1.4.1
[INFO] [stderr]    Compiling mio v0.8.10
[INFO] [stderr]    Compiling num_cpus v1.16.0
[INFO] [stderr]    Compiling socket2 v0.5.5
[INFO] [stderr]    Compiling rand_core v0.6.4
[INFO] [stderr]    Compiling cc v1.0.83
[INFO] [stderr]    Compiling parking_lot v0.12.1
[INFO] [stderr]    Compiling rand_chacha v0.3.1
[INFO] [stderr]    Compiling idna v0.5.0
[INFO] [stderr]    Compiling hashbrown v0.14.3
[INFO] [stderr]    Compiling nom v7.1.3
[INFO] [stderr]    Compiling iana-time-zone v0.1.59
[INFO] [stderr]    Compiling unicode_categories v0.1.1
[INFO] [stderr]    Compiling crc-catalog v2.4.0
[INFO] [stderr]    Compiling fnv v1.0.7
[INFO] [stderr]    Compiling crypto-common v0.1.6
[INFO] [stderr]    Compiling block-buffer v0.10.4
[INFO] [stderr]    Compiling inout v0.1.3
[INFO] [stderr]    Compiling universal-hash v0.5.1
[INFO] [stderr]    Compiling ryu v1.0.16
[INFO] [stderr]    Compiling http v1.0.0
[INFO] [stderr]    Compiling atoi v2.0.0
[INFO] [stderr]    Compiling polyval v0.6.1
[INFO] [stderr]    Compiling digest v0.10.7
[INFO] [stderr]    Compiling cipher v0.4.4
[INFO] [stderr]    Compiling crc v3.0.1
[INFO] [stderr]    Compiling url v2.5.0
[INFO] [stderr]    Compiling futures-intrusive v0.5.0
[INFO] [stderr]    Compiling rand v0.8.5
[INFO] [stderr]    Compiling crossbeam-queue v0.3.10
[INFO] [stderr]    Compiling rustls-pemfile v1.0.4
[INFO] [stderr]    Compiling byteorder v1.5.0
[INFO] [stderr]    Compiling hashlink v0.8.4
[INFO] [stderr]    Compiling indexmap v2.1.0
[INFO] [stderr]    Compiling event-listener v2.5.3
[INFO] [stderr]    Compiling hmac v0.12.1
[INFO] [stderr]    Compiling sha2 v0.10.8
[INFO] [stderr]    Compiling time-core v0.1.2
[INFO] [stderr]    Compiling webpki-roots v0.25.3
[INFO] [stderr]    Compiling powerfmt v0.2.0
[INFO] [stderr]    Compiling hex v0.4.3
[INFO] [stderr]    Compiling finl_unicode v1.2.0
[INFO] [stderr]    Compiling dotenvy v0.15.7
[INFO] [stderr]    Compiling async-trait v0.1.77
[INFO] [stderr]    Compiling deranged v0.3.11
[INFO] [stderr]    Compiling time-macros v0.2.16
[INFO] [stderr]    Compiling hkdf v0.12.4
[INFO] [stderr]    Compiling md-5 v0.10.6
[INFO] [stderr]    Compiling sha1 v0.10.6
[INFO] [stderr]    Compiling ctr v0.9.2
[INFO] [stderr]    Compiling aes v0.8.3
[INFO] [stderr]    Compiling axum-core v0.4.2
[INFO] [stderr]    Compiling ring v0.17.7
[INFO] [stderr]    Compiling ghash v0.5.0
[INFO] [stderr]    Compiling aead v0.5.2
[INFO] [stderr]    Compiling cookie v0.18.0
[INFO] [stderr]    Compiling whoami v1.4.1
[INFO] [stderr]    Compiling stringprep v0.1.4
[INFO] [stderr]    Compiling home v0.5.9
[INFO] [stderr]    Compiling bitflags v2.4.1
[INFO] [stderr]    Compiling tower-layer v0.3.2
[INFO] [stderr]    Compiling tower-service v0.3.2
[INFO] [stderr]    Compiling mime v0.3.17
[INFO] [stderr]    Compiling sync_wrapper v0.1.2
[INFO] [stderr]    Compiling dashmap v5.5.3
[INFO] [stderr]    Compiling http-body v1.0.0
[INFO] [stderr]    Compiling aes-gcm v0.10.3
[INFO] [stderr]    Compiling time v0.3.31
[INFO] [stderr]    Compiling serde_derive v1.0.194
[INFO] [stderr]    Compiling futures-macro v0.3.30
[INFO] [stderr]    Compiling tokio-macros v2.2.0
[INFO] [stderr]    Compiling thiserror-impl v1.0.56
[INFO] [stderr]    Compiling tracing-attributes v0.1.27
[INFO] [stderr]    Compiling tokio v1.35.1
[INFO] [stderr]    Compiling futures-util v0.3.30
[INFO] [stderr]    Compiling tracing v0.1.40
[INFO] [stderr]    Compiling rustls-webpki v0.101.7
[INFO] [stderr]    Compiling sct v0.7.1
[INFO] [stderr]    Compiling futures-executor v0.3.30
[INFO] [stderr]    Compiling http-body-util v0.1.0
[INFO] [stderr]    Compiling futures v0.3.30
[INFO] [stderr]    Compiling tokio-stream v0.1.14
[INFO] [stderr]    Compiling either v1.9.0
[INFO] [stderr]    Compiling uuid v1.6.1
[INFO] [stderr]    Compiling chrono v0.4.31
[INFO] [stderr]    Compiling itertools v0.12.0
[INFO] [stderr]    Compiling sqlformat v0.2.3
[INFO] [stderr]    Compiling sqlx-core v0.7.3
[INFO] [stderr]    Compiling sqlx-postgres v0.7.3
[INFO] [stderr]    Compiling sqlx v0.7.3
[INFO] [stderr]    Compiling axum_session v0.10.0 (/opt/rustwide/workdir)
[INFO] [stderr]     Finished dev [unoptimized + debuginfo] target(s) in 33.92s
[INFO] running `Command { std: "docker" "inspect" "83c95d47471ce75e05fb6842f95263bb34da1bca8d273f0e4591f0ca152cc696", kill_on_drop: false }`
[INFO] running `Command { std: "docker" "rm" "-f" "83c95d47471ce75e05fb6842f95263bb34da1bca8d273f0e4591f0ca152cc696", kill_on_drop: false }`
[INFO] [stdout] 83c95d47471ce75e05fb6842f95263bb34da1bca8d273f0e4591f0ca152cc696
[INFO] running `Command { std: "docker" "create" "-v" "/var/lib/crater-agent-workspace/builds/worker-1-tc1/target:/opt/rustwide/target:rw,Z" "-v" "/var/lib/crater-agent-workspace/builds/worker-1-tc1/source:/opt/rustwide/workdir:ro,Z" "-v" "/var/lib/crater-agent-workspace/cargo-home:/opt/rustwide/cargo-home:ro,Z" "-v" "/var/lib/crater-agent-workspace/rustup-home:/opt/rustwide/rustup-home:ro,Z" "-e" "SOURCE_DIR=/opt/rustwide/workdir" "-e" "CARGO_TARGET_DIR=/opt/rustwide/target" "-e" "CARGO_INCREMENTAL=0" "-e" "RUST_BACKTRACE=full" "-e" "RUSTFLAGS=--cap-lints=warn" "-e" "RUSTDOCFLAGS=--cap-lints=warn" "-e" "CARGO_HOME=/opt/rustwide/cargo-home" "-e" "RUSTUP_HOME=/opt/rustwide/rustup-home" "-w" "/opt/rustwide/workdir" "-m" "1610612736" "--user" "0:0" "--network" "none" "ghcr.io/rust-lang/crates-build-env/linux@sha256:2788e3201cd34a07e3172128adcd8b3090168a8e3bcc40d7c032b9dda1df7d1c" "/opt/rustwide/cargo-home/bin/cargo" "+1.75.0" "test" "--frozen" "--no-run" "--message-format=json", kill_on_drop: false }`
[INFO] [stdout] 333abd58e0f9aef6b90ea79d77ee1298354ded113b14e7d96f0ebc07b85a4483
[INFO] running `Command { std: "docker" "start" "-a" "333abd58e0f9aef6b90ea79d77ee1298354ded113b14e7d96f0ebc07b85a4483", kill_on_drop: false }`
[INFO] [stderr]    Compiling futures-sink v0.3.30
[INFO] [stderr]    Compiling httparse v1.8.0
[INFO] [stderr]    Compiling axum-core v0.4.2
[INFO] [stderr]    Compiling pin-project-internal v1.1.3
[INFO] [stderr]    Compiling httpdate v1.0.3
[INFO] [stderr]    Compiling axum v0.7.3
[INFO] [stderr]    Compiling heck v0.4.1
[INFO] [stderr]    Compiling serde_urlencoded v0.7.1
[INFO] [stderr]    Compiling serde_path_to_error v0.1.15
[INFO] [stderr]    Compiling matchit v0.7.3
[INFO] [stderr]    Compiling futures-channel v0.3.30
[INFO] [stderr]    Compiling tokio-util v0.7.10
[INFO] [stderr]    Compiling futures-util v0.3.30
[INFO] [stderr]    Compiling axum-macros v0.4.0
[INFO] [stderr]    Compiling pin-project v1.1.3
[INFO] [stderr]    Compiling sqlx-core v0.7.3
[INFO] [stderr]    Compiling h2 v0.4.0
[INFO] [stderr]    Compiling http-body-util v0.1.0
[INFO] [stderr]    Compiling futures-executor v0.3.30
[INFO] [stderr]    Compiling tower v0.4.13
[INFO] [stderr]    Compiling futures v0.3.30
[INFO] [stderr]    Compiling sqlx-postgres v0.7.3
[INFO] [stderr]    Compiling hyper v1.1.0
[INFO] [stderr]    Compiling sqlx v0.7.3
[INFO] [stderr]    Compiling axum_session v0.10.0 (/opt/rustwide/workdir)
[INFO] [stderr]    Compiling hyper-util v0.1.2
[INFO] [stderr]     Finished test [unoptimized + debuginfo] target(s) in 24.09s
[INFO] running `Command { std: "docker" "inspect" "333abd58e0f9aef6b90ea79d77ee1298354ded113b14e7d96f0ebc07b85a4483", kill_on_drop: false }`
[INFO] running `Command { std: "docker" "rm" "-f" "333abd58e0f9aef6b90ea79d77ee1298354ded113b14e7d96f0ebc07b85a4483", kill_on_drop: false }`
[INFO] [stdout] 333abd58e0f9aef6b90ea79d77ee1298354ded113b14e7d96f0ebc07b85a4483
[INFO] running `Command { std: "docker" "create" "-v" "/var/lib/crater-agent-workspace/builds/worker-1-tc1/target:/opt/rustwide/target:rw,Z" "-v" "/var/lib/crater-agent-workspace/builds/worker-1-tc1/source:/opt/rustwide/workdir:ro,Z" "-v" "/var/lib/crater-agent-workspace/cargo-home:/opt/rustwide/cargo-home:ro,Z" "-v" "/var/lib/crater-agent-workspace/rustup-home:/opt/rustwide/rustup-home:ro,Z" "-e" "SOURCE_DIR=/opt/rustwide/workdir" "-e" "CARGO_TARGET_DIR=/opt/rustwide/target" "-e" "CARGO_INCREMENTAL=0" "-e" "RUST_BACKTRACE=full" "-e" "RUSTFLAGS=--cap-lints=warn" "-e" "RUSTDOCFLAGS=--cap-lints=warn" "-e" "CARGO_HOME=/opt/rustwide/cargo-home" "-e" "RUSTUP_HOME=/opt/rustwide/rustup-home" "-w" "/opt/rustwide/workdir" "-m" "1610612736" "--user" "0:0" "--network" "none" "ghcr.io/rust-lang/crates-build-env/linux@sha256:2788e3201cd34a07e3172128adcd8b3090168a8e3bcc40d7c032b9dda1df7d1c" "/opt/rustwide/cargo-home/bin/cargo" "+1.75.0" "test" "--frozen", kill_on_drop: false }`
[INFO] [stdout] 55c2f6809718a7311b6e9e2d750c7d7f550549db80d5c38168abda780305f2a4
[INFO] running `Command { std: "docker" "start" "-a" "55c2f6809718a7311b6e9e2d750c7d7f550549db80d5c38168abda780305f2a4", kill_on_drop: false }`
[INFO] [stderr]     Finished test [unoptimized + debuginfo] target(s) in 0.29s
[INFO] [stderr]      Running unittests src/lib.rs (/opt/rustwide/target/debug/deps/axum_session-bae74ae8db5181e8)
[INFO] [stdout] 
[INFO] [stdout] running 1 test
[INFO] [stdout] test tests::basic ... FAILED
[INFO] [stdout] 
[INFO] [stdout] failures:
[INFO] [stdout] 
[INFO] [stdout] ---- tests::basic stdout ----
[INFO] [stdout] thread 'tests::basic' panicked at src/lib.rs:66:14:
[INFO] [stdout] called `Result::unwrap()` on an `Err` value: Io(Os { code: 99, kind: AddrNotAvailable, message: "Cannot assign requested address" })
[INFO] [stdout] stack backtrace:
[INFO] [stdout]    0:     0x55c4864fb1ac - std::backtrace_rs::backtrace::libunwind::trace::ha637c64ce894333a
[INFO] [stdout]                                at /rustc/82e1608dfa6e0b5569232559e3d385fea5a93112/library/std/src/../../backtrace/src/backtrace/libunwind.rs:104:5
[INFO] [stdout]    1:     0x55c4864fb1ac - std::backtrace_rs::backtrace::trace_unsynchronized::h47f62dea28e0c88d
[INFO] [stdout]                                at /rustc/82e1608dfa6e0b5569232559e3d385fea5a93112/library/std/src/../../backtrace/src/backtrace/mod.rs:66:5
[INFO] [stdout]    2:     0x55c4864fb1ac - std::sys_common::backtrace::_print_fmt::h9eef0abe20ede486
[INFO] [stdout]                                at /rustc/82e1608dfa6e0b5569232559e3d385fea5a93112/library/std/src/sys_common/backtrace.rs:67:5
[INFO] [stdout]    3:     0x55c4864fb1ac - <std::sys_common::backtrace::_print::DisplayBacktrace as core::fmt::Display>::fmt::hed7f999df88cc644
[INFO] [stdout]                                at /rustc/82e1608dfa6e0b5569232559e3d385fea5a93112/library/std/src/sys_common/backtrace.rs:44:22
[INFO] [stdout]    4:     0x55c486527ad0 - core::fmt::rt::Argument::fmt::h1539a9308b8d058d
[INFO] [stdout]                                at /rustc/82e1608dfa6e0b5569232559e3d385fea5a93112/library/core/src/fmt/rt.rs:142:9
[INFO] [stdout]    5:     0x55c486527ad0 - core::fmt::write::h3a39390d8560d9c9
[INFO] [stdout]                                at /rustc/82e1608dfa6e0b5569232559e3d385fea5a93112/library/core/src/fmt/mod.rs:1120:17
[INFO] [stdout]    6:     0x55c4864f81df - std::io::Write::write_fmt::h040b369f3a0f9cbc
[INFO] [stdout]                                at /rustc/82e1608dfa6e0b5569232559e3d385fea5a93112/library/std/src/io/mod.rs:1762:15
[INFO] [stdout]    7:     0x55c4864faf94 - std::sys_common::backtrace::_print::h894006fb5c6f3d45
[INFO] [stdout]                                at /rustc/82e1608dfa6e0b5569232559e3d385fea5a93112/library/std/src/sys_common/backtrace.rs:47:5
[INFO] [stdout]    8:     0x55c4864faf94 - std::sys_common::backtrace::print::h23a2d212c6fff936
[INFO] [stdout]                                at /rustc/82e1608dfa6e0b5569232559e3d385fea5a93112/library/std/src/sys_common/backtrace.rs:34:9
[INFO] [stdout]    9:     0x55c4864fcc57 - std::panicking::default_hook::{{closure}}::h8a1d2ee00185001a
[INFO] [stdout]   10:     0x55c4864fc943 - std::panicking::default_hook::h6038f2eba384e475
[INFO] [stdout]                                at /rustc/82e1608dfa6e0b5569232559e3d385fea5a93112/library/std/src/panicking.rs:289:9
[INFO] [stdout]   11:     0x55c485f8f577 - <alloc::boxed::Box<F,A> as core::ops::function::Fn<Args>>::call::h0ad024c9bdc6d768
[INFO] [stdout]                                at /rustc/82e1608dfa6e0b5569232559e3d385fea5a93112/library/alloc/src/boxed.rs:2021:9
[INFO] [stdout]   12:     0x55c485f8f577 - test::test_main::{{closure}}::h7500b54257359db6
[INFO] [stdout]                                at /rustc/82e1608dfa6e0b5569232559e3d385fea5a93112/library/test/src/lib.rs:138:21
[INFO] [stdout]   13:     0x55c4864fd268 - <alloc::boxed::Box<F,A> as core::ops::function::Fn<Args>>::call::h1f8f335eaa9cfaee
[INFO] [stdout]                                at /rustc/82e1608dfa6e0b5569232559e3d385fea5a93112/library/alloc/src/boxed.rs:2021:9
[INFO] [stdout]   14:     0x55c4864fd268 - std::panicking::rust_panic_with_hook::h2b5517d590cab22e
[INFO] [stdout]                                at /rustc/82e1608dfa6e0b5569232559e3d385fea5a93112/library/std/src/panicking.rs:783:13
[INFO] [stdout]   15:     0x55c4864fcfbe - std::panicking::begin_panic_handler::{{closure}}::h233112c06e0ef43e
[INFO] [stdout]                                at /rustc/82e1608dfa6e0b5569232559e3d385fea5a93112/library/std/src/panicking.rs:657:13
[INFO] [stdout]   16:     0x55c4864fb676 - std::sys_common::backtrace::__rust_end_short_backtrace::h6e893f24d7ebbff8
[INFO] [stdout]                                at /rustc/82e1608dfa6e0b5569232559e3d385fea5a93112/library/std/src/sys_common/backtrace.rs:170:18
[INFO] [stdout]   17:     0x55c4864fcd22 - rust_begin_unwind
[INFO] [stdout]                                at /rustc/82e1608dfa6e0b5569232559e3d385fea5a93112/library/std/src/panicking.rs:645:5
[INFO] [stdout]   18:     0x55c485eb6505 - core::panicking::panic_fmt::hbf0e066aabfa482c
[INFO] [stdout]                                at /rustc/82e1608dfa6e0b5569232559e3d385fea5a93112/library/core/src/panicking.rs:72:14
[INFO] [stdout]   19:     0x55c485eb6af3 - core::result::unwrap_failed::hddb4fea594200c52
[INFO] [stdout]                                at /rustc/82e1608dfa6e0b5569232559e3d385fea5a93112/library/core/src/result.rs:1653:5
[INFO] [stdout]   20:     0x55c485ee23d8 - core::result::Result<T,E>::unwrap::hb59cae4a104bb346
[INFO] [stdout]                                at /rustc/82e1608dfa6e0b5569232559e3d385fea5a93112/library/core/src/result.rs:1077:23
[INFO] [stdout]   21:     0x55c485f28197 - axum_session::tests::basic::{{closure}}::h67f03a46c6e6ce21
[INFO] [stdout]                                at /opt/rustwide/workdir/src/lib.rs:62:20
[INFO] [stdout]   22:     0x55c485efb998 - <core::pin::Pin<P> as core::future::future::Future>::poll::h24cda36fa172ad96
[INFO] [stdout]                                at /rustc/82e1608dfa6e0b5569232559e3d385fea5a93112/library/core/src/future/future.rs:125:9
[INFO] [stdout]   23:     0x55c485efb9eb - <core::pin::Pin<P> as core::future::future::Future>::poll::h599d91bf99c734b8
[INFO] [stdout]                                at /rustc/82e1608dfa6e0b5569232559e3d385fea5a93112/library/core/src/future/future.rs:125:9
[INFO] [stdout]   24:     0x55c485edceb4 - tokio::runtime::scheduler::current_thread::CoreGuard::block_on::{{closure}}::{{closure}}::{{closure}}::h8dcdcffee6de4310
[INFO] [stdout]                                at /opt/rustwide/cargo-home/registry/src/index.crates.io-6f17d22bba15001f/tokio-1.35.1/src/runtime/scheduler/current_thread/mod.rs:665:57
[INFO] [stdout]   25:     0x55c485edcdda - tokio::runtime::coop::with_budget::h7b0fdf356809026c
[INFO] [stdout]                                at /opt/rustwide/cargo-home/registry/src/index.crates.io-6f17d22bba15001f/tokio-1.35.1/src/runtime/coop.rs:107:5
[INFO] [stdout]   26:     0x55c485edcdda - tokio::runtime::coop::budget::hde78804c42ab5f3d
[INFO] [stdout]                                at /opt/rustwide/cargo-home/registry/src/index.crates.io-6f17d22bba15001f/tokio-1.35.1/src/runtime/coop.rs:73:5
[INFO] [stdout]   27:     0x55c485edcdda - tokio::runtime::scheduler::current_thread::CoreGuard::block_on::{{closure}}::{{closure}}::ha50a6faf4f6c5e3d
[INFO] [stdout]                                at /opt/rustwide/cargo-home/registry/src/index.crates.io-6f17d22bba15001f/tokio-1.35.1/src/runtime/scheduler/current_thread/mod.rs:665:25
[INFO] [stdout]   28:     0x55c485edb76c - tokio::runtime::scheduler::current_thread::Context::enter::h6d3be661dd618c25
[INFO] [stdout]                                at /opt/rustwide/cargo-home/registry/src/index.crates.io-6f17d22bba15001f/tokio-1.35.1/src/runtime/scheduler/current_thread/mod.rs:410:19
[INFO] [stdout]   29:     0x55c485edc5de - tokio::runtime::scheduler::current_thread::CoreGuard::block_on::{{closure}}::hebecee83d9d8c18b
[INFO] [stdout]                                at /opt/rustwide/cargo-home/registry/src/index.crates.io-6f17d22bba15001f/tokio-1.35.1/src/runtime/scheduler/current_thread/mod.rs:664:36
[INFO] [stdout]   30:     0x55c485edc2eb - tokio::runtime::scheduler::current_thread::CoreGuard::enter::{{closure}}::h55839b7f0bd80fbe
[INFO] [stdout]                                at /opt/rustwide/cargo-home/registry/src/index.crates.io-6f17d22bba15001f/tokio-1.35.1/src/runtime/scheduler/current_thread/mod.rs:743:68
[INFO] [stdout]   31:     0x55c485f0e04b - tokio::runtime::context::scoped::Scoped<T>::set::h594f72e5f09b84c6
[INFO] [stdout]                                at /opt/rustwide/cargo-home/registry/src/index.crates.io-6f17d22bba15001f/tokio-1.35.1/src/runtime/context/scoped.rs:40:9
[INFO] [stdout]   32:     0x55c485f0ddf9 - tokio::runtime::context::set_scheduler::{{closure}}::hc304c5f5bcc821fd
[INFO] [stdout]                                at /opt/rustwide/cargo-home/registry/src/index.crates.io-6f17d22bba15001f/tokio-1.35.1/src/runtime/context.rs:176:26
[INFO] [stdout]   33:     0x55c485f2bc46 - std::thread::local::LocalKey<T>::try_with::h2312e810cc80387f
[INFO] [stdout]                                at /rustc/82e1608dfa6e0b5569232559e3d385fea5a93112/library/std/src/thread/local.rs:270:16
[INFO] [stdout]   34:     0x55c485f2b84a - std::thread::local::LocalKey<T>::with::hd7f16aaac03544c4
[INFO] [stdout]                                at /rustc/82e1608dfa6e0b5569232559e3d385fea5a93112/library/std/src/thread/local.rs:246:9
[INFO] [stdout]   35:     0x55c485f0ddad - tokio::runtime::context::set_scheduler::h0713f66356485cb4
[INFO] [stdout]                                at /opt/rustwide/cargo-home/registry/src/index.crates.io-6f17d22bba15001f/tokio-1.35.1/src/runtime/context.rs:176:9
[INFO] [stdout]   36:     0x55c485edc080 - tokio::runtime::scheduler::current_thread::CoreGuard::enter::he4fab5fef3bca262
[INFO] [stdout]                                at /opt/rustwide/cargo-home/registry/src/index.crates.io-6f17d22bba15001f/tokio-1.35.1/src/runtime/scheduler/current_thread/mod.rs:743:27
[INFO] [stdout]   37:     0x55c485edc31d - tokio::runtime::scheduler::current_thread::CoreGuard::block_on::hb9935d4761f234c4
[INFO] [stdout]                                at /opt/rustwide/cargo-home/registry/src/index.crates.io-6f17d22bba15001f/tokio-1.35.1/src/runtime/scheduler/current_thread/mod.rs:652:19
[INFO] [stdout]   38:     0x55c485edaccd - tokio::runtime::scheduler::current_thread::CurrentThread::block_on::{{closure}}::h8c631a879488d7a0
[INFO] [stdout]                                at /opt/rustwide/cargo-home/registry/src/index.crates.io-6f17d22bba15001f/tokio-1.35.1/src/runtime/scheduler/current_thread/mod.rs:175:28
[INFO] [stdout]   39:     0x55c485effcca - tokio::runtime::context::runtime::enter_runtime::h3e199af68e275e4c
[INFO] [stdout]                                at /opt/rustwide/cargo-home/registry/src/index.crates.io-6f17d22bba15001f/tokio-1.35.1/src/runtime/context/runtime.rs:65:16
[INFO] [stdout]   40:     0x55c485edabe0 - tokio::runtime::scheduler::current_thread::CurrentThread::block_on::hbdafa11bb2d5b5f3
[INFO] [stdout]                                at /opt/rustwide/cargo-home/registry/src/index.crates.io-6f17d22bba15001f/tokio-1.35.1/src/runtime/scheduler/current_thread/mod.rs:167:9
[INFO] [stdout]   41:     0x55c485f187bd - tokio::runtime::runtime::Runtime::block_on::h5ce6b5e3490d22ff
[INFO] [stdout]                                at /opt/rustwide/cargo-home/registry/src/index.crates.io-6f17d22bba15001f/tokio-1.35.1/src/runtime/runtime.rs:348:47
[INFO] [stdout]   42:     0x55c485f27785 - axum_session::tests::basic::h169f537610df62cb
[INFO] [stdout]                                at /opt/rustwide/workdir/src/lib.rs:138:9
[INFO] [stdout]   43:     0x55c485f275e7 - axum_session::tests::basic::{{closure}}::h282f5aa4a895c5f6
[INFO] [stdout]                                at /opt/rustwide/workdir/src/lib.rs:49:21
[INFO] [stdout]   44:     0x55c485ec1896 - core::ops::function::FnOnce::call_once::ha71e09fd42774b4a
[INFO] [stdout]                                at /rustc/82e1608dfa6e0b5569232559e3d385fea5a93112/library/core/src/ops/function.rs:250:5
[INFO] [stdout]   45:     0x55c485f94bcf - core::ops::function::FnOnce::call_once::h2b5d431d5046312d
[INFO] [stdout]                                at /rustc/82e1608dfa6e0b5569232559e3d385fea5a93112/library/core/src/ops/function.rs:250:5
[INFO] [stdout]   46:     0x55c485f94bcf - test::__rust_begin_short_backtrace::h7714669af176e207
[INFO] [stdout]                                at /rustc/82e1608dfa6e0b5569232559e3d385fea5a93112/library/test/src/lib.rs:628:18
[INFO] [stdout]   47:     0x55c485f93be5 - test::run_test_in_process::{{closure}}::h85218797dcbcec12
[INFO] [stdout]                                at /rustc/82e1608dfa6e0b5569232559e3d385fea5a93112/library/test/src/lib.rs:651:60
[INFO] [stdout]   48:     0x55c485f93be5 - <core::panic::unwind_safe::AssertUnwindSafe<F> as core::ops::function::FnOnce<()>>::call_once::h76c106ea31c14d7b
[INFO] [stdout]                                at /rustc/82e1608dfa6e0b5569232559e3d385fea5a93112/library/core/src/panic/unwind_safe.rs:272:9
[INFO] [stdout]   49:     0x55c485f93be5 - std::panicking::try::do_call::h3bd5d0f6620ee946
[INFO] [stdout]                                at /rustc/82e1608dfa6e0b5569232559e3d385fea5a93112/library/std/src/panicking.rs:552:40
[INFO] [stdout]   50:     0x55c485f93be5 - std::panicking::try::h232e535e4744fe31
[INFO] [stdout]                                at /rustc/82e1608dfa6e0b5569232559e3d385fea5a93112/library/std/src/panicking.rs:516:19
[INFO] [stdout]   51:     0x55c485f93be5 - std::panic::catch_unwind::h3ce3bd6ca8dbac68
[INFO] [stdout]                                at /rustc/82e1608dfa6e0b5569232559e3d385fea5a93112/library/std/src/panic.rs:142:14
[INFO] [stdout]   52:     0x55c485f93be5 - test::run_test_in_process::hc97b257c9621286a
[INFO] [stdout]                                at /rustc/82e1608dfa6e0b5569232559e3d385fea5a93112/library/test/src/lib.rs:651:27
[INFO] [stdout]   53:     0x55c485f93be5 - test::run_test::{{closure}}::h2aa798823a438d38
[INFO] [stdout]                                at /rustc/82e1608dfa6e0b5569232559e3d385fea5a93112/library/test/src/lib.rs:574:43
[INFO] [stdout]   54:     0x55c485f5bea6 - test::run_test::{{closure}}::h87d231c78fb59832
[INFO] [stdout]                                at /rustc/82e1608dfa6e0b5569232559e3d385fea5a93112/library/test/src/lib.rs:602:41
[INFO] [stdout]   55:     0x55c485f5bea6 - std::sys_common::backtrace::__rust_begin_short_backtrace::he6df152596625789
[INFO] [stdout]                                at /rustc/82e1608dfa6e0b5569232559e3d385fea5a93112/library/std/src/sys_common/backtrace.rs:154:18
[INFO] [stdout]   56:     0x55c485f60f57 - std::thread::Builder::spawn_unchecked_::{{closure}}::{{closure}}::ha94be15d1e0acf36
[INFO] [stdout]                                at /rustc/82e1608dfa6e0b5569232559e3d385fea5a93112/library/std/src/thread/mod.rs:529:17
[INFO] [stdout]   57:     0x55c485f60f57 - <core::panic::unwind_safe::AssertUnwindSafe<F> as core::ops::function::FnOnce<()>>::call_once::h9dc6bd6372f16606
[INFO] [stdout]                                at /rustc/82e1608dfa6e0b5569232559e3d385fea5a93112/library/core/src/panic/unwind_safe.rs:272:9
[INFO] [stdout]   58:     0x55c485f60f57 - std::panicking::try::do_call::h9057517f80303cd4
[INFO] [stdout]                                at /rustc/82e1608dfa6e0b5569232559e3d385fea5a93112/library/std/src/panicking.rs:552:40
[INFO] [stdout]   59:     0x55c485f60f57 - std::panicking::try::he3a30b11ee45340c
[INFO] [stdout]                                at /rustc/82e1608dfa6e0b5569232559e3d385fea5a93112/library/std/src/panicking.rs:516:19
[INFO] [stdout]   60:     0x55c485f60f57 - std::panic::catch_unwind::h410458cfd3528b8b
[INFO] [stdout]                                at /rustc/82e1608dfa6e0b5569232559e3d385fea5a93112/library/std/src/panic.rs:142:14
[INFO] [stdout]   61:     0x55c485f60f57 - std::thread::Builder::spawn_unchecked_::{{closure}}::h72ac3bdb567b737b
[INFO] [stdout]                                at /rustc/82e1608dfa6e0b5569232559e3d385fea5a93112/library/std/src/thread/mod.rs:528:30
[INFO] [stdout]   62:     0x55c485f60f57 - core::ops::function::FnOnce::call_once{{vtable.shim}}::h38f34da3654a8344
[INFO] [stdout]                                at /rustc/82e1608dfa6e0b5569232559e3d385fea5a93112/library/core/src/ops/function.rs:250:5
[INFO] [stdout]   63:     0x55c486501f05 - <alloc::boxed::Box<F,A> as core::ops::function::FnOnce<Args>>::call_once::hc7eafaff61e32df9
[INFO] [stdout]                                at /rustc/82e1608dfa6e0b5569232559e3d385fea5a93112/library/alloc/src/boxed.rs:2007:9
[INFO] [stdout]   64:     0x55c486501f05 - <alloc::boxed::Box<F,A> as core::ops::function::FnOnce<Args>>::call_once::h6ba4a5de48dd2304
[INFO] [stdout]                                at /rustc/82e1608dfa6e0b5569232559e3d385fea5a93112/library/alloc/src/boxed.rs:2007:9
[INFO] [stdout]   65:     0x55c486501f05 - std::sys::unix::thread::Thread::new::thread_start::he469335aef763e45
[INFO] [stdout]                                at /rustc/82e1608dfa6e0b5569232559e3d385fea5a93112/library/std/src/sys/unix/thread.rs:108:17
[INFO] [stdout]   66:     0x7fe53b985ac3 - <unknown>
[INFO] [stdout]   67:     0x7fe53ba16bf4 - __clone
[INFO] [stdout]   68:                0x0 - <unknown>
[INFO] [stdout] 
[INFO] [stdout] 
[INFO] [stdout] failures:
[INFO] [stdout]     tests::basic
[INFO] [stdout] 
[INFO] [stdout] test result: FAILED. 0 passed; 1 failed; 0 ignored; 0 measured; 0 filtered out; finished in 0.08s
[INFO] [stdout] 
[INFO] [stderr] error: test failed, to rerun pass `--lib`
[INFO] running `Command { std: "docker" "inspect" "55c2f6809718a7311b6e9e2d750c7d7f550549db80d5c38168abda780305f2a4", kill_on_drop: false }`
[INFO] running `Command { std: "docker" "rm" "-f" "55c2f6809718a7311b6e9e2d750c7d7f550549db80d5c38168abda780305f2a4", kill_on_drop: false }`
[INFO] [stdout] 55c2f6809718a7311b6e9e2d750c7d7f550549db80d5c38168abda780305f2a4
[INFO] testing axum_session-0.10.0 against beta-2023-12-22 for beta-1.76-1
[INFO] extracting crate axum_session 0.10.0 into /workspace/builds/worker-1-tc2/source
[INFO] validating manifest of crates.io crate axum_session 0.10.0 on toolchain beta-2023-12-22
[INFO] running `Command { std: CARGO_HOME="/workspace/cargo-home" RUSTUP_HOME="/workspace/rustup-home" "/workspace/cargo-home/bin/cargo" "+beta-2023-12-22" "metadata" "--manifest-path" "Cargo.toml" "--no-deps", kill_on_drop: false }`
[INFO] started tweaking crates.io crate axum_session 0.10.0
[INFO] finished tweaking crates.io crate axum_session 0.10.0
[INFO] tweaked toml for crates.io crate axum_session 0.10.0 written to /workspace/builds/worker-1-tc2/source/Cargo.toml
[INFO] running `Command { std: CARGO_HOME="/workspace/cargo-home" RUSTUP_HOME="/workspace/rustup-home" "/workspace/cargo-home/bin/cargo" "+beta-2023-12-22" "generate-lockfile" "--manifest-path" "Cargo.toml", kill_on_drop: false }`
[INFO] [stderr]     Updating crates.io index
[INFO] running `Command { std: CARGO_HOME="/workspace/cargo-home" RUSTUP_HOME="/workspace/rustup-home" "/workspace/cargo-home/bin/cargo" "+beta-2023-12-22" "fetch" "--manifest-path" "Cargo.toml", kill_on_drop: false }`
[INFO] running `Command { std: "docker" "create" "-v" "/var/lib/crater-agent-workspace/builds/worker-1-tc2/target:/opt/rustwide/target:rw,Z" "-v" "/var/lib/crater-agent-workspace/builds/worker-1-tc2/source:/opt/rustwide/workdir:ro,Z" "-v" "/var/lib/crater-agent-workspace/cargo-home:/opt/rustwide/cargo-home:ro,Z" "-v" "/var/lib/crater-agent-workspace/rustup-home:/opt/rustwide/rustup-home:ro,Z" "-e" "SOURCE_DIR=/opt/rustwide/workdir" "-e" "CARGO_TARGET_DIR=/opt/rustwide/target" "-e" "CARGO_HOME=/opt/rustwide/cargo-home" "-e" "RUSTUP_HOME=/opt/rustwide/rustup-home" "-w" "/opt/rustwide/workdir" "-m" "1610612736" "--user" "0:0" "--network" "none" "ghcr.io/rust-lang/crates-build-env/linux@sha256:2788e3201cd34a07e3172128adcd8b3090168a8e3bcc40d7c032b9dda1df7d1c" "/opt/rustwide/cargo-home/bin/cargo" "+beta-2023-12-22" "metadata" "--no-deps" "--format-version=1", kill_on_drop: false }`
[INFO] [stdout] 7d4c86d921047e384943c3269f81b17b90aaab59eef3e1d4af7e6680bd0d24fa
[INFO] running `Command { std: "docker" "start" "-a" "7d4c86d921047e384943c3269f81b17b90aaab59eef3e1d4af7e6680bd0d24fa", kill_on_drop: false }`
[INFO] running `Command { std: "docker" "inspect" "7d4c86d921047e384943c3269f81b17b90aaab59eef3e1d4af7e6680bd0d24fa", kill_on_drop: false }`
[INFO] running `Command { std: "docker" "rm" "-f" "7d4c86d921047e384943c3269f81b17b90aaab59eef3e1d4af7e6680bd0d24fa", kill_on_drop: false }`
[INFO] [stdout] 7d4c86d921047e384943c3269f81b17b90aaab59eef3e1d4af7e6680bd0d24fa
[INFO] running `Command { std: "docker" "create" "-v" "/var/lib/crater-agent-workspace/builds/worker-1-tc2/target:/opt/rustwide/target:rw,Z" "-v" "/var/lib/crater-agent-workspace/builds/worker-1-tc2/source:/opt/rustwide/workdir:ro,Z" "-v" "/var/lib/crater-agent-workspace/cargo-home:/opt/rustwide/cargo-home:ro,Z" "-v" "/var/lib/crater-agent-workspace/rustup-home:/opt/rustwide/rustup-home:ro,Z" "-e" "SOURCE_DIR=/opt/rustwide/workdir" "-e" "CARGO_TARGET_DIR=/opt/rustwide/target" "-e" "CARGO_INCREMENTAL=0" "-e" "RUST_BACKTRACE=full" "-e" "RUSTFLAGS=--cap-lints=warn" "-e" "RUSTDOCFLAGS=--cap-lints=warn" "-e" "CARGO_HOME=/opt/rustwide/cargo-home" "-e" "RUSTUP_HOME=/opt/rustwide/rustup-home" "-w" "/opt/rustwide/workdir" "-m" "1610612736" "--user" "0:0" "--network" "none" "ghcr.io/rust-lang/crates-build-env/linux@sha256:2788e3201cd34a07e3172128adcd8b3090168a8e3bcc40d7c032b9dda1df7d1c" "/opt/rustwide/cargo-home/bin/cargo" "+beta-2023-12-22" "build" "--frozen" "--message-format=json", kill_on_drop: false }`
[INFO] [stdout] e2c99613d18fd6f58ad6f484c276064e1d2abd1eb4e61493c044197fba10b7c6
[INFO] running `Command { std: "docker" "start" "-a" "e2c99613d18fd6f58ad6f484c276064e1d2abd1eb4e61493c044197fba10b7c6", kill_on_drop: false }`
[INFO] [stderr]    Compiling libc v0.2.151
[INFO] [stderr]    Compiling cfg-if v1.0.0
[INFO] [stderr]    Compiling version_check v0.9.4
[INFO] [stderr]    Compiling proc-macro2 v1.0.75
[INFO] [stderr]    Compiling unicode-ident v1.0.12
[INFO] [stderr]    Compiling typenum v1.17.0
[INFO] [stderr]    Compiling autocfg v1.1.0
[INFO] [stderr]    Compiling subtle v2.5.0
[INFO] [stderr]    Compiling futures-core v0.3.30
[INFO] [stderr]    Compiling serde v1.0.194
[INFO] [stderr]    Compiling pin-project-lite v0.2.13
[INFO] [stderr]    Compiling parking_lot_core v0.9.9
[INFO] [stderr]    Compiling memchr v2.7.1
[INFO] [stderr]    Compiling cpufeatures v0.2.12
[INFO] [stderr]    Compiling once_cell v1.19.0
[INFO] [stderr]    Compiling itoa v1.0.10
[INFO] [stderr]    Compiling scopeguard v1.2.0
[INFO] [stderr]    Compiling smallvec v1.11.2
[INFO] [stderr]    Compiling bytes v1.5.0
[INFO] [stderr]    Compiling futures-sink v0.3.30
[INFO] [stderr]    Compiling tinyvec_macros v0.1.1
[INFO] [stderr]    Compiling futures-task v0.3.30
[INFO] [stderr]    Compiling zerocopy v0.7.32
[INFO] [stderr]    Compiling futures-io v0.3.30
[INFO] [stderr]    Compiling futures-channel v0.3.30
[INFO] [stderr]    Compiling pin-utils v0.1.0
[INFO] [stderr]    Compiling tinyvec v1.6.0
[INFO] [stderr]    Compiling spin v0.9.8
[INFO] [stderr]    Compiling allocator-api2 v0.2.16
[INFO] [stderr]    Compiling untrusted v0.9.0
[INFO] [stderr]    Compiling generic-array v0.14.7
[INFO] [stderr]    Compiling ahash v0.8.7
[INFO] [stderr]    Compiling unicode-bidi v0.3.14
[INFO] [stderr]    Compiling percent-encoding v2.3.1
[INFO] [stderr]    Compiling crossbeam-utils v0.8.18
[INFO] [stderr]    Compiling slab v0.4.9
[INFO] [stderr]    Compiling lock_api v0.4.11
[INFO] [stderr]    Compiling num-traits v0.2.17
[INFO] [stderr]    Compiling rustls v0.21.10
[INFO] [stderr]    Compiling rustversion v1.0.14
[INFO] [stderr]    Compiling minimal-lexical v0.2.1
[INFO] [stderr]    Compiling base64 v0.21.5
[INFO] [stderr]    Compiling paste v1.0.14
[INFO] [stderr]    Compiling quote v1.0.35
[INFO] [stderr]    Compiling serde_json v1.0.111
[INFO] [stderr]    Compiling thiserror v1.0.56
[INFO] [stderr]    Compiling ppv-lite86 v0.2.17
[INFO] [stderr]    Compiling nom v7.1.3
[INFO] [stderr]    Compiling syn v2.0.48
[INFO] [stderr]    Compiling cc v1.0.83
[INFO] [stderr]    Compiling form_urlencoded v1.2.1
[INFO] [stderr]    Compiling tracing-core v0.1.32
[INFO] [stderr]    Compiling unicode_categories v0.1.1
[INFO] [stderr]    Compiling equivalent v1.0.1
[INFO] [stderr]    Compiling crc-catalog v2.4.0
[INFO] [stderr]    Compiling iana-time-zone v0.1.59
[INFO] [stderr]    Compiling opaque-debug v0.3.0
[INFO] [stderr]    Compiling fnv v1.0.7
[INFO] [stderr]    Compiling unicode-normalization v0.1.22
[INFO] [stderr]    Compiling log v0.4.20
[INFO] [stderr]    Compiling ryu v1.0.16
[INFO] [stderr]    Compiling crc v3.0.1
[INFO] [stderr]    Compiling http v1.0.0
[INFO] [stderr]    Compiling crossbeam-queue v0.3.10
[INFO] [stderr]    Compiling getrandom v0.2.11
[INFO] [stderr]    Compiling socket2 v0.5.5
[INFO] [stderr]    Compiling num_cpus v1.16.0
[INFO] [stderr]    Compiling rand_core v0.6.4
[INFO] [stderr]    Compiling mio v0.8.10
[INFO] [stderr]    Compiling parking_lot v0.12.1
[INFO] [stderr]    Compiling signal-hook-registry v1.4.1
[INFO] [stderr]    Compiling rand_chacha v0.3.1
[INFO] [stderr]    Compiling hashbrown v0.14.3
[INFO] [stderr]    Compiling futures-intrusive v0.5.0
[INFO] [stderr]    Compiling crypto-common v0.1.6
[INFO] [stderr]    Compiling block-buffer v0.10.4
[INFO] [stderr]    Compiling inout v0.1.3
[INFO] [stderr]    Compiling idna v0.5.0
[INFO] [stderr]    Compiling atoi v2.0.0
[INFO] [stderr]    Compiling rand v0.8.5
[INFO] [stderr]    Compiling digest v0.10.7
[INFO] [stderr]    Compiling cipher v0.4.4
[INFO] [stderr]    Compiling universal-hash v0.5.1
[INFO] [stderr]    Compiling rustls-pemfile v1.0.4
[INFO] [stderr]    Compiling polyval v0.6.1
[INFO] [stderr]    Compiling sha2 v0.10.8
[INFO] [stderr]    Compiling hmac v0.12.1
[INFO] [stderr]    Compiling ring v0.17.7
[INFO] [stderr]    Compiling time-core v0.1.2
[INFO] [stderr]    Compiling byteorder v1.5.0
[INFO] [stderr]    Compiling hex v0.4.3
[INFO] [stderr]    Compiling url v2.5.0
[INFO] [stderr]    Compiling event-listener v2.5.3
[INFO] [stderr]    Compiling async-trait v0.1.77
[INFO] [stderr]    Compiling indexmap v2.1.0
[INFO] [stderr]    Compiling hashlink v0.8.4
[INFO] [stderr]    Compiling powerfmt v0.2.0
[INFO] [stderr]    Compiling webpki-roots v0.25.3
[INFO] [stderr]    Compiling finl_unicode v1.2.0
[INFO] [stderr]    Compiling dotenvy v0.15.7
[INFO] [stderr]    Compiling time-macros v0.2.16
[INFO] [stderr]    Compiling ghash v0.5.0
[INFO] [stderr]    Compiling hkdf v0.12.4
[INFO] [stderr]    Compiling aes v0.8.3
[INFO] [stderr]    Compiling ctr v0.9.2
[INFO] [stderr]    Compiling md-5 v0.10.6
[INFO] [stderr]    Compiling deranged v0.3.11
[INFO] [stderr]    Compiling sha1 v0.10.6
[INFO] [stderr]    Compiling aead v0.5.2
[INFO] [stderr]    Compiling http-body v1.0.0
[INFO] [stderr]    Compiling stringprep v0.1.4
[INFO] [stderr]    Compiling cookie v0.18.0
[INFO] [stderr]    Compiling home v0.5.9
[INFO] [stderr]    Compiling whoami v1.4.1
[INFO] [stderr]    Compiling bitflags v2.4.1
[INFO] [stderr]    Compiling mime v0.3.17
[INFO] [stderr]    Compiling axum-core v0.4.2
[INFO] [stderr]    Compiling tower-layer v0.3.2
[INFO] [stderr]    Compiling sync_wrapper v0.1.2
[INFO] [stderr]    Compiling tower-service v0.3.2
[INFO] [stderr]    Compiling dashmap v5.5.3
[INFO] [stderr]    Compiling aes-gcm v0.10.3
[INFO] [stderr]    Compiling time v0.3.31
[INFO] [stderr]    Compiling serde_derive v1.0.194
[INFO] [stderr]    Compiling futures-macro v0.3.30
[INFO] [stderr]    Compiling tokio-macros v2.2.0
[INFO] [stderr]    Compiling tracing-attributes v0.1.27
[INFO] [stderr]    Compiling thiserror-impl v1.0.56
[INFO] [stderr]    Compiling futures-util v0.3.30
[INFO] [stderr]    Compiling tokio v1.35.1
[INFO] [stderr]    Compiling tracing v0.1.40
[INFO] [stderr]    Compiling sct v0.7.1
[INFO] [stderr]    Compiling rustls-webpki v0.101.7
[INFO] [stderr]    Compiling futures-executor v0.3.30
[INFO] [stderr]    Compiling http-body-util v0.1.0
[INFO] [stderr]    Compiling futures v0.3.30
[INFO] [stderr]    Compiling tokio-stream v0.1.14
[INFO] [stderr]    Compiling either v1.9.0
[INFO] [stderr]    Compiling uuid v1.6.1
[INFO] [stderr]    Compiling chrono v0.4.31
[INFO] [stderr]    Compiling itertools v0.12.0
[INFO] [stderr]    Compiling sqlformat v0.2.3
[INFO] [stderr]    Compiling sqlx-core v0.7.3
[INFO] [stderr]    Compiling sqlx-postgres v0.7.3
[INFO] [stderr]    Compiling sqlx v0.7.3
[INFO] [stderr]    Compiling axum_session v0.10.0 (/opt/rustwide/workdir)
[INFO] [stderr]     Finished dev [unoptimized + debuginfo] target(s) in 32.65s
[INFO] running `Command { std: "docker" "inspect" "e2c99613d18fd6f58ad6f484c276064e1d2abd1eb4e61493c044197fba10b7c6", kill_on_drop: false }`
[INFO] running `Command { std: "docker" "rm" "-f" "e2c99613d18fd6f58ad6f484c276064e1d2abd1eb4e61493c044197fba10b7c6", kill_on_drop: false }`
[INFO] [stdout] e2c99613d18fd6f58ad6f484c276064e1d2abd1eb4e61493c044197fba10b7c6
[INFO] running `Command { std: "docker" "create" "-v" "/var/lib/crater-agent-workspace/builds/worker-1-tc2/target:/opt/rustwide/target:rw,Z" "-v" "/var/lib/crater-agent-workspace/builds/worker-1-tc2/source:/opt/rustwide/workdir:ro,Z" "-v" "/var/lib/crater-agent-workspace/cargo-home:/opt/rustwide/cargo-home:ro,Z" "-v" "/var/lib/crater-agent-workspace/rustup-home:/opt/rustwide/rustup-home:ro,Z" "-e" "SOURCE_DIR=/opt/rustwide/workdir" "-e" "CARGO_TARGET_DIR=/opt/rustwide/target" "-e" "CARGO_INCREMENTAL=0" "-e" "RUST_BACKTRACE=full" "-e" "RUSTFLAGS=--cap-lints=warn" "-e" "RUSTDOCFLAGS=--cap-lints=warn" "-e" "CARGO_HOME=/opt/rustwide/cargo-home" "-e" "RUSTUP_HOME=/opt/rustwide/rustup-home" "-w" "/opt/rustwide/workdir" "-m" "1610612736" "--user" "0:0" "--network" "none" "ghcr.io/rust-lang/crates-build-env/linux@sha256:2788e3201cd34a07e3172128adcd8b3090168a8e3bcc40d7c032b9dda1df7d1c" "/opt/rustwide/cargo-home/bin/cargo" "+beta-2023-12-22" "test" "--frozen" "--no-run" "--message-format=json", kill_on_drop: false }`
[INFO] [stdout] 8092a0464223716c42bd719f349a89c88f0f7d3cd3de6a988b30696a19730ff8
[INFO] running `Command { std: "docker" "start" "-a" "8092a0464223716c42bd719f349a89c88f0f7d3cd3de6a988b30696a19730ff8", kill_on_drop: false }`
[INFO] [stderr]    Compiling futures-sink v0.3.30
[INFO] [stderr]    Compiling httparse v1.8.0
[INFO] [stderr]    Compiling axum-core v0.4.2
[INFO] [stderr]    Compiling pin-project-internal v1.1.3
[INFO] [stderr]    Compiling httpdate v1.0.3
[INFO] [stderr]    Compiling axum v0.7.3
[INFO] [stderr]    Compiling heck v0.4.1
[INFO] [stderr]    Compiling serde_urlencoded v0.7.1
[INFO] [stderr]    Compiling serde_path_to_error v0.1.15
[INFO] [stderr]    Compiling matchit v0.7.3
[INFO] [stderr]    Compiling futures-channel v0.3.30
[INFO] [stderr]    Compiling tokio-util v0.7.10
[INFO] [stderr]    Compiling axum-macros v0.4.0
[INFO] [stderr]    Compiling futures-util v0.3.30
[INFO] [stderr]    Compiling pin-project v1.1.3
[INFO] [stderr]    Compiling h2 v0.4.0
[INFO] [stderr]    Compiling http-body-util v0.1.0
[INFO] [stderr]    Compiling sqlx-core v0.7.3
[INFO] [stderr]    Compiling futures-executor v0.3.30
[INFO] [stderr]    Compiling tower v0.4.13
[INFO] [stderr]    Compiling futures v0.3.30
[INFO] [stderr]    Compiling sqlx-postgres v0.7.3
[INFO] [stderr]    Compiling hyper v1.1.0
[INFO] [stderr]    Compiling sqlx v0.7.3
[INFO] [stderr]    Compiling axum_session v0.10.0 (/opt/rustwide/workdir)
[INFO] [stderr]    Compiling hyper-util v0.1.2
[INFO] [stderr]     Finished test [unoptimized + debuginfo] target(s) in 32.43s
[INFO] running `Command { std: "docker" "inspect" "8092a0464223716c42bd719f349a89c88f0f7d3cd3de6a988b30696a19730ff8", kill_on_drop: false }`
[INFO] running `Command { std: "docker" "rm" "-f" "8092a0464223716c42bd719f349a89c88f0f7d3cd3de6a988b30696a19730ff8", kill_on_drop: false }`
[INFO] [stdout] 8092a0464223716c42bd719f349a89c88f0f7d3cd3de6a988b30696a19730ff8
[INFO] running `Command { std: "docker" "create" "-v" "/var/lib/crater-agent-workspace/builds/worker-1-tc2/target:/opt/rustwide/target:rw,Z" "-v" "/var/lib/crater-agent-workspace/builds/worker-1-tc2/source:/opt/rustwide/workdir:ro,Z" "-v" "/var/lib/crater-agent-workspace/cargo-home:/opt/rustwide/cargo-home:ro,Z" "-v" "/var/lib/crater-agent-workspace/rustup-home:/opt/rustwide/rustup-home:ro,Z" "-e" "SOURCE_DIR=/opt/rustwide/workdir" "-e" "CARGO_TARGET_DIR=/opt/rustwide/target" "-e" "CARGO_INCREMENTAL=0" "-e" "RUST_BACKTRACE=full" "-e" "RUSTFLAGS=--cap-lints=warn" "-e" "RUSTDOCFLAGS=--cap-lints=warn" "-e" "CARGO_HOME=/opt/rustwide/cargo-home" "-e" "RUSTUP_HOME=/opt/rustwide/rustup-home" "-w" "/opt/rustwide/workdir" "-m" "1610612736" "--user" "0:0" "--network" "none" "ghcr.io/rust-lang/crates-build-env/linux@sha256:2788e3201cd34a07e3172128adcd8b3090168a8e3bcc40d7c032b9dda1df7d1c" "/opt/rustwide/cargo-home/bin/cargo" "+beta-2023-12-22" "test" "--frozen", kill_on_drop: false }`
[INFO] [stdout] 6b094e42269fbb3bde7d6cfd90d71f4526ad1e99b2ad327856f2f8f9b342f928
[INFO] running `Command { std: "docker" "start" "-a" "6b094e42269fbb3bde7d6cfd90d71f4526ad1e99b2ad327856f2f8f9b342f928", kill_on_drop: false }`
[INFO] [stderr]     Finished test [unoptimized + debuginfo] target(s) in 0.29s
[INFO] [stderr]      Running unittests src/lib.rs (/opt/rustwide/target/debug/deps/axum_session-cdd4153e8bd0cc81)
[INFO] [stdout] 
[INFO] [stdout] running 1 test
[INFO] [stdout] test tests::basic ... FAILED
[INFO] [stdout] 
[INFO] [stdout] failures:
[INFO] [stdout] 
[INFO] [stdout] ---- tests::basic stdout ----
[INFO] [stdout] thread 'tests::basic' panicked at src/lib.rs:66:14:
[INFO] [stdout] called `Result::unwrap()` on an `Err` value: Io(Os { code: 99, kind: AddrNotAvailable, message: "Cannot assign requested address" })
[INFO] [stdout] stack backtrace:
[INFO] [stdout]    0:     0x557a28b13826 - std::backtrace_rs::backtrace::libunwind::trace::h261606ad26a499c1
[INFO] [stdout]                                at /rustc/0e09125c6c3c2fd70d7de961bcf0e51575235fad/library/std/src/../../backtrace/src/backtrace/libunwind.rs:104:5
[INFO] [stdout]    1:     0x557a28b13826 - std::backtrace_rs::backtrace::trace_unsynchronized::hd183f0625477fb28
[INFO] [stdout]                                at /rustc/0e09125c6c3c2fd70d7de961bcf0e51575235fad/library/std/src/../../backtrace/src/backtrace/mod.rs:66:5
[INFO] [stdout]    2:     0x557a28b13826 - std::sys_common::backtrace::_print_fmt::hd7f8fef21b4eda67
[INFO] [stdout]                                at /rustc/0e09125c6c3c2fd70d7de961bcf0e51575235fad/library/std/src/sys_common/backtrace.rs:68:5
[INFO] [stdout]    3:     0x557a28b13826 - <std::sys_common::backtrace::_print::DisplayBacktrace as core::fmt::Display>::fmt::h623d9b51f2f453f1
[INFO] [stdout]                                at /rustc/0e09125c6c3c2fd70d7de961bcf0e51575235fad/library/std/src/sys_common/backtrace.rs:44:22
[INFO] [stdout]    4:     0x557a28b3f440 - core::fmt::rt::Argument::fmt::h9f417ac76a86f368
[INFO] [stdout]                                at /rustc/0e09125c6c3c2fd70d7de961bcf0e51575235fad/library/core/src/fmt/rt.rs:142:9
[INFO] [stdout]    5:     0x557a28b3f440 - core::fmt::write::hc9b6faf4ac2aeff7
[INFO] [stdout]                                at /rustc/0e09125c6c3c2fd70d7de961bcf0e51575235fad/library/core/src/fmt/mod.rs:1120:17
[INFO] [stdout]    6:     0x557a28b1080f - std::io::Write::write_fmt::he04625a3a989fec3
[INFO] [stdout]                                at /rustc/0e09125c6c3c2fd70d7de961bcf0e51575235fad/library/std/src/io/mod.rs:1810:15
[INFO] [stdout]    7:     0x557a28b13604 - std::sys_common::backtrace::_print::hd5d66399c7df88a2
[INFO] [stdout]                                at /rustc/0e09125c6c3c2fd70d7de961bcf0e51575235fad/library/std/src/sys_common/backtrace.rs:47:5
[INFO] [stdout]    8:     0x557a28b13604 - std::sys_common::backtrace::print::he81ed2da642d37e5
[INFO] [stdout]                                at /rustc/0e09125c6c3c2fd70d7de961bcf0e51575235fad/library/std/src/sys_common/backtrace.rs:34:9
[INFO] [stdout]    9:     0x557a28b15377 - std::panicking::default_hook::{{closure}}::h85773f4fa117163d
[INFO] [stdout]   10:     0x557a28b1505d - std::panicking::default_hook::h6a1694a91d09b278
[INFO] [stdout]                                at /rustc/0e09125c6c3c2fd70d7de961bcf0e51575235fad/library/std/src/panicking.rs:289:9
[INFO] [stdout]   11:     0x557a2859e1c7 - <alloc::boxed::Box<F,A> as core::ops::function::Fn<Args>>::call::h616ac37fa3cd6c8f
[INFO] [stdout]                                at /rustc/0e09125c6c3c2fd70d7de961bcf0e51575235fad/library/alloc/src/boxed.rs:2029:9
[INFO] [stdout]   12:     0x557a2859e1c7 - test::test_main::{{closure}}::h00d84697cefdcbb6
[INFO] [stdout]                                at /rustc/0e09125c6c3c2fd70d7de961bcf0e51575235fad/library/test/src/lib.rs:138:21
[INFO] [stdout]   13:     0x557a28b15996 - <alloc::boxed::Box<F,A> as core::ops::function::Fn<Args>>::call::hcb3fe3b9bb537ba8
[INFO] [stdout]                                at /rustc/0e09125c6c3c2fd70d7de961bcf0e51575235fad/library/alloc/src/boxed.rs:2029:9
[INFO] [stdout]   14:     0x557a28b15996 - std::panicking::rust_panic_with_hook::h0a7ad96e90f7145b
[INFO] [stdout]                                at /rustc/0e09125c6c3c2fd70d7de961bcf0e51575235fad/library/std/src/panicking.rs:783:13
[INFO] [stdout]   15:     0x557a28b156e2 - std::panicking::begin_panic_handler::{{closure}}::h7919090525c6485e
[INFO] [stdout]                                at /rustc/0e09125c6c3c2fd70d7de961bcf0e51575235fad/library/std/src/panicking.rs:657:13
[INFO] [stdout]   16:     0x557a28b13d26 - std::sys_common::backtrace::__rust_end_short_backtrace::hf3289479464f7dfe
[INFO] [stdout]                                at /rustc/0e09125c6c3c2fd70d7de961bcf0e51575235fad/library/std/src/sys_common/backtrace.rs:171:18
[INFO] [stdout]   17:     0x557a28b15440 - rust_begin_unwind
[INFO] [stdout]                                at /rustc/0e09125c6c3c2fd70d7de961bcf0e51575235fad/library/std/src/panicking.rs:645:5
[INFO] [stdout]   18:     0x557a284c44e5 - core::panicking::panic_fmt::hcc9f77c5c132af55
[INFO] [stdout]                                at /rustc/0e09125c6c3c2fd70d7de961bcf0e51575235fad/library/core/src/panicking.rs:72:14
[INFO] [stdout]   19:     0x557a284c4ae3 - core::result::unwrap_failed::hbe14f498be1452f9
[INFO] [stdout]                                at /rustc/0e09125c6c3c2fd70d7de961bcf0e51575235fad/library/core/src/result.rs:1649:5
[INFO] [stdout]   20:     0x557a284f27b1 - core::result::Result<T,E>::unwrap::h841911a0c2d0bf57
[INFO] [stdout]                                at /rustc/0e09125c6c3c2fd70d7de961bcf0e51575235fad/library/core/src/result.rs:1073:23
[INFO] [stdout]   21:     0x557a285031b8 - axum_session::tests::basic::{{closure}}::h8e6788650c4ae3c8
[INFO] [stdout]                                at /opt/rustwide/workdir/src/lib.rs:62:20
[INFO] [stdout]   22:     0x557a284ef4c8 - <core::pin::Pin<P> as core::future::future::Future>::poll::hfca47e8b5b997016
[INFO] [stdout]                                at /rustc/0e09125c6c3c2fd70d7de961bcf0e51575235fad/library/core/src/future/future.rs:124:9
[INFO] [stdout]   23:     0x557a284ef46b - <core::pin::Pin<P> as core::future::future::Future>::poll::he6d6a1abe2aff6f7
[INFO] [stdout]                                at /rustc/0e09125c6c3c2fd70d7de961bcf0e51575235fad/library/core/src/future/future.rs:124:9
[INFO] [stdout]   24:     0x557a28540bc4 - tokio::runtime::scheduler::current_thread::CoreGuard::block_on::{{closure}}::{{closure}}::{{closure}}::h76af800634b2af51
[INFO] [stdout]                                at /opt/rustwide/cargo-home/registry/src/index.crates.io-6f17d22bba15001f/tokio-1.35.1/src/runtime/scheduler/current_thread/mod.rs:665:57
[INFO] [stdout]   25:     0x557a28540aea - tokio::runtime::coop::with_budget::h89f92e3f1d20c40f
[INFO] [stdout]                                at /opt/rustwide/cargo-home/registry/src/index.crates.io-6f17d22bba15001f/tokio-1.35.1/src/runtime/coop.rs:107:5
[INFO] [stdout]   26:     0x557a28540aea - tokio::runtime::coop::budget::h560b24fe48e58c50
[INFO] [stdout]                                at /opt/rustwide/cargo-home/registry/src/index.crates.io-6f17d22bba15001f/tokio-1.35.1/src/runtime/coop.rs:73:5
[INFO] [stdout]   27:     0x557a28540aea - tokio::runtime::scheduler::current_thread::CoreGuard::block_on::{{closure}}::{{closure}}::h2c4596c94e123b3a
[INFO] [stdout]                                at /opt/rustwide/cargo-home/registry/src/index.crates.io-6f17d22bba15001f/tokio-1.35.1/src/runtime/scheduler/current_thread/mod.rs:665:25
[INFO] [stdout]   28:     0x557a2853f47c - tokio::runtime::scheduler::current_thread::Context::enter::h13610338e640cbba
[INFO] [stdout]                                at /opt/rustwide/cargo-home/registry/src/index.crates.io-6f17d22bba15001f/tokio-1.35.1/src/runtime/scheduler/current_thread/mod.rs:410:19
[INFO] [stdout]   29:     0x557a285402ee - tokio::runtime::scheduler::current_thread::CoreGuard::block_on::{{closure}}::h592d4cb1ca73c5c1
[INFO] [stdout]                                at /opt/rustwide/cargo-home/registry/src/index.crates.io-6f17d22bba15001f/tokio-1.35.1/src/runtime/scheduler/current_thread/mod.rs:664:36
[INFO] [stdout]   30:     0x557a2853fffb - tokio::runtime::scheduler::current_thread::CoreGuard::enter::{{closure}}::h44d52396ce6e8fce
[INFO] [stdout]                                at /opt/rustwide/cargo-home/registry/src/index.crates.io-6f17d22bba15001f/tokio-1.35.1/src/runtime/scheduler/current_thread/mod.rs:743:68
[INFO] [stdout]   31:     0x557a284f6cab - tokio::runtime::context::scoped::Scoped<T>::set::h6904bfac7847209b
[INFO] [stdout]                                at /opt/rustwide/cargo-home/registry/src/index.crates.io-6f17d22bba15001f/tokio-1.35.1/src/runtime/context/scoped.rs:40:9
[INFO] [stdout]   32:     0x557a2850a699 - tokio::runtime::context::set_scheduler::{{closure}}::h610521400cb9df67
[INFO] [stdout]                                at /opt/rustwide/cargo-home/registry/src/index.crates.io-6f17d22bba15001f/tokio-1.35.1/src/runtime/context.rs:176:26
[INFO] [stdout]   33:     0x557a28545976 - std::thread::local::LocalKey<T>::try_with::hccc061c86e182785
[INFO] [stdout]                                at /rustc/0e09125c6c3c2fd70d7de961bcf0e51575235fad/library/std/src/thread/local.rs:270:16
[INFO] [stdout]   34:     0x557a2854502a - std::thread::local::LocalKey<T>::with::h1134b7fdc015bdbf
[INFO] [stdout]                                at /rustc/0e09125c6c3c2fd70d7de961bcf0e51575235fad/library/std/src/thread/local.rs:246:9
[INFO] [stdout]   35:     0x557a2850a64d - tokio::runtime::context::set_scheduler::h2086f084579327d0
[INFO] [stdout]                                at /opt/rustwide/cargo-home/registry/src/index.crates.io-6f17d22bba15001f/tokio-1.35.1/src/runtime/context.rs:176:9
[INFO] [stdout]   36:     0x557a2853fd90 - tokio::runtime::scheduler::current_thread::CoreGuard::enter::h9bd7ac595a1df93a
[INFO] [stdout]                                at /opt/rustwide/cargo-home/registry/src/index.crates.io-6f17d22bba15001f/tokio-1.35.1/src/runtime/scheduler/current_thread/mod.rs:743:27
[INFO] [stdout]   37:     0x557a2854002d - tokio::runtime::scheduler::current_thread::CoreGuard::block_on::hdb290b6c11718308
[INFO] [stdout]                                at /opt/rustwide/cargo-home/registry/src/index.crates.io-6f17d22bba15001f/tokio-1.35.1/src/runtime/scheduler/current_thread/mod.rs:652:19
[INFO] [stdout]   38:     0x557a2853e9fd - tokio::runtime::scheduler::current_thread::CurrentThread::block_on::{{closure}}::h4bca306346458e82
[INFO] [stdout]                                at /opt/rustwide/cargo-home/registry/src/index.crates.io-6f17d22bba15001f/tokio-1.35.1/src/runtime/scheduler/current_thread/mod.rs:175:28
[INFO] [stdout]   39:     0x557a2854ddba - tokio::runtime::context::runtime::enter_runtime::h1f457ee8c80789a5
[INFO] [stdout]                                at /opt/rustwide/cargo-home/registry/src/index.crates.io-6f17d22bba15001f/tokio-1.35.1/src/runtime/context/runtime.rs:65:16
[INFO] [stdout]   40:     0x557a2853e90e - tokio::runtime::scheduler::current_thread::CurrentThread::block_on::he789e352661f53ff
[INFO] [stdout]                                at /opt/rustwide/cargo-home/registry/src/index.crates.io-6f17d22bba15001f/tokio-1.35.1/src/runtime/scheduler/current_thread/mod.rs:167:9
[INFO] [stdout]   41:     0x557a2850a9bd - tokio::runtime::runtime::Runtime::block_on::h5565e6eaa99cc8a9
[INFO] [stdout]                                at /opt/rustwide/cargo-home/registry/src/index.crates.io-6f17d22bba15001f/tokio-1.35.1/src/runtime/runtime.rs:348:47
[INFO] [stdout]   42:     0x557a285027a5 - axum_session::tests::basic::h17947ca51f1634c1
[INFO] [stdout]                                at /opt/rustwide/workdir/src/lib.rs:138:9
[INFO] [stdout]   43:     0x557a28502607 - axum_session::tests::basic::{{closure}}::h2287e018a5f25e03
[INFO] [stdout]                                at /opt/rustwide/workdir/src/lib.rs:49:21
[INFO] [stdout]   44:     0x557a284cf0b6 - core::ops::function::FnOnce::call_once::h0942adcb6fecce7e
[INFO] [stdout]                                at /rustc/0e09125c6c3c2fd70d7de961bcf0e51575235fad/library/core/src/ops/function.rs:250:5
[INFO] [stdout]   45:     0x557a285a3a9f - core::ops::function::FnOnce::call_once::hd64d26f405258157
[INFO] [stdout]                                at /rustc/0e09125c6c3c2fd70d7de961bcf0e51575235fad/library/core/src/ops/function.rs:250:5
[INFO] [stdout]   46:     0x557a285a3a9f - test::__rust_begin_short_backtrace::he21b0b7a6d731bf9
[INFO] [stdout]                                at /rustc/0e09125c6c3c2fd70d7de961bcf0e51575235fad/library/test/src/lib.rs:627:18
[INFO] [stdout]   47:     0x557a285a2821 - test::run_test_in_process::{{closure}}::hf5c73986d7bdfde2
[INFO] [stdout]                                at /rustc/0e09125c6c3c2fd70d7de961bcf0e51575235fad/library/test/src/lib.rs:650:60
[INFO] [stdout]   48:     0x557a285a2821 - <core::panic::unwind_safe::AssertUnwindSafe<F> as core::ops::function::FnOnce<()>>::call_once::h330011ad032aadc0
[INFO] [stdout]                                at /rustc/0e09125c6c3c2fd70d7de961bcf0e51575235fad/library/core/src/panic/unwind_safe.rs:272:9
[INFO] [stdout]   49:     0x557a285a2821 - std::panicking::try::do_call::he61b0a958b795a41
[INFO] [stdout]                                at /rustc/0e09125c6c3c2fd70d7de961bcf0e51575235fad/library/std/src/panicking.rs:552:40
[INFO] [stdout]   50:     0x557a285a2821 - std::panicking::try::h7309da130f906eb7
[INFO] [stdout]                                at /rustc/0e09125c6c3c2fd70d7de961bcf0e51575235fad/library/std/src/panicking.rs:516:19
[INFO] [stdout]   51:     0x557a285a2821 - std::panic::catch_unwind::hc5c3a06fdaf0a92a
[INFO] [stdout]                                at /rustc/0e09125c6c3c2fd70d7de961bcf0e51575235fad/library/std/src/panic.rs:142:14
[INFO] [stdout]   52:     0x557a285a2821 - test::run_test_in_process::h7e7b7c71c3324e0f
[INFO] [stdout]                                at /rustc/0e09125c6c3c2fd70d7de961bcf0e51575235fad/library/test/src/lib.rs:650:27
[INFO] [stdout]   53:     0x557a285a2821 - test::run_test::{{closure}}::h1f509f28f5cf20b1
[INFO] [stdout]                                at /rustc/0e09125c6c3c2fd70d7de961bcf0e51575235fad/library/test/src/lib.rs:573:43
[INFO] [stdout]   54:     0x557a28569b56 - test::run_test::{{closure}}::h1754218abf443f6d
[INFO] [stdout]                                at /rustc/0e09125c6c3c2fd70d7de961bcf0e51575235fad/library/test/src/lib.rs:601:41
[INFO] [stdout]   55:     0x557a28569b56 - std::sys_common::backtrace::__rust_begin_short_backtrace::h2ee174b9d5954948
[INFO] [stdout]                                at /rustc/0e09125c6c3c2fd70d7de961bcf0e51575235fad/library/std/src/sys_common/backtrace.rs:155:18
[INFO] [stdout]   56:     0x557a2856ebb7 - std::thread::Builder::spawn_unchecked_::{{closure}}::{{closure}}::hf60bee9c1a17ef09
[INFO] [stdout]                                at /rustc/0e09125c6c3c2fd70d7de961bcf0e51575235fad/library/std/src/thread/mod.rs:529:17
[INFO] [stdout]   57:     0x557a2856ebb7 - <core::panic::unwind_safe::AssertUnwindSafe<F> as core::ops::function::FnOnce<()>>::call_once::h33d0dddec5216160
[INFO] [stdout]                                at /rustc/0e09125c6c3c2fd70d7de961bcf0e51575235fad/library/core/src/panic/unwind_safe.rs:272:9
[INFO] [stdout]   58:     0x557a2856ebb7 - std::panicking::try::do_call::h144b3048b546f835
[INFO] [stdout]                                at /rustc/0e09125c6c3c2fd70d7de961bcf0e51575235fad/library/std/src/panicking.rs:552:40
[INFO] [stdout]   59:     0x557a2856ebb7 - std::panicking::try::h978244d04646189f
[INFO] [stdout]                                at /rustc/0e09125c6c3c2fd70d7de961bcf0e51575235fad/library/std/src/panicking.rs:516:19
[INFO] [stdout]   60:     0x557a2856ebb7 - std::panic::catch_unwind::hdf436369d188fe86
[INFO] [stdout]                                at /rustc/0e09125c6c3c2fd70d7de961bcf0e51575235fad/library/std/src/panic.rs:142:14
[INFO] [stdout]   61:     0x557a2856ebb7 - std::thread::Builder::spawn_unchecked_::{{closure}}::h87329cbdd33c79ec
[INFO] [stdout]                                at /rustc/0e09125c6c3c2fd70d7de961bcf0e51575235fad/library/std/src/thread/mod.rs:528:30
[INFO] [stdout]   62:     0x557a2856ebb7 - core::ops::function::FnOnce::call_once{{vtable.shim}}::h401abbe67897d450
[INFO] [stdout]                                at /rustc/0e09125c6c3c2fd70d7de961bcf0e51575235fad/library/core/src/ops/function.rs:250:5
[INFO] [stdout]   63:     0x557a28b1a675 - <alloc::boxed::Box<F,A> as core::ops::function::FnOnce<Args>>::call_once::h5d7c8f150ab9c84c
[INFO] [stdout]                                at /rustc/0e09125c6c3c2fd70d7de961bcf0e51575235fad/library/alloc/src/boxed.rs:2015:9
[INFO] [stdout]   64:     0x557a28b1a675 - <alloc::boxed::Box<F,A> as core::ops::function::FnOnce<Args>>::call_once::h570d5b005c242c15
[INFO] [stdout]                                at /rustc/0e09125c6c3c2fd70d7de961bcf0e51575235fad/library/alloc/src/boxed.rs:2015:9
[INFO] [stdout]   65:     0x557a28b1a675 - std::sys::unix::thread::Thread::new::thread_start::h36b0a20c0b2361ad
[INFO] [stdout]                                at /rustc/0e09125c6c3c2fd70d7de961bcf0e51575235fad/library/std/src/sys/unix/thread.rs:108:17
[INFO] [stdout]   66:     0x7fc3134b3ac3 - <unknown>
[INFO] [stdout]   67:     0x7fc313544bf4 - __clone
[INFO] [stdout]   68:                0x0 - <unknown>
[INFO] [stdout] 
[INFO] [stdout] 
[INFO] [stdout] failures:
[INFO] [stdout]     tests::basic
[INFO] [stdout] 
[INFO] [stdout] test result: FAILED. 0 passed; 1 failed; 0 ignored; 0 measured; 0 filtered out; finished in 0.08s
[INFO] [stdout] 
[INFO] [stderr] error: test failed, to rerun pass `--lib`
[INFO] running `Command { std: "docker" "inspect" "6b094e42269fbb3bde7d6cfd90d71f4526ad1e99b2ad327856f2f8f9b342f928", kill_on_drop: false }`
[INFO] running `Command { std: "docker" "rm" "-f" "6b094e42269fbb3bde7d6cfd90d71f4526ad1e99b2ad327856f2f8f9b342f928", kill_on_drop: false }`
[INFO] [stdout] 6b094e42269fbb3bde7d6cfd90d71f4526ad1e99b2ad327856f2f8f9b342f928
