[INFO] fetching crate axum-test 14.0.0...
[INFO] testing axum-test-14.0.0 against 1.75.0 for beta-1.76-1
[INFO] extracting crate axum-test 14.0.0 into /workspace/builds/worker-4-tc1/source
[INFO] validating manifest of crates.io crate axum-test 14.0.0 on toolchain 1.75.0
[INFO] running `Command { std: CARGO_HOME="/workspace/cargo-home" RUSTUP_HOME="/workspace/rustup-home" "/workspace/cargo-home/bin/cargo" "+1.75.0" "metadata" "--manifest-path" "Cargo.toml" "--no-deps", kill_on_drop: false }`
[INFO] removed /workspace/builds/worker-4-tc1/source/rust-toolchain
[INFO] started tweaking crates.io crate axum-test 14.0.0
[INFO] removed 1 missing examples
[INFO] finished tweaking crates.io crate axum-test 14.0.0
[INFO] tweaked toml for crates.io crate axum-test 14.0.0 written to /workspace/builds/worker-4-tc1/source/Cargo.toml
[INFO] crate crates.io crate axum-test 14.0.0 already has a lockfile, it will not be regenerated
[INFO] running `Command { std: CARGO_HOME="/workspace/cargo-home" RUSTUP_HOME="/workspace/rustup-home" "/workspace/cargo-home/bin/cargo" "+1.75.0" "fetch" "--manifest-path" "Cargo.toml", kill_on_drop: false }`
[INFO] [stderr]     Updating crates.io index
[INFO] [stderr]  Downloading crates ...
[INFO] [stderr]   Downloaded http-body v1.0.0
[INFO] [stderr]   Downloaded email_address v0.2.4
[INFO] [stderr]   Downloaded reserve-port v2.0.0
[INFO] [stderr]   Downloaded axum-extra v0.9.0
[INFO] [stderr]   Downloaded axum-core v0.4.0
[INFO] [stderr]   Downloaded cookie v0.18.0
[INFO] [stderr]   Downloaded axum v0.7.1
[INFO] [stderr]   Downloaded h2 v0.4.0
[INFO] [stderr]   Downloaded http v1.0.0
[INFO] [stderr]   Downloaded hyper-util v0.1.1
[INFO] [stderr]   Downloaded serde_path_to_error v0.1.14
[INFO] [stderr]   Downloaded hyper v1.0.1
[INFO] [stderr]   Downloaded auto-future v1.0.0
[INFO] [stderr]   Downloaded http-body-util v0.1.0
[INFO] [stderr]   Downloaded serde-email v3.0.0
[INFO] running `Command { std: "docker" "create" "-v" "/var/lib/crater-agent-workspace/builds/worker-4-tc1/target:/opt/rustwide/target:rw,Z" "-v" "/var/lib/crater-agent-workspace/builds/worker-4-tc1/source:/opt/rustwide/workdir:ro,Z" "-v" "/var/lib/crater-agent-workspace/cargo-home:/opt/rustwide/cargo-home:ro,Z" "-v" "/var/lib/crater-agent-workspace/rustup-home:/opt/rustwide/rustup-home:ro,Z" "-e" "SOURCE_DIR=/opt/rustwide/workdir" "-e" "CARGO_TARGET_DIR=/opt/rustwide/target" "-e" "CARGO_HOME=/opt/rustwide/cargo-home" "-e" "RUSTUP_HOME=/opt/rustwide/rustup-home" "-w" "/opt/rustwide/workdir" "-m" "1610612736" "--user" "0:0" "--network" "none" "ghcr.io/rust-lang/crates-build-env/linux@sha256:2788e3201cd34a07e3172128adcd8b3090168a8e3bcc40d7c032b9dda1df7d1c" "/opt/rustwide/cargo-home/bin/cargo" "+1.75.0" "metadata" "--no-deps" "--format-version=1", kill_on_drop: false }`
[INFO] [stdout] f0d657db7f146ae61caa10c2914f765ea94f754f75f3ca47dac4fea95f28d51e
[INFO] running `Command { std: "docker" "start" "-a" "f0d657db7f146ae61caa10c2914f765ea94f754f75f3ca47dac4fea95f28d51e", kill_on_drop: false }`
[INFO] running `Command { std: "docker" "inspect" "f0d657db7f146ae61caa10c2914f765ea94f754f75f3ca47dac4fea95f28d51e", kill_on_drop: false }`
[INFO] running `Command { std: "docker" "rm" "-f" "f0d657db7f146ae61caa10c2914f765ea94f754f75f3ca47dac4fea95f28d51e", kill_on_drop: false }`
[INFO] [stdout] f0d657db7f146ae61caa10c2914f765ea94f754f75f3ca47dac4fea95f28d51e
[INFO] running `Command { std: "docker" "create" "-v" "/var/lib/crater-agent-workspace/builds/worker-4-tc1/target:/opt/rustwide/target:rw,Z" "-v" "/var/lib/crater-agent-workspace/builds/worker-4-tc1/source:/opt/rustwide/workdir:ro,Z" "-v" "/var/lib/crater-agent-workspace/cargo-home:/opt/rustwide/cargo-home:ro,Z" "-v" "/var/lib/crater-agent-workspace/rustup-home:/opt/rustwide/rustup-home:ro,Z" "-e" "SOURCE_DIR=/opt/rustwide/workdir" "-e" "CARGO_TARGET_DIR=/opt/rustwide/target" "-e" "CARGO_INCREMENTAL=0" "-e" "RUST_BACKTRACE=full" "-e" "RUSTFLAGS=--cap-lints=warn" "-e" "RUSTDOCFLAGS=--cap-lints=warn" "-e" "CARGO_HOME=/opt/rustwide/cargo-home" "-e" "RUSTUP_HOME=/opt/rustwide/rustup-home" "-w" "/opt/rustwide/workdir" "-m" "1610612736" "--user" "0:0" "--network" "none" "ghcr.io/rust-lang/crates-build-env/linux@sha256:2788e3201cd34a07e3172128adcd8b3090168a8e3bcc40d7c032b9dda1df7d1c" "/opt/rustwide/cargo-home/bin/cargo" "+1.75.0" "build" "--frozen" "--message-format=json", kill_on_drop: false }`
[INFO] [stdout] e5a70781937aff3295b95dbd3c9ebb60bf6b30b1172b4d250433e1968a6994f0
[INFO] running `Command { std: "docker" "start" "-a" "e5a70781937aff3295b95dbd3c9ebb60bf6b30b1172b4d250433e1968a6994f0", kill_on_drop: false }`
[INFO] [stderr]    Compiling proc-macro2 v1.0.70
[INFO] [stderr]    Compiling futures-core v0.3.29
[INFO] [stderr]    Compiling libc v0.2.150
[INFO] [stderr]    Compiling futures-task v0.3.29
[INFO] [stderr]    Compiling futures-util v0.3.29
[INFO] [stderr]    Compiling rustversion v1.0.14
[INFO] [stderr]    Compiling serde v1.0.193
[INFO] [stderr]    Compiling http v1.0.0
[INFO] [stderr]    Compiling futures-channel v0.3.29
[INFO] [stderr]    Compiling futures-sink v0.3.29
[INFO] [stderr]    Compiling tracing v0.1.40
[INFO] [stderr]    Compiling tower-layer v0.3.2
[INFO] [stderr]    Compiling serde_json v1.0.108
[INFO] [stderr]    Compiling thiserror v1.0.50
[INFO] [stderr]    Compiling cookie v0.18.0
[INFO] [stderr]    Compiling time-macros v0.2.15
[INFO] [stderr]    Compiling deranged v0.3.9
[INFO] [stderr]    Compiling anyhow v1.0.75
[INFO] [stderr]    Compiling sync_wrapper v0.1.2
[INFO] [stderr]    Compiling idna v0.5.0
[INFO] [stderr]    Compiling matchit v0.7.3
[INFO] [stderr]    Compiling diff v0.1.13
[INFO] [stderr]    Compiling yansi v0.5.1
[INFO] [stderr]    Compiling smallvec v1.11.2
[INFO] [stderr]    Compiling auto-future v1.0.0
[INFO] [stderr]    Compiling pretty_assertions v1.4.0
[INFO] [stderr]    Compiling quote v1.0.33
[INFO] [stderr]    Compiling url v2.5.0
[INFO] [stderr]    Compiling axum-core v0.4.0
[INFO] [stderr]    Compiling axum v0.7.1
[INFO] [stderr]    Compiling syn v2.0.39
[INFO] [stderr]    Compiling socket2 v0.5.5
[INFO] [stderr]    Compiling mio v0.8.9
[INFO] [stderr]    Compiling http-body v1.0.0
[INFO] [stderr]    Compiling time v0.3.30
[INFO] [stderr]    Compiling tokio v1.34.0
[INFO] [stderr]    Compiling http-body-util v0.1.0
[INFO] [stderr]    Compiling serde_urlencoded v0.7.1
[INFO] [stderr]    Compiling serde_path_to_error v0.1.14
[INFO] [stderr]    Compiling pin-project-internal v1.1.3
[INFO] [stderr]    Compiling thiserror-impl v1.0.50
[INFO] [stderr]    Compiling async-trait v0.1.74
[INFO] [stderr]    Compiling tokio-util v0.7.10
[INFO] [stderr]    Compiling reserve-port v2.0.0
[INFO] [stderr]    Compiling pin-project v1.1.3
[INFO] [stderr]    Compiling tower v0.4.13
[INFO] [stderr]    Compiling h2 v0.4.0
[INFO] [stderr]    Compiling hyper v1.0.1
[INFO] [stderr]    Compiling hyper-util v0.1.1
[INFO] [stderr]    Compiling axum-test v14.0.0 (/opt/rustwide/workdir)
[INFO] [stdout] warning: unused import: `self::into_make_service_with_connect_info::*`
[INFO] [stdout]  --> src/transport_layer/into_transport_layer.rs:6:9
[INFO] [stdout]   |
[INFO] [stdout] 6 | pub use self::into_make_service_with_connect_info::*;
[INFO] [stdout]   |         ^^^^^^^^^^^^^^^^^^^^^^^^^^^^^^^^^^^^^^^^^^^^
[INFO] [stdout]   |
[INFO] [stdout]   = note: `#[warn(unused_imports)]` on by default
[INFO] [stdout] 
[INFO] [stdout] 
[INFO] [stdout] warning: unused import: `self::into_make_service::*`
[INFO] [stdout]  --> src/transport_layer/into_transport_layer.rs:9:9
[INFO] [stdout]   |
[INFO] [stdout] 9 | pub use self::into_make_service::*;
[INFO] [stdout]   |         ^^^^^^^^^^^^^^^^^^^^^^^^^^
[INFO] [stdout] 
[INFO] [stdout] 
[INFO] [stdout] warning: unused import: `self::router::*`
[INFO] [stdout]   --> src/transport_layer/into_transport_layer.rs:12:9
[INFO] [stdout]    |
[INFO] [stdout] 12 | pub use self::router::*;
[INFO] [stdout]    |         ^^^^^^^^^^^^^^^
[INFO] [stdout] 
[INFO] [stdout] 
[INFO] [stdout] warning: 3 warnings emitted
[INFO] [stdout] 
[INFO] [stdout] 
[INFO] [stderr]     Finished dev [unoptimized + debuginfo] target(s) in 25.08s
[INFO] running `Command { std: "docker" "inspect" "e5a70781937aff3295b95dbd3c9ebb60bf6b30b1172b4d250433e1968a6994f0", kill_on_drop: false }`
[INFO] running `Command { std: "docker" "rm" "-f" "e5a70781937aff3295b95dbd3c9ebb60bf6b30b1172b4d250433e1968a6994f0", kill_on_drop: false }`
[INFO] [stdout] e5a70781937aff3295b95dbd3c9ebb60bf6b30b1172b4d250433e1968a6994f0
[INFO] running `Command { std: "docker" "create" "-v" "/var/lib/crater-agent-workspace/builds/worker-4-tc1/target:/opt/rustwide/target:rw,Z" "-v" "/var/lib/crater-agent-workspace/builds/worker-4-tc1/source:/opt/rustwide/workdir:ro,Z" "-v" "/var/lib/crater-agent-workspace/cargo-home:/opt/rustwide/cargo-home:ro,Z" "-v" "/var/lib/crater-agent-workspace/rustup-home:/opt/rustwide/rustup-home:ro,Z" "-e" "SOURCE_DIR=/opt/rustwide/workdir" "-e" "CARGO_TARGET_DIR=/opt/rustwide/target" "-e" "CARGO_INCREMENTAL=0" "-e" "RUST_BACKTRACE=full" "-e" "RUSTFLAGS=--cap-lints=warn" "-e" "RUSTDOCFLAGS=--cap-lints=warn" "-e" "CARGO_HOME=/opt/rustwide/cargo-home" "-e" "RUSTUP_HOME=/opt/rustwide/rustup-home" "-w" "/opt/rustwide/workdir" "-m" "1610612736" "--user" "0:0" "--network" "none" "ghcr.io/rust-lang/crates-build-env/linux@sha256:2788e3201cd34a07e3172128adcd8b3090168a8e3bcc40d7c032b9dda1df7d1c" "/opt/rustwide/cargo-home/bin/cargo" "+1.75.0" "test" "--frozen" "--no-run" "--message-format=json", kill_on_drop: false }`
[INFO] [stdout] e32b5f39b53f35d415bf39cd163e3247919fb4b3baa0f9950d87f636cb403f2d
[INFO] running `Command { std: "docker" "start" "-a" "e32b5f39b53f35d415bf39cd163e3247919fb4b3baa0f9950d87f636cb403f2d", kill_on_drop: false }`
[INFO] [stderr]    Compiling serde v1.0.193
[INFO] [stderr]    Compiling num_cpus v1.16.0
[INFO] [stderr]    Compiling serde_derive v1.0.193
[INFO] [stderr]    Compiling tokio-macros v2.2.0
[INFO] [stderr]    Compiling syn v1.0.109
[INFO] [stderr]    Compiling cookie v0.18.0
[INFO] [stderr]    Compiling either v1.9.0
[INFO] [stderr]    Compiling tokio v1.34.0
[INFO] [stderr]    Compiling tokio-util v0.7.10
[INFO] [stderr]    Compiling tower v0.4.13
[INFO] [stderr]    Compiling h2 v0.4.0
[INFO] [stderr]    Compiling serde_urlencoded v0.7.1
[INFO] [stderr]    Compiling serde_path_to_error v0.1.14
[INFO] [stderr]    Compiling serde_json v1.0.108
[INFO] [stderr]    Compiling email_address v0.2.4
[INFO] [stderr]    Compiling neli-proc-macros v0.1.3
[INFO] [stderr]    Compiling serde-email v3.0.0
[INFO] [stderr]    Compiling neli v0.6.4
[INFO] [stderr]    Compiling hyper v1.0.1
[INFO] [stderr]    Compiling local-ip-address v0.5.6
[INFO] [stderr]    Compiling hyper-util v0.1.1
[INFO] [stderr]    Compiling axum v0.7.1
[INFO] [stderr]    Compiling axum-extra v0.9.0
[INFO] [stderr]    Compiling axum-test v14.0.0 (/opt/rustwide/workdir)
[INFO] [stdout] warning: unused import: `self::into_make_service_with_connect_info::*`
[INFO] [stdout]  --> src/transport_layer/into_transport_layer.rs:6:9
[INFO] [stdout]   |
[INFO] [stdout] 6 | pub use self::into_make_service_with_connect_info::*;
[INFO] [stdout]   |         ^^^^^^^^^^^^^^^^^^^^^^^^^^^^^^^^^^^^^^^^^^^^
[INFO] [stdout]   |
[INFO] [stdout]   = note: `#[warn(unused_imports)]` on by default
[INFO] [stdout] 
[INFO] [stdout] 
[INFO] [stdout] warning: unused import: `self::into_make_service::*`
[INFO] [stdout]  --> src/transport_layer/into_transport_layer.rs:9:9
[INFO] [stdout]   |
[INFO] [stdout] 9 | pub use self::into_make_service::*;
[INFO] [stdout]   |         ^^^^^^^^^^^^^^^^^^^^^^^^^^
[INFO] [stdout] 
[INFO] [stdout] 
[INFO] [stdout] warning: unused import: `self::router::*`
[INFO] [stdout]   --> src/transport_layer/into_transport_layer.rs:12:9
[INFO] [stdout]    |
[INFO] [stdout] 12 | pub use self::router::*;
[INFO] [stdout]    |         ^^^^^^^^^^^^^^^
[INFO] [stdout] 
[INFO] [stdout] 
[INFO] [stdout] warning: unused import: `self::into_make_service_with_connect_info::*`
[INFO] [stdout]  --> src/transport_layer/into_transport_layer.rs:6:9
[INFO] [stdout]   |
[INFO] [stdout] 6 | pub use self::into_make_service_with_connect_info::*;
[INFO] [stdout]   |         ^^^^^^^^^^^^^^^^^^^^^^^^^^^^^^^^^^^^^^^^^^^^
[INFO] [stdout]   |
[INFO] [stdout]   = note: `#[warn(unused_imports)]` on by default
[INFO] [stdout] 
[INFO] [stdout] 
[INFO] [stdout] warning: unused import: `self::into_make_service::*`
[INFO] [stdout]  --> src/transport_layer/into_transport_layer.rs:9:9
[INFO] [stdout]   |
[INFO] [stdout] 9 | pub use self::into_make_service::*;
[INFO] [stdout]   |         ^^^^^^^^^^^^^^^^^^^^^^^^^^
[INFO] [stdout] 
[INFO] [stdout] 
[INFO] [stdout] warning: unused import: `self::router::*`
[INFO] [stdout]   --> src/transport_layer/into_transport_layer.rs:12:9
[INFO] [stdout]    |
[INFO] [stdout] 12 | pub use self::router::*;
[INFO] [stdout]    |         ^^^^^^^^^^^^^^^
[INFO] [stdout] 
[INFO] [stdout] 
[INFO] [stdout] warning: 3 warnings emitted
[INFO] [stdout] 
[INFO] [stdout] 
[INFO] [stdout] warning: 3 warnings emitted
[INFO] [stdout] 
[INFO] [stdout] 
[INFO] [stderr]     Finished test [unoptimized + debuginfo] target(s) in 28.75s
[INFO] running `Command { std: "docker" "inspect" "e32b5f39b53f35d415bf39cd163e3247919fb4b3baa0f9950d87f636cb403f2d", kill_on_drop: false }`
[INFO] running `Command { std: "docker" "rm" "-f" "e32b5f39b53f35d415bf39cd163e3247919fb4b3baa0f9950d87f636cb403f2d", kill_on_drop: false }`
[INFO] [stdout] e32b5f39b53f35d415bf39cd163e3247919fb4b3baa0f9950d87f636cb403f2d
[INFO] running `Command { std: "docker" "create" "-v" "/var/lib/crater-agent-workspace/builds/worker-4-tc1/target:/opt/rustwide/target:rw,Z" "-v" "/var/lib/crater-agent-workspace/builds/worker-4-tc1/source:/opt/rustwide/workdir:ro,Z" "-v" "/var/lib/crater-agent-workspace/cargo-home:/opt/rustwide/cargo-home:ro,Z" "-v" "/var/lib/crater-agent-workspace/rustup-home:/opt/rustwide/rustup-home:ro,Z" "-e" "SOURCE_DIR=/opt/rustwide/workdir" "-e" "CARGO_TARGET_DIR=/opt/rustwide/target" "-e" "CARGO_INCREMENTAL=0" "-e" "RUST_BACKTRACE=full" "-e" "RUSTFLAGS=--cap-lints=warn" "-e" "RUSTDOCFLAGS=--cap-lints=warn" "-e" "CARGO_HOME=/opt/rustwide/cargo-home" "-e" "RUSTUP_HOME=/opt/rustwide/rustup-home" "-w" "/opt/rustwide/workdir" "-m" "1610612736" "--user" "0:0" "--network" "none" "ghcr.io/rust-lang/crates-build-env/linux@sha256:2788e3201cd34a07e3172128adcd8b3090168a8e3bcc40d7c032b9dda1df7d1c" "/opt/rustwide/cargo-home/bin/cargo" "+1.75.0" "test" "--frozen", kill_on_drop: false }`
[INFO] [stdout] 9e8a4d068798118a493e3cdf4ec67eede350c7bfb8808282a854d32535803947
[INFO] running `Command { std: "docker" "start" "-a" "9e8a4d068798118a493e3cdf4ec67eede350c7bfb8808282a854d32535803947", kill_on_drop: false }`
[INFO] [stderr] warning: unused import: `self::into_make_service_with_connect_info::*`
[INFO] [stderr]  --> src/transport_layer/into_transport_layer.rs:6:9
[INFO] [stderr]   |
[INFO] [stderr] 6 | pub use self::into_make_service_with_connect_info::*;
[INFO] [stderr]   |         ^^^^^^^^^^^^^^^^^^^^^^^^^^^^^^^^^^^^^^^^^^^^
[INFO] [stderr]   |
[INFO] [stderr]   = note: `#[warn(unused_imports)]` on by default
[INFO] [stderr] 
[INFO] [stderr] warning: unused import: `self::into_make_service::*`
[INFO] [stderr]  --> src/transport_layer/into_transport_layer.rs:9:9
[INFO] [stderr]   |
[INFO] [stderr] 9 | pub use self::into_make_service::*;
[INFO] [stderr]   |         ^^^^^^^^^^^^^^^^^^^^^^^^^^
[INFO] [stderr] 
[INFO] [stderr] warning: unused import: `self::router::*`
[INFO] [stderr]   --> src/transport_layer/into_transport_layer.rs:12:9
[INFO] [stderr]    |
[INFO] [stderr] 12 | pub use self::router::*;
[INFO] [stderr]    |         ^^^^^^^^^^^^^^^
[INFO] [stderr] 
[INFO] [stderr] warning: `axum-test` (lib) generated 3 warnings (run `cargo fix --lib -p axum-test` to apply 3 suggestions)
[INFO] [stderr] warning: `axum-test` (lib test) generated 3 warnings (3 duplicates)
[INFO] [stderr]     Finished test [unoptimized + debuginfo] target(s) in 0.18s
[INFO] [stderr]      Running unittests src/lib.rs (/opt/rustwide/target/debug/deps/axum_test-ffa2919191509657)
[INFO] [stdout] 
[INFO] [stdout] running 120 tests
[INFO] [stdout] test integrated_test_cookie_saving::it_should_not_pass_cookies_created_back_up_to_server_by_default ... ok
[INFO] [stdout] test internals::request_path_formatter::test_fmt::it_should_format_with_path_given ... ok
[INFO] [stdout] test integrated_test_cookie_saving::it_should_pass_cookies_created_back_up_to_server_when_turned_on_for_request ... ok
[INFO] [stdout] test internals::starting_tcp_setup::test_new::it_should_create_ip_port_given_when_both_given ... ok
[INFO] [stdout] test internals::starting_tcp_setup::test_new::it_should_create_ip_with_random_port_when_ip_given ... ok
[INFO] [stdout] test integrated_test_cookie_saving::it_should_wipe_cookies_cleared_by_request ... ok
[INFO] [stdout] test integrated_test_cookie_saving::it_should_not_pass_cookies_created_back_up_to_server_when_turned_off ... ok
[INFO] [stdout] test internals::starting_tcp_setup::test_new::it_should_create_default_ip_with_port_when_port_given ... ok
[INFO] [stdout] test integrated_test_cookie_saving::it_should_send_cookies_added_to_test_server ... ok
[INFO] [stdout] test integrated_test_cookie_saving::it_should_pass_cookies_created_back_up_to_server_automatically ... ok
[INFO] [stdout] test internals::status_code_formatter::test_fmt::it_should_provide_only_number_where_reason_is_unavailable ... ok
[INFO] [stdout] test test_request::test_add_query_params::it_should_pass_up_query_params_from_serialization ... ok
[INFO] [stdout] test internals::status_code_formatter::test_fmt::it_should_format_with_reason_where_available ... ok
[INFO] [stdout] test test_request::test_clear_cookies::it_should_clear_cookie_jar_added_to_request ... ok
[INFO] [stdout] test test_request::test_add_query_param::it_should_pass_up_query_params_from_pairs ... ok
[INFO] [stdout] test test_request::test_add_query_params::it_should_pass_up_multiple_query_params_from_multiple_calls ... ok
[INFO] [stdout] test test_request::test_clear_headers::it_should_clear_headers_added_to_server ... ok
[INFO] [stdout] test test_request::test_add_query_params::it_should_pass_up_query_params_from_pairs ... ok
[INFO] [stdout] test test_request::test_clear_cookies::it_should_clear_cookies_added_to_test_server ... ok
[INFO] [stdout] test test_request::test_clear_headers::it_should_clear_headers_added_to_request ... ok
[INFO] [stdout] test test_request::test_clear_cookies::it_should_clear_cookies_saved_by_past_request ... ok
[INFO] [stdout] test test_request::test_add_query_param::it_should_pass_up_multiple_query_params_from_multiple_calls ... ok
[INFO] [stdout] test test_request::test_add_cookies::it_should_send_all_cookies_added_by_jar ... ok
[INFO] [stdout] test test_request::test_clear_query_params::it_should_clear_all_params_set ... ok
[INFO] [stdout] test test_request::test_add_query_params::it_should_pass_up_multiple_query_params_from_multiple_params ... ok
[INFO] [stdout] test integrated_test_cookie_saving::it_should_wipe_cookies_cleared_by_test_server ... ok
[INFO] [stdout] test internals::starting_tcp_setup::test_new::it_should_create_default_ip_with_random_port_when_none ... ok
[INFO] [stdout] test test_request::test_clear_query_params::it_should_clear_all_params_set_and_allow_replacement ... ok
[INFO] [stdout] test test_request::test_add_query_params::it_should_pass_up_multiple_query_params_from_json ... ok
[INFO] [stdout] test test_request::test_clear_cookies::it_should_clear_cookie_added_to_request ... ok
[INFO] [stdout] test test_request::test_expect_failure::it_should_should_override_what_test_server_has_set ... ok
[INFO] [stdout] test test_request::test_json::it_should_pass_json_content_type_for_json ... ok
[INFO] [stdout] test test_request::test_expect_success::it_should_not_panic_on_other_2xx_status_code ... ok
[INFO] [stdout] test test_request::test_form::it_should_pass_form_content_type_for_form ... ok
[INFO] [stdout] test test_request::test_form::it_should_pass_form_up_to_be_read ... ok
[INFO] [stdout] test test_request::test_content_type::it_should_override_server_content_type_when_present ... ok
[INFO] [stdout] test test_request::test_add_header::it_should_send_header_added_to_request ... ok
[INFO] [stdout] test test_request::test_add_cookie::it_should_send_cookies_added_to_request ... ok
[INFO] [stdout] test test_request::test_expect_success::it_should_override_what_test_server_has_set ... ok
[INFO] [stdout] test test_request::test_expect_failure::it_should_not_panic_if_expect_failure_on_404 ... ok
[INFO] [stdout] test test_request::test_json::it_should_pass_json_up_to_be_read ... ok
[INFO] [stdout] test test_request::test_text::it_should_pass_text_up_to_be_read ... ok
[INFO] [stdout] test test_request::test_text::it_should_pass_text_content_type_for_text ... ok
[INFO] [stdout] test test_response::test_assert_form::it_should_match_form_returned ... ok
[INFO] [stdout] test test_response::test_assert_failure::it_should_pass_when_not_200 ... ok
[INFO] [stdout] test integrated_test_cookie_saving::it_should_send_cookies_added_to_request ... ok
[INFO] [stdout] test test_request::test_content_type::it_should_not_set_a_content_type_by_default ... ok
[INFO] [stdout] test test_request::test_expect_success::it_should_not_panic_if_success_is_returned ... ok
[INFO] [stdout] test test_request::test_content_type::it_should_set_content_type_when_present ... ok
[INFO] [stdout] test test_response::test_assert_json::it_should_match_json_returned ... ok
[INFO] [stdout] test test_response::test_assert_not_status::it_should_pass_if_status_code_does_not_match ... ok
[INFO] [stdout] test test_response::test_assert_status::it_should_pass_if_given_right_status_code ... ok
[INFO] [stdout] test test_response::test_form::it_should_deserialize_into_form ... ok
[INFO] [stdout] test test_response::test_assert_success::it_should_pass_when_200 ... ok
[INFO] [stdout] test test_response::test_into_bytes::it_should_deserialize_into_json ... ok
[INFO] [stdout] test test_response::test_json::it_should_deserialize_into_json ... ok
[INFO] [stdout] test test_server::test_add_cookie::it_should_send_cookies_added_to_request ... ok
[INFO] [stdout] test test_server::test_add_cookies::it_should_send_all_cookies_added_by_jar ... ok
[INFO] [stdout] test test_response::test_text::it_should_deserialize_into_text ... ok
[INFO] [stdout] test test_server::test_add_query_param::it_should_pass_up_multiple_query_params_from_multiple_calls ... ok
[INFO] [stdout] test test_server::test_add_query_param::it_should_pass_up_query_params_from_pairs ... ok
[INFO] [stdout] test test_server::test_add_query_params::it_should_pass_up_multiple_query_params_from_json ... ok
[INFO] [stdout] test test_server::test_add_query_param::it_should_pass_up_multiple_query_params_from_calls_across_server_and_request ... ok
[INFO] [stdout] test test_server::test_add_query_params::it_should_pass_up_multiple_query_params_from_multiple_params ... ok
[INFO] [stdout] test test_server::test_add_query_params::it_should_pass_up_multiple_query_params_from_multiple_calls ... ok
[INFO] [stdout] test test_server::test_add_query_params::it_should_pass_up_query_params_from_pairs ... ok
[INFO] [stdout] test test_server::test_clear_cookies::it_should_not_send_cookies_cleared ... ok
[INFO] [stdout] test test_server::test_add_query_params::it_should_pass_up_query_params_from_serialization ... ok
[INFO] [stdout] test test_server::test_clear_query_params::it_should_clear_all_params_set_and_allow_replacement ... ok
[INFO] [stdout] test test_server::test_expect_failure::it_should_not_panic_if_expect_failure_on_404 ... ok
[INFO] [stdout] test test_server::test_add_header::it_should_send_header_added_to_server ... ok
[INFO] [stdout] test test_server::test_clear_headers::it_should_not_send_headers_cleared_by_server ... ok
[INFO] [stdout] test test_server::test_clear_query_params::it_should_clear_all_params_set ... ok
[INFO] [stdout] test test_server::test_content_type::it_should_default_to_server_content_type_when_present ... ok
[INFO] [stdout] test test_request::test_expect_failure::it_should_panic_if_success_is_returned - should panic ... ok
[INFO] [stdout] test test_response::test_assert_failure::it_should_panic_when_200 - should panic ... ok
[INFO] [stdout] test test_server::test_expect_success_by_default::it_should_not_panic_by_default_if_accessing_200_route ... ok
[INFO] [stdout] test test_server::test_expect_success::it_should_not_panic_if_success_is_returned ... ok
[INFO] [stdout] test test_server::test_expect_success::it_should_not_panic_on_other_2xx_status_code ... ok
[INFO] [stdout] test test_server::test_expect_success_by_default::it_should_not_panic_by_default_if_accessing_200_route_and_expect_success_on ... ok
[INFO] [stdout] test test_request::test_expect_success::it_should_panic_on_404 - should panic ... ok
[INFO] [stdout] test test_server::test_expect_success_by_default::it_should_not_panic_by_default_if_accessing_404_route ... ok
[INFO] [stdout] test test_server::test_expect_success_by_default::it_should_panic_by_default_if_accessing_404_route_and_expect_success_on - should panic ... ok
[INFO] [stdout] test test_request::test_expect_failure::it_should_panic_on_other_2xx_status_code - should panic ... ok
[INFO] [stdout] test test_server::test_get::it_should_get_using_relative_path_with_slash ... ok
[INFO] [stdout] test test_server::test_get::it_should_get_using_absolute_path ... ok
[INFO] [stdout] test test_server::test_get::it_should_get_using_relative_path_without_slash ... ok
[INFO] [stdout] test test_server_config_builder::test_build::it_should_build_default_config_by_default ... ok
[INFO] [stdout] test test_server_config_builder::test_build::it_should_not_save_cookies_when_set ... ok
[INFO] [stdout] test test_server_config_builder::test_build::it_should_mock_transport_when_set ... ok
[INFO] [stdout] test test_server_config_builder::test_build::it_should_save_cookies_when_set ... ok
[INFO] [stdout] test test_server_config_builder::test_build::it_should_set_expect_success_by_default_when_set ... ok
[INFO] [stdout] test test_server_config_builder::test_build::it_should_set_default_content_type_when_set ... ok
[INFO] [stdout] test test_response::test_assert_form::it_should_panic_if_response_is_different - should panic ... ok
[INFO] [stdout] test test_server::test_get::it_should_not_get_using_absolute_path_if_restricted ... ok
[INFO] [stdout] test test_server::test_new::it_should_run_into_make_into_service_with_connect_info_by_default ... ok
[INFO] [stdout] test test_server::test_server_address::it_should_return_default_address_without_ending_slash ... ok
[INFO] [stdout] test test_server_config_builder::test_build::it_should_use_http_transport_with_ip_port_when_set ... ok
[INFO] [stdout] test test_server_config_builder::test_build::it_should_use_random_http_transport_when_set ... ok
[INFO] [stdout] test test_server_config_builder::test_build::it_should_set_restrict_requests_with_http_schema_when_set ... ok
[INFO] [stdout] test transport_layer::into_transport_layer::into_make_service::test_into_http_transport_layer_for_into_make_service::it_should_create_and_test_with_make_into_service_with_state ... ok
[INFO] [stdout] test transport_layer::into_transport_layer::into_make_service::test_into_mock_transport_layer_for_into_make_service::it_should_create_and_test_with_make_into_service ... ok
[INFO] [stdout] test transport_layer::into_transport_layer::into_make_service::test_into_mock_transport_layer_for_into_make_service::it_should_create_and_test_with_make_into_service_with_state ... ok
[INFO] [stdout] test test_response::test_assert_json::it_should_panic_if_response_is_form - should panic ... ok
[INFO] [stdout] test test_response::test_assert_status::it_should_panic_when_status_code_does_not_match - should panic ... ok
[INFO] [stdout] test transport_layer::into_transport_layer::into_make_service_with_connect_info::test_into_http_transport_layer_for_into_make_service_with_connect_info::it_should_create_and_test_with_make_into_service_with_connect_info ... ok
[INFO] [stdout] test test_response::test_assert_not_status::it_should_panic_if_status_code_matches - should panic ... ok
[INFO] [stdout] test test_response::test_assert_json::it_should_panic_if_response_is_different - should panic ... ok
[INFO] [stdout] test transport_layer::into_transport_layer::into_make_service_with_connect_info::test_into_mock_transport_layer_for_into_make_service_with_connect_info::it_should_panic_when_creating_test_using_mock ... ok
[INFO] [stdout] test test_response::test_assert_success::it_should_panic_when_not_200 - should panic ... ok
[INFO] [stdout] test test_server::test_expect_failure::it_should_panic_on_other_2xx_status_code - should panic ... ok
[INFO] [stdout] test transport_layer::into_transport_layer::into_make_service::test_into_http_transport_layer_for_into_make_service::it_should_create_and_test_with_make_into_service ... ok
[INFO] [stdout] test transport_layer::into_transport_layer::router::test_into_mock_transport_layer_for_router::it_should_create_and_test_with_make_into_service ... ok
[INFO] [stdout] test transport_layer::into_transport_layer::router::test_into_mock_transport_layer_for_router::it_should_create_and_test_with_make_into_service_with_state ... ok
[INFO] [stdout] test transport_layer::into_transport_layer::router::test_into_http_transport_layer::it_should_create_and_test_with_make_into_service ... ok
[INFO] [stdout] test test_server::test_expect_failure::it_should_panic_if_success_is_returned - should panic ... ok
[INFO] [stdout] test test_server::test_expect_success::it_should_panic_on_404 - should panic ... ok
[INFO] [stdout] test test_response::test_assert_form::it_should_panic_if_response_is_json - should panic ... ok
[INFO] [stdout] test test_server::test_server_address::it_should_return_address_used_from_config ... FAILED
[INFO] [stdout] test transport_layer::into_transport_layer::router::test_into_http_transport_layer::it_should_create_and_test_with_make_into_service_with_state ... ok
[INFO] [stdout] 
[INFO] [stdout] failures:
[INFO] [stdout] 
[INFO] [stdout] ---- test_server::test_server_address::it_should_return_address_used_from_config stdout ----
[INFO] [stdout] thread 'test_server::test_server_address::it_should_return_address_used_from_config' panicked at src/test_server.rs:456:29:
[INFO] [stdout] called `Result::unwrap()` on an `Err` value: LocalIpAddressNotFound
[INFO] [stdout] stack backtrace:
[INFO] [stdout]    0:     0x55f6a75a9d3c - std::backtrace_rs::backtrace::libunwind::trace::ha637c64ce894333a
[INFO] [stdout]                                at /rustc/82e1608dfa6e0b5569232559e3d385fea5a93112/library/std/src/../../backtrace/src/backtrace/libunwind.rs:104:5
[INFO] [stdout]    1:     0x55f6a75a9d3c - std::backtrace_rs::backtrace::trace_unsynchronized::h47f62dea28e0c88d
[INFO] [stdout]                                at /rustc/82e1608dfa6e0b5569232559e3d385fea5a93112/library/std/src/../../backtrace/src/backtrace/mod.rs:66:5
[INFO] [stdout]    2:     0x55f6a75a9d3c - std::sys_common::backtrace::_print_fmt::h9eef0abe20ede486
[INFO] [stdout]                                at /rustc/82e1608dfa6e0b5569232559e3d385fea5a93112/library/std/src/sys_common/backtrace.rs:67:5
[INFO] [stdout]    3:     0x55f6a75a9d3c - <std::sys_common::backtrace::_print::DisplayBacktrace as core::fmt::Display>::fmt::hed7f999df88cc644
[INFO] [stdout]                                at /rustc/82e1608dfa6e0b5569232559e3d385fea5a93112/library/std/src/sys_common/backtrace.rs:44:22
[INFO] [stdout]    4:     0x55f6a75d7680 - core::fmt::rt::Argument::fmt::h1539a9308b8d058d
[INFO] [stdout]                                at /rustc/82e1608dfa6e0b5569232559e3d385fea5a93112/library/core/src/fmt/rt.rs:142:9
[INFO] [stdout]    5:     0x55f6a75d7680 - core::fmt::write::h3a39390d8560d9c9
[INFO] [stdout]                                at /rustc/82e1608dfa6e0b5569232559e3d385fea5a93112/library/core/src/fmt/mod.rs:1120:17
[INFO] [stdout]    6:     0x55f6a75a6c9f - std::io::Write::write_fmt::h040b369f3a0f9cbc
[INFO] [stdout]                                at /rustc/82e1608dfa6e0b5569232559e3d385fea5a93112/library/std/src/io/mod.rs:1762:15
[INFO] [stdout]    7:     0x55f6a75a9b24 - std::sys_common::backtrace::_print::h894006fb5c6f3d45
[INFO] [stdout]                                at /rustc/82e1608dfa6e0b5569232559e3d385fea5a93112/library/std/src/sys_common/backtrace.rs:47:5
[INFO] [stdout]    8:     0x55f6a75a9b24 - std::sys_common::backtrace::print::h23a2d212c6fff936
[INFO] [stdout]                                at /rustc/82e1608dfa6e0b5569232559e3d385fea5a93112/library/std/src/sys_common/backtrace.rs:34:9
[INFO] [stdout]    9:     0x55f6a75ab7e7 - std::panicking::default_hook::{{closure}}::h8a1d2ee00185001a
[INFO] [stdout]   10:     0x55f6a75ab4d3 - std::panicking::default_hook::h6038f2eba384e475
[INFO] [stdout]                                at /rustc/82e1608dfa6e0b5569232559e3d385fea5a93112/library/std/src/panicking.rs:289:9
[INFO] [stdout]   11:     0x55f6a6f2dc67 - <alloc::boxed::Box<F,A> as core::ops::function::Fn<Args>>::call::h0ad024c9bdc6d768
[INFO] [stdout]                                at /rustc/82e1608dfa6e0b5569232559e3d385fea5a93112/library/alloc/src/boxed.rs:2021:9
[INFO] [stdout]   12:     0x55f6a6f2dc67 - test::test_main::{{closure}}::h7500b54257359db6
[INFO] [stdout]                                at /rustc/82e1608dfa6e0b5569232559e3d385fea5a93112/library/test/src/lib.rs:138:21
[INFO] [stdout]   13:     0x55f6a75abdf8 - <alloc::boxed::Box<F,A> as core::ops::function::Fn<Args>>::call::h1f8f335eaa9cfaee
[INFO] [stdout]                                at /rustc/82e1608dfa6e0b5569232559e3d385fea5a93112/library/alloc/src/boxed.rs:2021:9
[INFO] [stdout]   14:     0x55f6a75abdf8 - std::panicking::rust_panic_with_hook::h2b5517d590cab22e
[INFO] [stdout]                                at /rustc/82e1608dfa6e0b5569232559e3d385fea5a93112/library/std/src/panicking.rs:783:13
[INFO] [stdout]   15:     0x55f6a75abb4e - std::panicking::begin_panic_handler::{{closure}}::h233112c06e0ef43e
[INFO] [stdout]                                at /rustc/82e1608dfa6e0b5569232559e3d385fea5a93112/library/std/src/panicking.rs:657:13
[INFO] [stdout]   16:     0x55f6a75aa206 - std::sys_common::backtrace::__rust_end_short_backtrace::h6e893f24d7ebbff8
[INFO] [stdout]                                at /rustc/82e1608dfa6e0b5569232559e3d385fea5a93112/library/std/src/sys_common/backtrace.rs:170:18
[INFO] [stdout]   17:     0x55f6a75ab8b2 - rust_begin_unwind
[INFO] [stdout]                                at /rustc/82e1608dfa6e0b5569232559e3d385fea5a93112/library/std/src/panicking.rs:645:5
[INFO] [stdout]   18:     0x55f6a6c0c4b5 - core::panicking::panic_fmt::hbf0e066aabfa482c
[INFO] [stdout]                                at /rustc/82e1608dfa6e0b5569232559e3d385fea5a93112/library/core/src/panicking.rs:72:14
[INFO] [stdout]   19:     0x55f6a6c0cae3 - core::result::unwrap_failed::hddb4fea594200c52
[INFO] [stdout]                                at /rustc/82e1608dfa6e0b5569232559e3d385fea5a93112/library/core/src/result.rs:1653:5
[INFO] [stdout]   20:     0x55f6a6c85f70 - core::result::Result<T,E>::unwrap::hddedc8fc69058ea2
[INFO] [stdout]                                at /rustc/82e1608dfa6e0b5569232559e3d385fea5a93112/library/core/src/result.rs:1077:23
[INFO] [stdout]   21:     0x55f6a6d1b0db - axum_test::test_server::test_server_address::it_should_return_address_used_from_config::{{closure}}::h85864d02d33f718b
[INFO] [stdout]                                at /opt/rustwide/workdir/src/test_server.rs:456:18
[INFO] [stdout]   22:     0x55f6a6e08a08 - <core::pin::Pin<P> as core::future::future::Future>::poll::h2b7b3138ed9f41f4
[INFO] [stdout]                                at /rustc/82e1608dfa6e0b5569232559e3d385fea5a93112/library/core/src/future/future.rs:125:9
[INFO] [stdout]   23:     0x55f6a6e08fcb - <core::pin::Pin<P> as core::future::future::Future>::poll::h8ae899e70e39c055
[INFO] [stdout]                                at /rustc/82e1608dfa6e0b5569232559e3d385fea5a93112/library/core/src/future/future.rs:125:9
[INFO] [stdout]   24:     0x55f6a6e74c04 - tokio::runtime::scheduler::current_thread::CoreGuard::block_on::{{closure}}::{{closure}}::{{closure}}::hff7f45378cc21c90
[INFO] [stdout]                                at /opt/rustwide/cargo-home/registry/src/index.crates.io-6f17d22bba15001f/tokio-1.34.0/src/runtime/scheduler/current_thread/mod.rs:665:57
[INFO] [stdout]   25:     0x55f6a6e74b3a - tokio::runtime::coop::with_budget::he7a6825ddddad531
[INFO] [stdout]                                at /opt/rustwide/cargo-home/registry/src/index.crates.io-6f17d22bba15001f/tokio-1.34.0/src/runtime/coop.rs:107:5
[INFO] [stdout]   26:     0x55f6a6e74b3a - tokio::runtime::coop::budget::hee44fedbae08735e
[INFO] [stdout]                                at /opt/rustwide/cargo-home/registry/src/index.crates.io-6f17d22bba15001f/tokio-1.34.0/src/runtime/coop.rs:73:5
[INFO] [stdout]   27:     0x55f6a6e74b3a - tokio::runtime::scheduler::current_thread::CoreGuard::block_on::{{closure}}::{{closure}}::h8b362698b4d497ad
[INFO] [stdout]                                at /opt/rustwide/cargo-home/registry/src/index.crates.io-6f17d22bba15001f/tokio-1.34.0/src/runtime/scheduler/current_thread/mod.rs:665:25
[INFO] [stdout]   28:     0x55f6a6e734dc - tokio::runtime::scheduler::current_thread::Context::enter::hc3e6fd047b28064d
[INFO] [stdout]                                at /opt/rustwide/cargo-home/registry/src/index.crates.io-6f17d22bba15001f/tokio-1.34.0/src/runtime/scheduler/current_thread/mod.rs:410:19
[INFO] [stdout]   29:     0x55f6a6e7433b - tokio::runtime::scheduler::current_thread::CoreGuard::block_on::{{closure}}::haf1bd4bbd4ec980c
[INFO] [stdout]                                at /opt/rustwide/cargo-home/registry/src/index.crates.io-6f17d22bba15001f/tokio-1.34.0/src/runtime/scheduler/current_thread/mod.rs:664:36
[INFO] [stdout]   30:     0x55f6a6e7404b - tokio::runtime::scheduler::current_thread::CoreGuard::enter::{{closure}}::h7b4de2948a2e7396
[INFO] [stdout]                                at /opt/rustwide/cargo-home/registry/src/index.crates.io-6f17d22bba15001f/tokio-1.34.0/src/runtime/scheduler/current_thread/mod.rs:743:68
[INFO] [stdout]   31:     0x55f6a6df453b - tokio::runtime::context::scoped::Scoped<T>::set::he604dffd76fa75c4
[INFO] [stdout]                                at /opt/rustwide/cargo-home/registry/src/index.crates.io-6f17d22bba15001f/tokio-1.34.0/src/runtime/context/scoped.rs:40:9
[INFO] [stdout]   32:     0x55f6a6e9b239 - tokio::runtime::context::set_scheduler::{{closure}}::h19733a0cc4639595
[INFO] [stdout]                                at /opt/rustwide/cargo-home/registry/src/index.crates.io-6f17d22bba15001f/tokio-1.34.0/src/runtime/context.rs:176:26
[INFO] [stdout]   33:     0x55f6a6da16f6 - std::thread::local::LocalKey<T>::try_with::h99c0bcd29c78d304
[INFO] [stdout]                                at /rustc/82e1608dfa6e0b5569232559e3d385fea5a93112/library/std/src/thread/local.rs:270:16
[INFO] [stdout]   34:     0x55f6a6da016a - std::thread::local::LocalKey<T>::with::h5b991652b622589b
[INFO] [stdout]                                at /rustc/82e1608dfa6e0b5569232559e3d385fea5a93112/library/std/src/thread/local.rs:246:9
[INFO] [stdout]   35:     0x55f6a6e9b1ed - tokio::runtime::context::set_scheduler::h34b4b658200be264
[INFO] [stdout]                                at /opt/rustwide/cargo-home/registry/src/index.crates.io-6f17d22bba15001f/tokio-1.34.0/src/runtime/context.rs:176:9
[INFO] [stdout]   36:     0x55f6a6e73de0 - tokio::runtime::scheduler::current_thread::CoreGuard::enter::h61941770d7a2f6cb
[INFO] [stdout]                                at /opt/rustwide/cargo-home/registry/src/index.crates.io-6f17d22bba15001f/tokio-1.34.0/src/runtime/scheduler/current_thread/mod.rs:743:27
[INFO] [stdout]   37:     0x55f6a6e7407d - tokio::runtime::scheduler::current_thread::CoreGuard::block_on::h642da908b41c39f6
[INFO] [stdout]                                at /opt/rustwide/cargo-home/registry/src/index.crates.io-6f17d22bba15001f/tokio-1.34.0/src/runtime/scheduler/current_thread/mod.rs:652:19
[INFO] [stdout]   38:     0x55f6a6e70c1d - tokio::runtime::scheduler::current_thread::CurrentThread::block_on::{{closure}}::had02500f48e713c1
[INFO] [stdout]                                at /opt/rustwide/cargo-home/registry/src/index.crates.io-6f17d22bba15001f/tokio-1.34.0/src/runtime/scheduler/current_thread/mod.rs:175:28
[INFO] [stdout]   39:     0x55f6a6ef4d7a - tokio::runtime::context::runtime::enter_runtime::h41d3a9f1ad1bb921
[INFO] [stdout]                                at /opt/rustwide/cargo-home/registry/src/index.crates.io-6f17d22bba15001f/tokio-1.34.0/src/runtime/context/runtime.rs:65:16
[INFO] [stdout]   40:     0x55f6a6e70b30 - tokio::runtime::scheduler::current_thread::CurrentThread::block_on::hca8cf5f01d16e8d0
[INFO] [stdout]                                at /opt/rustwide/cargo-home/registry/src/index.crates.io-6f17d22bba15001f/tokio-1.34.0/src/runtime/scheduler/current_thread/mod.rs:167:9
[INFO] [stdout]   41:     0x55f6a6ef549d - tokio::runtime::runtime::Runtime::block_on::ha99e058fb5ebd332
[INFO] [stdout]                                at /opt/rustwide/cargo-home/registry/src/index.crates.io-6f17d22bba15001f/tokio-1.34.0/src/runtime/runtime.rs:348:47
[INFO] [stdout]   42:     0x55f6a6d1af43 - axum_test::test_server::test_server_address::it_should_return_address_used_from_config::h6a9cb61607d3f768
[INFO] [stdout]                                at /opt/rustwide/workdir/src/test_server.rs:474:9
[INFO] [stdout]   43:     0x55f6a6d1adf7 - axum_test::test_server::test_server_address::it_should_return_address_used_from_config::{{closure}}::h1e0de178cd9ee517
[INFO] [stdout]                                at /opt/rustwide/workdir/src/test_server.rs:454:57
[INFO] [stdout]   44:     0x55f6a6c1b446 - core::ops::function::FnOnce::call_once::h22ca9b9b693b415b
[INFO] [stdout]                                at /rustc/82e1608dfa6e0b5569232559e3d385fea5a93112/library/core/src/ops/function.rs:250:5
[INFO] [stdout]   45:     0x55f6a6f332bf - core::ops::function::FnOnce::call_once::h2b5d431d5046312d
[INFO] [stdout]                                at /rustc/82e1608dfa6e0b5569232559e3d385fea5a93112/library/core/src/ops/function.rs:250:5
[INFO] [stdout]   46:     0x55f6a6f332bf - test::__rust_begin_short_backtrace::h7714669af176e207
[INFO] [stdout]                                at /rustc/82e1608dfa6e0b5569232559e3d385fea5a93112/library/test/src/lib.rs:628:18
[INFO] [stdout]   47:     0x55f6a6f322d5 - test::run_test_in_process::{{closure}}::h85218797dcbcec12
[INFO] [stdout]                                at /rustc/82e1608dfa6e0b5569232559e3d385fea5a93112/library/test/src/lib.rs:651:60
[INFO] [stdout]   48:     0x55f6a6f322d5 - <core::panic::unwind_safe::AssertUnwindSafe<F> as core::ops::function::FnOnce<()>>::call_once::h76c106ea31c14d7b
[INFO] [stdout]                                at /rustc/82e1608dfa6e0b5569232559e3d385fea5a93112/library/core/src/panic/unwind_safe.rs:272:9
[INFO] [stdout]   49:     0x55f6a6f322d5 - std::panicking::try::do_call::h3bd5d0f6620ee946
[INFO] [stdout]                                at /rustc/82e1608dfa6e0b5569232559e3d385fea5a93112/library/std/src/panicking.rs:552:40
[INFO] [stdout]   50:     0x55f6a6f322d5 - std::panicking::try::h232e535e4744fe31
[INFO] [stdout]                                at /rustc/82e1608dfa6e0b5569232559e3d385fea5a93112/library/std/src/panicking.rs:516:19
[INFO] [stdout]   51:     0x55f6a6f322d5 - std::panic::catch_unwind::h3ce3bd6ca8dbac68
[INFO] [stdout]                                at /rustc/82e1608dfa6e0b5569232559e3d385fea5a93112/library/std/src/panic.rs:142:14
[INFO] [stdout]   52:     0x55f6a6f322d5 - test::run_test_in_process::hc97b257c9621286a
[INFO] [stdout]                                at /rustc/82e1608dfa6e0b5569232559e3d385fea5a93112/library/test/src/lib.rs:651:27
[INFO] [stdout]   53:     0x55f6a6f322d5 - test::run_test::{{closure}}::h2aa798823a438d38
[INFO] [stdout]                                at /rustc/82e1608dfa6e0b5569232559e3d385fea5a93112/library/test/src/lib.rs:574:43
[INFO] [stdout]   54:     0x55f6a6efa596 - test::run_test::{{closure}}::h87d231c78fb59832
[INFO] [stdout]                                at /rustc/82e1608dfa6e0b5569232559e3d385fea5a93112/library/test/src/lib.rs:602:41
[INFO] [stdout]   55:     0x55f6a6efa596 - std::sys_common::backtrace::__rust_begin_short_backtrace::he6df152596625789
[INFO] [stdout]                                at /rustc/82e1608dfa6e0b5569232559e3d385fea5a93112/library/std/src/sys_common/backtrace.rs:154:18
[INFO] [stdout]   56:     0x55f6a6eff647 - std::thread::Builder::spawn_unchecked_::{{closure}}::{{closure}}::ha94be15d1e0acf36
[INFO] [stdout]                                at /rustc/82e1608dfa6e0b5569232559e3d385fea5a93112/library/std/src/thread/mod.rs:529:17
[INFO] [stdout]   57:     0x55f6a6eff647 - <core::panic::unwind_safe::AssertUnwindSafe<F> as core::ops::function::FnOnce<()>>::call_once::h9dc6bd6372f16606
[INFO] [stdout]                                at /rustc/82e1608dfa6e0b5569232559e3d385fea5a93112/library/core/src/panic/unwind_safe.rs:272:9
[INFO] [stdout]   58:     0x55f6a6eff647 - std::panicking::try::do_call::h9057517f80303cd4
[INFO] [stdout]                                at /rustc/82e1608dfa6e0b5569232559e3d385fea5a93112/library/std/src/panicking.rs:552:40
[INFO] [stdout]   59:     0x55f6a6eff647 - std::panicking::try::he3a30b11ee45340c
[INFO] [stdout]                                at /rustc/82e1608dfa6e0b5569232559e3d385fea5a93112/library/std/src/panicking.rs:516:19
[INFO] [stdout]   60:     0x55f6a6eff647 - std::panic::catch_unwind::h410458cfd3528b8b
[INFO] [stdout]                                at /rustc/82e1608dfa6e0b5569232559e3d385fea5a93112/library/std/src/panic.rs:142:14
[INFO] [stdout]   61:     0x55f6a6eff647 - std::thread::Builder::spawn_unchecked_::{{closure}}::h72ac3bdb567b737b
[INFO] [stdout]                                at /rustc/82e1608dfa6e0b5569232559e3d385fea5a93112/library/std/src/thread/mod.rs:528:30
[INFO] [stdout]   62:     0x55f6a6eff647 - core::ops::function::FnOnce::call_once{{vtable.shim}}::h38f34da3654a8344
[INFO] [stdout]                                at /rustc/82e1608dfa6e0b5569232559e3d385fea5a93112/library/core/src/ops/function.rs:250:5
[INFO] [stdout]   63:     0x55f6a75b0a05 - <alloc::boxed::Box<F,A> as core::ops::function::FnOnce<Args>>::call_once::hc7eafaff61e32df9
[INFO] [stdout]                                at /rustc/82e1608dfa6e0b5569232559e3d385fea5a93112/library/alloc/src/boxed.rs:2007:9
[INFO] [stdout]   64:     0x55f6a75b0a05 - <alloc::boxed::Box<F,A> as core::ops::function::FnOnce<Args>>::call_once::h6ba4a5de48dd2304
[INFO] [stdout]                                at /rustc/82e1608dfa6e0b5569232559e3d385fea5a93112/library/alloc/src/boxed.rs:2007:9
[INFO] [stdout]   65:     0x55f6a75b0a05 - std::sys::unix::thread::Thread::new::thread_start::he469335aef763e45
[INFO] [stdout]                                at /rustc/82e1608dfa6e0b5569232559e3d385fea5a93112/library/std/src/sys/unix/thread.rs:108:17
[INFO] [stdout]   66:     0x7f715e57cac3 - <unknown>
[INFO] [stdout]   67:     0x7f715e60dbf4 - __clone
[INFO] [stdout]   68:                0x0 - <unknown>
[INFO] [stdout] 
[INFO] [stdout] 
[INFO] [stdout] failures:
[INFO] [stdout]     test_server::test_server_address::it_should_return_address_used_from_config
[INFO] [stdout] 
[INFO] [stdout] test result: FAILED. 119 passed; 1 failed; 0 ignored; 0 measured; 0 filtered out; finished in 0.39s
[INFO] [stdout] 
[INFO] [stderr] error: test failed, to rerun pass `--lib`
[INFO] running `Command { std: "docker" "inspect" "9e8a4d068798118a493e3cdf4ec67eede350c7bfb8808282a854d32535803947", kill_on_drop: false }`
[INFO] running `Command { std: "docker" "rm" "-f" "9e8a4d068798118a493e3cdf4ec67eede350c7bfb8808282a854d32535803947", kill_on_drop: false }`
[INFO] [stdout] 9e8a4d068798118a493e3cdf4ec67eede350c7bfb8808282a854d32535803947
