[INFO] fetching crate axum-oidc 0.1.1...
[INFO] testing axum-oidc-0.1.1 against 1.75.0 for beta-1.76-1
[INFO] extracting crate axum-oidc 0.1.1 into /workspace/builds/worker-7-tc1/source
[INFO] validating manifest of crates.io crate axum-oidc 0.1.1 on toolchain 1.75.0
[INFO] running `Command { std: CARGO_HOME="/workspace/cargo-home" RUSTUP_HOME="/workspace/rustup-home" "/workspace/cargo-home/bin/cargo" "+1.75.0" "metadata" "--manifest-path" "Cargo.toml" "--no-deps", kill_on_drop: false }`
[INFO] started tweaking crates.io crate axum-oidc 0.1.1
[INFO] finished tweaking crates.io crate axum-oidc 0.1.1
[INFO] tweaked toml for crates.io crate axum-oidc 0.1.1 written to /workspace/builds/worker-7-tc1/source/Cargo.toml
[INFO] running `Command { std: CARGO_HOME="/workspace/cargo-home" RUSTUP_HOME="/workspace/rustup-home" "/workspace/cargo-home/bin/cargo" "+1.75.0" "generate-lockfile" "--manifest-path" "Cargo.toml", kill_on_drop: false }`
[INFO] [stderr]     Updating crates.io index
[INFO] running `Command { std: CARGO_HOME="/workspace/cargo-home" RUSTUP_HOME="/workspace/rustup-home" "/workspace/cargo-home/bin/cargo" "+1.75.0" "fetch" "--manifest-path" "Cargo.toml", kill_on_drop: false }`
[INFO] [stderr]  Downloading crates ...
[INFO] [stderr]   Downloaded curve25519-dalek-derive v0.1.1
[INFO] [stderr]   Downloaded serde-value v0.7.0
[INFO] [stderr]   Downloaded elliptic-curve v0.13.8
[INFO] [stderr]   Downloaded rfc6979 v0.4.0
[INFO] [stderr]   Downloaded ff v0.13.0
[INFO] [stderr]   Downloaded dyn-clone v1.0.16
[INFO] [stderr]   Downloaded p256 v0.13.2
[INFO] [stderr]   Downloaded p384 v0.13.0
[INFO] [stderr]   Downloaded curve25519-dalek v4.1.1
[INFO] [stderr]   Downloaded oauth2 v4.4.2
[INFO] [stderr]   Downloaded ecdsa v0.16.9
[INFO] [stderr]   Downloaded fiat-crypto v0.2.5
[INFO] [stderr]   Downloaded platforms v3.3.0
[INFO] [stderr]   Downloaded base16ct v0.2.0
[INFO] [stderr]   Downloaded ordered-float v2.10.1
[INFO] [stderr]   Downloaded dashmap v5.5.3
[INFO] [stderr]   Downloaded ed25519-dalek v2.1.0
[INFO] [stderr]   Downloaded crypto-bigint v0.5.5
[INFO] [stderr]   Downloaded sec1 v0.7.3
[INFO] [stderr]   Downloaded serde_plain v1.0.2
[INFO] [stderr]   Downloaded openidconnect v3.4.0
[INFO] [stderr]   Downloaded tower-cookies v0.9.0
[INFO] [stderr]   Downloaded ed25519 v2.2.3
[INFO] [stderr]   Downloaded group v0.13.0
[INFO] [stderr]   Downloaded primeorder v0.13.6
[INFO] [stderr]   Downloaded tower-sessions v0.4.3
[INFO] running `Command { std: "docker" "create" "-v" "/var/lib/crater-agent-workspace/builds/worker-7-tc1/target:/opt/rustwide/target:rw,Z" "-v" "/var/lib/crater-agent-workspace/builds/worker-7-tc1/source:/opt/rustwide/workdir:ro,Z" "-v" "/var/lib/crater-agent-workspace/cargo-home:/opt/rustwide/cargo-home:ro,Z" "-v" "/var/lib/crater-agent-workspace/rustup-home:/opt/rustwide/rustup-home:ro,Z" "-e" "SOURCE_DIR=/opt/rustwide/workdir" "-e" "CARGO_TARGET_DIR=/opt/rustwide/target" "-e" "CARGO_HOME=/opt/rustwide/cargo-home" "-e" "RUSTUP_HOME=/opt/rustwide/rustup-home" "-w" "/opt/rustwide/workdir" "-m" "1610612736" "--user" "0:0" "--network" "none" "ghcr.io/rust-lang/crates-build-env/linux@sha256:2788e3201cd34a07e3172128adcd8b3090168a8e3bcc40d7c032b9dda1df7d1c" "/opt/rustwide/cargo-home/bin/cargo" "+1.75.0" "metadata" "--no-deps" "--format-version=1", kill_on_drop: false }`
[INFO] [stdout] 21f67341d51ecd26a85afa47bfb68b694ac652b34c4c48ee594b186dc6a8db88
[INFO] running `Command { std: "docker" "start" "-a" "21f67341d51ecd26a85afa47bfb68b694ac652b34c4c48ee594b186dc6a8db88", kill_on_drop: false }`
[INFO] running `Command { std: "docker" "inspect" "21f67341d51ecd26a85afa47bfb68b694ac652b34c4c48ee594b186dc6a8db88", kill_on_drop: false }`
[INFO] running `Command { std: "docker" "rm" "-f" "21f67341d51ecd26a85afa47bfb68b694ac652b34c4c48ee594b186dc6a8db88", kill_on_drop: false }`
[INFO] [stdout] 21f67341d51ecd26a85afa47bfb68b694ac652b34c4c48ee594b186dc6a8db88
[INFO] running `Command { std: "docker" "create" "-v" "/var/lib/crater-agent-workspace/builds/worker-7-tc1/target:/opt/rustwide/target:rw,Z" "-v" "/var/lib/crater-agent-workspace/builds/worker-7-tc1/source:/opt/rustwide/workdir:ro,Z" "-v" "/var/lib/crater-agent-workspace/cargo-home:/opt/rustwide/cargo-home:ro,Z" "-v" "/var/lib/crater-agent-workspace/rustup-home:/opt/rustwide/rustup-home:ro,Z" "-e" "SOURCE_DIR=/opt/rustwide/workdir" "-e" "CARGO_TARGET_DIR=/opt/rustwide/target" "-e" "CARGO_INCREMENTAL=0" "-e" "RUST_BACKTRACE=full" "-e" "RUSTFLAGS=--cap-lints=warn" "-e" "RUSTDOCFLAGS=--cap-lints=warn" "-e" "CARGO_HOME=/opt/rustwide/cargo-home" "-e" "RUSTUP_HOME=/opt/rustwide/rustup-home" "-w" "/opt/rustwide/workdir" "-m" "1610612736" "--user" "0:0" "--network" "none" "ghcr.io/rust-lang/crates-build-env/linux@sha256:2788e3201cd34a07e3172128adcd8b3090168a8e3bcc40d7c032b9dda1df7d1c" "/opt/rustwide/cargo-home/bin/cargo" "+1.75.0" "build" "--frozen" "--message-format=json", kill_on_drop: false }`
[INFO] [stdout] 2dab2c3910b4ce8d8aaade3ae45d27a95869145dd49c3996af14a557f85514ca
[INFO] running `Command { std: "docker" "start" "-a" "2dab2c3910b4ce8d8aaade3ae45d27a95869145dd49c3996af14a557f85514ca", kill_on_drop: false }`
[INFO] [stderr]    Compiling serde v1.0.194
[INFO] [stderr]    Compiling const-oid v0.9.6
[INFO] [stderr]    Compiling subtle v2.5.0
[INFO] [stderr]    Compiling base64ct v1.6.0
[INFO] [stderr]    Compiling generic-array v0.14.7
[INFO] [stderr]    Compiling libc v0.2.151
[INFO] [stderr]    Compiling num-traits v0.2.17
[INFO] [stderr]    Compiling futures-macro v0.3.30
[INFO] [stderr]    Compiling rustversion v1.0.14
[INFO] [stderr]    Compiling tokio v1.35.1
[INFO] [stderr]    Compiling tracing v0.1.40
[INFO] [stderr]    Compiling futures-channel v0.3.30
[INFO] [stderr]    Compiling base16ct v0.2.0
[INFO] [stderr]    Compiling rustls v0.21.10
[INFO] [stderr]    Compiling num-integer v0.1.45
[INFO] [stderr]    Compiling lock_api v0.4.11
[INFO] [stderr]    Compiling ff v0.13.0
[INFO] [stderr]    Compiling ident_case v1.0.1
[INFO] [stderr]    Compiling group v0.13.0
[INFO] [stderr]    Compiling strsim v0.10.0
[INFO] [stderr]    Compiling pem-rfc7468 v0.7.0
[INFO] [stderr]    Compiling unicode-normalization v0.1.22
[INFO] [stderr]    Compiling num-iter v0.1.43
[INFO] [stderr]    Compiling platforms v3.3.0
[INFO] [stderr]    Compiling unicode-bidi v0.3.14
[INFO] [stderr]    Compiling time-macros v0.2.16
[INFO] [stderr]    Compiling cookie v0.17.0
[INFO] [stderr]    Compiling der v0.7.8
[INFO] [stderr]    Compiling darling_core v0.20.3
[INFO] [stderr]    Compiling curve25519-dalek v4.1.1
[INFO] [stderr]    Compiling num-bigint-dig v0.8.4
[INFO] [stderr]    Compiling lazy_static v1.4.0
[INFO] [stderr]    Compiling curve25519-dalek-derive v0.1.1
[INFO] [stderr]    Compiling encoding_rs v0.8.33
[INFO] [stderr]    Compiling crypto-common v0.1.6
[INFO] [stderr]    Compiling block-buffer v0.10.4
[INFO] [stderr]    Compiling crypto-bigint v0.5.5
[INFO] [stderr]    Compiling idna v0.5.0
[INFO] [stderr]    Compiling digest v0.10.7
[INFO] [stderr]    Compiling byteorder v1.5.0
[INFO] [stderr]    Compiling webpki-roots v0.25.3
[INFO] [stderr]    Compiling axum-core v0.3.4
[INFO] [stderr]    Compiling ipnet v2.9.0
[INFO] [stderr]    Compiling futures-util v0.3.30
[INFO] [stderr]    Compiling hmac v0.12.1
[INFO] [stderr]    Compiling signature v2.2.0
[INFO] [stderr]    Compiling sha2 v0.10.8
[INFO] [stderr]    Compiling cc v1.0.83
[INFO] [stderr]    Compiling hkdf v0.12.4
[INFO] [stderr]    Compiling rfc6979 v0.4.0
[INFO] [stderr]    Compiling spki v0.7.3
[INFO] [stderr]    Compiling axum v0.6.20
[INFO] [stderr]    Compiling pkcs8 v0.10.2
[INFO] [stderr]    Compiling ordered-float v2.10.1
[INFO] [stderr]    Compiling sec1 v0.7.3
[INFO] [stderr]    Compiling pkcs1 v0.7.5
[INFO] [stderr]    Compiling ed25519 v2.2.3
[INFO] [stderr]    Compiling either v1.9.0
[INFO] [stderr]    Compiling base64 v0.13.1
[INFO] [stderr]    Compiling itertools v0.10.5
[INFO] [stderr]    Compiling dyn-clone v1.0.16
[INFO] [stderr]    Compiling matchit v0.7.3
[INFO] [stderr]    Compiling sync_wrapper v0.1.2
[INFO] [stderr]    Compiling ring v0.17.7
[INFO] [stderr]    Compiling ed25519-dalek v2.1.0
[INFO] [stderr]    Compiling elliptic-curve v0.13.8
[INFO] [stderr]    Compiling darling_macro v0.20.3
[INFO] [stderr]    Compiling primeorder v0.13.6
[INFO] [stderr]    Compiling ecdsa v0.16.9
[INFO] [stderr]    Compiling p256 v0.13.2
[INFO] [stderr]    Compiling p384 v0.13.0
[INFO] [stderr]    Compiling rsa v0.9.6
[INFO] [stderr]    Compiling serde_urlencoded v0.7.1
[INFO] [stderr]    Compiling deranged v0.3.11
[INFO] [stderr]    Compiling url v2.5.0
[INFO] [stderr]    Compiling serde_json v1.0.111
[INFO] [stderr]    Compiling chrono v0.4.31
[INFO] [stderr]    Compiling serde_path_to_error v0.1.15
[INFO] [stderr]    Compiling serde-value v0.7.0
[INFO] [stderr]    Compiling parking_lot v0.12.1
[INFO] [stderr]    Compiling dashmap v5.5.3
[INFO] [stderr]    Compiling serde_plain v1.0.2
[INFO] [stderr]    Compiling darling v0.20.3
[INFO] [stderr]    Compiling uuid v1.6.1
[INFO] [stderr]    Compiling serde_with_macros v3.4.0
[INFO] [stderr]    Compiling tokio-util v0.7.10
[INFO] [stderr]    Compiling time v0.3.31
[INFO] [stderr]    Compiling serde_with v3.4.0
[INFO] [stderr]    Compiling h2 v0.3.22
[INFO] [stderr]    Compiling futures v0.3.30
[INFO] [stderr]    Compiling tower v0.4.13
[INFO] [stderr]    Compiling sct v0.7.1
[INFO] [stderr]    Compiling rustls-webpki v0.101.7
[INFO] [stderr]    Compiling tower-cookies v0.9.0
[INFO] [stderr]    Compiling tower-sessions v0.4.3
[INFO] [stderr]    Compiling tokio-rustls v0.24.1
[INFO] [stderr]    Compiling hyper v0.14.28
[INFO] [stderr]    Compiling hyper-rustls v0.24.2
[INFO] [stderr]    Compiling reqwest v0.11.23
[INFO] [stderr]    Compiling oauth2 v4.4.2
[INFO] [stderr]    Compiling openidconnect v3.4.0
[INFO] [stderr]    Compiling axum-oidc v0.1.1 (/opt/rustwide/workdir)
[INFO] [stdout] warning: unused import: `str::FromStr`
[INFO] [stdout]  --> src/middleware.rs:3:5
[INFO] [stdout]   |
[INFO] [stdout] 3 |     str::FromStr,
[INFO] [stdout]   |     ^^^^^^^^^^^^
[INFO] [stdout]   |
[INFO] [stdout]   = note: `#[warn(unused_imports)]` on by default
[INFO] [stdout] 
[INFO] [stdout] 
[INFO] [stdout] warning: unused imports: `CoreGenderClaim`, `CoreIdTokenFields`, `CoreJsonWebKeyType`, `CoreJweContentEncryptionAlgorithm`, `CoreJwsSigningAlgorithm`, `ExtraTokenFields`, `IdTokenFields`, `RefreshToken`, `StandardTokenResponse`, `TokenType`
[INFO] [stdout]   --> src/middleware.rs:20:33
[INFO] [stdout]    |
[INFO] [stdout] 20 |         CoreAuthenticationFlow, CoreGenderClaim, CoreIdTokenFields, CoreJsonWebKeyType,
[INFO] [stdout]    |                                 ^^^^^^^^^^^^^^^  ^^^^^^^^^^^^^^^^^  ^^^^^^^^^^^^^^^^^^
[INFO] [stdout] 21 |         CoreJweContentEncryptionAlgorithm, CoreJwsSigningAlgorithm,
[INFO] [stdout]    |         ^^^^^^^^^^^^^^^^^^^^^^^^^^^^^^^^^  ^^^^^^^^^^^^^^^^^^^^^^^
[INFO] [stdout] ...
[INFO] [stdout] 24 |     AccessTokenHash, AuthorizationCode, CsrfToken, ExtraTokenFields, IdTokenFields, Nonce,
[INFO] [stdout]    |                                                    ^^^^^^^^^^^^^^^^  ^^^^^^^^^^^^^
[INFO] [stdout] 25 |     OAuth2TokenResponse, PkceCodeChallenge, PkceCodeVerifier, RedirectUrl, RefreshToken, Scope,
[INFO] [stdout]    |                                                                            ^^^^^^^^^^^^
[INFO] [stdout] 26 |     StandardTokenResponse, TokenResponse, TokenType,
[INFO] [stdout]    |     ^^^^^^^^^^^^^^^^^^^^^                 ^^^^^^^^^
[INFO] [stdout] 
[INFO] [stdout] 
[INFO] [stdout] warning: unused import: `IdToken`
[INFO] [stdout]   --> src/middleware.rs:32:33
[INFO] [stdout]    |
[INFO] [stdout] 32 |     AdditionalClaims, BoxError, IdToken, OidcClient, OidcQuery, OidcSession, SESSION_KEY,
[INFO] [stdout]    |                                 ^^^^^^^
[INFO] [stdout] 
[INFO] [stdout] 
[INFO] [stdout] warning: 3 warnings emitted
[INFO] [stdout] 
[INFO] [stdout] 
[INFO] [stderr]     Finished dev [unoptimized + debuginfo] target(s) in 38.62s
[INFO] running `Command { std: "docker" "inspect" "2dab2c3910b4ce8d8aaade3ae45d27a95869145dd49c3996af14a557f85514ca", kill_on_drop: false }`
[INFO] running `Command { std: "docker" "rm" "-f" "2dab2c3910b4ce8d8aaade3ae45d27a95869145dd49c3996af14a557f85514ca", kill_on_drop: false }`
[INFO] [stdout] 2dab2c3910b4ce8d8aaade3ae45d27a95869145dd49c3996af14a557f85514ca
[INFO] running `Command { std: "docker" "create" "-v" "/var/lib/crater-agent-workspace/builds/worker-7-tc1/target:/opt/rustwide/target:rw,Z" "-v" "/var/lib/crater-agent-workspace/builds/worker-7-tc1/source:/opt/rustwide/workdir:ro,Z" "-v" "/var/lib/crater-agent-workspace/cargo-home:/opt/rustwide/cargo-home:ro,Z" "-v" "/var/lib/crater-agent-workspace/rustup-home:/opt/rustwide/rustup-home:ro,Z" "-e" "SOURCE_DIR=/opt/rustwide/workdir" "-e" "CARGO_TARGET_DIR=/opt/rustwide/target" "-e" "CARGO_INCREMENTAL=0" "-e" "RUST_BACKTRACE=full" "-e" "RUSTFLAGS=--cap-lints=warn" "-e" "RUSTDOCFLAGS=--cap-lints=warn" "-e" "CARGO_HOME=/opt/rustwide/cargo-home" "-e" "RUSTUP_HOME=/opt/rustwide/rustup-home" "-w" "/opt/rustwide/workdir" "-m" "1610612736" "--user" "0:0" "--network" "none" "ghcr.io/rust-lang/crates-build-env/linux@sha256:2788e3201cd34a07e3172128adcd8b3090168a8e3bcc40d7c032b9dda1df7d1c" "/opt/rustwide/cargo-home/bin/cargo" "+1.75.0" "test" "--frozen" "--no-run" "--message-format=json", kill_on_drop: false }`
[INFO] [stdout] 81e13d73a2dde2f0c449d237a568c4c0d42f051f3628eb1df9ae35777ba511e3
[INFO] running `Command { std: "docker" "start" "-a" "81e13d73a2dde2f0c449d237a568c4c0d42f051f3628eb1df9ae35777ba511e3", kill_on_drop: false }`
[INFO] [stderr]    Compiling axum-oidc v0.1.1 (/opt/rustwide/workdir)
[INFO] [stdout] warning: unused import: `str::FromStr`
[INFO] [stdout]  --> src/middleware.rs:3:5
[INFO] [stdout]   |
[INFO] [stdout] 3 |     str::FromStr,
[INFO] [stdout]   |     ^^^^^^^^^^^^
[INFO] [stdout]   |
[INFO] [stdout]   = note: `#[warn(unused_imports)]` on by default
[INFO] [stdout] 
[INFO] [stdout] 
[INFO] [stdout] warning: unused imports: `CoreGenderClaim`, `CoreIdTokenFields`, `CoreJsonWebKeyType`, `CoreJweContentEncryptionAlgorithm`, `CoreJwsSigningAlgorithm`, `ExtraTokenFields`, `IdTokenFields`, `RefreshToken`, `StandardTokenResponse`, `TokenType`
[INFO] [stdout]   --> src/middleware.rs:20:33
[INFO] [stdout]    |
[INFO] [stdout] 20 |         CoreAuthenticationFlow, CoreGenderClaim, CoreIdTokenFields, CoreJsonWebKeyType,
[INFO] [stdout]    |                                 ^^^^^^^^^^^^^^^  ^^^^^^^^^^^^^^^^^  ^^^^^^^^^^^^^^^^^^
[INFO] [stdout] 21 |         CoreJweContentEncryptionAlgorithm, CoreJwsSigningAlgorithm,
[INFO] [stdout]    |         ^^^^^^^^^^^^^^^^^^^^^^^^^^^^^^^^^  ^^^^^^^^^^^^^^^^^^^^^^^
[INFO] [stdout] ...
[INFO] [stdout] 24 |     AccessTokenHash, AuthorizationCode, CsrfToken, ExtraTokenFields, IdTokenFields, Nonce,
[INFO] [stdout]    |                                                    ^^^^^^^^^^^^^^^^  ^^^^^^^^^^^^^
[INFO] [stdout] 25 |     OAuth2TokenResponse, PkceCodeChallenge, PkceCodeVerifier, RedirectUrl, RefreshToken, Scope,
[INFO] [stdout]    |                                                                            ^^^^^^^^^^^^
[INFO] [stdout] 26 |     StandardTokenResponse, TokenResponse, TokenType,
[INFO] [stdout]    |     ^^^^^^^^^^^^^^^^^^^^^                 ^^^^^^^^^
[INFO] [stdout] 
[INFO] [stdout] 
[INFO] [stdout] warning: unused import: `IdToken`
[INFO] [stdout]   --> src/middleware.rs:32:33
[INFO] [stdout]    |
[INFO] [stdout] 32 |     AdditionalClaims, BoxError, IdToken, OidcClient, OidcQuery, OidcSession, SESSION_KEY,
[INFO] [stdout]    |                                 ^^^^^^^
[INFO] [stdout] 
[INFO] [stdout] 
[INFO] [stdout] warning: 3 warnings emitted
[INFO] [stdout] 
[INFO] [stdout] 
[INFO] [stdout] warning: unused import: `str::FromStr`
[INFO] [stdout]  --> src/middleware.rs:3:5
[INFO] [stdout]   |
[INFO] [stdout] 3 |     str::FromStr,
[INFO] [stdout]   |     ^^^^^^^^^^^^
[INFO] [stdout]   |
[INFO] [stdout]   = note: `#[warn(unused_imports)]` on by default
[INFO] [stdout] 
[INFO] [stdout] 
[INFO] [stdout] warning: unused imports: `CoreGenderClaim`, `CoreIdTokenFields`, `CoreJsonWebKeyType`, `CoreJweContentEncryptionAlgorithm`, `CoreJwsSigningAlgorithm`, `ExtraTokenFields`, `IdTokenFields`, `RefreshToken`, `StandardTokenResponse`, `TokenType`
[INFO] [stdout]   --> src/middleware.rs:20:33
[INFO] [stdout]    |
[INFO] [stdout] 20 |         CoreAuthenticationFlow, CoreGenderClaim, CoreIdTokenFields, CoreJsonWebKeyType,
[INFO] [stdout]    |                                 ^^^^^^^^^^^^^^^  ^^^^^^^^^^^^^^^^^  ^^^^^^^^^^^^^^^^^^
[INFO] [stdout] 21 |         CoreJweContentEncryptionAlgorithm, CoreJwsSigningAlgorithm,
[INFO] [stdout]    |         ^^^^^^^^^^^^^^^^^^^^^^^^^^^^^^^^^  ^^^^^^^^^^^^^^^^^^^^^^^
[INFO] [stdout] ...
[INFO] [stdout] 24 |     AccessTokenHash, AuthorizationCode, CsrfToken, ExtraTokenFields, IdTokenFields, Nonce,
[INFO] [stdout]    |                                                    ^^^^^^^^^^^^^^^^  ^^^^^^^^^^^^^
[INFO] [stdout] 25 |     OAuth2TokenResponse, PkceCodeChallenge, PkceCodeVerifier, RedirectUrl, RefreshToken, Scope,
[INFO] [stdout]    |                                                                            ^^^^^^^^^^^^
[INFO] [stdout] 26 |     StandardTokenResponse, TokenResponse, TokenType,
[INFO] [stdout]    |     ^^^^^^^^^^^^^^^^^^^^^                 ^^^^^^^^^
[INFO] [stdout] 
[INFO] [stdout] 
[INFO] [stdout] warning: unused import: `IdToken`
[INFO] [stdout]   --> src/middleware.rs:32:33
[INFO] [stdout]    |
[INFO] [stdout] 32 |     AdditionalClaims, BoxError, IdToken, OidcClient, OidcQuery, OidcSession, SESSION_KEY,
[INFO] [stdout]    |                                 ^^^^^^^
[INFO] [stdout] 
[INFO] [stdout] 
[INFO] [stdout] warning: 3 warnings emitted
[INFO] [stdout] 
[INFO] [stdout] 
[INFO] [stderr]     Finished test [unoptimized + debuginfo] target(s) in 1.11s
[INFO] running `Command { std: "docker" "inspect" "81e13d73a2dde2f0c449d237a568c4c0d42f051f3628eb1df9ae35777ba511e3", kill_on_drop: false }`
[INFO] running `Command { std: "docker" "rm" "-f" "81e13d73a2dde2f0c449d237a568c4c0d42f051f3628eb1df9ae35777ba511e3", kill_on_drop: false }`
[INFO] [stdout] 81e13d73a2dde2f0c449d237a568c4c0d42f051f3628eb1df9ae35777ba511e3
[INFO] running `Command { std: "docker" "create" "-v" "/var/lib/crater-agent-workspace/builds/worker-7-tc1/target:/opt/rustwide/target:rw,Z" "-v" "/var/lib/crater-agent-workspace/builds/worker-7-tc1/source:/opt/rustwide/workdir:ro,Z" "-v" "/var/lib/crater-agent-workspace/cargo-home:/opt/rustwide/cargo-home:ro,Z" "-v" "/var/lib/crater-agent-workspace/rustup-home:/opt/rustwide/rustup-home:ro,Z" "-e" "SOURCE_DIR=/opt/rustwide/workdir" "-e" "CARGO_TARGET_DIR=/opt/rustwide/target" "-e" "CARGO_INCREMENTAL=0" "-e" "RUST_BACKTRACE=full" "-e" "RUSTFLAGS=--cap-lints=warn" "-e" "RUSTDOCFLAGS=--cap-lints=warn" "-e" "CARGO_HOME=/opt/rustwide/cargo-home" "-e" "RUSTUP_HOME=/opt/rustwide/rustup-home" "-w" "/opt/rustwide/workdir" "-m" "1610612736" "--user" "0:0" "--network" "none" "ghcr.io/rust-lang/crates-build-env/linux@sha256:2788e3201cd34a07e3172128adcd8b3090168a8e3bcc40d7c032b9dda1df7d1c" "/opt/rustwide/cargo-home/bin/cargo" "+1.75.0" "test" "--frozen", kill_on_drop: false }`
[INFO] [stdout] 42cbf79c0f39b02a0de56dd14e73d2fea5760cb74cdcf97b8a9acd3703056f0b
[INFO] running `Command { std: "docker" "start" "-a" "42cbf79c0f39b02a0de56dd14e73d2fea5760cb74cdcf97b8a9acd3703056f0b", kill_on_drop: false }`
[INFO] [stderr] warning: unused import: `str::FromStr`
[INFO] [stderr]  --> src/middleware.rs:3:5
[INFO] [stderr]   |
[INFO] [stderr] 3 |     str::FromStr,
[INFO] [stderr]   |     ^^^^^^^^^^^^
[INFO] [stderr]   |
[INFO] [stderr]   = note: `#[warn(unused_imports)]` on by default
[INFO] [stderr] 
[INFO] [stderr] warning: unused imports: `CoreGenderClaim`, `CoreIdTokenFields`, `CoreJsonWebKeyType`, `CoreJweContentEncryptionAlgorithm`, `CoreJwsSigningAlgorithm`, `ExtraTokenFields`, `IdTokenFields`, `RefreshToken`, `StandardTokenResponse`, `TokenType`
[INFO] [stderr]   --> src/middleware.rs:20:33
[INFO] [stderr]    |
[INFO] [stderr] 20 |         CoreAuthenticationFlow, CoreGenderClaim, CoreIdTokenFields, CoreJsonWebKeyType,
[INFO] [stderr]    |                                 ^^^^^^^^^^^^^^^  ^^^^^^^^^^^^^^^^^  ^^^^^^^^^^^^^^^^^^
[INFO] [stderr] 21 |         CoreJweContentEncryptionAlgorithm, CoreJwsSigningAlgorithm,
[INFO] [stderr]    |         ^^^^^^^^^^^^^^^^^^^^^^^^^^^^^^^^^  ^^^^^^^^^^^^^^^^^^^^^^^
[INFO] [stderr] ...
[INFO] [stderr] 24 |     AccessTokenHash, AuthorizationCode, CsrfToken, ExtraTokenFields, IdTokenFields, Nonce,
[INFO] [stderr]    |                                                    ^^^^^^^^^^^^^^^^  ^^^^^^^^^^^^^
[INFO] [stderr] 25 |     OAuth2TokenResponse, PkceCodeChallenge, PkceCodeVerifier, RedirectUrl, RefreshToken, Scope,
[INFO] [stderr]    |                                                                            ^^^^^^^^^^^^
[INFO] [stderr] 26 |     StandardTokenResponse, TokenResponse, TokenType,
[INFO] [stderr]    |     ^^^^^^^^^^^^^^^^^^^^^                 ^^^^^^^^^
[INFO] [stderr] 
[INFO] [stderr] warning: unused import: `IdToken`
[INFO] [stderr]   --> src/middleware.rs:32:33
[INFO] [stderr]    |
[INFO] [stderr] 32 |     AdditionalClaims, BoxError, IdToken, OidcClient, OidcQuery, OidcSession, SESSION_KEY,
[INFO] [stderr]    |                                 ^^^^^^^
[INFO] [stderr] 
[INFO] [stderr] warning: `axum-oidc` (lib) generated 3 warnings (run `cargo fix --lib -p axum-oidc` to apply 3 suggestions)
[INFO] [stderr] warning: `axum-oidc` (lib test) generated 3 warnings (3 duplicates)
[INFO] [stderr]     Finished test [unoptimized + debuginfo] target(s) in 0.20s
[INFO] [stderr]      Running unittests src/lib.rs (/opt/rustwide/target/debug/deps/axum_oidc-d5b5deb7daba6d3a)
[INFO] [stdout] 
[INFO] [stdout] running 0 tests
[INFO] [stdout] 
[INFO] [stdout] test result: ok. 0 passed; 0 failed; 0 ignored; 0 measured; 0 filtered out; finished in 0.00s
[INFO] [stdout] 
[INFO] [stderr]    Doc-tests axum-oidc
[INFO] [stdout] 
[INFO] [stdout] running 1 test
[INFO] [stdout] test src/lib.rs - (line 18) ... FAILED
[INFO] [stdout] 
[INFO] [stdout] failures:
[INFO] [stdout] 
[INFO] [stdout] ---- src/lib.rs - (line 18) stdout ----
[INFO] [stdout] error[E0433]: failed to resolve: use of undeclared crate or module `tokio`
[INFO] [stdout]  --> src/lib.rs:19:3
[INFO] [stdout]   |
[INFO] [stdout] 2 | #[tokio::main]
[INFO] [stdout]   |   ^^^^^ use of undeclared crate or module `tokio`
[INFO] [stdout] 
[INFO] [stdout] error[E0433]: failed to resolve: could not find `Server` in `axum`
[INFO] [stdout]   --> src/lib.rs:55:11
[INFO] [stdout]    |
[INFO] [stdout] 38 |     axum::Server::bind(&"[::]:8080".parse().unwrap())
[INFO] [stdout]    |           ^^^^^^ could not find `Server` in `axum`
[INFO] [stdout] 
[INFO] [stdout] error[E0433]: failed to resolve: use of undeclared type `HandleErrorLayer`
[INFO] [stdout]  --> src/lib.rs:24:16
[INFO] [stdout]   |
[INFO] [stdout] 7 |         .layer(HandleErrorLayer::new(|_: BoxError| async {
[INFO] [stdout]   |                ^^^^^^^^^^^^^^^^ use of undeclared type `HandleErrorLayer`
[INFO] [stdout]   |
[INFO] [stdout] help: consider importing this struct
[INFO] [stdout]   |
[INFO] [stdout] 2 + use axum::error_handling::HandleErrorLayer;
[INFO] [stdout]   |
[INFO] [stdout] 
[INFO] [stdout] error[E0412]: cannot find type `BoxError` in this scope
[INFO] [stdout]  --> src/lib.rs:24:42
[INFO] [stdout]   |
[INFO] [stdout] 7 |         .layer(HandleErrorLayer::new(|_: BoxError| async {
[INFO] [stdout]   |                                          ^^^^^^^^ not found in this scope
[INFO] [stdout]   |
[INFO] [stdout] help: consider importing one of these items
[INFO] [stdout]   |
[INFO] [stdout] 2 + use axum::BoxError;
[INFO] [stdout]   |
[INFO] [stdout] 2 + use axum_core::BoxError;
[INFO] [stdout]   |
[INFO] [stdout] 2 + use axum_oidc::BoxError;
[INFO] [stdout]   |
[INFO] [stdout] 
[INFO] [stdout] error[E0433]: failed to resolve: use of undeclared type `StatusCode`
[INFO] [stdout]  --> src/lib.rs:25:13
[INFO] [stdout]   |
[INFO] [stdout] 8 |             StatusCode::BAD_REQUEST
[INFO] [stdout]   |             ^^^^^^^^^^ use of undeclared type `StatusCode`
[INFO] [stdout]   |
[INFO] [stdout] help: consider importing one of these items
[INFO] [stdout]   |
[INFO] [stdout] 2 + use http::StatusCode;
[INFO] [stdout]   |
[INFO] [stdout] 2 + use reqwest::StatusCode;
[INFO] [stdout]   |
[INFO] [stdout] 
[INFO] [stdout] error[E0433]: failed to resolve: use of undeclared type `SessionManagerLayer`
[INFO] [stdout]   --> src/lib.rs:27:16
[INFO] [stdout]    |
[INFO] [stdout] 10 |         .layer(SessionManagerLayer::new(session_store).with_same_site(SameSite::Lax));
[INFO] [stdout]    |                ^^^^^^^^^^^^^^^^^^^ use of undeclared type `SessionManagerLayer`
[INFO] [stdout]    |
[INFO] [stdout] help: consider importing this struct
[INFO] [stdout]    |
[INFO] [stdout] 2  + use tower_sessions::SessionManagerLayer;
[INFO] [stdout]    |
[INFO] [stdout] 
[INFO] [stdout] error[E0433]: failed to resolve: use of undeclared type `HandleErrorLayer`
[INFO] [stdout]   --> src/lib.rs:30:16
[INFO] [stdout]    |
[INFO] [stdout] 13 |         .layer(HandleErrorLayer::new(|e: MiddlewareError| async {
[INFO] [stdout]    |                ^^^^^^^^^^^^^^^^ use of undeclared type `HandleErrorLayer`
[INFO] [stdout]    |
[INFO] [stdout] help: consider importing this struct
[INFO] [stdout]    |
[INFO] [stdout] 2  + use axum::error_handling::HandleErrorLayer;
[INFO] [stdout]    |
[INFO] [stdout] 
[INFO] [stdout] error[E0412]: cannot find type `MiddlewareError` in this scope
[INFO] [stdout]   --> src/lib.rs:30:42
[INFO] [stdout]    |
[INFO] [stdout] 13 |         .layer(HandleErrorLayer::new(|e: MiddlewareError| async {
[INFO] [stdout]    |                                          ^^^^^^^^^^^^^^^ not found in this scope
[INFO] [stdout]    |
[INFO] [stdout] help: consider importing this enum
[INFO] [stdout]    |
[INFO] [stdout] 2  + use axum_oidc::error::MiddlewareError;
[INFO] [stdout]    |
[INFO] [stdout] 
[INFO] [stdout] error[E0433]: failed to resolve: use of undeclared type `OidcLoginLayer`
[INFO] [stdout]   --> src/lib.rs:33:16
[INFO] [stdout]    |
[INFO] [stdout] 16 |         .layer(OidcLoginLayer::<EmptyAdditionalClaims>::new());
[INFO] [stdout]    |                ^^^^^^^^^^^^^^ use of undeclared type `OidcLoginLayer`
[INFO] [stdout]    |
[INFO] [stdout] help: consider importing this struct
[INFO] [stdout]    |
[INFO] [stdout] 2  + use axum_oidc::OidcLoginLayer;
[INFO] [stdout]    |
[INFO] [stdout] 
[INFO] [stdout] error[E0412]: cannot find type `EmptyAdditionalClaims` in this scope
[INFO] [stdout]   --> src/lib.rs:33:33
[INFO] [stdout]    |
[INFO] [stdout] 16 |         .layer(OidcLoginLayer::<EmptyAdditionalClaims>::new());
[INFO] [stdout]    |                                 ^^^^^^^^^^^^^^^^^^^^^ not found in this scope
[INFO] [stdout]    |
[INFO] [stdout] help: consider importing one of these items
[INFO] [stdout]    |
[INFO] [stdout] 2  + use axum_oidc::EmptyAdditionalClaims;
[INFO] [stdout]    |
[INFO] [stdout] 2  + use openidconnect::EmptyAdditionalClaims;
[INFO] [stdout]    |
[INFO] [stdout] 
[INFO] [stdout] error[E0433]: failed to resolve: use of undeclared type `HandleErrorLayer`
[INFO] [stdout]   --> src/lib.rs:36:16
[INFO] [stdout]    |
[INFO] [stdout] 19 |         .layer(HandleErrorLayer::new(|e: MiddlewareError| async {
[INFO] [stdout]    |                ^^^^^^^^^^^^^^^^ use of undeclared type `HandleErrorLayer`
[INFO] [stdout]    |
[INFO] [stdout] help: consider importing this struct
[INFO] [stdout]    |
[INFO] [stdout] 2  + use axum::error_handling::HandleErrorLayer;
[INFO] [stdout]    |
[INFO] [stdout] 
[INFO] [stdout] error[E0412]: cannot find type `MiddlewareError` in this scope
[INFO] [stdout]   --> src/lib.rs:36:42
[INFO] [stderr] error: doctest failed, to rerun pass `--doc`
[INFO] [stdout]    |
[INFO] [stdout] 19 |         .layer(HandleErrorLayer::new(|e: MiddlewareError| async {
[INFO] [stdout]    |                                          ^^^^^^^^^^^^^^^ not found in this scope
[INFO] [stdout]    |
[INFO] [stdout] help: consider importing this enum
[INFO] [stdout]    |
[INFO] [stdout] 2  + use axum_oidc::error::MiddlewareError;
[INFO] [stdout]    |
[INFO] [stdout] 
[INFO] [stdout] error[E0433]: failed to resolve: use of undeclared type `OidcAuthLayer`
[INFO] [stdout]   --> src/lib.rs:40:13
[INFO] [stdout]    |
[INFO] [stdout] 23 |             OidcAuthLayer::<EmptyAdditionalClaims>::discover_client(
[INFO] [stdout]    |             ^^^^^^^^^^^^^ use of undeclared type `OidcAuthLayer`
[INFO] [stdout]    |
[INFO] [stdout] help: consider importing this struct
[INFO] [stdout]    |
[INFO] [stdout] 2  + use axum_oidc::OidcAuthLayer;
[INFO] [stdout]    |
[INFO] [stdout] 
[INFO] [stdout] error[E0412]: cannot find type `EmptyAdditionalClaims` in this scope
[INFO] [stdout]   --> src/lib.rs:40:29
[INFO] [stdout]    |
[INFO] [stdout] 23 |             OidcAuthLayer::<EmptyAdditionalClaims>::discover_client(
[INFO] [stdout]    |                             ^^^^^^^^^^^^^^^^^^^^^ not found in this scope
[INFO] [stdout]    |
[INFO] [stdout] help: consider importing one of these items
[INFO] [stdout]    |
[INFO] [stdout] 2  + use axum_oidc::EmptyAdditionalClaims;
[INFO] [stdout]    |
[INFO] [stdout] 2  + use openidconnect::EmptyAdditionalClaims;
[INFO] [stdout]    |
[INFO] [stdout] 
[INFO] [stdout] error[E0433]: failed to resolve: use of undeclared type `Uri`
[INFO] [stdout]   --> src/lib.rs:41:17
[INFO] [stdout]    |
[INFO] [stdout] 24 |                 Uri::from_static("https://example.com"),
[INFO] [stdout]    |                 ^^^ use of undeclared type `Uri`
[INFO] [stdout]    |
[INFO] [stdout] help: consider importing this struct
[INFO] [stdout]    |
[INFO] [stdout] 2  + use http::Uri;
[INFO] [stdout]    |
[INFO] [stdout] 
[INFO] [stdout] error[E0433]: failed to resolve: use of undeclared type `Router`
[INFO] [stdout]   --> src/lib.rs:49:15
[INFO] [stdout]    |
[INFO] [stdout] 32 |     let app = Router::new()
[INFO] [stdout]    |               ^^^^^^ use of undeclared type `Router`
[INFO] [stdout]    |
[INFO] [stdout] help: consider importing this struct
[INFO] [stdout]    |
[INFO] [stdout] 2  + use axum::Router;
[INFO] [stdout]    |
[INFO] [stdout] 
[INFO] [stdout] error[E0425]: cannot find function `get` in this scope
[INFO] [stdout]   --> src/lib.rs:50:21
[INFO] [stdout]    |
[INFO] [stdout] 33 |         .route("/", get(|| async { "Hello, authenticated World!" }))
[INFO] [stdout]    |                     ^^^ not found in this scope
[INFO] [stdout]    |
[INFO] [stdout] help: consider importing one of these items
[INFO] [stdout]    |
[INFO] [stdout] 2  + use axum::routing::get;
[INFO] [stdout]    |
[INFO] [stdout] 2  + use reqwest::blocking::get;
[INFO] [stdout]    |
[INFO] [stdout] 2  + use reqwest::get;
[INFO] [stdout]    |
[INFO] [stdout] 
[INFO] [stdout] error[E0433]: failed to resolve: use of undeclared type `MemoryStore`
[INFO] [stdout]  --> src/lib.rs:22:25
[INFO] [stdout]   |
[INFO] [stdout] 5 |     let session_store = MemoryStore::default();
[INFO] [stdout]   |                         ^^^^^^^^^^^ use of undeclared type `MemoryStore`
[INFO] [stdout] 
[INFO] [stdout] error[E0433]: failed to resolve: use of undeclared type `ServiceBuilder`
[INFO] [stdout]  --> src/lib.rs:23:27
[INFO] [stdout]   |
[INFO] [stdout] 6 |     let session_service = ServiceBuilder::new()
[INFO] [stdout]   |                           ^^^^^^^^^^^^^^ use of undeclared type `ServiceBuilder`
[INFO] [stdout] 
[INFO] [stdout] error[E0433]: failed to resolve: use of undeclared type `SameSite`
[INFO] [stdout]   --> src/lib.rs:27:71
[INFO] [stdout]    |
[INFO] [stdout] 10 |         .layer(SessionManagerLayer::new(session_store).with_same_site(SameSite::Lax));
[INFO] [stdout]    |                                                                       ^^^^^^^^ use of undeclared type `SameSite`
[INFO] [stdout] 
[INFO] [stdout] error[E0433]: failed to resolve: use of undeclared type `ServiceBuilder`
[INFO] [stdout]   --> src/lib.rs:29:30
[INFO] [stdout]    |
[INFO] [stdout] 12 |     let oidc_login_service = ServiceBuilder::new()
[INFO] [stdout]    |                              ^^^^^^^^^^^^^^ use of undeclared type `ServiceBuilder`
[INFO] [stdout] 
[INFO] [stdout] error[E0433]: failed to resolve: use of undeclared type `ServiceBuilder`
[INFO] [stdout]   --> src/lib.rs:35:29
[INFO] [stdout]    |
[INFO] [stdout] 18 |     let oidc_auth_service = ServiceBuilder::new()
[INFO] [stdout]    |                             ^^^^^^^^^^^^^^ use of undeclared type `ServiceBuilder`
[INFO] [stdout] 
[INFO] [stdout] error[E0752]: `main` function is not allowed to be `async`
[INFO] [stdout]  --> src/lib.rs:20:1
[INFO] [stdout]   |
[INFO] [stdout] 3 | async fn main() {
[INFO] [stdout]   | ^^^^^^^^^^^^^^^ `main` function is not allowed to be `async`
[INFO] [stdout] 
[INFO] [stdout] error: aborting due to 23 previous errors
[INFO] [stdout] 
[INFO] [stdout] Some errors have detailed explanations: E0412, E0425, E0433, E0752.
[INFO] [stdout] For more information about an error, try `rustc --explain E0412`.
[INFO] [stdout] Couldn't compile the test.
[INFO] [stdout] 
[INFO] [stdout] failures:
[INFO] [stdout]     src/lib.rs - (line 18)
[INFO] [stdout] 
[INFO] [stdout] test result: FAILED. 0 passed; 1 failed; 0 ignored; 0 measured; 0 filtered out; finished in 0.18s
[INFO] [stdout] 
[INFO] running `Command { std: "docker" "inspect" "42cbf79c0f39b02a0de56dd14e73d2fea5760cb74cdcf97b8a9acd3703056f0b", kill_on_drop: false }`
[INFO] running `Command { std: "docker" "rm" "-f" "42cbf79c0f39b02a0de56dd14e73d2fea5760cb74cdcf97b8a9acd3703056f0b", kill_on_drop: false }`
[INFO] [stdout] 42cbf79c0f39b02a0de56dd14e73d2fea5760cb74cdcf97b8a9acd3703056f0b
[INFO] testing axum-oidc-0.1.1 against beta-2023-12-22 for beta-1.76-1
[INFO] extracting crate axum-oidc 0.1.1 into /workspace/builds/worker-7-tc2/source
[INFO] validating manifest of crates.io crate axum-oidc 0.1.1 on toolchain beta-2023-12-22
[INFO] running `Command { std: CARGO_HOME="/workspace/cargo-home" RUSTUP_HOME="/workspace/rustup-home" "/workspace/cargo-home/bin/cargo" "+beta-2023-12-22" "metadata" "--manifest-path" "Cargo.toml" "--no-deps", kill_on_drop: false }`
[INFO] started tweaking crates.io crate axum-oidc 0.1.1
[INFO] finished tweaking crates.io crate axum-oidc 0.1.1
[INFO] tweaked toml for crates.io crate axum-oidc 0.1.1 written to /workspace/builds/worker-7-tc2/source/Cargo.toml
[INFO] running `Command { std: CARGO_HOME="/workspace/cargo-home" RUSTUP_HOME="/workspace/rustup-home" "/workspace/cargo-home/bin/cargo" "+beta-2023-12-22" "generate-lockfile" "--manifest-path" "Cargo.toml", kill_on_drop: false }`
[INFO] [stderr]     Updating crates.io index
[INFO] running `Command { std: CARGO_HOME="/workspace/cargo-home" RUSTUP_HOME="/workspace/rustup-home" "/workspace/cargo-home/bin/cargo" "+beta-2023-12-22" "fetch" "--manifest-path" "Cargo.toml", kill_on_drop: false }`
[INFO] running `Command { std: "docker" "create" "-v" "/var/lib/crater-agent-workspace/builds/worker-7-tc2/target:/opt/rustwide/target:rw,Z" "-v" "/var/lib/crater-agent-workspace/builds/worker-7-tc2/source:/opt/rustwide/workdir:ro,Z" "-v" "/var/lib/crater-agent-workspace/cargo-home:/opt/rustwide/cargo-home:ro,Z" "-v" "/var/lib/crater-agent-workspace/rustup-home:/opt/rustwide/rustup-home:ro,Z" "-e" "SOURCE_DIR=/opt/rustwide/workdir" "-e" "CARGO_TARGET_DIR=/opt/rustwide/target" "-e" "CARGO_HOME=/opt/rustwide/cargo-home" "-e" "RUSTUP_HOME=/opt/rustwide/rustup-home" "-w" "/opt/rustwide/workdir" "-m" "1610612736" "--user" "0:0" "--network" "none" "ghcr.io/rust-lang/crates-build-env/linux@sha256:2788e3201cd34a07e3172128adcd8b3090168a8e3bcc40d7c032b9dda1df7d1c" "/opt/rustwide/cargo-home/bin/cargo" "+beta-2023-12-22" "metadata" "--no-deps" "--format-version=1", kill_on_drop: false }`
[INFO] [stdout] 8690f654acfb2424e8e476060e1dd23456a3d40b10e527013d37c0f532c57248
[INFO] running `Command { std: "docker" "start" "-a" "8690f654acfb2424e8e476060e1dd23456a3d40b10e527013d37c0f532c57248", kill_on_drop: false }`
[INFO] running `Command { std: "docker" "inspect" "8690f654acfb2424e8e476060e1dd23456a3d40b10e527013d37c0f532c57248", kill_on_drop: false }`
[INFO] running `Command { std: "docker" "rm" "-f" "8690f654acfb2424e8e476060e1dd23456a3d40b10e527013d37c0f532c57248", kill_on_drop: false }`
[INFO] [stdout] 8690f654acfb2424e8e476060e1dd23456a3d40b10e527013d37c0f532c57248
[INFO] running `Command { std: "docker" "create" "-v" "/var/lib/crater-agent-workspace/builds/worker-7-tc2/target:/opt/rustwide/target:rw,Z" "-v" "/var/lib/crater-agent-workspace/builds/worker-7-tc2/source:/opt/rustwide/workdir:ro,Z" "-v" "/var/lib/crater-agent-workspace/cargo-home:/opt/rustwide/cargo-home:ro,Z" "-v" "/var/lib/crater-agent-workspace/rustup-home:/opt/rustwide/rustup-home:ro,Z" "-e" "SOURCE_DIR=/opt/rustwide/workdir" "-e" "CARGO_TARGET_DIR=/opt/rustwide/target" "-e" "CARGO_INCREMENTAL=0" "-e" "RUST_BACKTRACE=full" "-e" "RUSTFLAGS=--cap-lints=warn" "-e" "RUSTDOCFLAGS=--cap-lints=warn" "-e" "CARGO_HOME=/opt/rustwide/cargo-home" "-e" "RUSTUP_HOME=/opt/rustwide/rustup-home" "-w" "/opt/rustwide/workdir" "-m" "1610612736" "--user" "0:0" "--network" "none" "ghcr.io/rust-lang/crates-build-env/linux@sha256:2788e3201cd34a07e3172128adcd8b3090168a8e3bcc40d7c032b9dda1df7d1c" "/opt/rustwide/cargo-home/bin/cargo" "+beta-2023-12-22" "build" "--frozen" "--message-format=json", kill_on_drop: false }`
[INFO] [stdout] 9e25efe2d5acd344e32ee75facbd3251e7282b96468c0556918c29ac6f906199
[INFO] running `Command { std: "docker" "start" "-a" "9e25efe2d5acd344e32ee75facbd3251e7282b96468c0556918c29ac6f906199", kill_on_drop: false }`
[INFO] [stderr]    Compiling serde v1.0.194
[INFO] [stderr]    Compiling const-oid v0.9.6
[INFO] [stderr]    Compiling subtle v2.5.0
[INFO] [stderr]    Compiling generic-array v0.14.7
[INFO] [stderr]    Compiling libc v0.2.151
[INFO] [stderr]    Compiling base64ct v1.6.0
[INFO] [stderr]    Compiling num-traits v0.2.17
[INFO] [stderr]    Compiling futures-macro v0.3.30
[INFO] [stderr]    Compiling rustversion v1.0.14
[INFO] [stderr]    Compiling tokio v1.35.1
[INFO] [stderr]    Compiling tracing v0.1.40
[INFO] [stderr]    Compiling futures-channel v0.3.30
[INFO] [stderr]    Compiling rustls v0.21.10
[INFO] [stderr]    Compiling base16ct v0.2.0
[INFO] [stderr]    Compiling num-integer v0.1.45
[INFO] [stderr]    Compiling lock_api v0.4.11
[INFO] [stderr]    Compiling ff v0.13.0
[INFO] [stderr]    Compiling pem-rfc7468 v0.7.0
[INFO] [stderr]    Compiling ident_case v1.0.1
[INFO] [stderr]    Compiling strsim v0.10.0
[INFO] [stderr]    Compiling unicode-normalization v0.1.22
[INFO] [stderr]    Compiling group v0.13.0
[INFO] [stderr]    Compiling num-iter v0.1.43
[INFO] [stderr]    Compiling platforms v3.3.0
[INFO] [stderr]    Compiling unicode-bidi v0.3.14
[INFO] [stderr]    Compiling darling_core v0.20.3
[INFO] [stderr]    Compiling time-macros v0.2.16
[INFO] [stderr]    Compiling cookie v0.17.0
[INFO] [stderr]    Compiling der v0.7.8
[INFO] [stderr]    Compiling curve25519-dalek v4.1.1
[INFO] [stderr]    Compiling num-bigint-dig v0.8.4
[INFO] [stderr]    Compiling lazy_static v1.4.0
[INFO] [stderr]    Compiling idna v0.5.0
[INFO] [stderr]    Compiling curve25519-dalek-derive v0.1.1
[INFO] [stderr]    Compiling encoding_rs v0.8.33
[INFO] [stderr]    Compiling crypto-common v0.1.6
[INFO] [stderr]    Compiling block-buffer v0.10.4
[INFO] [stderr]    Compiling crypto-bigint v0.5.5
[INFO] [stderr]    Compiling digest v0.10.7
[INFO] [stderr]    Compiling cc v1.0.83
[INFO] [stderr]    Compiling axum-core v0.3.4
[INFO] [stderr]    Compiling ipnet v2.9.0
[INFO] [stderr]    Compiling hmac v0.12.1
[INFO] [stderr]    Compiling signature v2.2.0
[INFO] [stderr]    Compiling hkdf v0.12.4
[INFO] [stderr]    Compiling sha2 v0.10.8
[INFO] [stderr]    Compiling rfc6979 v0.4.0
[INFO] [stderr]    Compiling byteorder v1.5.0
[INFO] [stderr]    Compiling futures-util v0.3.30
[INFO] [stderr]    Compiling spki v0.7.3
[INFO] [stderr]    Compiling webpki-roots v0.25.3
[INFO] [stderr]    Compiling ordered-float v2.10.1
[INFO] [stderr]    Compiling axum v0.6.20
[INFO] [stderr]    Compiling pkcs8 v0.10.2
[INFO] [stderr]    Compiling base64 v0.13.1
[INFO] [stderr]    Compiling either v1.9.0
[INFO] [stderr]    Compiling sec1 v0.7.3
[INFO] [stderr]    Compiling ed25519 v2.2.3
[INFO] [stderr]    Compiling pkcs1 v0.7.5
[INFO] [stderr]    Compiling itertools v0.10.5
[INFO] [stderr]    Compiling sync_wrapper v0.1.2
[INFO] [stderr]    Compiling matchit v0.7.3
[INFO] [stderr]    Compiling ring v0.17.7
[INFO] [stderr]    Compiling dyn-clone v1.0.16
[INFO] [stderr]    Compiling elliptic-curve v0.13.8
[INFO] [stderr]    Compiling ed25519-dalek v2.1.0
[INFO] [stderr]    Compiling ecdsa v0.16.9
[INFO] [stderr]    Compiling primeorder v0.13.6
[INFO] [stderr]    Compiling darling_macro v0.20.3
[INFO] [stderr]    Compiling p384 v0.13.0
[INFO] [stderr]    Compiling p256 v0.13.2
[INFO] [stderr]    Compiling rsa v0.9.6
[INFO] [stderr]    Compiling deranged v0.3.11
[INFO] [stderr]    Compiling serde_urlencoded v0.7.1
[INFO] [stderr]    Compiling url v2.5.0
[INFO] [stderr]    Compiling serde_json v1.0.111
[INFO] [stderr]    Compiling chrono v0.4.31
[INFO] [stderr]    Compiling serde_path_to_error v0.1.15
[INFO] [stderr]    Compiling serde_plain v1.0.2
[INFO] [stderr]    Compiling serde-value v0.7.0
[INFO] [stderr]    Compiling uuid v1.6.1
[INFO] [stderr]    Compiling darling v0.20.3
[INFO] [stderr]    Compiling parking_lot v0.12.1
[INFO] [stderr]    Compiling serde_with_macros v3.4.0
[INFO] [stderr]    Compiling dashmap v5.5.3
[INFO] [stderr]    Compiling tokio-util v0.7.10
[INFO] [stderr]    Compiling time v0.3.31
[INFO] [stderr]    Compiling tower v0.4.13
[INFO] [stderr]    Compiling futures v0.3.30
[INFO] [stderr]    Compiling h2 v0.3.22
[INFO] [stderr]    Compiling serde_with v3.4.0
[INFO] [stderr]    Compiling tower-cookies v0.9.0
[INFO] [stderr]    Compiling tower-sessions v0.4.3
[INFO] [stderr]    Compiling rustls-webpki v0.101.7
[INFO] [stderr]    Compiling sct v0.7.1
[INFO] [stderr]    Compiling hyper v0.14.28
[INFO] [stderr]    Compiling tokio-rustls v0.24.1
[INFO] [stderr]    Compiling hyper-rustls v0.24.2
[INFO] [stderr]    Compiling reqwest v0.11.23
[INFO] [stderr]    Compiling oauth2 v4.4.2
[INFO] [stderr]    Compiling openidconnect v3.4.0
[INFO] [stderr]    Compiling axum-oidc v0.1.1 (/opt/rustwide/workdir)
[INFO] [stdout] warning: unused import: `str::FromStr`
[INFO] [stdout]  --> src/middleware.rs:3:5
[INFO] [stdout]   |
[INFO] [stdout] 3 |     str::FromStr,
[INFO] [stdout]   |     ^^^^^^^^^^^^
[INFO] [stdout]   |
[INFO] [stdout]   = note: `#[warn(unused_imports)]` on by default
[INFO] [stdout] 
[INFO] [stdout] 
[INFO] [stdout] warning: unused imports: `CoreGenderClaim`, `CoreIdTokenFields`, `CoreJsonWebKeyType`, `CoreJweContentEncryptionAlgorithm`, `CoreJwsSigningAlgorithm`, `ExtraTokenFields`, `IdTokenFields`, `RefreshToken`, `StandardTokenResponse`, `TokenType`
[INFO] [stdout]   --> src/middleware.rs:20:33
[INFO] [stdout]    |
[INFO] [stdout] 20 |         CoreAuthenticationFlow, CoreGenderClaim, CoreIdTokenFields, CoreJsonWebKeyType,
[INFO] [stdout]    |                                 ^^^^^^^^^^^^^^^  ^^^^^^^^^^^^^^^^^  ^^^^^^^^^^^^^^^^^^
[INFO] [stdout] 21 |         CoreJweContentEncryptionAlgorithm, CoreJwsSigningAlgorithm,
[INFO] [stdout]    |         ^^^^^^^^^^^^^^^^^^^^^^^^^^^^^^^^^  ^^^^^^^^^^^^^^^^^^^^^^^
[INFO] [stdout] ...
[INFO] [stdout] 24 |     AccessTokenHash, AuthorizationCode, CsrfToken, ExtraTokenFields, IdTokenFields, Nonce,
[INFO] [stdout]    |                                                    ^^^^^^^^^^^^^^^^  ^^^^^^^^^^^^^
[INFO] [stdout] 25 |     OAuth2TokenResponse, PkceCodeChallenge, PkceCodeVerifier, RedirectUrl, RefreshToken, Scope,
[INFO] [stdout]    |                                                                            ^^^^^^^^^^^^
[INFO] [stdout] 26 |     StandardTokenResponse, TokenResponse, TokenType,
[INFO] [stdout]    |     ^^^^^^^^^^^^^^^^^^^^^                 ^^^^^^^^^
[INFO] [stdout] 
[INFO] [stdout] 
[INFO] [stdout] warning: unused import: `IdToken`
[INFO] [stdout]   --> src/middleware.rs:32:33
[INFO] [stdout]    |
[INFO] [stdout] 32 |     AdditionalClaims, BoxError, IdToken, OidcClient, OidcQuery, OidcSession, SESSION_KEY,
[INFO] [stdout]    |                                 ^^^^^^^
[INFO] [stdout] 
[INFO] [stdout] 
[INFO] [stdout] warning: 3 warnings emitted
[INFO] [stdout] 
[INFO] [stdout] 
[INFO] [stderr]     Finished dev [unoptimized + debuginfo] target(s) in 21.04s
[INFO] running `Command { std: "docker" "inspect" "9e25efe2d5acd344e32ee75facbd3251e7282b96468c0556918c29ac6f906199", kill_on_drop: false }`
[INFO] running `Command { std: "docker" "rm" "-f" "9e25efe2d5acd344e32ee75facbd3251e7282b96468c0556918c29ac6f906199", kill_on_drop: false }`
[INFO] [stdout] 9e25efe2d5acd344e32ee75facbd3251e7282b96468c0556918c29ac6f906199
[INFO] running `Command { std: "docker" "create" "-v" "/var/lib/crater-agent-workspace/builds/worker-7-tc2/target:/opt/rustwide/target:rw,Z" "-v" "/var/lib/crater-agent-workspace/builds/worker-7-tc2/source:/opt/rustwide/workdir:ro,Z" "-v" "/var/lib/crater-agent-workspace/cargo-home:/opt/rustwide/cargo-home:ro,Z" "-v" "/var/lib/crater-agent-workspace/rustup-home:/opt/rustwide/rustup-home:ro,Z" "-e" "SOURCE_DIR=/opt/rustwide/workdir" "-e" "CARGO_TARGET_DIR=/opt/rustwide/target" "-e" "CARGO_INCREMENTAL=0" "-e" "RUST_BACKTRACE=full" "-e" "RUSTFLAGS=--cap-lints=warn" "-e" "RUSTDOCFLAGS=--cap-lints=warn" "-e" "CARGO_HOME=/opt/rustwide/cargo-home" "-e" "RUSTUP_HOME=/opt/rustwide/rustup-home" "-w" "/opt/rustwide/workdir" "-m" "1610612736" "--user" "0:0" "--network" "none" "ghcr.io/rust-lang/crates-build-env/linux@sha256:2788e3201cd34a07e3172128adcd8b3090168a8e3bcc40d7c032b9dda1df7d1c" "/opt/rustwide/cargo-home/bin/cargo" "+beta-2023-12-22" "test" "--frozen" "--no-run" "--message-format=json", kill_on_drop: false }`
[INFO] [stdout] 6d51bc0b8455deab3c17e81962b1a912b62bd7db475843c95d754b179302ddc8
[INFO] running `Command { std: "docker" "start" "-a" "6d51bc0b8455deab3c17e81962b1a912b62bd7db475843c95d754b179302ddc8", kill_on_drop: false }`
[INFO] [stdout] warning: unused import: `str::FromStr`
[INFO] [stdout]  --> src/middleware.rs:3:5
[INFO] [stdout]   |
[INFO] [stdout] 3 |     str::FromStr,
[INFO] [stdout]   |     ^^^^^^^^^^^^
[INFO] [stdout]   |
[INFO] [stdout]   = note: `#[warn(unused_imports)]` on by default
[INFO] [stdout] 
[INFO] [stdout] 
[INFO] [stdout] warning: unused imports: `CoreGenderClaim`, `CoreIdTokenFields`, `CoreJsonWebKeyType`, `CoreJweContentEncryptionAlgorithm`, `CoreJwsSigningAlgorithm`, `ExtraTokenFields`, `IdTokenFields`, `RefreshToken`, `StandardTokenResponse`, `TokenType`
[INFO] [stdout]   --> src/middleware.rs:20:33
[INFO] [stdout]    |
[INFO] [stdout] 20 |         CoreAuthenticationFlow, CoreGenderClaim, CoreIdTokenFields, CoreJsonWebKeyType,
[INFO] [stdout]    |                                 ^^^^^^^^^^^^^^^  ^^^^^^^^^^^^^^^^^  ^^^^^^^^^^^^^^^^^^
[INFO] [stdout] 21 |         CoreJweContentEncryptionAlgorithm, CoreJwsSigningAlgorithm,
[INFO] [stdout]    |         ^^^^^^^^^^^^^^^^^^^^^^^^^^^^^^^^^  ^^^^^^^^^^^^^^^^^^^^^^^
[INFO] [stdout] ...
[INFO] [stdout] 24 |     AccessTokenHash, AuthorizationCode, CsrfToken, ExtraTokenFields, IdTokenFields, Nonce,
[INFO] [stdout]    |                                                    ^^^^^^^^^^^^^^^^  ^^^^^^^^^^^^^
[INFO] [stdout] 25 |     OAuth2TokenResponse, PkceCodeChallenge, PkceCodeVerifier, RedirectUrl, RefreshToken, Scope,
[INFO] [stdout]    |                                                                            ^^^^^^^^^^^^
[INFO] [stdout] 26 |     StandardTokenResponse, TokenResponse, TokenType,
[INFO] [stdout]    |     ^^^^^^^^^^^^^^^^^^^^^                 ^^^^^^^^^
[INFO] [stdout] 
[INFO] [stdout] 
[INFO] [stderr]    Compiling axum-oidc v0.1.1 (/opt/rustwide/workdir)
[INFO] [stdout] warning: unused import: `IdToken`
[INFO] [stdout]   --> src/middleware.rs:32:33
[INFO] [stdout]    |
[INFO] [stdout] 32 |     AdditionalClaims, BoxError, IdToken, OidcClient, OidcQuery, OidcSession, SESSION_KEY,
[INFO] [stdout]    |                                 ^^^^^^^
[INFO] [stdout] 
[INFO] [stdout] 
[INFO] [stdout] warning: 3 warnings emitted
[INFO] [stdout] 
[INFO] [stdout] 
[INFO] [stdout] warning: unused import: `str::FromStr`
[INFO] [stdout]  --> src/middleware.rs:3:5
[INFO] [stdout]   |
[INFO] [stdout] 3 |     str::FromStr,
[INFO] [stdout]   |     ^^^^^^^^^^^^
[INFO] [stdout]   |
[INFO] [stdout]   = note: `#[warn(unused_imports)]` on by default
[INFO] [stdout] 
[INFO] [stdout] 
[INFO] [stdout] warning: unused imports: `CoreGenderClaim`, `CoreIdTokenFields`, `CoreJsonWebKeyType`, `CoreJweContentEncryptionAlgorithm`, `CoreJwsSigningAlgorithm`, `ExtraTokenFields`, `IdTokenFields`, `RefreshToken`, `StandardTokenResponse`, `TokenType`
[INFO] [stdout]   --> src/middleware.rs:20:33
[INFO] [stdout]    |
[INFO] [stdout] 20 |         CoreAuthenticationFlow, CoreGenderClaim, CoreIdTokenFields, CoreJsonWebKeyType,
[INFO] [stdout]    |                                 ^^^^^^^^^^^^^^^  ^^^^^^^^^^^^^^^^^  ^^^^^^^^^^^^^^^^^^
[INFO] [stdout] 21 |         CoreJweContentEncryptionAlgorithm, CoreJwsSigningAlgorithm,
[INFO] [stdout]    |         ^^^^^^^^^^^^^^^^^^^^^^^^^^^^^^^^^  ^^^^^^^^^^^^^^^^^^^^^^^
[INFO] [stdout] ...
[INFO] [stdout] 24 |     AccessTokenHash, AuthorizationCode, CsrfToken, ExtraTokenFields, IdTokenFields, Nonce,
[INFO] [stdout]    |                                                    ^^^^^^^^^^^^^^^^  ^^^^^^^^^^^^^
[INFO] [stdout] 25 |     OAuth2TokenResponse, PkceCodeChallenge, PkceCodeVerifier, RedirectUrl, RefreshToken, Scope,
[INFO] [stdout]    |                                                                            ^^^^^^^^^^^^
[INFO] [stdout] 26 |     StandardTokenResponse, TokenResponse, TokenType,
[INFO] [stdout]    |     ^^^^^^^^^^^^^^^^^^^^^                 ^^^^^^^^^
[INFO] [stdout] 
[INFO] [stdout] 
[INFO] [stdout] warning: unused import: `IdToken`
[INFO] [stdout]   --> src/middleware.rs:32:33
[INFO] [stdout]    |
[INFO] [stdout] 32 |     AdditionalClaims, BoxError, IdToken, OidcClient, OidcQuery, OidcSession, SESSION_KEY,
[INFO] [stdout]    |                                 ^^^^^^^
[INFO] [stdout] 
[INFO] [stdout] 
[INFO] [stdout] warning: 3 warnings emitted
[INFO] [stdout] 
[INFO] [stdout] 
[INFO] [stderr]     Finished test [unoptimized + debuginfo] target(s) in 0.99s
[INFO] running `Command { std: "docker" "inspect" "6d51bc0b8455deab3c17e81962b1a912b62bd7db475843c95d754b179302ddc8", kill_on_drop: false }`
[INFO] running `Command { std: "docker" "rm" "-f" "6d51bc0b8455deab3c17e81962b1a912b62bd7db475843c95d754b179302ddc8", kill_on_drop: false }`
[INFO] [stdout] 6d51bc0b8455deab3c17e81962b1a912b62bd7db475843c95d754b179302ddc8
[INFO] running `Command { std: "docker" "create" "-v" "/var/lib/crater-agent-workspace/builds/worker-7-tc2/target:/opt/rustwide/target:rw,Z" "-v" "/var/lib/crater-agent-workspace/builds/worker-7-tc2/source:/opt/rustwide/workdir:ro,Z" "-v" "/var/lib/crater-agent-workspace/cargo-home:/opt/rustwide/cargo-home:ro,Z" "-v" "/var/lib/crater-agent-workspace/rustup-home:/opt/rustwide/rustup-home:ro,Z" "-e" "SOURCE_DIR=/opt/rustwide/workdir" "-e" "CARGO_TARGET_DIR=/opt/rustwide/target" "-e" "CARGO_INCREMENTAL=0" "-e" "RUST_BACKTRACE=full" "-e" "RUSTFLAGS=--cap-lints=warn" "-e" "RUSTDOCFLAGS=--cap-lints=warn" "-e" "CARGO_HOME=/opt/rustwide/cargo-home" "-e" "RUSTUP_HOME=/opt/rustwide/rustup-home" "-w" "/opt/rustwide/workdir" "-m" "1610612736" "--user" "0:0" "--network" "none" "ghcr.io/rust-lang/crates-build-env/linux@sha256:2788e3201cd34a07e3172128adcd8b3090168a8e3bcc40d7c032b9dda1df7d1c" "/opt/rustwide/cargo-home/bin/cargo" "+beta-2023-12-22" "test" "--frozen", kill_on_drop: false }`
[INFO] [stdout] d108bc79375c5077810971e73e146786f890e2d4dbea08b32970e23ab901be86
[INFO] running `Command { std: "docker" "start" "-a" "d108bc79375c5077810971e73e146786f890e2d4dbea08b32970e23ab901be86", kill_on_drop: false }`
[INFO] [stderr] warning: unused import: `str::FromStr`
[INFO] [stderr]  --> src/middleware.rs:3:5
[INFO] [stderr]   |
[INFO] [stderr] 3 |     str::FromStr,
[INFO] [stderr]   |     ^^^^^^^^^^^^
[INFO] [stderr]   |
[INFO] [stderr]   = note: `#[warn(unused_imports)]` on by default
[INFO] [stderr] 
[INFO] [stderr] warning: unused imports: `CoreGenderClaim`, `CoreIdTokenFields`, `CoreJsonWebKeyType`, `CoreJweContentEncryptionAlgorithm`, `CoreJwsSigningAlgorithm`, `ExtraTokenFields`, `IdTokenFields`, `RefreshToken`, `StandardTokenResponse`, `TokenType`
[INFO] [stderr]   --> src/middleware.rs:20:33
[INFO] [stderr]    |
[INFO] [stderr] 20 |         CoreAuthenticationFlow, CoreGenderClaim, CoreIdTokenFields, CoreJsonWebKeyType,
[INFO] [stderr]    |                                 ^^^^^^^^^^^^^^^  ^^^^^^^^^^^^^^^^^  ^^^^^^^^^^^^^^^^^^
[INFO] [stderr] 21 |         CoreJweContentEncryptionAlgorithm, CoreJwsSigningAlgorithm,
[INFO] [stderr]    |         ^^^^^^^^^^^^^^^^^^^^^^^^^^^^^^^^^  ^^^^^^^^^^^^^^^^^^^^^^^
[INFO] [stderr] ...
[INFO] [stderr] 24 |     AccessTokenHash, AuthorizationCode, CsrfToken, ExtraTokenFields, IdTokenFields, Nonce,
[INFO] [stderr]    |                                                    ^^^^^^^^^^^^^^^^  ^^^^^^^^^^^^^
[INFO] [stderr] 25 |     OAuth2TokenResponse, PkceCodeChallenge, PkceCodeVerifier, RedirectUrl, RefreshToken, Scope,
[INFO] [stderr]    |                                                                            ^^^^^^^^^^^^
[INFO] [stderr] 26 |     StandardTokenResponse, TokenResponse, TokenType,
[INFO] [stderr]    |     ^^^^^^^^^^^^^^^^^^^^^                 ^^^^^^^^^
[INFO] [stderr] 
[INFO] [stderr] warning: unused import: `IdToken`
[INFO] [stderr]   --> src/middleware.rs:32:33
[INFO] [stderr]    |
[INFO] [stderr] 32 |     AdditionalClaims, BoxError, IdToken, OidcClient, OidcQuery, OidcSession, SESSION_KEY,
[INFO] [stderr]    |                                 ^^^^^^^
[INFO] [stderr] 
[INFO] [stderr] warning: `axum-oidc` (lib) generated 3 warnings (run `cargo fix --lib -p axum-oidc` to apply 3 suggestions)
[INFO] [stderr] warning: `axum-oidc` (lib test) generated 3 warnings (3 duplicates)
[INFO] [stderr]     Finished test [unoptimized + debuginfo] target(s) in 0.20s
[INFO] [stderr]      Running unittests src/lib.rs (/opt/rustwide/target/debug/deps/axum_oidc-f437c9d7fcd71daf)
[INFO] [stdout] 
[INFO] [stdout] running 0 tests
[INFO] [stdout] 
[INFO] [stdout] test result: ok. 0 passed; 0 failed; 0 ignored; 0 measured; 0 filtered out; finished in 0.00s
[INFO] [stdout] 
[INFO] [stderr]    Doc-tests axum-oidc
[INFO] [stdout] 
[INFO] [stdout] running 1 test
[INFO] [stdout] test src/lib.rs - (line 18) ... FAILED
[INFO] [stdout] 
[INFO] [stdout] failures:
[INFO] [stdout] 
[INFO] [stdout] ---- src/lib.rs - (line 18) stdout ----
[INFO] [stdout] error[E0433]: failed to resolve: use of undeclared crate or module `tokio`
[INFO] [stdout]  --> src/lib.rs:19:3
[INFO] [stdout]   |
[INFO] [stdout] 2 | #[tokio::main]
[INFO] [stdout]   |   ^^^^^ use of undeclared crate or module `tokio`
[INFO] [stdout] 
[INFO] [stdout] error[E0433]: failed to resolve: could not find `Server` in `axum`
[INFO] [stdout]   --> src/lib.rs:55:11
[INFO] [stdout]    |
[INFO] [stdout] 38 |     axum::Server::bind(&"[::]:8080".parse().unwrap())
[INFO] [stdout]    |           ^^^^^^ could not find `Server` in `axum`
[INFO] [stdout] 
[INFO] [stdout] error[E0433]: failed to resolve: use of undeclared type `HandleErrorLayer`
[INFO] [stdout]  --> src/lib.rs:24:16
[INFO] [stdout]   |
[INFO] [stdout] 7 |         .layer(HandleErrorLayer::new(|_: BoxError| async {
[INFO] [stdout]   |                ^^^^^^^^^^^^^^^^ use of undeclared type `HandleErrorLayer`
[INFO] [stdout]   |
[INFO] [stdout] help: consider importing this struct
[INFO] [stdout]   |
[INFO] [stdout] 2 + use axum::error_handling::HandleErrorLayer;
[INFO] [stdout]   |
[INFO] [stdout] 
[INFO] [stdout] error[E0412]: cannot find type `BoxError` in this scope
[INFO] [stdout]  --> src/lib.rs:24:42
[INFO] [stdout]   |
[INFO] [stdout] 7 |         .layer(HandleErrorLayer::new(|_: BoxError| async {
[INFO] [stdout]   |                                          ^^^^^^^^ not found in this scope
[INFO] [stdout]   |
[INFO] [stdout] help: consider importing one of these items
[INFO] [stdout]   |
[INFO] [stdout] 2 + use axum::BoxError;
[INFO] [stdout]   |
[INFO] [stdout] 2 + use axum_core::BoxError;
[INFO] [stdout]   |
[INFO] [stdout] 2 + use axum_oidc::BoxError;
[INFO] [stdout]   |
[INFO] [stdout] 
[INFO] [stdout] error[E0433]: failed to resolve: use of undeclared type `StatusCode`
[INFO] [stdout]  --> src/lib.rs:25:13
[INFO] [stdout]   |
[INFO] [stdout] 8 |             StatusCode::BAD_REQUEST
[INFO] [stdout]   |             ^^^^^^^^^^ use of undeclared type `StatusCode`
[INFO] [stdout]   |
[INFO] [stdout] help: consider importing one of these items
[INFO] [stdout]   |
[INFO] [stdout] 2 + use http::StatusCode;
[INFO] [stdout]   |
[INFO] [stdout] 2 + use reqwest::StatusCode;
[INFO] [stdout]   |
[INFO] [stdout] 
[INFO] [stdout] error[E0433]: failed to resolve: use of undeclared type `SessionManagerLayer`
[INFO] [stdout]   --> src/lib.rs:27:16
[INFO] [stdout]    |
[INFO] [stdout] 10 |         .layer(SessionManagerLayer::new(session_store).with_same_site(SameSite::Lax));
[INFO] [stdout]    |                ^^^^^^^^^^^^^^^^^^^ use of undeclared type `SessionManagerLayer`
[INFO] [stdout]    |
[INFO] [stdout] help: consider importing this struct
[INFO] [stdout]    |
[INFO] [stdout] 2  + use tower_sessions::SessionManagerLayer;
[INFO] [stdout]    |
[INFO] [stdout] 
[INFO] [stdout] error[E0433]: failed to resolve: use of undeclared type `HandleErrorLayer`
[INFO] [stdout]   --> src/lib.rs:30:16
[INFO] [stdout]    |
[INFO] [stdout] 13 |         .layer(HandleErrorLayer::new(|e: MiddlewareError| async {
[INFO] [stdout]    |                ^^^^^^^^^^^^^^^^ use of undeclared type `HandleErrorLayer`
[INFO] [stdout]    |
[INFO] [stdout] help: consider importing this struct
[INFO] [stdout]    |
[INFO] [stdout] 2  + use axum::error_handling::HandleErrorLayer;
[INFO] [stdout]    |
[INFO] [stdout] 
[INFO] [stdout] error[E0412]: cannot find type `MiddlewareError` in this scope
[INFO] [stdout]   --> src/lib.rs:30:42
[INFO] [stdout]    |
[INFO] [stdout] 13 |         .layer(HandleErrorLayer::new(|e: MiddlewareError| async {
[INFO] [stdout]    |                                          ^^^^^^^^^^^^^^^ not found in this scope
[INFO] [stdout]    |
[INFO] [stdout] help: consider importing this enum
[INFO] [stdout]    |
[INFO] [stdout] 2  + use axum_oidc::error::MiddlewareError;
[INFO] [stdout]    |
[INFO] [stdout] 
[INFO] [stdout] error[E0433]: failed to resolve: use of undeclared type `OidcLoginLayer`
[INFO] [stdout]   --> src/lib.rs:33:16
[INFO] [stdout]    |
[INFO] [stdout] 16 |         .layer(OidcLoginLayer::<EmptyAdditionalClaims>::new());
[INFO] [stdout]    |                ^^^^^^^^^^^^^^ use of undeclared type `OidcLoginLayer`
[INFO] [stdout]    |
[INFO] [stdout] help: consider importing this struct
[INFO] [stdout]    |
[INFO] [stdout] 2  + use axum_oidc::OidcLoginLayer;
[INFO] [stdout]    |
[INFO] [stdout] 
[INFO] [stdout] error[E0412]: cannot find type `EmptyAdditionalClaims` in this scope
[INFO] [stdout]   --> src/lib.rs:33:33
[INFO] [stdout]    |
[INFO] [stdout] 16 |         .layer(OidcLoginLayer::<EmptyAdditionalClaims>::new());
[INFO] [stdout]    |                                 ^^^^^^^^^^^^^^^^^^^^^ not found in this scope
[INFO] [stdout]    |
[INFO] [stdout] help: consider importing one of these items
[INFO] [stdout]    |
[INFO] [stdout] 2  + use axum_oidc::EmptyAdditionalClaims;
[INFO] [stdout]    |
[INFO] [stdout] 2  + use openidconnect::EmptyAdditionalClaims;
[INFO] [stdout]    |
[INFO] [stdout] 
[INFO] [stdout] error[E0433]: failed to resolve: use of undeclared type `HandleErrorLayer`
[INFO] [stdout]   --> src/lib.rs:36:16
[INFO] [stdout]    |
[INFO] [stdout] 19 |         .layer(HandleErrorLayer::new(|e: MiddlewareError| async {
[INFO] [stdout]    |                ^^^^^^^^^^^^^^^^ use of undeclared type `HandleErrorLayer`
[INFO] [stdout]    |
[INFO] [stdout] help: consider importing this struct
[INFO] [stdout]    |
[INFO] [stdout] 2  + use axum::error_handling::HandleErrorLayer;
[INFO] [stdout]    |
[INFO] [stdout] 
[INFO] [stdout] error[E0412]: cannot find type `MiddlewareError` in this scope
[INFO] [stdout]   --> src/lib.rs:36:42
[INFO] [stdout]    |
[INFO] [stdout] 19 |         .layer(HandleErrorLayer::new(|e: MiddlewareError| async {
[INFO] [stdout]    |                                          ^^^^^^^^^^^^^^^ not found in this scope
[INFO] [stdout]    |
[INFO] [stdout] help: consider importing this enum
[INFO] [stdout]    |
[INFO] [stdout] 2  + use axum_oidc::error::MiddlewareError;
[INFO] [stdout]    |
[INFO] [stdout] 
[INFO] [stdout] error[E0433]: failed to resolve: use of undeclared type `OidcAuthLayer`
[INFO] [stdout]   --> src/lib.rs:40:13
[INFO] [stdout]    |
[INFO] [stdout] 23 |             OidcAuthLayer::<EmptyAdditionalClaims>::discover_client(
[INFO] [stdout]    |             ^^^^^^^^^^^^^ use of undeclared type `OidcAuthLayer`
[INFO] [stdout]    |
[INFO] [stdout] help: consider importing this struct
[INFO] [stdout]    |
[INFO] [stdout] 2  + use axum_oidc::OidcAuthLayer;
[INFO] [stdout]    |
[INFO] [stdout] 
[INFO] [stdout] error[E0412]: cannot find type `EmptyAdditionalClaims` in this scope
[INFO] [stdout]   --> src/lib.rs:40:29
[INFO] [stdout]    |
[INFO] [stdout] 23 |             OidcAuthLayer::<EmptyAdditionalClaims>::discover_client(
[INFO] [stdout]    |                             ^^^^^^^^^^^^^^^^^^^^^ not found in this scope
[INFO] [stdout]    |
[INFO] [stdout] help: consider importing one of these items
[INFO] [stdout]    |
[INFO] [stdout] 2  + use axum_oidc::EmptyAdditionalClaims;
[INFO] [stdout]    |
[INFO] [stdout] 2  + use openidconnect::EmptyAdditionalClaims;
[INFO] [stdout]    |
[INFO] [stdout] 
[INFO] [stdout] error[E0433]: failed to resolve: use of undeclared type `Uri`
[INFO] [stdout]   --> src/lib.rs:41:17
[INFO] [stdout]    |
[INFO] [stdout] 24 |                 Uri::from_static("https://example.com"),
[INFO] [stdout]    |                 ^^^ use of undeclared type `Uri`
[INFO] [stdout]    |
[INFO] [stdout] help: consider importing this struct
[INFO] [stdout]    |
[INFO] [stdout] 2  + use http::Uri;
[INFO] [stdout]    |
[INFO] [stdout] 
[INFO] [stdout] error[E0433]: failed to resolve: use of undeclared type `Router`
[INFO] [stdout]   --> src/lib.rs:49:15
[INFO] [stdout]    |
[INFO] [stdout] 32 |     let app = Router::new()
[INFO] [stdout]    |               ^^^^^^ use of undeclared type `Router`
[INFO] [stdout]    |
[INFO] [stdout] help: consider importing this struct
[INFO] [stdout]    |
[INFO] [stdout] 2  + use axum::Router;
[INFO] [stdout]    |
[INFO] [stdout] 
[INFO] [stdout] error[E0425]: cannot find function `get` in this scope
[INFO] [stdout]   --> src/lib.rs:50:21
[INFO] [stdout]    |
[INFO] [stdout] 33 |         .route("/", get(|| async { "Hello, authenticated World!" }))
[INFO] [stdout]    |                     ^^^ not found in this scope
[INFO] [stdout]    |
[INFO] [stdout] help: consider importing one of these items
[INFO] [stdout]    |
[INFO] [stdout] 2  + use axum::routing::get;
[INFO] [stdout]    |
[INFO] [stdout] 2  + use reqwest::blocking::get;
[INFO] [stdout]    |
[INFO] [stdout] 2  + use reqwest::get;
[INFO] [stdout]    |
[INFO] [stdout] 
[INFO] [stdout] error[E0433]: failed to resolve: use of undeclared type `MemoryStore`
[INFO] [stdout]  --> src/lib.rs:22:25
[INFO] [stdout]   |
[INFO] [stdout] 5 |     let session_store = MemoryStore::default();
[INFO] [stdout]   |                         ^^^^^^^^^^^ use of undeclared type `MemoryStore`
[INFO] [stdout] 
[INFO] [stdout] error[E0433]: failed to resolve: use of undeclared type `ServiceBuilder`
[INFO] [stdout]  --> src/lib.rs:23:27
[INFO] [stdout]   |
[INFO] [stdout] 6 |     let session_service = ServiceBuilder::new()
[INFO] [stdout]   |                           ^^^^^^^^^^^^^^ use of undeclared type `ServiceBuilder`
[INFO] [stdout] 
[INFO] [stdout] error[E0433]: failed to resolve: use of undeclared type `SameSite`
[INFO] [stdout]   --> src/lib.rs:27:71
[INFO] [stdout]    |
[INFO] [stdout] 10 |         .layer(SessionManagerLayer::new(session_store).with_same_site(SameSite::Lax));
[INFO] [stdout]    |                                                                       ^^^^^^^^ use of undeclared type `SameSite`
[INFO] [stdout] 
[INFO] [stdout] error[E0433]: failed to resolve: use of undeclared type `ServiceBuilder`
[INFO] [stdout]   --> src/lib.rs:29:30
[INFO] [stdout]    |
[INFO] [stdout] 12 |     let oidc_login_service = ServiceBuilder::new()
[INFO] [stdout]    |                              ^^^^^^^^^^^^^^ use of undeclared type `ServiceBuilder`
[INFO] [stdout] 
[INFO] [stdout] error[E0433]: failed to resolve: use of undeclared type `ServiceBuilder`
[INFO] [stdout]   --> src/lib.rs:35:29
[INFO] [stdout]    |
[INFO] [stdout] 18 |     let oidc_auth_service = ServiceBuilder::new()
[INFO] [stdout]    |                             ^^^^^^^^^^^^^^ use of undeclared type `ServiceBuilder`
[INFO] [stdout] 
[INFO] [stdout] error[E0752]: `main` function is not allowed to be `async`
[INFO] [stdout]  --> src/lib.rs:20:1
[INFO] [stdout]   |
[INFO] [stdout] 3 | async fn main() {
[INFO] [stdout]   | ^^^^^^^^^^^^^^^ `main` function is not allowed to be `async`
[INFO] [stdout] 
[INFO] [stdout] error: aborting due to 23 previous errors
[INFO] [stdout] 
[INFO] [stdout] Some errors have detailed explanations: E0412, E0425, E0433, E0752.
[INFO] [stdout] For more information about an error, try `rustc --explain E0412`.
[INFO] [stdout] Couldn't compile the test.
[INFO] [stdout] 
[INFO] [stdout] failures:
[INFO] [stdout]     src/lib.rs - (line 18)
[INFO] [stdout] 
[INFO] [stdout] test result: FAILED. 0 passed; 1 failed; 0 ignored; 0 measured; 0 filtered out; finished in 0.17s
[INFO] [stdout] 
[INFO] [stderr] error: doctest failed, to rerun pass `--doc`
[INFO] running `Command { std: "docker" "inspect" "d108bc79375c5077810971e73e146786f890e2d4dbea08b32970e23ab901be86", kill_on_drop: false }`
[INFO] running `Command { std: "docker" "rm" "-f" "d108bc79375c5077810971e73e146786f890e2d4dbea08b32970e23ab901be86", kill_on_drop: false }`
[INFO] [stdout] d108bc79375c5077810971e73e146786f890e2d4dbea08b32970e23ab901be86
