[INFO] fetching crate axum-htmx 0.4.0...
[INFO] testing axum-htmx-0.4.0 against 1.75.0 for beta-1.76-1
[INFO] extracting crate axum-htmx 0.4.0 into /workspace/builds/worker-6-tc1/source
[INFO] validating manifest of crates.io crate axum-htmx 0.4.0 on toolchain 1.75.0
[INFO] running `Command { std: CARGO_HOME="/workspace/cargo-home" RUSTUP_HOME="/workspace/rustup-home" "/workspace/cargo-home/bin/cargo" "+1.75.0" "metadata" "--manifest-path" "Cargo.toml" "--no-deps", kill_on_drop: false }`
[INFO] started tweaking crates.io crate axum-htmx 0.4.0
[INFO] finished tweaking crates.io crate axum-htmx 0.4.0
[INFO] tweaked toml for crates.io crate axum-htmx 0.4.0 written to /workspace/builds/worker-6-tc1/source/Cargo.toml
[INFO] running `Command { std: CARGO_HOME="/workspace/cargo-home" RUSTUP_HOME="/workspace/rustup-home" "/workspace/cargo-home/bin/cargo" "+1.75.0" "generate-lockfile" "--manifest-path" "Cargo.toml", kill_on_drop: false }`
[INFO] [stderr]     Updating crates.io index
[INFO] running `Command { std: CARGO_HOME="/workspace/cargo-home" RUSTUP_HOME="/workspace/rustup-home" "/workspace/cargo-home/bin/cargo" "+1.75.0" "fetch" "--manifest-path" "Cargo.toml", kill_on_drop: false }`
[INFO] running `Command { std: "docker" "create" "-v" "/var/lib/crater-agent-workspace/builds/worker-6-tc1/target:/opt/rustwide/target:rw,Z" "-v" "/var/lib/crater-agent-workspace/builds/worker-6-tc1/source:/opt/rustwide/workdir:ro,Z" "-v" "/var/lib/crater-agent-workspace/cargo-home:/opt/rustwide/cargo-home:ro,Z" "-v" "/var/lib/crater-agent-workspace/rustup-home:/opt/rustwide/rustup-home:ro,Z" "-e" "SOURCE_DIR=/opt/rustwide/workdir" "-e" "CARGO_TARGET_DIR=/opt/rustwide/target" "-e" "CARGO_HOME=/opt/rustwide/cargo-home" "-e" "RUSTUP_HOME=/opt/rustwide/rustup-home" "-w" "/opt/rustwide/workdir" "-m" "1610612736" "--user" "0:0" "--network" "none" "ghcr.io/rust-lang/crates-build-env/linux@sha256:2788e3201cd34a07e3172128adcd8b3090168a8e3bcc40d7c032b9dda1df7d1c" "/opt/rustwide/cargo-home/bin/cargo" "+1.75.0" "metadata" "--no-deps" "--format-version=1", kill_on_drop: false }`
[INFO] [stdout] 2ea5d55e939dc2c453b508d07f7e7a7958bf2b3dfc94d2deb9cb125bbc1a8bd7
[INFO] running `Command { std: "docker" "start" "-a" "2ea5d55e939dc2c453b508d07f7e7a7958bf2b3dfc94d2deb9cb125bbc1a8bd7", kill_on_drop: false }`
[INFO] running `Command { std: "docker" "inspect" "2ea5d55e939dc2c453b508d07f7e7a7958bf2b3dfc94d2deb9cb125bbc1a8bd7", kill_on_drop: false }`
[INFO] running `Command { std: "docker" "rm" "-f" "2ea5d55e939dc2c453b508d07f7e7a7958bf2b3dfc94d2deb9cb125bbc1a8bd7", kill_on_drop: false }`
[INFO] [stdout] 2ea5d55e939dc2c453b508d07f7e7a7958bf2b3dfc94d2deb9cb125bbc1a8bd7
[INFO] running `Command { std: "docker" "create" "-v" "/var/lib/crater-agent-workspace/builds/worker-6-tc1/target:/opt/rustwide/target:rw,Z" "-v" "/var/lib/crater-agent-workspace/builds/worker-6-tc1/source:/opt/rustwide/workdir:ro,Z" "-v" "/var/lib/crater-agent-workspace/cargo-home:/opt/rustwide/cargo-home:ro,Z" "-v" "/var/lib/crater-agent-workspace/rustup-home:/opt/rustwide/rustup-home:ro,Z" "-e" "SOURCE_DIR=/opt/rustwide/workdir" "-e" "CARGO_TARGET_DIR=/opt/rustwide/target" "-e" "CARGO_INCREMENTAL=0" "-e" "RUST_BACKTRACE=full" "-e" "RUSTFLAGS=--cap-lints=warn" "-e" "RUSTDOCFLAGS=--cap-lints=warn" "-e" "CARGO_HOME=/opt/rustwide/cargo-home" "-e" "RUSTUP_HOME=/opt/rustwide/rustup-home" "-w" "/opt/rustwide/workdir" "-m" "1610612736" "--user" "0:0" "--network" "none" "ghcr.io/rust-lang/crates-build-env/linux@sha256:2788e3201cd34a07e3172128adcd8b3090168a8e3bcc40d7c032b9dda1df7d1c" "/opt/rustwide/cargo-home/bin/cargo" "+1.75.0" "build" "--frozen" "--message-format=json", kill_on_drop: false }`
[INFO] [stdout] 15755c76865f622361f29bf7dc68d545706404334ddd75f7fb71998b7e464d96
[INFO] running `Command { std: "docker" "start" "-a" "15755c76865f622361f29bf7dc68d545706404334ddd75f7fb71998b7e464d96", kill_on_drop: false }`
[INFO] [stderr]    Compiling rustversion v1.0.14
[INFO] [stderr]    Compiling async-trait v0.1.77
[INFO] [stderr]    Compiling tower-layer v0.3.2
[INFO] [stderr]    Compiling serde v1.0.194
[INFO] [stderr]    Compiling tracing-core v0.1.32
[INFO] [stderr]    Compiling tokio v1.35.1
[INFO] [stderr]    Compiling mime v0.3.17
[INFO] [stderr]    Compiling sync_wrapper v0.1.2
[INFO] [stderr]    Compiling bitflags v1.3.2
[INFO] [stderr]    Compiling matchit v0.7.3
[INFO] [stderr]    Compiling syn v2.0.48
[INFO] [stderr]    Compiling tracing v0.1.40
[INFO] [stderr]    Compiling hyper v0.14.28
[INFO] [stderr]    Compiling axum-core v0.3.4
[INFO] [stderr]    Compiling axum v0.6.20
[INFO] [stderr]    Compiling pin-project-internal v1.1.3
[INFO] [stderr]    Compiling pin-project v1.1.3
[INFO] [stderr]    Compiling tower v0.4.13
[INFO] [stderr]    Compiling axum-htmx v0.4.0 (/opt/rustwide/workdir)
[INFO] [stderr]     Finished dev [unoptimized + debuginfo] target(s) in 10.05s
[INFO] running `Command { std: "docker" "inspect" "15755c76865f622361f29bf7dc68d545706404334ddd75f7fb71998b7e464d96", kill_on_drop: false }`
[INFO] running `Command { std: "docker" "rm" "-f" "15755c76865f622361f29bf7dc68d545706404334ddd75f7fb71998b7e464d96", kill_on_drop: false }`
[INFO] [stdout] 15755c76865f622361f29bf7dc68d545706404334ddd75f7fb71998b7e464d96
[INFO] running `Command { std: "docker" "create" "-v" "/var/lib/crater-agent-workspace/builds/worker-6-tc1/target:/opt/rustwide/target:rw,Z" "-v" "/var/lib/crater-agent-workspace/builds/worker-6-tc1/source:/opt/rustwide/workdir:ro,Z" "-v" "/var/lib/crater-agent-workspace/cargo-home:/opt/rustwide/cargo-home:ro,Z" "-v" "/var/lib/crater-agent-workspace/rustup-home:/opt/rustwide/rustup-home:ro,Z" "-e" "SOURCE_DIR=/opt/rustwide/workdir" "-e" "CARGO_TARGET_DIR=/opt/rustwide/target" "-e" "CARGO_INCREMENTAL=0" "-e" "RUST_BACKTRACE=full" "-e" "RUSTFLAGS=--cap-lints=warn" "-e" "RUSTDOCFLAGS=--cap-lints=warn" "-e" "CARGO_HOME=/opt/rustwide/cargo-home" "-e" "RUSTUP_HOME=/opt/rustwide/rustup-home" "-w" "/opt/rustwide/workdir" "-m" "1610612736" "--user" "0:0" "--network" "none" "ghcr.io/rust-lang/crates-build-env/linux@sha256:2788e3201cd34a07e3172128adcd8b3090168a8e3bcc40d7c032b9dda1df7d1c" "/opt/rustwide/cargo-home/bin/cargo" "+1.75.0" "test" "--frozen" "--no-run" "--message-format=json", kill_on_drop: false }`
[INFO] [stdout] 9c1c889ceace9b96b6d161975379f55246c9ca1955e8fdf5b77823863542d2fb
[INFO] running `Command { std: "docker" "start" "-a" "9c1c889ceace9b96b6d161975379f55246c9ca1955e8fdf5b77823863542d2fb", kill_on_drop: false }`
[INFO] [stderr]    Compiling axum-htmx v0.4.0 (/opt/rustwide/workdir)
[INFO] [stderr]     Finished test [unoptimized + debuginfo] target(s) in 0.44s
[INFO] running `Command { std: "docker" "inspect" "9c1c889ceace9b96b6d161975379f55246c9ca1955e8fdf5b77823863542d2fb", kill_on_drop: false }`
[INFO] running `Command { std: "docker" "rm" "-f" "9c1c889ceace9b96b6d161975379f55246c9ca1955e8fdf5b77823863542d2fb", kill_on_drop: false }`
[INFO] [stdout] 9c1c889ceace9b96b6d161975379f55246c9ca1955e8fdf5b77823863542d2fb
[INFO] running `Command { std: "docker" "create" "-v" "/var/lib/crater-agent-workspace/builds/worker-6-tc1/target:/opt/rustwide/target:rw,Z" "-v" "/var/lib/crater-agent-workspace/builds/worker-6-tc1/source:/opt/rustwide/workdir:ro,Z" "-v" "/var/lib/crater-agent-workspace/cargo-home:/opt/rustwide/cargo-home:ro,Z" "-v" "/var/lib/crater-agent-workspace/rustup-home:/opt/rustwide/rustup-home:ro,Z" "-e" "SOURCE_DIR=/opt/rustwide/workdir" "-e" "CARGO_TARGET_DIR=/opt/rustwide/target" "-e" "CARGO_INCREMENTAL=0" "-e" "RUST_BACKTRACE=full" "-e" "RUSTFLAGS=--cap-lints=warn" "-e" "RUSTDOCFLAGS=--cap-lints=warn" "-e" "CARGO_HOME=/opt/rustwide/cargo-home" "-e" "RUSTUP_HOME=/opt/rustwide/rustup-home" "-w" "/opt/rustwide/workdir" "-m" "1610612736" "--user" "0:0" "--network" "none" "ghcr.io/rust-lang/crates-build-env/linux@sha256:2788e3201cd34a07e3172128adcd8b3090168a8e3bcc40d7c032b9dda1df7d1c" "/opt/rustwide/cargo-home/bin/cargo" "+1.75.0" "test" "--frozen", kill_on_drop: false }`
[INFO] [stdout] eae01473a25db9a83d532ffdcd6a7e9e8aa27537ecaabf90990366b5dce67d79
[INFO] running `Command { std: "docker" "start" "-a" "eae01473a25db9a83d532ffdcd6a7e9e8aa27537ecaabf90990366b5dce67d79", kill_on_drop: false }`
[INFO] [stderr]     Finished test [unoptimized + debuginfo] target(s) in 0.03s
[INFO] [stderr]      Running unittests src/lib.rs (/opt/rustwide/target/debug/deps/axum_htmx-208212b430f5d5df)
[INFO] [stdout] 
[INFO] [stdout] running 0 tests
[INFO] [stdout] 
[INFO] [stdout] test result: ok. 0 passed; 0 failed; 0 ignored; 0 measured; 0 filtered out; finished in 0.00s
[INFO] [stdout] 
[INFO] [stderr]    Doc-tests axum-htmx
[INFO] [stdout] 
[INFO] [stdout] running 4 tests
[INFO] [stdout] test src/lib.rs - (line 162) ... FAILED
[INFO] [stdout] test src/lib.rs - (line 139) ... FAILED
[INFO] [stdout] test src/lib.rs - (line 124) ... ok
[INFO] [stdout] test src/lib.rs - (line 106) ... ok
[INFO] [stdout] 
[INFO] [stdout] failures:
[INFO] [stdout] 
[INFO] [stdout] ---- src/lib.rs - (line 162) stdout ----
[INFO] [stdout] error[E0432]: unresolved import `axum_htmx::HxRequestGuardLayer`
[INFO] [stdout]  --> src/lib.rs:165:5
[INFO] [stdout]   |
[INFO] [stdout] 6 | use axum_htmx::HxRequestGuardLayer;
[INFO] [stdout]   |     ^^^^^^^^^^^^^^^^^^^^^^^^^^^^^^ no `HxRequestGuardLayer` in the root
[INFO] [stdout] 
[INFO] [stdout] error: aborting due to previous error
[INFO] [stdout] 
[INFO] [stdout] For more information about this error, try `rustc --explain E0432`.
[INFO] [stdout] Couldn't compile the test.
[INFO] [stdout] ---- src/lib.rs - (line 139) stdout ----
[INFO] [stdout] error[E0432]: unresolved import `axum_htmx::HxEvent`
[INFO] [stdout]  --> src/lib.rs:141:5
[INFO] [stdout]   |
[INFO] [stdout] 5 | use axum_htmx::HxEvent;
[INFO] [stdout]   |     ^^^^^^^^^^^^^^^^^^ no `HxEvent` in the root
[INFO] [stdout] 
[INFO] [stdout] error[E0432]: unresolved import `axum_htmx::serde`
[INFO] [stdout]  --> src/lib.rs:145:16
[INFO] [stdout]   |
[INFO] [stdout] 9 | use axum_htmx::serde::HxResponseTrigger;
[INFO] [stdout]   |                ^^^^^ could not find `serde` in `axum_htmx`
[INFO] [stdout] 
[INFO] [stdout] error: cannot find macro `json` in this scope
[INFO] [stdout]   --> src/lib.rs:150:9
[INFO] [stdout]    |
[INFO] [stdout] 14 |         json!({"level": "info", "message": {
[INFO] [stdout]    |         ^^^^
[INFO] [stdout] 
[INFO] [stdout] error: aborting due to 3 previous errors
[INFO] [stdout] 
[INFO] [stdout] For more information about this error, try `rustc --explain E0432`.
[INFO] [stdout] Couldn't compile the test.
[INFO] [stdout] 
[INFO] [stdout] failures:
[INFO] [stdout]     src/lib.rs - (line 139)
[INFO] [stdout]     src/lib.rs - (line 162)
[INFO] [stdout] 
[INFO] [stdout] test result: FAILED. 2 passed; 2 failed; 0 ignored; 0 measured; 0 filtered out; finished in 0.16s
[INFO] [stdout] 
[INFO] [stderr] error: doctest failed, to rerun pass `--doc`
[INFO] running `Command { std: "docker" "inspect" "eae01473a25db9a83d532ffdcd6a7e9e8aa27537ecaabf90990366b5dce67d79", kill_on_drop: false }`
[INFO] running `Command { std: "docker" "rm" "-f" "eae01473a25db9a83d532ffdcd6a7e9e8aa27537ecaabf90990366b5dce67d79", kill_on_drop: false }`
[INFO] [stdout] eae01473a25db9a83d532ffdcd6a7e9e8aa27537ecaabf90990366b5dce67d79
