[INFO] fetching crate axum-core 0.4.0...
[INFO] testing axum-core-0.4.0 against 1.75.0 for beta-1.76-1
[INFO] extracting crate axum-core 0.4.0 into /workspace/builds/worker-3-tc1/source
[INFO] validating manifest of crates.io crate axum-core 0.4.0 on toolchain 1.75.0
[INFO] running `Command { std: CARGO_HOME="/workspace/cargo-home" RUSTUP_HOME="/workspace/rustup-home" "/workspace/cargo-home/bin/cargo" "+1.75.0" "metadata" "--manifest-path" "Cargo.toml" "--no-deps", kill_on_drop: false }`
[INFO] started tweaking crates.io crate axum-core 0.4.0
[INFO] finished tweaking crates.io crate axum-core 0.4.0
[INFO] tweaked toml for crates.io crate axum-core 0.4.0 written to /workspace/builds/worker-3-tc1/source/Cargo.toml
[INFO] running `Command { std: CARGO_HOME="/workspace/cargo-home" RUSTUP_HOME="/workspace/rustup-home" "/workspace/cargo-home/bin/cargo" "+1.75.0" "generate-lockfile" "--manifest-path" "Cargo.toml", kill_on_drop: false }`
[INFO] [stderr]     Updating crates.io index
[INFO] running `Command { std: CARGO_HOME="/workspace/cargo-home" RUSTUP_HOME="/workspace/rustup-home" "/workspace/cargo-home/bin/cargo" "+1.75.0" "fetch" "--manifest-path" "Cargo.toml", kill_on_drop: false }`
[INFO] [stderr]  Downloading crates ...
[INFO] [stderr]   Downloaded http-body v1.0.0
[INFO] [stderr]   Downloaded http-body-util v0.1.0
[INFO] [stderr]   Downloaded axum-core v0.4.2
[INFO] [stderr]   Downloaded serde_path_to_error v0.1.15
[INFO] [stderr]   Downloaded hyper-util v0.1.2
[INFO] [stderr]   Downloaded http v1.0.0
[INFO] [stderr]   Downloaded h2 v0.4.0
[INFO] [stderr]   Downloaded hyper v1.1.0
[INFO] [stderr]   Downloaded tower-http v0.5.0
[INFO] [stderr]   Downloaded axum v0.7.3
[INFO] running `Command { std: "docker" "create" "-v" "/var/lib/crater-agent-workspace/builds/worker-3-tc1/target:/opt/rustwide/target:rw,Z" "-v" "/var/lib/crater-agent-workspace/builds/worker-3-tc1/source:/opt/rustwide/workdir:ro,Z" "-v" "/var/lib/crater-agent-workspace/cargo-home:/opt/rustwide/cargo-home:ro,Z" "-v" "/var/lib/crater-agent-workspace/rustup-home:/opt/rustwide/rustup-home:ro,Z" "-e" "SOURCE_DIR=/opt/rustwide/workdir" "-e" "CARGO_TARGET_DIR=/opt/rustwide/target" "-e" "CARGO_HOME=/opt/rustwide/cargo-home" "-e" "RUSTUP_HOME=/opt/rustwide/rustup-home" "-w" "/opt/rustwide/workdir" "-m" "1610612736" "--user" "0:0" "--network" "none" "ghcr.io/rust-lang/crates-build-env/linux@sha256:2788e3201cd34a07e3172128adcd8b3090168a8e3bcc40d7c032b9dda1df7d1c" "/opt/rustwide/cargo-home/bin/cargo" "+1.75.0" "metadata" "--no-deps" "--format-version=1", kill_on_drop: false }`
[INFO] [stdout] 052a041002d4cca7ca4337a068d8a7fce0d485afb184f079d3b3cb8ad7eca788
[INFO] running `Command { std: "docker" "start" "-a" "052a041002d4cca7ca4337a068d8a7fce0d485afb184f079d3b3cb8ad7eca788", kill_on_drop: false }`
[INFO] running `Command { std: "docker" "inspect" "052a041002d4cca7ca4337a068d8a7fce0d485afb184f079d3b3cb8ad7eca788", kill_on_drop: false }`
[INFO] running `Command { std: "docker" "rm" "-f" "052a041002d4cca7ca4337a068d8a7fce0d485afb184f079d3b3cb8ad7eca788", kill_on_drop: false }`
[INFO] [stdout] 052a041002d4cca7ca4337a068d8a7fce0d485afb184f079d3b3cb8ad7eca788
[INFO] running `Command { std: "docker" "create" "-v" "/var/lib/crater-agent-workspace/builds/worker-3-tc1/target:/opt/rustwide/target:rw,Z" "-v" "/var/lib/crater-agent-workspace/builds/worker-3-tc1/source:/opt/rustwide/workdir:ro,Z" "-v" "/var/lib/crater-agent-workspace/cargo-home:/opt/rustwide/cargo-home:ro,Z" "-v" "/var/lib/crater-agent-workspace/rustup-home:/opt/rustwide/rustup-home:ro,Z" "-e" "SOURCE_DIR=/opt/rustwide/workdir" "-e" "CARGO_TARGET_DIR=/opt/rustwide/target" "-e" "CARGO_INCREMENTAL=0" "-e" "RUST_BACKTRACE=full" "-e" "RUSTFLAGS=--cap-lints=warn" "-e" "RUSTDOCFLAGS=--cap-lints=warn" "-e" "CARGO_HOME=/opt/rustwide/cargo-home" "-e" "RUSTUP_HOME=/opt/rustwide/rustup-home" "-w" "/opt/rustwide/workdir" "-m" "1610612736" "--user" "0:0" "--network" "none" "ghcr.io/rust-lang/crates-build-env/linux@sha256:2788e3201cd34a07e3172128adcd8b3090168a8e3bcc40d7c032b9dda1df7d1c" "/opt/rustwide/cargo-home/bin/cargo" "+1.75.0" "build" "--frozen" "--message-format=json", kill_on_drop: false }`
[INFO] [stdout] c2c30c8e383cb27f81e32bea671771c03894e0b63bfd634e9f95e3f643445750
[INFO] running `Command { std: "docker" "start" "-a" "c2c30c8e383cb27f81e32bea671771c03894e0b63bfd634e9f95e3f643445750", kill_on_drop: false }`
[INFO] [stderr]    Compiling rustversion v1.0.14
[INFO] [stderr]    Compiling futures-core v0.3.30
[INFO] [stderr]    Compiling async-trait v0.1.77
[INFO] [stderr]    Compiling tower-layer v0.3.2
[INFO] [stderr]    Compiling mime v0.3.17
[INFO] [stderr]    Compiling sync_wrapper v0.1.2
[INFO] [stderr]    Compiling http v1.0.0
[INFO] [stderr]    Compiling syn v2.0.48
[INFO] [stderr]    Compiling futures-util v0.3.30
[INFO] [stderr]    Compiling http-body v1.0.0
[INFO] [stderr]    Compiling axum-core v0.4.0 (/opt/rustwide/workdir)
[INFO] [stderr]    Compiling http-body-util v0.1.0
[INFO] [stderr]     Finished dev [unoptimized + debuginfo] target(s) in 6.41s
[INFO] running `Command { std: "docker" "inspect" "c2c30c8e383cb27f81e32bea671771c03894e0b63bfd634e9f95e3f643445750", kill_on_drop: false }`
[INFO] running `Command { std: "docker" "rm" "-f" "c2c30c8e383cb27f81e32bea671771c03894e0b63bfd634e9f95e3f643445750", kill_on_drop: false }`
[INFO] [stdout] c2c30c8e383cb27f81e32bea671771c03894e0b63bfd634e9f95e3f643445750
[INFO] running `Command { std: "docker" "create" "-v" "/var/lib/crater-agent-workspace/builds/worker-3-tc1/target:/opt/rustwide/target:rw,Z" "-v" "/var/lib/crater-agent-workspace/builds/worker-3-tc1/source:/opt/rustwide/workdir:ro,Z" "-v" "/var/lib/crater-agent-workspace/cargo-home:/opt/rustwide/cargo-home:ro,Z" "-v" "/var/lib/crater-agent-workspace/rustup-home:/opt/rustwide/rustup-home:ro,Z" "-e" "SOURCE_DIR=/opt/rustwide/workdir" "-e" "CARGO_TARGET_DIR=/opt/rustwide/target" "-e" "CARGO_INCREMENTAL=0" "-e" "RUST_BACKTRACE=full" "-e" "RUSTFLAGS=--cap-lints=warn" "-e" "RUSTDOCFLAGS=--cap-lints=warn" "-e" "CARGO_HOME=/opt/rustwide/cargo-home" "-e" "RUSTUP_HOME=/opt/rustwide/rustup-home" "-w" "/opt/rustwide/workdir" "-m" "1610612736" "--user" "0:0" "--network" "none" "ghcr.io/rust-lang/crates-build-env/linux@sha256:2788e3201cd34a07e3172128adcd8b3090168a8e3bcc40d7c032b9dda1df7d1c" "/opt/rustwide/cargo-home/bin/cargo" "+1.75.0" "test" "--frozen" "--no-run" "--message-format=json", kill_on_drop: false }`
[INFO] [stdout] 142f487b1e3ca56e9560ce960e0f4df529d0de6b6a63746f164e5840127bf136
[INFO] running `Command { std: "docker" "start" "-a" "142f487b1e3ca56e9560ce960e0f4df529d0de6b6a63746f164e5840127bf136", kill_on_drop: false }`
[INFO] [stderr]    Compiling serde v1.0.194
[INFO] [stderr]    Compiling tracing v0.1.40
[INFO] [stderr]    Compiling serde_json v1.0.111
[INFO] [stderr]    Compiling http-body-util v0.1.0
[INFO] [stderr]    Compiling axum-core v0.4.2
[INFO] [stderr]    Compiling axum v0.7.3
[INFO] [stderr]    Compiling matchit v0.7.3
[INFO] [stderr]    Compiling bitflags v2.4.1
[INFO] [stderr]    Compiling tokio-macros v2.2.0
[INFO] [stderr]    Compiling pin-project-internal v1.1.3
[INFO] [stderr]    Compiling tower-http v0.5.0
[INFO] [stderr]    Compiling axum-core v0.4.0 (/opt/rustwide/workdir)
[INFO] [stderr]    Compiling tokio v1.35.1
[INFO] [stderr]    Compiling pin-project v1.1.3
[INFO] [stderr]    Compiling serde_path_to_error v0.1.15
[INFO] [stderr]    Compiling serde_urlencoded v0.7.1
[INFO] [stderr]    Compiling tokio-util v0.7.10
[INFO] [stderr]    Compiling tower v0.4.13
[INFO] [stderr]    Compiling h2 v0.4.0
[INFO] [stderr]    Compiling hyper v1.1.0
[INFO] [stderr]    Compiling hyper-util v0.1.2
[INFO] [stderr]     Finished test [unoptimized + debuginfo] target(s) in 18.57s
[INFO] running `Command { std: "docker" "inspect" "142f487b1e3ca56e9560ce960e0f4df529d0de6b6a63746f164e5840127bf136", kill_on_drop: false }`
[INFO] running `Command { std: "docker" "rm" "-f" "142f487b1e3ca56e9560ce960e0f4df529d0de6b6a63746f164e5840127bf136", kill_on_drop: false }`
[INFO] [stdout] 142f487b1e3ca56e9560ce960e0f4df529d0de6b6a63746f164e5840127bf136
[INFO] running `Command { std: "docker" "create" "-v" "/var/lib/crater-agent-workspace/builds/worker-3-tc1/target:/opt/rustwide/target:rw,Z" "-v" "/var/lib/crater-agent-workspace/builds/worker-3-tc1/source:/opt/rustwide/workdir:ro,Z" "-v" "/var/lib/crater-agent-workspace/cargo-home:/opt/rustwide/cargo-home:ro,Z" "-v" "/var/lib/crater-agent-workspace/rustup-home:/opt/rustwide/rustup-home:ro,Z" "-e" "SOURCE_DIR=/opt/rustwide/workdir" "-e" "CARGO_TARGET_DIR=/opt/rustwide/target" "-e" "CARGO_INCREMENTAL=0" "-e" "RUST_BACKTRACE=full" "-e" "RUSTFLAGS=--cap-lints=warn" "-e" "RUSTDOCFLAGS=--cap-lints=warn" "-e" "CARGO_HOME=/opt/rustwide/cargo-home" "-e" "RUSTUP_HOME=/opt/rustwide/rustup-home" "-w" "/opt/rustwide/workdir" "-m" "1610612736" "--user" "0:0" "--network" "none" "ghcr.io/rust-lang/crates-build-env/linux@sha256:2788e3201cd34a07e3172128adcd8b3090168a8e3bcc40d7c032b9dda1df7d1c" "/opt/rustwide/cargo-home/bin/cargo" "+1.75.0" "test" "--frozen", kill_on_drop: false }`
[INFO] [stdout] 3d522c40ebe028571dc61c7aee9e491367e725748496ca91695344f45a5d913d
[INFO] running `Command { std: "docker" "start" "-a" "3d522c40ebe028571dc61c7aee9e491367e725748496ca91695344f45a5d913d", kill_on_drop: false }`
[INFO] [stderr]     Finished test [unoptimized + debuginfo] target(s) in 0.05s
[INFO] [stderr]      Running unittests src/lib.rs (/opt/rustwide/target/debug/deps/axum_core-377bf6bf8886f346)
[INFO] [stdout] 
[INFO] [stdout] running 13 tests
[INFO] [stdout] test body::test_try_downcast ... ok
[INFO] [stdout] test ext_traits::request::tests::extract_body_without_state ... ok
[INFO] [stdout] test ext_traits::request::tests::extract_parts_with_state ... ok
[INFO] [stdout] test ext_traits::request::tests::extract_parts_without_state ... ok
[INFO] [stdout] test ext_traits::request::tests::extract_with_state ... ok
[INFO] [stdout] test ext_traits::request_parts::tests::extract_with_state ... ok
[INFO] [stdout] test ext_traits::request::tests::extract_without_state ... ok
[INFO] [stdout] test ext_traits::request_parts::tests::extract_without_state ... ok
[INFO] [stdout] test extract::tuple::tests::nested_tuple ... ok
[INFO] [stdout] test extract::tuple::tests::tuple_of_one ... ok
[INFO] [stdout] test extract::tuple::tests::tuple_of_two ... ok
[INFO] [stdout] test extract::tuple::tests::unit ... ok
[INFO] [stdout] test macros::composite_rejection_tests::source_gives_inner_source ... ok
[INFO] [stdout] 
[INFO] [stdout] test result: ok. 13 passed; 0 failed; 0 ignored; 0 measured; 0 filtered out; finished in 0.00s
[INFO] [stdout] 
[INFO] [stderr]    Doc-tests axum-core
[INFO] [stdout] 
[INFO] [stdout] running 16 tests
[INFO] [stdout] test src/ext_traits/request.rs - ext_traits::request::RequestExt::extract_parts (line 138) ... FAILED
[INFO] [stdout] test src/ext_traits/request.rs - ext_traits::request::RequestExt::extract_parts_with_state (line 192) ... ok
[INFO] [stdout] test src/response/mod.rs - response::Result (line 83) ... ok
[INFO] [stdout] test src/response/mod.rs - response::Result (line 31) ... ok
[INFO] [stdout] test src/ext_traits/request.rs - ext_traits::request::RequestExt::extract (line 21) ... ok
[INFO] [stdout] test src/response/into_response_parts.rs - response::into_response_parts::IntoResponseParts (line 12) ... ok
[INFO] [stdout] test src/ext_traits/request_parts.rs - ext_traits::request_parts::RequestPartsExt::extract_with_state (line 67) ... ok
[INFO] [stdout] test src/ext_traits/request.rs - ext_traits::request::RequestExt::extract_with_state (line 84) ... ok
[INFO] [stdout] test src/ext_traits/request_parts.rs - ext_traits::request_parts::RequestPartsExt::extract (line 18) ... ok
[INFO] [stdout] test src/response/append_headers.rs - response::append_headers::AppendHeaders (line 10) ... ok
[INFO] [stdout] test src/response/into_response.rs - response::into_response::IntoResponse (line 67) ... ok
[INFO] [stdout] test src/extract/default_body_limit.rs - extract::default_body_limit::DefaultBodyLimit (line 27) ... ok
[INFO] [stdout] test src/extract/default_body_limit.rs - extract::default_body_limit::DefaultBodyLimit (line 51) ... ok
[INFO] [stdout] test src/response/into_response.rs - response::into_response::IntoResponse (line 29) ... ok
[INFO] [stdout] test src/extract/default_body_limit.rs - extract::default_body_limit::DefaultBodyLimit::max (line 133) ... ok
[INFO] [stdout] test src/extract/default_body_limit.rs - extract::default_body_limit::DefaultBodyLimit::disable (line 98) ... ok
[INFO] [stdout] 
[INFO] [stdout] failures:
[INFO] [stdout] 
[INFO] [stdout] ---- src/ext_traits/request.rs - ext_traits::request::RequestExt::extract_parts (line 138) stdout ----
[INFO] [stdout] error[E0433]: failed to resolve: use of undeclared crate or module `axum_extra`
[INFO] [stdout]   --> src/ext_traits/request.rs:146:5
[INFO] [stdout]    |
[INFO] [stdout] 10 | use axum_extra::{
[INFO] [stdout]    |     ^^^^^^^^^^ use of undeclared crate or module `axum_extra`
[INFO] [stdout] 
[INFO] [stdout] error[E0432]: unresolved import `axum_extra`
[INFO] [stdout]   --> src/ext_traits/request.rs:146:5
[INFO] [stdout]    |
[INFO] [stdout] 10 | use axum_extra::{
[INFO] [stdout]    |     ^^^^^^^^^^ use of undeclared crate or module `axum_extra`
[INFO] [stdout] 
[INFO] [stdout] error: aborting due to 2 previous errors
[INFO] [stdout] 
[INFO] [stdout] Some errors have detailed explanations: E0432, E0433.
[INFO] [stdout] For more information about an error, try `rustc --explain E0432`.
[INFO] [stdout] Couldn't compile the test.
[INFO] [stdout] 
[INFO] [stdout] failures:
[INFO] [stdout]     src/ext_traits/request.rs - ext_traits::request::RequestExt::extract_parts (line 138)
[INFO] [stdout] 
[INFO] [stdout] test result: FAILED. 15 passed; 1 failed; 0 ignored; 0 measured; 0 filtered out; finished in 2.24s
[INFO] [stdout] 
[INFO] [stderr] error: doctest failed, to rerun pass `--doc`
[INFO] running `Command { std: "docker" "inspect" "3d522c40ebe028571dc61c7aee9e491367e725748496ca91695344f45a5d913d", kill_on_drop: false }`
[INFO] running `Command { std: "docker" "rm" "-f" "3d522c40ebe028571dc61c7aee9e491367e725748496ca91695344f45a5d913d", kill_on_drop: false }`
[INFO] [stdout] 3d522c40ebe028571dc61c7aee9e491367e725748496ca91695344f45a5d913d
