[INFO] fetching crate axion 0.1.0...
[INFO] testing axion-0.1.0 against 1.75.0 for beta-1.76-1
[INFO] extracting crate axion 0.1.0 into /workspace/builds/worker-2-tc1/source
[INFO] validating manifest of crates.io crate axion 0.1.0 on toolchain 1.75.0
[INFO] running `Command { std: CARGO_HOME="/workspace/cargo-home" RUSTUP_HOME="/workspace/rustup-home" "/workspace/cargo-home/bin/cargo" "+1.75.0" "metadata" "--manifest-path" "Cargo.toml" "--no-deps", kill_on_drop: false }`
[INFO] started tweaking crates.io crate axion 0.1.0
[INFO] finished tweaking crates.io crate axion 0.1.0
[INFO] tweaked toml for crates.io crate axion 0.1.0 written to /workspace/builds/worker-2-tc1/source/Cargo.toml
[INFO] running `Command { std: CARGO_HOME="/workspace/cargo-home" RUSTUP_HOME="/workspace/rustup-home" "/workspace/cargo-home/bin/cargo" "+1.75.0" "generate-lockfile" "--manifest-path" "Cargo.toml", kill_on_drop: false }`
[INFO] [stderr]     Updating crates.io index
[INFO] running `Command { std: CARGO_HOME="/workspace/cargo-home" RUSTUP_HOME="/workspace/rustup-home" "/workspace/cargo-home/bin/cargo" "+1.75.0" "fetch" "--manifest-path" "Cargo.toml", kill_on_drop: false }`
[INFO] [stderr]  Downloading crates ...
[INFO] [stderr]   Downloaded axion-macro v0.1.0
[INFO] running `Command { std: "docker" "create" "-v" "/var/lib/crater-agent-workspace/builds/worker-2-tc1/target:/opt/rustwide/target:rw,Z" "-v" "/var/lib/crater-agent-workspace/builds/worker-2-tc1/source:/opt/rustwide/workdir:ro,Z" "-v" "/var/lib/crater-agent-workspace/cargo-home:/opt/rustwide/cargo-home:ro,Z" "-v" "/var/lib/crater-agent-workspace/rustup-home:/opt/rustwide/rustup-home:ro,Z" "-e" "SOURCE_DIR=/opt/rustwide/workdir" "-e" "CARGO_TARGET_DIR=/opt/rustwide/target" "-e" "CARGO_HOME=/opt/rustwide/cargo-home" "-e" "RUSTUP_HOME=/opt/rustwide/rustup-home" "-w" "/opt/rustwide/workdir" "-m" "1610612736" "--user" "0:0" "--network" "none" "ghcr.io/rust-lang/crates-build-env/linux@sha256:2788e3201cd34a07e3172128adcd8b3090168a8e3bcc40d7c032b9dda1df7d1c" "/opt/rustwide/cargo-home/bin/cargo" "+1.75.0" "metadata" "--no-deps" "--format-version=1", kill_on_drop: false }`
[INFO] [stdout] dc4a51c90b195c5ad9618c84fdfea7ccfed3089f3ad6b026ac9b25bcf4e252cc
[INFO] running `Command { std: "docker" "start" "-a" "dc4a51c90b195c5ad9618c84fdfea7ccfed3089f3ad6b026ac9b25bcf4e252cc", kill_on_drop: false }`
[INFO] running `Command { std: "docker" "inspect" "dc4a51c90b195c5ad9618c84fdfea7ccfed3089f3ad6b026ac9b25bcf4e252cc", kill_on_drop: false }`
[INFO] running `Command { std: "docker" "rm" "-f" "dc4a51c90b195c5ad9618c84fdfea7ccfed3089f3ad6b026ac9b25bcf4e252cc", kill_on_drop: false }`
[INFO] [stdout] dc4a51c90b195c5ad9618c84fdfea7ccfed3089f3ad6b026ac9b25bcf4e252cc
[INFO] running `Command { std: "docker" "create" "-v" "/var/lib/crater-agent-workspace/builds/worker-2-tc1/target:/opt/rustwide/target:rw,Z" "-v" "/var/lib/crater-agent-workspace/builds/worker-2-tc1/source:/opt/rustwide/workdir:ro,Z" "-v" "/var/lib/crater-agent-workspace/cargo-home:/opt/rustwide/cargo-home:ro,Z" "-v" "/var/lib/crater-agent-workspace/rustup-home:/opt/rustwide/rustup-home:ro,Z" "-e" "SOURCE_DIR=/opt/rustwide/workdir" "-e" "CARGO_TARGET_DIR=/opt/rustwide/target" "-e" "CARGO_INCREMENTAL=0" "-e" "RUST_BACKTRACE=full" "-e" "RUSTFLAGS=--cap-lints=warn" "-e" "RUSTDOCFLAGS=--cap-lints=warn" "-e" "CARGO_HOME=/opt/rustwide/cargo-home" "-e" "RUSTUP_HOME=/opt/rustwide/rustup-home" "-w" "/opt/rustwide/workdir" "-m" "1610612736" "--user" "0:0" "--network" "none" "ghcr.io/rust-lang/crates-build-env/linux@sha256:2788e3201cd34a07e3172128adcd8b3090168a8e3bcc40d7c032b9dda1df7d1c" "/opt/rustwide/cargo-home/bin/cargo" "+1.75.0" "build" "--frozen" "--message-format=json", kill_on_drop: false }`
[INFO] [stdout] 7579760ad2cf061f6f93748e841e51801824167e76e09d8a6e70b2db9cd72b40
[INFO] running `Command { std: "docker" "start" "-a" "7579760ad2cf061f6f93748e841e51801824167e76e09d8a6e70b2db9cd72b40", kill_on_drop: false }`
[INFO] [stderr]    Compiling axion-macro v0.1.0
[INFO] [stderr]    Compiling axion v0.1.0 (/opt/rustwide/workdir)
[INFO] [stderr]     Finished dev [unoptimized + debuginfo] target(s) in 0.29s
[INFO] running `Command { std: "docker" "inspect" "7579760ad2cf061f6f93748e841e51801824167e76e09d8a6e70b2db9cd72b40", kill_on_drop: false }`
[INFO] running `Command { std: "docker" "rm" "-f" "7579760ad2cf061f6f93748e841e51801824167e76e09d8a6e70b2db9cd72b40", kill_on_drop: false }`
[INFO] [stdout] 7579760ad2cf061f6f93748e841e51801824167e76e09d8a6e70b2db9cd72b40
[INFO] running `Command { std: "docker" "create" "-v" "/var/lib/crater-agent-workspace/builds/worker-2-tc1/target:/opt/rustwide/target:rw,Z" "-v" "/var/lib/crater-agent-workspace/builds/worker-2-tc1/source:/opt/rustwide/workdir:ro,Z" "-v" "/var/lib/crater-agent-workspace/cargo-home:/opt/rustwide/cargo-home:ro,Z" "-v" "/var/lib/crater-agent-workspace/rustup-home:/opt/rustwide/rustup-home:ro,Z" "-e" "SOURCE_DIR=/opt/rustwide/workdir" "-e" "CARGO_TARGET_DIR=/opt/rustwide/target" "-e" "CARGO_INCREMENTAL=0" "-e" "RUST_BACKTRACE=full" "-e" "RUSTFLAGS=--cap-lints=warn" "-e" "RUSTDOCFLAGS=--cap-lints=warn" "-e" "CARGO_HOME=/opt/rustwide/cargo-home" "-e" "RUSTUP_HOME=/opt/rustwide/rustup-home" "-w" "/opt/rustwide/workdir" "-m" "1610612736" "--user" "0:0" "--network" "none" "ghcr.io/rust-lang/crates-build-env/linux@sha256:2788e3201cd34a07e3172128adcd8b3090168a8e3bcc40d7c032b9dda1df7d1c" "/opt/rustwide/cargo-home/bin/cargo" "+1.75.0" "test" "--frozen" "--no-run" "--message-format=json", kill_on_drop: false }`
[INFO] [stdout] d694163ff0a34688334506a3d56a25ef21883e58d99d77f04310fab025802313
[INFO] running `Command { std: "docker" "start" "-a" "d694163ff0a34688334506a3d56a25ef21883e58d99d77f04310fab025802313", kill_on_drop: false }`
[INFO] [stderr]    Compiling rustix v0.38.28
[INFO] [stderr]    Compiling plotters-backend v0.3.5
[INFO] [stderr]    Compiling bitflags v2.4.1
[INFO] [stderr]    Compiling ciborium-io v0.2.1
[INFO] [stderr]    Compiling half v1.8.2
[INFO] [stderr]    Compiling clap_lex v0.6.0
[INFO] [stderr]    Compiling linux-raw-sys v0.4.12
[INFO] [stderr]    Compiling regex-syntax v0.8.2
[INFO] [stderr]    Compiling anstyle v1.0.4
[INFO] [stderr]    Compiling same-file v1.0.6
[INFO] [stderr]    Compiling cast v0.3.0
[INFO] [stderr]    Compiling oorandom v11.1.3
[INFO] [stderr]    Compiling anes v0.1.6
[INFO] [stderr]    Compiling rayon v1.8.0
[INFO] [stderr]    Compiling tinytemplate v1.2.1
[INFO] [stderr]    Compiling walkdir v2.4.0
[INFO] [stderr]    Compiling criterion-plot v0.5.0
[INFO] [stderr]    Compiling clap_builder v4.4.12
[INFO] [stderr]    Compiling plotters-svg v0.3.5
[INFO] [stderr]    Compiling ciborium-ll v0.2.1
[INFO] [stderr]    Compiling plotters v0.3.5
[INFO] [stderr]    Compiling ciborium v0.2.1
[INFO] [stderr]    Compiling is-terminal v0.4.10
[INFO] [stderr]    Compiling regex-automata v0.4.3
[INFO] [stderr]    Compiling clap v4.4.13
[INFO] [stderr]    Compiling regex v1.10.2
[INFO] [stderr]    Compiling criterion v0.5.1
[INFO] [stderr]    Compiling axion v0.1.0 (/opt/rustwide/workdir)
[INFO] [stderr]     Finished test [unoptimized + debuginfo] target(s) in 11.69s
[INFO] running `Command { std: "docker" "inspect" "d694163ff0a34688334506a3d56a25ef21883e58d99d77f04310fab025802313", kill_on_drop: false }`
[INFO] running `Command { std: "docker" "rm" "-f" "d694163ff0a34688334506a3d56a25ef21883e58d99d77f04310fab025802313", kill_on_drop: false }`
[INFO] [stdout] d694163ff0a34688334506a3d56a25ef21883e58d99d77f04310fab025802313
[INFO] running `Command { std: "docker" "create" "-v" "/var/lib/crater-agent-workspace/builds/worker-2-tc1/target:/opt/rustwide/target:rw,Z" "-v" "/var/lib/crater-agent-workspace/builds/worker-2-tc1/source:/opt/rustwide/workdir:ro,Z" "-v" "/var/lib/crater-agent-workspace/cargo-home:/opt/rustwide/cargo-home:ro,Z" "-v" "/var/lib/crater-agent-workspace/rustup-home:/opt/rustwide/rustup-home:ro,Z" "-e" "SOURCE_DIR=/opt/rustwide/workdir" "-e" "CARGO_TARGET_DIR=/opt/rustwide/target" "-e" "CARGO_INCREMENTAL=0" "-e" "RUST_BACKTRACE=full" "-e" "RUSTFLAGS=--cap-lints=warn" "-e" "RUSTDOCFLAGS=--cap-lints=warn" "-e" "CARGO_HOME=/opt/rustwide/cargo-home" "-e" "RUSTUP_HOME=/opt/rustwide/rustup-home" "-w" "/opt/rustwide/workdir" "-m" "1610612736" "--user" "0:0" "--network" "none" "ghcr.io/rust-lang/crates-build-env/linux@sha256:2788e3201cd34a07e3172128adcd8b3090168a8e3bcc40d7c032b9dda1df7d1c" "/opt/rustwide/cargo-home/bin/cargo" "+1.75.0" "test" "--frozen", kill_on_drop: false }`
[INFO] [stdout] abf37d237691a44e7061d28ce68f23767f307c6638d248a3ea71f5ec9f768fe5
[INFO] running `Command { std: "docker" "start" "-a" "abf37d237691a44e7061d28ce68f23767f307c6638d248a3ea71f5ec9f768fe5", kill_on_drop: false }`
[INFO] [stderr]     Finished test [unoptimized + debuginfo] target(s) in 0.12s
[INFO] [stderr]      Running unittests src/lib.rs (/opt/rustwide/target/debug/deps/axion-f35a1a4d0a98632d)
[INFO] [stdout] 
[INFO] [stdout] running 1 test
[INFO] [stdout] test math::sse2::fvector2::test_fvector2_sse2 ... ok
[INFO] [stdout] 
[INFO] [stdout] test result: ok. 1 passed; 0 failed; 0 ignored; 0 measured; 0 filtered out; finished in 0.00s
[INFO] [stdout] 
[INFO] [stderr]    Doc-tests axion
[INFO] [stdout] 
[INFO] [stdout] running 29 tests
[INFO] [stdout] test src/math/sse2/fvector2.rs - math::sse2::fvector2::FVector2::index (line 833) ... FAILED
[INFO] [stdout] test src/math/sse2/fvector2.rs - math::sse2::fvector2::FVector2::index_mut (line 872) ... FAILED
[INFO] [stdout] test src/math/sse2/fvector2.rs - math::sse2::fvector2::FVector2::clamp (line 488) ... ok
[INFO] [stdout] test src/math/sse2/fvector2.rs - math::sse2::fvector2::FVector2::distance_sq (line 339) ... ok
[INFO] [stdout] test src/math/sse2/fvector2.rs - math::sse2::fvector2::FVector2::is_zero (line 603) ... ok
[INFO] [stdout] test src/math/sse2/fvector2.rs - math::sse2::fvector2::FVector2::add_assign (line 1230) ... ok
[INFO] [stdout] test src/math/sse2/fvector2.rs - math::sse2::fvector2::FVector2::eq (line 707) ... ok
[INFO] [stdout] test src/math/sse2/fvector2.rs - math::sse2::fvector2::FVector2::is_nan (line 642) ... ok
[INFO] [stdout] test src/math/sse2/fvector2.rs - math::sse2::fvector2::FVector2::div (line 1136) ... ok
[INFO] [stdout] test src/math/sse2/fvector2.rs - math::sse2::fvector2::FVector2::index_mut (line 952) ... ok
[INFO] [stdout] test src/math/sse2/fvector2.rs - math::sse2::fvector2::FVector2::distance (line 290) ... ok
[INFO] [stdout] test src/math/sse2/fvector2.rs - math::sse2::fvector2::FVector2::length_inv (line 246) ... ok
[INFO] [stdout] test src/math/sse2/fvector2.rs - math::sse2::fvector2::FVector2::div_assign (line 1308) ... ok
[INFO] [stdout] test src/math/sse2/fvector2.rs - math::sse2::fvector2::FVector2::is_finite (line 676) ... FAILED
[INFO] [stdout] test src/math/sse2/fvector2.rs - math::sse2::fvector2::FVector2::add (line 989) ... ok
[INFO] [stdout] test src/math/sse2/fvector2.rs - math::sse2::fvector2::FVector2::normalize (line 388) ... FAILED
[INFO] [stdout] test src/math/sse2/fvector2.rs - math::sse2::fvector2::FVector2::index (line 913) ... ok
[INFO] [stdout] test src/math/sse2/fvector2.rs - math::sse2::fvector2::FVector2::fmt (line 796) ... FAILED
[INFO] [stdout] test src/math/sse2/fvector2.rs - math::sse2::fvector2::FVector2::ne (line 751) ... ok
[INFO] [stdout] test src/math/sse2/fvector2.rs - math::sse2::fvector2::FVector2::max (line 561) ... ok
[INFO] [stdout] test src/math/sse2/fvector2.rs - math::sse2::fvector2::FVector2::lerp (line 438) ... ok
[INFO] [stdout] test src/math/sse2/fvector2.rs - math::sse2::fvector2::FVector2::mul_assign (line 1282) ... ok
[INFO] [stdout] test src/math/sse2/fvector2.rs - math::sse2::fvector2::FVector2::min (line 515) ... ok
[INFO] [stdout] test src/math/sse2/fvector2.rs - math::sse2::fvector2::FVector2::sub (line 1038) ... ok
[INFO] [stdout] test src/math/sse2/fvector2.rs - math::sse2::fvector2::FVector2::sub_assign (line 1256) ... ok
[INFO] [stdout] test src/math/sse2/fvector2.rs - math::sse2::fvector2::FVector2::splat (line 115) ... ok
[INFO] [stdout] test src/math/sse2/fvector2.rs - math::sse2::fvector2::FVector2::rem (line 1185) ... ok
[INFO] [stdout] test src/math/sse2/fvector2.rs - math::sse2::fvector2::FVector2::mul (line 1087) ... ok
[INFO] [stdout] test src/math/sse2/fvector2.rs - math::sse2::fvector2::FVector2::rem_assign (line 1334) ... ok
[INFO] [stdout] 
[INFO] [stdout] failures:
[INFO] [stdout] 
[INFO] [stdout] ---- src/math/sse2/fvector2.rs - math::sse2::fvector2::FVector2::index (line 833) stdout ----
[INFO] [stdout] error[E0277]: the type `FVector2` cannot be indexed by `i32`
[INFO] [stdout]  --> src/math/sse2/fvector2.rs:838:19
[INFO] [stdout]   |
[INFO] [stdout] 8 | let x_component = vector[0];
[INFO] [stdout]   |                   ^^^^^^^^^ `FVector2` cannot be indexed by `i32`
[INFO] [stdout]   |
[INFO] [stdout]   = help: the trait `Index<i32>` is not implemented for `FVector2`
[INFO] [stdout]   = help: the following other types implement trait `Index<Idx>`:
[INFO] [stdout]             <FVector2 as Index<usize>>
[INFO] [stdout]             <FVector2 as Index<u32>>
[INFO] [stdout] 
[INFO] [stdout] error: aborting due to previous error
[INFO] [stdout] 
[INFO] [stdout] For more information about this error, try `rustc --explain E0277`.
[INFO] [stdout] Couldn't compile the test.
[INFO] [stdout] ---- src/math/sse2/fvector2.rs - math::sse2::fvector2::FVector2::index_mut (line 872) stdout ----
[INFO] [stdout] error[E0277]: the type `FVector2` cannot be mutably indexed by `i32`
[INFO] [stdout]  --> src/math/sse2/fvector2.rs:877:1
[INFO] [stdout]   |
[INFO] [stdout] 8 | vector[0] = 4.0;
[INFO] [stdout]   | ^^^^^^^^^ `FVector2` cannot be mutably indexed by `i32`
[INFO] [stdout]   |
[INFO] [stdout]   = help: the trait `IndexMut<i32>` is not implemented for `FVector2`
[INFO] [stdout]   = help: the following other types implement trait `IndexMut<Idx>`:
[INFO] [stdout]             <FVector2 as IndexMut<usize>>
[INFO] [stdout]             <FVector2 as IndexMut<u32>>
[INFO] [stdout] 
[INFO] [stdout] error[E0277]: the type `FVector2` cannot be indexed by `i32`
[INFO] [stdout]   --> src/math/sse2/fvector2.rs:879:12
[INFO] [stdout]    |
[INFO] [stdout] 10 | assert_eq!(vector[0], 4.0);
[INFO] [stdout]    |            ^^^^^^^^^ `FVector2` cannot be indexed by `i32`
[INFO] [stdout]    |
[INFO] [stdout]    = help: the trait `Index<i32>` is not implemented for `FVector2`
[INFO] [stdout]    = help: the following other types implement trait `Index<Idx>`:
[INFO] [stdout]              <FVector2 as Index<usize>>
[INFO] [stdout]              <FVector2 as Index<u32>>
[INFO] [stdout] 
[INFO] [stdout] error: aborting due to 2 previous errors
[INFO] [stdout] 
[INFO] [stdout] For more information about this error, try `rustc --explain E0277`.
[INFO] [stdout] Couldn't compile the test.
[INFO] [stdout] ---- src/math/sse2/fvector2.rs - math::sse2::fvector2::FVector2::is_finite (line 676) stdout ----
[INFO] [stdout] Test executable failed (exit status: 101).
[INFO] [stdout] 
[INFO] [stdout] stderr:
[INFO] [stdout] thread 'main' panicked at src/math/sse2/fvector2.rs:11:1:
[INFO] [stdout] assertion `left == right` failed
[INFO] [stdout]   left: true
[INFO] [stdout]  right: false
[INFO] [stdout] stack backtrace:
[INFO] [stdout]    0:     0x55a4bacacebc - std::backtrace_rs::backtrace::libunwind::trace::ha637c64ce894333a
[INFO] [stdout]                                at /rustc/82e1608dfa6e0b5569232559e3d385fea5a93112/library/std/src/../../backtrace/src/backtrace/libunwind.rs:104:5
[INFO] [stdout]    1:     0x55a4bacacebc - std::backtrace_rs::backtrace::trace_unsynchronized::h47f62dea28e0c88d
[INFO] [stdout]                                at /rustc/82e1608dfa6e0b5569232559e3d385fea5a93112/library/std/src/../../backtrace/src/backtrace/mod.rs:66:5
[INFO] [stdout]    2:     0x55a4bacacebc - std::sys_common::backtrace::_print_fmt::h9eef0abe20ede486
[INFO] [stdout]                                at /rustc/82e1608dfa6e0b5569232559e3d385fea5a93112/library/std/src/sys_common/backtrace.rs:67:5
[INFO] [stdout]    3:     0x55a4bacacebc - <std::sys_common::backtrace::_print::DisplayBacktrace as core::fmt::Display>::fmt::hed7f999df88cc644
[INFO] [stdout]                                at /rustc/82e1608dfa6e0b5569232559e3d385fea5a93112/library/std/src/sys_common/backtrace.rs:44:22
[INFO] [stdout]    4:     0x55a4baccc7a0 - core::fmt::rt::Argument::fmt::h1539a9308b8d058d
[INFO] [stdout]                                at /rustc/82e1608dfa6e0b5569232559e3d385fea5a93112/library/core/src/fmt/rt.rs:142:9
[INFO] [stdout]    5:     0x55a4baccc7a0 - core::fmt::write::h3a39390d8560d9c9
[INFO] [stdout]                                at /rustc/82e1608dfa6e0b5569232559e3d385fea5a93112/library/core/src/fmt/mod.rs:1120:17
[INFO] [stdout]    6:     0x55a4bacab36f - std::io::Write::write_fmt::h5fc9997dfe05f882
[INFO] [stdout]                                at /rustc/82e1608dfa6e0b5569232559e3d385fea5a93112/library/std/src/io/mod.rs:1762:15
[INFO] [stdout]    7:     0x55a4bacacca4 - std::sys_common::backtrace::_print::h894006fb5c6f3d45
[INFO] [stdout]                                at /rustc/82e1608dfa6e0b5569232559e3d385fea5a93112/library/std/src/sys_common/backtrace.rs:47:5
[INFO] [stdout]    8:     0x55a4bacacca4 - std::sys_common::backtrace::print::h23a2d212c6fff936
[INFO] [stdout]                                at /rustc/82e1608dfa6e0b5569232559e3d385fea5a93112/library/std/src/sys_common/backtrace.rs:34:9
[INFO] [stdout]    9:     0x55a4bacae1b7 - std::panicking::default_hook::{{closure}}::h8a1d2ee00185001a
[INFO] [stdout]   10:     0x55a4bacadf1f - std::panicking::default_hook::h6038f2eba384e475
[INFO] [stdout]                                at /rustc/82e1608dfa6e0b5569232559e3d385fea5a93112/library/std/src/panicking.rs:292:9
[INFO] [stdout]   11:     0x55a4bacae638 - std::panicking::rust_panic_with_hook::h2b5517d590cab22e
[INFO] [stdout]                                at /rustc/82e1608dfa6e0b5569232559e3d385fea5a93112/library/std/src/panicking.rs:779:13
[INFO] [stdout]   12:     0x55a4bacae51e - std::panicking::begin_panic_handler::{{closure}}::h233112c06e0ef43e
[INFO] [stdout]                                at /rustc/82e1608dfa6e0b5569232559e3d385fea5a93112/library/std/src/panicking.rs:657:13
[INFO] [stdout]   13:     0x55a4bacad386 - std::sys_common::backtrace::__rust_end_short_backtrace::h6e893f24d7ebbff8
[INFO] [stdout]                                at /rustc/82e1608dfa6e0b5569232559e3d385fea5a93112/library/std/src/sys_common/backtrace.rs:170:18
[INFO] [stdout]   14:     0x55a4bacae282 - rust_begin_unwind
[INFO] [stdout]                                at /rustc/82e1608dfa6e0b5569232559e3d385fea5a93112/library/std/src/panicking.rs:645:5
[INFO] [stdout]   15:     0x55a4bac91df5 - core::panicking::panic_fmt::hbf0e066aabfa482c
[INFO] [stdout]                                at /rustc/82e1608dfa6e0b5569232559e3d385fea5a93112/library/core/src/panicking.rs:72:14
[INFO] [stdout]   16:     0x55a4bac920db - core::panicking::assert_failed_inner::h0bba8b7c26ee4492
[INFO] [stdout]   17:     0x55a4bac9275a - core::panicking::assert_failed::hab85631668664e42
[INFO] [stdout]   18:     0x55a4bac92942 - rust_out::main::_doctest_main_src_math_sse2_fvector2_rs_676_0::h602de052e79b9e15
[INFO] [stdout]   19:     0x55a4bac927d6 - rust_out::main::hc20c0d07e2402830
[INFO] [stdout]   20:     0x55a4bac926b3 - core::ops::function::FnOnce::call_once::hbc459743598298c4
[INFO] [stdout]   21:     0x55a4bac925e6 - std::sys_common::backtrace::__rust_begin_short_backtrace::h62debe7d3058b76a
[INFO] [stdout]   22:     0x55a4bac92639 - std::rt::lang_start::{{closure}}::h8f486f3e1e6418b2
[INFO] [stdout]   23:     0x55a4baca93b7 - core::ops::function::impls::<impl core::ops::function::FnOnce<A> for &F>::call_once::hd95060ecd5e1ca24
[INFO] [stdout]                                at /rustc/82e1608dfa6e0b5569232559e3d385fea5a93112/library/core/src/ops/function.rs:284:13
[INFO] [stdout]   24:     0x55a4baca93b7 - std::panicking::try::do_call::h6e8cf51db32a6e4b
[INFO] [stdout]                                at /rustc/82e1608dfa6e0b5569232559e3d385fea5a93112/library/std/src/panicking.rs:552:40
[INFO] [stdout]   25:     0x55a4baca93b7 - std::panicking::try::h3a52eefe24fe3c29
[INFO] [stdout]                                at /rustc/82e1608dfa6e0b5569232559e3d385fea5a93112/library/std/src/panicking.rs:516:19
[INFO] [stdout]   26:     0x55a4baca93b7 - std::panic::catch_unwind::h24c28c23c02c3841
[INFO] [stdout]                                at /rustc/82e1608dfa6e0b5569232559e3d385fea5a93112/library/std/src/panic.rs:142:14
[INFO] [stdout]   27:     0x55a4baca93b7 - std::rt::lang_start_internal::{{closure}}::h705d3c9cbc06ef47
[INFO] [stdout]                                at /rustc/82e1608dfa6e0b5569232559e3d385fea5a93112/library/std/src/rt.rs:148:48
[INFO] [stdout]   28:     0x55a4baca93b7 - std::panicking::try::do_call::ha21f52ba13158470
[INFO] [stdout]                                at /rustc/82e1608dfa6e0b5569232559e3d385fea5a93112/library/std/src/panicking.rs:552:40
[INFO] [stdout]   29:     0x55a4baca93b7 - std::panicking::try::h5581346bf6aeb1f8
[INFO] [stdout]                                at /rustc/82e1608dfa6e0b5569232559e3d385fea5a93112/library/std/src/panicking.rs:516:19
[INFO] [stdout]   30:     0x55a4baca93b7 - std::panic::catch_unwind::h7919645a6b72e25b
[INFO] [stdout]                                at /rustc/82e1608dfa6e0b5569232559e3d385fea5a93112/library/std/src/panic.rs:142:14
[INFO] [stdout]   31:     0x55a4baca93b7 - std::rt::lang_start_internal::h12de51168669836e
[INFO] [stdout]                                at /rustc/82e1608dfa6e0b5569232559e3d385fea5a93112/library/std/src/rt.rs:148:20
[INFO] [stdout]   32:     0x55a4bac92617 - std::rt::lang_start::h2c48f91a7bf85629
[INFO] [stdout]   33:     0x55a4bac92965 - main
[INFO] [stdout]   34:     0x7f894cb20d90 - <unknown>
[INFO] [stdout]   35:     0x7f894cb20e40 - __libc_start_main
[INFO] [stdout]   36:     0x55a4bac92515 - _start
[INFO] [stdout]   37:                0x0 - <unknown>
[INFO] [stdout] 
[INFO] [stdout] 
[INFO] [stdout] ---- src/math/sse2/fvector2.rs - math::sse2::fvector2::FVector2::normalize (line 388) stdout ----
[INFO] [stdout] error[E0433]: failed to resolve: use of undeclared type `FVector2`
[INFO] [stdout]  --> src/math/sse2/fvector2.rs:389:9
[INFO] [stdout]   |
[INFO] [stdout] 3 | let v = FVector2::new(3.0, 4.0);
[INFO] [stdout]   |         ^^^^^^^^ use of undeclared type `FVector2`
[INFO] [stdout]   |
[INFO] [stdout] help: consider importing this struct
[INFO] [stdout]   |
[INFO] [stdout] 2 + use axion::math::FVector2;
[INFO] [stdout]   |
[INFO] [stdout] 
[INFO] [stdout] error: aborting due to previous error
[INFO] [stdout] 
[INFO] [stdout] For more information about this error, try `rustc --explain E0433`.
[INFO] [stdout] Couldn't compile the test.
[INFO] [stdout] ---- src/math/sse2/fvector2.rs - math::sse2::fvector2::FVector2::fmt (line 796) stdout ----
[INFO] [stdout] Test executable failed (exit status: 101).
[INFO] [stdout] 
[INFO] [stdout] stderr:
[INFO] [stdout] thread 'main' panicked at src/math/sse2/fvector2.rs:10:1:
[INFO] [stdout] assertion `left == right` failed
[INFO] [stdout]   left: "(2, 5)"
[INFO] [stdout]  right: "(2.0, 5.0)"
[INFO] [stdout] stack backtrace:
[INFO] [stdout]    0:     0x564838ca7c8c - std::backtrace_rs::backtrace::libunwind::trace::ha637c64ce894333a
[INFO] [stdout]                                at /rustc/82e1608dfa6e0b5569232559e3d385fea5a93112/library/std/src/../../backtrace/src/backtrace/libunwind.rs:104:5
[INFO] [stdout]    1:     0x564838ca7c8c - std::backtrace_rs::backtrace::trace_unsynchronized::h47f62dea28e0c88d
[INFO] [stdout]                                at /rustc/82e1608dfa6e0b5569232559e3d385fea5a93112/library/std/src/../../backtrace/src/backtrace/mod.rs:66:5
[INFO] [stdout]    2:     0x564838ca7c8c - std::sys_common::backtrace::_print_fmt::h9eef0abe20ede486
[INFO] [stdout]                                at /rustc/82e1608dfa6e0b5569232559e3d385fea5a93112/library/std/src/sys_common/backtrace.rs:67:5
[INFO] [stdout]    3:     0x564838ca7c8c - <std::sys_common::backtrace::_print::DisplayBacktrace as core::fmt::Display>::fmt::hed7f999df88cc644
[INFO] [stdout]                                at /rustc/82e1608dfa6e0b5569232559e3d385fea5a93112/library/std/src/sys_common/backtrace.rs:44:22
[INFO] [stdout]    4:     0x564838ccb1b0 - core::fmt::rt::Argument::fmt::h1539a9308b8d058d
[INFO] [stdout]                                at /rustc/82e1608dfa6e0b5569232559e3d385fea5a93112/library/core/src/fmt/rt.rs:142:9
[INFO] [stdout]    5:     0x564838ccb1b0 - core::fmt::write::h3a39390d8560d9c9
[INFO] [stdout]                                at /rustc/82e1608dfa6e0b5569232559e3d385fea5a93112/library/core/src/fmt/mod.rs:1120:17
[INFO] [stdout]    6:     0x564838ca613f - std::io::Write::write_fmt::h5fc9997dfe05f882
[INFO] [stdout]                                at /rustc/82e1608dfa6e0b5569232559e3d385fea5a93112/library/std/src/io/mod.rs:1762:15
[INFO] [stdout]    7:     0x564838ca7a74 - std::sys_common::backtrace::_print::h894006fb5c6f3d45
[INFO] [stdout]                                at /rustc/82e1608dfa6e0b5569232559e3d385fea5a93112/library/std/src/sys_common/backtrace.rs:47:5
[INFO] [stdout]    8:     0x564838ca7a74 - std::sys_common::backtrace::print::h23a2d212c6fff936
[INFO] [stdout]                                at /rustc/82e1608dfa6e0b5569232559e3d385fea5a93112/library/std/src/sys_common/backtrace.rs:34:9
[INFO] [stdout]    9:     0x564838ca8f87 - std::panicking::default_hook::{{closure}}::h8a1d2ee00185001a
[INFO] [stdout]   10:     0x564838ca8cef - std::panicking::default_hook::h6038f2eba384e475
[INFO] [stdout]                                at /rustc/82e1608dfa6e0b5569232559e3d385fea5a93112/library/std/src/panicking.rs:292:9
[INFO] [stdout]   11:     0x564838ca9408 - std::panicking::rust_panic_with_hook::h2b5517d590cab22e
[INFO] [stdout]                                at /rustc/82e1608dfa6e0b5569232559e3d385fea5a93112/library/std/src/panicking.rs:779:13
[INFO] [stdout]   12:     0x564838ca92ee - std::panicking::begin_panic_handler::{{closure}}::h233112c06e0ef43e
[INFO] [stdout]                                at /rustc/82e1608dfa6e0b5569232559e3d385fea5a93112/library/std/src/panicking.rs:657:13
[INFO] [stdout]   13:     0x564838ca8156 - std::sys_common::backtrace::__rust_end_short_backtrace::h6e893f24d7ebbff8
[INFO] [stdout]                                at /rustc/82e1608dfa6e0b5569232559e3d385fea5a93112/library/std/src/sys_common/backtrace.rs:170:18
[INFO] [stdout]   14:     0x564838ca9052 - rust_begin_unwind
[INFO] [stdout]                                at /rustc/82e1608dfa6e0b5569232559e3d385fea5a93112/library/std/src/panicking.rs:645:5
[INFO] [stdout]   15:     0x564838c8bdf5 - core::panicking::panic_fmt::hbf0e066aabfa482c
[INFO] [stdout]                                at /rustc/82e1608dfa6e0b5569232559e3d385fea5a93112/library/core/src/panicking.rs:72:14
[INFO] [stdout]   16:     0x564838c8c11b - core::panicking::assert_failed_inner::h0bba8b7c26ee4492
[INFO] [stdout]   17:     0x564838c8cb0e - core::panicking::assert_failed::hb80e8d192177f4cc
[INFO] [stdout]   18:     0x564838c8d6e5 - rust_out::main::_doctest_main_src_math_sse2_fvector2_rs_796_0::h1eacdaada02f2d27
[INFO] [stdout]   19:     0x564838c8d586 - rust_out::main::hc20c0d07e2402830
[INFO] [stdout]   20:     0x564838c8c813 - core::ops::function::FnOnce::call_once::hbc459743598298c4
[INFO] [stdout]   21:     0x564838c8c626 - std::sys_common::backtrace::__rust_begin_short_backtrace::h62debe7d3058b76a
[INFO] [stdout]   22:     0x564838c8c679 - std::rt::lang_start::{{closure}}::h8f486f3e1e6418b2
[INFO] [stdout]   23:     0x564838ca4187 - core::ops::function::impls::<impl core::ops::function::FnOnce<A> for &F>::call_once::hd95060ecd5e1ca24
[INFO] [stdout]                                at /rustc/82e1608dfa6e0b5569232559e3d385fea5a93112/library/core/src/ops/function.rs:284:13
[INFO] [stdout]   24:     0x564838ca4187 - std::panicking::try::do_call::h6e8cf51db32a6e4b
[INFO] [stdout]                                at /rustc/82e1608dfa6e0b5569232559e3d385fea5a93112/library/std/src/panicking.rs:552:40
[INFO] [stdout]   25:     0x564838ca4187 - std::panicking::try::h3a52eefe24fe3c29
[INFO] [stdout]                                at /rustc/82e1608dfa6e0b5569232559e3d385fea5a93112/library/std/src/panicking.rs:516:19
[INFO] [stdout]   26:     0x564838ca4187 - std::panic::catch_unwind::h24c28c23c02c3841
[INFO] [stdout]                                at /rustc/82e1608dfa6e0b5569232559e3d385fea5a93112/library/std/src/panic.rs:142:14
[INFO] [stdout]   27:     0x564838ca4187 - std::rt::lang_start_internal::{{closure}}::h705d3c9cbc06ef47
[INFO] [stdout]                                at /rustc/82e1608dfa6e0b5569232559e3d385fea5a93112/library/std/src/rt.rs:148:48
[INFO] [stdout]   28:     0x564838ca4187 - std::panicking::try::do_call::ha21f52ba13158470
[INFO] [stdout]                                at /rustc/82e1608dfa6e0b5569232559e3d385fea5a93112/library/std/src/panicking.rs:552:40
[INFO] [stdout]   29:     0x564838ca4187 - std::panicking::try::h5581346bf6aeb1f8
[INFO] [stdout]                                at /rustc/82e1608dfa6e0b5569232559e3d385fea5a93112/library/std/src/panicking.rs:516:19
[INFO] [stdout]   30:     0x564838ca4187 - std::panic::catch_unwind::h7919645a6b72e25b
[INFO] [stdout]                                at /rustc/82e1608dfa6e0b5569232559e3d385fea5a93112/library/std/src/panic.rs:142:14
[INFO] [stdout]   31:     0x564838ca4187 - std::rt::lang_start_internal::h12de51168669836e
[INFO] [stdout]                                at /rustc/82e1608dfa6e0b5569232559e3d385fea5a93112/library/std/src/rt.rs:148:20
[INFO] [stdout]   32:     0x564838c8c657 - std::rt::lang_start::h2c48f91a7bf85629
[INFO] [stdout]   33:     0x564838c8d735 - main
[INFO] [stdout]   34:     0x7f995b51dd90 - <unknown>
[INFO] [stdout]   35:     0x7f995b51de40 - __libc_start_main
[INFO] [stdout]   36:     0x564838c8c555 - _start
[INFO] [stdout]   37:                0x0 - <unknown>
[INFO] [stdout] 
[INFO] [stdout] 
[INFO] [stdout] 
[INFO] [stdout] failures:
[INFO] [stdout]     src/math/sse2/fvector2.rs - math::sse2::fvector2::FVector2::fmt (line 796)
[INFO] [stdout]     src/math/sse2/fvector2.rs - math::sse2::fvector2::FVector2::index (line 833)
[INFO] [stdout]     src/math/sse2/fvector2.rs - math::sse2::fvector2::FVector2::index_mut (line 872)
[INFO] [stdout]     src/math/sse2/fvector2.rs - math::sse2::fvector2::FVector2::is_finite (line 676)
[INFO] [stdout]     src/math/sse2/fvector2.rs - math::sse2::fvector2::FVector2::normalize (line 388)
[INFO] [stdout] 
[INFO] [stdout] test result: FAILED. 24 passed; 5 failed; 0 ignored; 0 measured; 0 filtered out; finished in 2.44s
[INFO] [stdout] 
[INFO] [stderr] error: doctest failed, to rerun pass `--doc`
[INFO] running `Command { std: "docker" "inspect" "abf37d237691a44e7061d28ce68f23767f307c6638d248a3ea71f5ec9f768fe5", kill_on_drop: false }`
[INFO] running `Command { std: "docker" "rm" "-f" "abf37d237691a44e7061d28ce68f23767f307c6638d248a3ea71f5ec9f768fe5", kill_on_drop: false }`
[INFO] [stdout] abf37d237691a44e7061d28ce68f23767f307c6638d248a3ea71f5ec9f768fe5
[INFO] testing axion-0.1.0 against beta-2023-12-22 for beta-1.76-1
[INFO] extracting crate axion 0.1.0 into /workspace/builds/worker-2-tc2/source
[INFO] validating manifest of crates.io crate axion 0.1.0 on toolchain beta-2023-12-22
[INFO] running `Command { std: CARGO_HOME="/workspace/cargo-home" RUSTUP_HOME="/workspace/rustup-home" "/workspace/cargo-home/bin/cargo" "+beta-2023-12-22" "metadata" "--manifest-path" "Cargo.toml" "--no-deps", kill_on_drop: false }`
[INFO] started tweaking crates.io crate axion 0.1.0
[INFO] finished tweaking crates.io crate axion 0.1.0
[INFO] tweaked toml for crates.io crate axion 0.1.0 written to /workspace/builds/worker-2-tc2/source/Cargo.toml
[INFO] running `Command { std: CARGO_HOME="/workspace/cargo-home" RUSTUP_HOME="/workspace/rustup-home" "/workspace/cargo-home/bin/cargo" "+beta-2023-12-22" "generate-lockfile" "--manifest-path" "Cargo.toml", kill_on_drop: false }`
[INFO] [stderr]     Updating crates.io index
[INFO] running `Command { std: CARGO_HOME="/workspace/cargo-home" RUSTUP_HOME="/workspace/rustup-home" "/workspace/cargo-home/bin/cargo" "+beta-2023-12-22" "fetch" "--manifest-path" "Cargo.toml", kill_on_drop: false }`
[INFO] running `Command { std: "docker" "create" "-v" "/var/lib/crater-agent-workspace/builds/worker-2-tc2/target:/opt/rustwide/target:rw,Z" "-v" "/var/lib/crater-agent-workspace/builds/worker-2-tc2/source:/opt/rustwide/workdir:ro,Z" "-v" "/var/lib/crater-agent-workspace/cargo-home:/opt/rustwide/cargo-home:ro,Z" "-v" "/var/lib/crater-agent-workspace/rustup-home:/opt/rustwide/rustup-home:ro,Z" "-e" "SOURCE_DIR=/opt/rustwide/workdir" "-e" "CARGO_TARGET_DIR=/opt/rustwide/target" "-e" "CARGO_HOME=/opt/rustwide/cargo-home" "-e" "RUSTUP_HOME=/opt/rustwide/rustup-home" "-w" "/opt/rustwide/workdir" "-m" "1610612736" "--user" "0:0" "--network" "none" "ghcr.io/rust-lang/crates-build-env/linux@sha256:2788e3201cd34a07e3172128adcd8b3090168a8e3bcc40d7c032b9dda1df7d1c" "/opt/rustwide/cargo-home/bin/cargo" "+beta-2023-12-22" "metadata" "--no-deps" "--format-version=1", kill_on_drop: false }`
[INFO] [stdout] c8e001e127623e9789620397d3e1947c8819acf542ad0bff15fd2d51a323e0d7
[INFO] running `Command { std: "docker" "start" "-a" "c8e001e127623e9789620397d3e1947c8819acf542ad0bff15fd2d51a323e0d7", kill_on_drop: false }`
[INFO] running `Command { std: "docker" "inspect" "c8e001e127623e9789620397d3e1947c8819acf542ad0bff15fd2d51a323e0d7", kill_on_drop: false }`
[INFO] running `Command { std: "docker" "rm" "-f" "c8e001e127623e9789620397d3e1947c8819acf542ad0bff15fd2d51a323e0d7", kill_on_drop: false }`
[INFO] [stdout] c8e001e127623e9789620397d3e1947c8819acf542ad0bff15fd2d51a323e0d7
[INFO] running `Command { std: "docker" "create" "-v" "/var/lib/crater-agent-workspace/builds/worker-2-tc2/target:/opt/rustwide/target:rw,Z" "-v" "/var/lib/crater-agent-workspace/builds/worker-2-tc2/source:/opt/rustwide/workdir:ro,Z" "-v" "/var/lib/crater-agent-workspace/cargo-home:/opt/rustwide/cargo-home:ro,Z" "-v" "/var/lib/crater-agent-workspace/rustup-home:/opt/rustwide/rustup-home:ro,Z" "-e" "SOURCE_DIR=/opt/rustwide/workdir" "-e" "CARGO_TARGET_DIR=/opt/rustwide/target" "-e" "CARGO_INCREMENTAL=0" "-e" "RUST_BACKTRACE=full" "-e" "RUSTFLAGS=--cap-lints=warn" "-e" "RUSTDOCFLAGS=--cap-lints=warn" "-e" "CARGO_HOME=/opt/rustwide/cargo-home" "-e" "RUSTUP_HOME=/opt/rustwide/rustup-home" "-w" "/opt/rustwide/workdir" "-m" "1610612736" "--user" "0:0" "--network" "none" "ghcr.io/rust-lang/crates-build-env/linux@sha256:2788e3201cd34a07e3172128adcd8b3090168a8e3bcc40d7c032b9dda1df7d1c" "/opt/rustwide/cargo-home/bin/cargo" "+beta-2023-12-22" "build" "--frozen" "--message-format=json", kill_on_drop: false }`
[INFO] [stdout] d37c9267d50ae462df93c163244047a02e810c696fcb494228db3d8e652d449f
[INFO] running `Command { std: "docker" "start" "-a" "d37c9267d50ae462df93c163244047a02e810c696fcb494228db3d8e652d449f", kill_on_drop: false }`
[INFO] [stderr]    Compiling axion-macro v0.1.0
[INFO] [stderr]    Compiling axion v0.1.0 (/opt/rustwide/workdir)
[INFO] [stderr]     Finished dev [unoptimized + debuginfo] target(s) in 0.46s
[INFO] running `Command { std: "docker" "inspect" "d37c9267d50ae462df93c163244047a02e810c696fcb494228db3d8e652d449f", kill_on_drop: false }`
[INFO] running `Command { std: "docker" "rm" "-f" "d37c9267d50ae462df93c163244047a02e810c696fcb494228db3d8e652d449f", kill_on_drop: false }`
[INFO] [stdout] d37c9267d50ae462df93c163244047a02e810c696fcb494228db3d8e652d449f
[INFO] running `Command { std: "docker" "create" "-v" "/var/lib/crater-agent-workspace/builds/worker-2-tc2/target:/opt/rustwide/target:rw,Z" "-v" "/var/lib/crater-agent-workspace/builds/worker-2-tc2/source:/opt/rustwide/workdir:ro,Z" "-v" "/var/lib/crater-agent-workspace/cargo-home:/opt/rustwide/cargo-home:ro,Z" "-v" "/var/lib/crater-agent-workspace/rustup-home:/opt/rustwide/rustup-home:ro,Z" "-e" "SOURCE_DIR=/opt/rustwide/workdir" "-e" "CARGO_TARGET_DIR=/opt/rustwide/target" "-e" "CARGO_INCREMENTAL=0" "-e" "RUST_BACKTRACE=full" "-e" "RUSTFLAGS=--cap-lints=warn" "-e" "RUSTDOCFLAGS=--cap-lints=warn" "-e" "CARGO_HOME=/opt/rustwide/cargo-home" "-e" "RUSTUP_HOME=/opt/rustwide/rustup-home" "-w" "/opt/rustwide/workdir" "-m" "1610612736" "--user" "0:0" "--network" "none" "ghcr.io/rust-lang/crates-build-env/linux@sha256:2788e3201cd34a07e3172128adcd8b3090168a8e3bcc40d7c032b9dda1df7d1c" "/opt/rustwide/cargo-home/bin/cargo" "+beta-2023-12-22" "test" "--frozen" "--no-run" "--message-format=json", kill_on_drop: false }`
[INFO] [stdout] e3f707bba6e99b54bcd535a9c0f869df5f260e94d4c4838baa462de323ff8b24
[INFO] running `Command { std: "docker" "start" "-a" "e3f707bba6e99b54bcd535a9c0f869df5f260e94d4c4838baa462de323ff8b24", kill_on_drop: false }`
[INFO] [stderr]    Compiling rustix v0.38.28
[INFO] [stderr]    Compiling half v1.8.2
[INFO] [stderr]    Compiling bitflags v2.4.1
[INFO] [stderr]    Compiling plotters-backend v0.3.5
[INFO] [stderr]    Compiling clap_lex v0.6.0
[INFO] [stderr]    Compiling linux-raw-sys v0.4.12
[INFO] [stderr]    Compiling ciborium-io v0.2.1
[INFO] [stderr]    Compiling anstyle v1.0.4
[INFO] [stderr]    Compiling regex-syntax v0.8.2
[INFO] [stderr]    Compiling same-file v1.0.6
[INFO] [stderr]    Compiling cast v0.3.0
[INFO] [stderr]    Compiling oorandom v11.1.3
[INFO] [stderr]    Compiling anes v0.1.6
[INFO] [stderr]    Compiling rayon v1.8.0
[INFO] [stderr]    Compiling tinytemplate v1.2.1
[INFO] [stderr]    Compiling walkdir v2.4.0
[INFO] [stderr]    Compiling clap_builder v4.4.12
[INFO] [stderr]    Compiling criterion-plot v0.5.0
[INFO] [stderr]    Compiling plotters-svg v0.3.5
[INFO] [stderr]    Compiling ciborium-ll v0.2.1
[INFO] [stderr]    Compiling plotters v0.3.5
[INFO] [stderr]    Compiling ciborium v0.2.1
[INFO] [stderr]    Compiling is-terminal v0.4.10
[INFO] [stderr]    Compiling regex-automata v0.4.3
[INFO] [stderr]    Compiling clap v4.4.13
[INFO] [stderr]    Compiling regex v1.10.2
[INFO] [stderr]    Compiling criterion v0.5.1
[INFO] [stderr]    Compiling axion v0.1.0 (/opt/rustwide/workdir)
[INFO] [stderr]     Finished test [unoptimized + debuginfo] target(s) in 14.26s
[INFO] running `Command { std: "docker" "inspect" "e3f707bba6e99b54bcd535a9c0f869df5f260e94d4c4838baa462de323ff8b24", kill_on_drop: false }`
[INFO] running `Command { std: "docker" "rm" "-f" "e3f707bba6e99b54bcd535a9c0f869df5f260e94d4c4838baa462de323ff8b24", kill_on_drop: false }`
[INFO] [stdout] e3f707bba6e99b54bcd535a9c0f869df5f260e94d4c4838baa462de323ff8b24
[INFO] running `Command { std: "docker" "create" "-v" "/var/lib/crater-agent-workspace/builds/worker-2-tc2/target:/opt/rustwide/target:rw,Z" "-v" "/var/lib/crater-agent-workspace/builds/worker-2-tc2/source:/opt/rustwide/workdir:ro,Z" "-v" "/var/lib/crater-agent-workspace/cargo-home:/opt/rustwide/cargo-home:ro,Z" "-v" "/var/lib/crater-agent-workspace/rustup-home:/opt/rustwide/rustup-home:ro,Z" "-e" "SOURCE_DIR=/opt/rustwide/workdir" "-e" "CARGO_TARGET_DIR=/opt/rustwide/target" "-e" "CARGO_INCREMENTAL=0" "-e" "RUST_BACKTRACE=full" "-e" "RUSTFLAGS=--cap-lints=warn" "-e" "RUSTDOCFLAGS=--cap-lints=warn" "-e" "CARGO_HOME=/opt/rustwide/cargo-home" "-e" "RUSTUP_HOME=/opt/rustwide/rustup-home" "-w" "/opt/rustwide/workdir" "-m" "1610612736" "--user" "0:0" "--network" "none" "ghcr.io/rust-lang/crates-build-env/linux@sha256:2788e3201cd34a07e3172128adcd8b3090168a8e3bcc40d7c032b9dda1df7d1c" "/opt/rustwide/cargo-home/bin/cargo" "+beta-2023-12-22" "test" "--frozen", kill_on_drop: false }`
[INFO] [stdout] b373e4465425bea7b6a309595a0e3adb3139fea3811bc02df4805cca81bb759b
[INFO] running `Command { std: "docker" "start" "-a" "b373e4465425bea7b6a309595a0e3adb3139fea3811bc02df4805cca81bb759b", kill_on_drop: false }`
[INFO] [stderr]     Finished test [unoptimized + debuginfo] target(s) in 0.06s
[INFO] [stderr]      Running unittests src/lib.rs (/opt/rustwide/target/debug/deps/axion-afdf37a1eff4b044)
[INFO] [stdout] 
[INFO] [stdout] running 1 test
[INFO] [stdout] test math::sse2::fvector2::test_fvector2_sse2 ... ok
[INFO] [stdout] 
[INFO] [stdout] test result: ok. 1 passed; 0 failed; 0 ignored; 0 measured; 0 filtered out; finished in 0.00s
[INFO] [stdout] 
[INFO] [stderr]    Doc-tests axion
[INFO] [stdout] 
[INFO] [stdout] running 29 tests
[INFO] [stdout] test src/math/sse2/fvector2.rs - math::sse2::fvector2::FVector2::index (line 833) ... FAILED
[INFO] [stdout] test src/math/sse2/fvector2.rs - math::sse2::fvector2::FVector2::index_mut (line 872) ... FAILED
[INFO] [stdout] test src/math/sse2/fvector2.rs - math::sse2::fvector2::FVector2::clamp (line 488) ... ok
[INFO] [stdout] test src/math/sse2/fvector2.rs - math::sse2::fvector2::FVector2::index_mut (line 952) ... ok
[INFO] [stdout] test src/math/sse2/fvector2.rs - math::sse2::fvector2::FVector2::add (line 989) ... ok
[INFO] [stdout] test src/math/sse2/fvector2.rs - math::sse2::fvector2::FVector2::is_zero (line 603) ... ok
[INFO] [stdout] test src/math/sse2/fvector2.rs - math::sse2::fvector2::FVector2::eq (line 707) ... ok
[INFO] [stdout] test src/math/sse2/fvector2.rs - math::sse2::fvector2::FVector2::distance_sq (line 339) ... ok
[INFO] [stdout] test src/math/sse2/fvector2.rs - math::sse2::fvector2::FVector2::div_assign (line 1308) ... ok
[INFO] [stdout] test src/math/sse2/fvector2.rs - math::sse2::fvector2::FVector2::is_finite (line 676) ... FAILED
[INFO] [stdout] test src/math/sse2/fvector2.rs - math::sse2::fvector2::FVector2::is_nan (line 642) ... ok
[INFO] [stdout] test src/math/sse2/fvector2.rs - math::sse2::fvector2::FVector2::div (line 1136) ... ok
[INFO] [stdout] test src/math/sse2/fvector2.rs - math::sse2::fvector2::FVector2::index (line 913) ... ok
[INFO] [stdout] test src/math/sse2/fvector2.rs - math::sse2::fvector2::FVector2::lerp (line 438) ... ok
[INFO] [stdout] test src/math/sse2/fvector2.rs - math::sse2::fvector2::FVector2::add_assign (line 1230) ... ok
[INFO] [stdout] test src/math/sse2/fvector2.rs - math::sse2::fvector2::FVector2::length_inv (line 246) ... ok
[INFO] [stdout] test src/math/sse2/fvector2.rs - math::sse2::fvector2::FVector2::normalize (line 388) ... FAILED
[INFO] [stdout] test src/math/sse2/fvector2.rs - math::sse2::fvector2::FVector2::fmt (line 796) ... FAILED
[INFO] [stdout] test src/math/sse2/fvector2.rs - math::sse2::fvector2::FVector2::distance (line 290) ... ok
[INFO] [stdout] test src/math/sse2/fvector2.rs - math::sse2::fvector2::FVector2::max (line 561) ... ok
[INFO] [stdout] test src/math/sse2/fvector2.rs - math::sse2::fvector2::FVector2::min (line 515) ... ok
[INFO] [stdout] test src/math/sse2/fvector2.rs - math::sse2::fvector2::FVector2::ne (line 751) ... ok
[INFO] [stdout] test src/math/sse2/fvector2.rs - math::sse2::fvector2::FVector2::rem (line 1185) ... ok
[INFO] [stdout] test src/math/sse2/fvector2.rs - math::sse2::fvector2::FVector2::mul (line 1087) ... ok
[INFO] [stdout] test src/math/sse2/fvector2.rs - math::sse2::fvector2::FVector2::splat (line 115) ... ok
[INFO] [stdout] test src/math/sse2/fvector2.rs - math::sse2::fvector2::FVector2::mul_assign (line 1282) ... ok
[INFO] [stdout] test src/math/sse2/fvector2.rs - math::sse2::fvector2::FVector2::rem_assign (line 1334) ... ok
[INFO] [stdout] test src/math/sse2/fvector2.rs - math::sse2::fvector2::FVector2::sub (line 1038) ... ok
[INFO] [stdout] test src/math/sse2/fvector2.rs - math::sse2::fvector2::FVector2::sub_assign (line 1256) ... ok
[INFO] [stdout] 
[INFO] [stdout] failures:
[INFO] [stdout] 
[INFO] [stdout] ---- src/math/sse2/fvector2.rs - math::sse2::fvector2::FVector2::index (line 833) stdout ----
[INFO] [stdout] error[E0277]: the type `FVector2` cannot be indexed by `i32`
[INFO] [stdout]  --> src/math/sse2/fvector2.rs:838:19
[INFO] [stdout]   |
[INFO] [stdout] 8 | let x_component = vector[0];
[INFO] [stdout]   |                   ^^^^^^^^^ `FVector2` cannot be indexed by `i32`
[INFO] [stdout]   |
[INFO] [stdout]   = help: the trait `Index<i32>` is not implemented for `FVector2`
[INFO] [stdout]   = help: the following other types implement trait `Index<Idx>`:
[INFO] [stdout]             <FVector2 as Index<usize>>
[INFO] [stdout]             <FVector2 as Index<u32>>
[INFO] [stdout] 
[INFO] [stdout] error: aborting due to 1 previous error
[INFO] [stdout] 
[INFO] [stdout] For more information about this error, try `rustc --explain E0277`.
[INFO] [stdout] Couldn't compile the test.
[INFO] [stdout] ---- src/math/sse2/fvector2.rs - math::sse2::fvector2::FVector2::index_mut (line 872) stdout ----
[INFO] [stdout] error[E0277]: the type `FVector2` cannot be mutably indexed by `i32`
[INFO] [stdout]  --> src/math/sse2/fvector2.rs:877:1
[INFO] [stdout]   |
[INFO] [stdout] 8 | vector[0] = 4.0;
[INFO] [stdout]   | ^^^^^^^^^ `FVector2` cannot be mutably indexed by `i32`
[INFO] [stdout]   |
[INFO] [stdout]   = help: the trait `IndexMut<i32>` is not implemented for `FVector2`
[INFO] [stdout]   = help: the following other types implement trait `IndexMut<Idx>`:
[INFO] [stdout]             <FVector2 as IndexMut<usize>>
[INFO] [stdout]             <FVector2 as IndexMut<u32>>
[INFO] [stdout] 
[INFO] [stdout] error[E0277]: the type `FVector2` cannot be indexed by `i32`
[INFO] [stdout]   --> src/math/sse2/fvector2.rs:879:12
[INFO] [stdout]    |
[INFO] [stdout] 10 | assert_eq!(vector[0], 4.0);
[INFO] [stdout]    |            ^^^^^^^^^ `FVector2` cannot be indexed by `i32`
[INFO] [stdout]    |
[INFO] [stdout]    = help: the trait `Index<i32>` is not implemented for `FVector2`
[INFO] [stdout]    = help: the following other types implement trait `Index<Idx>`:
[INFO] [stdout]              <FVector2 as Index<usize>>
[INFO] [stdout]              <FVector2 as Index<u32>>
[INFO] [stdout] 
[INFO] [stdout] error: aborting due to 2 previous errors
[INFO] [stdout] 
[INFO] [stdout] For more information about this error, try `rustc --explain E0277`.
[INFO] [stdout] Couldn't compile the test.
[INFO] [stdout] ---- src/math/sse2/fvector2.rs - math::sse2::fvector2::FVector2::is_finite (line 676) stdout ----
[INFO] [stdout] Test executable failed (exit status: 101).
[INFO] [stdout] 
[INFO] [stdout] stderr:
[INFO] [stdout] thread 'main' panicked at src/math/sse2/fvector2.rs:11:1:
[INFO] [stdout] assertion `left == right` failed
[INFO] [stdout]   left: true
[INFO] [stdout]  right: false
[INFO] [stdout] stack backtrace:
[INFO] [stdout]    0:     0x55f3bc9cff76 - std::backtrace_rs::backtrace::libunwind::trace::h261606ad26a499c1
[INFO] [stdout]                                at /rustc/0e09125c6c3c2fd70d7de961bcf0e51575235fad/library/std/src/../../backtrace/src/backtrace/libunwind.rs:104:5
[INFO] [stdout]    1:     0x55f3bc9cff76 - std::backtrace_rs::backtrace::trace_unsynchronized::hd183f0625477fb28
[INFO] [stdout]                                at /rustc/0e09125c6c3c2fd70d7de961bcf0e51575235fad/library/std/src/../../backtrace/src/backtrace/mod.rs:66:5
[INFO] [stdout]    2:     0x55f3bc9cff76 - std::sys_common::backtrace::_print_fmt::hd7f8fef21b4eda67
[INFO] [stdout]                                at /rustc/0e09125c6c3c2fd70d7de961bcf0e51575235fad/library/std/src/sys_common/backtrace.rs:68:5
[INFO] [stdout]    3:     0x55f3bc9cff76 - <std::sys_common::backtrace::_print::DisplayBacktrace as core::fmt::Display>::fmt::h623d9b51f2f453f1
[INFO] [stdout]                                at /rustc/0e09125c6c3c2fd70d7de961bcf0e51575235fad/library/std/src/sys_common/backtrace.rs:44:22
[INFO] [stdout]    4:     0x55f3bc9ee9a0 - core::fmt::rt::Argument::fmt::h9f417ac76a86f368
[INFO] [stdout]                                at /rustc/0e09125c6c3c2fd70d7de961bcf0e51575235fad/library/core/src/fmt/rt.rs:142:9
[INFO] [stdout]    5:     0x55f3bc9ee9a0 - core::fmt::write::hc9b6faf4ac2aeff7
[INFO] [stdout]                                at /rustc/0e09125c6c3c2fd70d7de961bcf0e51575235fad/library/core/src/fmt/mod.rs:1120:17
[INFO] [stdout]    6:     0x55f3bc9ce42f - std::io::Write::write_fmt::hfead1eee52c2e65e
[INFO] [stdout]                                at /rustc/0e09125c6c3c2fd70d7de961bcf0e51575235fad/library/std/src/io/mod.rs:1810:15
[INFO] [stdout]    7:     0x55f3bc9cfd54 - std::sys_common::backtrace::_print::hd5d66399c7df88a2
[INFO] [stdout]                                at /rustc/0e09125c6c3c2fd70d7de961bcf0e51575235fad/library/std/src/sys_common/backtrace.rs:47:5
[INFO] [stdout]    8:     0x55f3bc9cfd54 - std::sys_common::backtrace::print::he81ed2da642d37e5
[INFO] [stdout]                                at /rustc/0e09125c6c3c2fd70d7de961bcf0e51575235fad/library/std/src/sys_common/backtrace.rs:34:9
[INFO] [stdout]    9:     0x55f3bc9d12b7 - std::panicking::default_hook::{{closure}}::h85773f4fa117163d
[INFO] [stdout]   10:     0x55f3bc9d1019 - std::panicking::default_hook::h6a1694a91d09b278
[INFO] [stdout]                                at /rustc/0e09125c6c3c2fd70d7de961bcf0e51575235fad/library/std/src/panicking.rs:292:9
[INFO] [stdout]   11:     0x55f3bc9d1748 - std::panicking::rust_panic_with_hook::h0a7ad96e90f7145b
[INFO] [stdout]                                at /rustc/0e09125c6c3c2fd70d7de961bcf0e51575235fad/library/std/src/panicking.rs:779:13
[INFO] [stdout]   12:     0x55f3bc9d1622 - std::panicking::begin_panic_handler::{{closure}}::h7919090525c6485e
[INFO] [stdout]                                at /rustc/0e09125c6c3c2fd70d7de961bcf0e51575235fad/library/std/src/panicking.rs:657:13
[INFO] [stdout]   13:     0x55f3bc9d0476 - std::sys_common::backtrace::__rust_end_short_backtrace::hf3289479464f7dfe
[INFO] [stdout]                                at /rustc/0e09125c6c3c2fd70d7de961bcf0e51575235fad/library/std/src/sys_common/backtrace.rs:171:18
[INFO] [stdout]   14:     0x55f3bc9d1380 - rust_begin_unwind
[INFO] [stdout]                                at /rustc/0e09125c6c3c2fd70d7de961bcf0e51575235fad/library/std/src/panicking.rs:645:5
[INFO] [stdout]   15:     0x55f3bc9b4df5 - core::panicking::panic_fmt::hcc9f77c5c132af55
[INFO] [stdout]                                at /rustc/0e09125c6c3c2fd70d7de961bcf0e51575235fad/library/core/src/panicking.rs:72:14
[INFO] [stdout]   16:     0x55f3bc9b50fb - core::panicking::assert_failed_inner::h9f13e27dd63c3a08
[INFO] [stdout]                                at /rustc/0e09125c6c3c2fd70d7de961bcf0e51575235fad/library/core/src/panicking.rs:342:17
[INFO] [stdout]   17:     0x55f3bc9b576a - core::panicking::assert_failed::h85720911d4053fa7
[INFO] [stdout]   18:     0x55f3bc9b5950 - rust_out::main::_doctest_main_src_math_sse2_fvector2_rs_676_0::h1775334909f0a3c7
[INFO] [stdout]   19:     0x55f3bc9b57e6 - rust_out::main::h71185a25be64b52e
[INFO] [stdout]   20:     0x55f3bc9b56c3 - core::ops::function::FnOnce::call_once::h0a5e8bc522cf7e26
[INFO] [stdout]   21:     0x55f3bc9b55f6 - std::sys_common::backtrace::__rust_begin_short_backtrace::h904992c6a2208b49
[INFO] [stdout]   22:     0x55f3bc9b5649 - std::rt::lang_start::{{closure}}::h95a4dad7805b7c7c
[INFO] [stdout]   23:     0x55f3bc9cc371 - core::ops::function::impls::<impl core::ops::function::FnOnce<A> for &F>::call_once::h4eb4c5e1620f29b0
[INFO] [stdout]                                at /rustc/0e09125c6c3c2fd70d7de961bcf0e51575235fad/library/core/src/ops/function.rs:284:13
[INFO] [stdout]   24:     0x55f3bc9cc371 - std::panicking::try::do_call::h73fd26535faffcdf
[INFO] [stdout]                                at /rustc/0e09125c6c3c2fd70d7de961bcf0e51575235fad/library/std/src/panicking.rs:552:40
[INFO] [stdout]   25:     0x55f3bc9cc371 - std::panicking::try::h77ff1d98f0fb9f39
[INFO] [stdout]                                at /rustc/0e09125c6c3c2fd70d7de961bcf0e51575235fad/library/std/src/panicking.rs:516:19
[INFO] [stdout]   26:     0x55f3bc9cc371 - std::panic::catch_unwind::hab3caf2448b95e37
[INFO] [stdout]                                at /rustc/0e09125c6c3c2fd70d7de961bcf0e51575235fad/library/std/src/panic.rs:142:14
[INFO] [stdout]   27:     0x55f3bc9cc371 - std::rt::lang_start_internal::{{closure}}::h8086711f9c783f78
[INFO] [stdout]                                at /rustc/0e09125c6c3c2fd70d7de961bcf0e51575235fad/library/std/src/rt.rs:148:48
[INFO] [stdout]   28:     0x55f3bc9cc371 - std::panicking::try::do_call::hf920d4dc291cd6ca
[INFO] [stdout]                                at /rustc/0e09125c6c3c2fd70d7de961bcf0e51575235fad/library/std/src/panicking.rs:552:40
[INFO] [stdout]   29:     0x55f3bc9cc371 - std::panicking::try::h2b806ccc0a85db74
[INFO] [stdout]                                at /rustc/0e09125c6c3c2fd70d7de961bcf0e51575235fad/library/std/src/panicking.rs:516:19
[INFO] [stdout]   30:     0x55f3bc9cc371 - std::panic::catch_unwind::h038489539c507df2
[INFO] [stdout]                                at /rustc/0e09125c6c3c2fd70d7de961bcf0e51575235fad/library/std/src/panic.rs:142:14
[INFO] [stdout]   31:     0x55f3bc9cc371 - std::rt::lang_start_internal::h28503b88912e8a5c
[INFO] [stdout]                                at /rustc/0e09125c6c3c2fd70d7de961bcf0e51575235fad/library/std/src/rt.rs:148:20
[INFO] [stdout]   32:     0x55f3bc9b5627 - std::rt::lang_start::h9942cc54b4d5350a
[INFO] [stdout]   33:     0x55f3bc9b5975 - main
[INFO] [stdout]   34:     0x7f1229840d90 - <unknown>
[INFO] [stdout]   35:     0x7f1229840e40 - __libc_start_main
[INFO] [stdout]   36:     0x55f3bc9b5525 - _start
[INFO] [stdout]   37:                0x0 - <unknown>
[INFO] [stdout] 
[INFO] [stdout] 
[INFO] [stdout] ---- src/math/sse2/fvector2.rs - math::sse2::fvector2::FVector2::normalize (line 388) stdout ----
[INFO] [stdout] error[E0433]: failed to resolve: use of undeclared type `FVector2`
[INFO] [stdout]  --> src/math/sse2/fvector2.rs:389:9
[INFO] [stdout]   |
[INFO] [stdout] 3 | let v = FVector2::new(3.0, 4.0);
[INFO] [stdout]   |         ^^^^^^^^ use of undeclared type `FVector2`
[INFO] [stdout]   |
[INFO] [stdout] help: consider importing this struct
[INFO] [stdout]   |
[INFO] [stdout] 2 + use axion::math::FVector2;
[INFO] [stdout]   |
[INFO] [stdout] 
[INFO] [stdout] error: aborting due to 1 previous error
[INFO] [stdout] 
[INFO] [stdout] For more information about this error, try `rustc --explain E0433`.
[INFO] [stdout] Couldn't compile the test.
[INFO] [stdout] ---- src/math/sse2/fvector2.rs - math::sse2::fvector2::FVector2::fmt (line 796) stdout ----
[INFO] [stdout] Test executable failed (exit status: 101).
[INFO] [stdout] 
[INFO] [stdout] stderr:
[INFO] [stdout] thread 'main' panicked at src/math/sse2/fvector2.rs:10:1:
[INFO] [stdout] assertion `left == right` failed
[INFO] [stdout]   left: "(2, 5)"
[INFO] [stdout]  right: "(2.0, 5.0)"
[INFO] [stdout] stack backtrace:
[INFO] [stdout]    0:     0x557ec492bd46 - std::backtrace_rs::backtrace::libunwind::trace::h261606ad26a499c1
[INFO] [stdout]                                at /rustc/0e09125c6c3c2fd70d7de961bcf0e51575235fad/library/std/src/../../backtrace/src/backtrace/libunwind.rs:104:5
[INFO] [stdout]    1:     0x557ec492bd46 - std::backtrace_rs::backtrace::trace_unsynchronized::hd183f0625477fb28
[INFO] [stdout]                                at /rustc/0e09125c6c3c2fd70d7de961bcf0e51575235fad/library/std/src/../../backtrace/src/backtrace/mod.rs:66:5
[INFO] [stdout]    2:     0x557ec492bd46 - std::sys_common::backtrace::_print_fmt::hd7f8fef21b4eda67
[INFO] [stdout]                                at /rustc/0e09125c6c3c2fd70d7de961bcf0e51575235fad/library/std/src/sys_common/backtrace.rs:68:5
[INFO] [stdout]    3:     0x557ec492bd46 - <std::sys_common::backtrace::_print::DisplayBacktrace as core::fmt::Display>::fmt::h623d9b51f2f453f1
[INFO] [stdout]                                at /rustc/0e09125c6c3c2fd70d7de961bcf0e51575235fad/library/std/src/sys_common/backtrace.rs:44:22
[INFO] [stdout]    4:     0x557ec494e330 - core::fmt::rt::Argument::fmt::h9f417ac76a86f368
[INFO] [stdout]                                at /rustc/0e09125c6c3c2fd70d7de961bcf0e51575235fad/library/core/src/fmt/rt.rs:142:9
[INFO] [stdout]    5:     0x557ec494e330 - core::fmt::write::hc9b6faf4ac2aeff7
[INFO] [stdout]                                at /rustc/0e09125c6c3c2fd70d7de961bcf0e51575235fad/library/core/src/fmt/mod.rs:1120:17
[INFO] [stdout]    6:     0x557ec492a1ff - std::io::Write::write_fmt::hfead1eee52c2e65e
[INFO] [stdout]                                at /rustc/0e09125c6c3c2fd70d7de961bcf0e51575235fad/library/std/src/io/mod.rs:1810:15
[INFO] [stdout]    7:     0x557ec492bb24 - std::sys_common::backtrace::_print::hd5d66399c7df88a2
[INFO] [stdout]                                at /rustc/0e09125c6c3c2fd70d7de961bcf0e51575235fad/library/std/src/sys_common/backtrace.rs:47:5
[INFO] [stdout]    8:     0x557ec492bb24 - std::sys_common::backtrace::print::he81ed2da642d37e5
[INFO] [stdout]                                at /rustc/0e09125c6c3c2fd70d7de961bcf0e51575235fad/library/std/src/sys_common/backtrace.rs:34:9
[INFO] [stdout]    9:     0x557ec492d087 - std::panicking::default_hook::{{closure}}::h85773f4fa117163d
[INFO] [stdout]   10:     0x557ec492cde9 - std::panicking::default_hook::h6a1694a91d09b278
[INFO] [stdout]                                at /rustc/0e09125c6c3c2fd70d7de961bcf0e51575235fad/library/std/src/panicking.rs:292:9
[INFO] [stdout]   11:     0x557ec492d518 - std::panicking::rust_panic_with_hook::h0a7ad96e90f7145b
[INFO] [stdout]                                at /rustc/0e09125c6c3c2fd70d7de961bcf0e51575235fad/library/std/src/panicking.rs:779:13
[INFO] [stdout]   12:     0x557ec492d3f2 - std::panicking::begin_panic_handler::{{closure}}::h7919090525c6485e
[INFO] [stdout]                                at /rustc/0e09125c6c3c2fd70d7de961bcf0e51575235fad/library/std/src/panicking.rs:657:13
[INFO] [stdout]   13:     0x557ec492c246 - std::sys_common::backtrace::__rust_end_short_backtrace::hf3289479464f7dfe
[INFO] [stdout]                                at /rustc/0e09125c6c3c2fd70d7de961bcf0e51575235fad/library/std/src/sys_common/backtrace.rs:171:18
[INFO] [stdout]   14:     0x557ec492d150 - rust_begin_unwind
[INFO] [stdout]                                at /rustc/0e09125c6c3c2fd70d7de961bcf0e51575235fad/library/std/src/panicking.rs:645:5
[INFO] [stdout]   15:     0x557ec490fdf5 - core::panicking::panic_fmt::hcc9f77c5c132af55
[INFO] [stdout]                                at /rustc/0e09125c6c3c2fd70d7de961bcf0e51575235fad/library/core/src/panicking.rs:72:14
[INFO] [stdout]   16:     0x557ec491013b - core::panicking::assert_failed_inner::h9f13e27dd63c3a08
[INFO] [stdout]                                at /rustc/0e09125c6c3c2fd70d7de961bcf0e51575235fad/library/core/src/panicking.rs:342:17
[INFO] [stdout]   17:     0x557ec4910b0e - core::panicking::assert_failed::h1823f01666c92efa
[INFO] [stdout]   18:     0x557ec49116f5 - rust_out::main::_doctest_main_src_math_sse2_fvector2_rs_796_0::hd98f032a82934f1c
[INFO] [stdout]   19:     0x557ec4911596 - rust_out::main::h71185a25be64b52e
[INFO] [stdout]   20:     0x557ec49107e3 - core::ops::function::FnOnce::call_once::h0a5e8bc522cf7e26
[INFO] [stdout]   21:     0x557ec4910636 - std::sys_common::backtrace::__rust_begin_short_backtrace::h904992c6a2208b49
[INFO] [stdout]   22:     0x557ec4910689 - std::rt::lang_start::{{closure}}::h95a4dad7805b7c7c
[INFO] [stdout]   23:     0x557ec4928141 - core::ops::function::impls::<impl core::ops::function::FnOnce<A> for &F>::call_once::h4eb4c5e1620f29b0
[INFO] [stdout]                                at /rustc/0e09125c6c3c2fd70d7de961bcf0e51575235fad/library/core/src/ops/function.rs:284:13
[INFO] [stdout]   24:     0x557ec4928141 - std::panicking::try::do_call::h73fd26535faffcdf
[INFO] [stdout]                                at /rustc/0e09125c6c3c2fd70d7de961bcf0e51575235fad/library/std/src/panicking.rs:552:40
[INFO] [stdout]   25:     0x557ec4928141 - std::panicking::try::h77ff1d98f0fb9f39
[INFO] [stdout]                                at /rustc/0e09125c6c3c2fd70d7de961bcf0e51575235fad/library/std/src/panicking.rs:516:19
[INFO] [stdout]   26:     0x557ec4928141 - std::panic::catch_unwind::hab3caf2448b95e37
[INFO] [stdout]                                at /rustc/0e09125c6c3c2fd70d7de961bcf0e51575235fad/library/std/src/panic.rs:142:14
[INFO] [stdout]   27:     0x557ec4928141 - std::rt::lang_start_internal::{{closure}}::h8086711f9c783f78
[INFO] [stdout]                                at /rustc/0e09125c6c3c2fd70d7de961bcf0e51575235fad/library/std/src/rt.rs:148:48
[INFO] [stdout]   28:     0x557ec4928141 - std::panicking::try::do_call::hf920d4dc291cd6ca
[INFO] [stdout]                                at /rustc/0e09125c6c3c2fd70d7de961bcf0e51575235fad/library/std/src/panicking.rs:552:40
[INFO] [stdout]   29:     0x557ec4928141 - std::panicking::try::h2b806ccc0a85db74
[INFO] [stdout]                                at /rustc/0e09125c6c3c2fd70d7de961bcf0e51575235fad/library/std/src/panicking.rs:516:19
[INFO] [stdout]   30:     0x557ec4928141 - std::panic::catch_unwind::h038489539c507df2
[INFO] [stdout]                                at /rustc/0e09125c6c3c2fd70d7de961bcf0e51575235fad/library/std/src/panic.rs:142:14
[INFO] [stdout]   31:     0x557ec4928141 - std::rt::lang_start_internal::h28503b88912e8a5c
[INFO] [stdout]                                at /rustc/0e09125c6c3c2fd70d7de961bcf0e51575235fad/library/std/src/rt.rs:148:20
[INFO] [stdout]   32:     0x557ec4910667 - std::rt::lang_start::h9942cc54b4d5350a
[INFO] [stdout]   33:     0x557ec4911745 - main
[INFO] [stdout]   34:     0x7f81d544bd90 - <unknown>
[INFO] [stdout]   35:     0x7f81d544be40 - __libc_start_main
[INFO] [stdout]   36:     0x557ec4910565 - _start
[INFO] [stdout]   37:                0x0 - <unknown>
[INFO] [stdout] 
[INFO] [stdout] 
[INFO] [stdout] 
[INFO] [stdout] failures:
[INFO] [stdout]     src/math/sse2/fvector2.rs - math::sse2::fvector2::FVector2::fmt (line 796)
[INFO] [stdout]     src/math/sse2/fvector2.rs - math::sse2::fvector2::FVector2::index (line 833)
[INFO] [stdout]     src/math/sse2/fvector2.rs - math::sse2::fvector2::FVector2::index_mut (line 872)
[INFO] [stdout]     src/math/sse2/fvector2.rs - math::sse2::fvector2::FVector2::is_finite (line 676)
[INFO] [stdout]     src/math/sse2/fvector2.rs - math::sse2::fvector2::FVector2::normalize (line 388)
[INFO] [stdout] 
[INFO] [stdout] test result: FAILED. 24 passed; 5 failed; 0 ignored; 0 measured; 0 filtered out; finished in 0.69s
[INFO] [stdout] 
[INFO] [stderr] error: doctest failed, to rerun pass `--doc`
[INFO] running `Command { std: "docker" "inspect" "b373e4465425bea7b6a309595a0e3adb3139fea3811bc02df4805cca81bb759b", kill_on_drop: false }`
[INFO] running `Command { std: "docker" "rm" "-f" "b373e4465425bea7b6a309595a0e3adb3139fea3811bc02df4805cca81bb759b", kill_on_drop: false }`
[INFO] [stdout] b373e4465425bea7b6a309595a0e3adb3139fea3811bc02df4805cca81bb759b
