[INFO] fetching crate aws-smithy-types 1.0.3...
[INFO] testing aws-smithy-types-1.0.3 against 1.75.0 for beta-1.76-1
[INFO] extracting crate aws-smithy-types 1.0.3 into /workspace/builds/worker-2-tc1/source
[INFO] validating manifest of crates.io crate aws-smithy-types 1.0.3 on toolchain 1.75.0
[INFO] running `Command { std: CARGO_HOME="/workspace/cargo-home" RUSTUP_HOME="/workspace/rustup-home" "/workspace/cargo-home/bin/cargo" "+1.75.0" "metadata" "--manifest-path" "Cargo.toml" "--no-deps", kill_on_drop: false }`
[INFO] started tweaking crates.io crate aws-smithy-types 1.0.3
[INFO] finished tweaking crates.io crate aws-smithy-types 1.0.3
[INFO] tweaked toml for crates.io crate aws-smithy-types 1.0.3 written to /workspace/builds/worker-2-tc1/source/Cargo.toml
[INFO] running `Command { std: CARGO_HOME="/workspace/cargo-home" RUSTUP_HOME="/workspace/rustup-home" "/workspace/cargo-home/bin/cargo" "+1.75.0" "generate-lockfile" "--manifest-path" "Cargo.toml", kill_on_drop: false }`
[INFO] [stderr]     Updating crates.io index
[INFO] running `Command { std: CARGO_HOME="/workspace/cargo-home" RUSTUP_HOME="/workspace/rustup-home" "/workspace/cargo-home/bin/cargo" "+1.75.0" "fetch" "--manifest-path" "Cargo.toml", kill_on_drop: false }`
[INFO] [stderr]  Downloading crates ...
[INFO] [stderr]   Downloaded criterion v0.5.1
[INFO] [stderr]   Downloaded tokio-stream v0.1.14
[INFO] [stderr]   Downloaded proptest v1.4.0
[INFO] [stderr]   Downloaded rand_xorshift v0.3.0
[INFO] [stderr]   Downloaded rusty-fork v0.3.0
[INFO] [stderr]   Downloaded unarray v0.1.4
[INFO] running `Command { std: "docker" "create" "-v" "/var/lib/crater-agent-workspace/builds/worker-2-tc1/target:/opt/rustwide/target:rw,Z" "-v" "/var/lib/crater-agent-workspace/builds/worker-2-tc1/source:/opt/rustwide/workdir:ro,Z" "-v" "/var/lib/crater-agent-workspace/cargo-home:/opt/rustwide/cargo-home:ro,Z" "-v" "/var/lib/crater-agent-workspace/rustup-home:/opt/rustwide/rustup-home:ro,Z" "-e" "SOURCE_DIR=/opt/rustwide/workdir" "-e" "CARGO_TARGET_DIR=/opt/rustwide/target" "-e" "CARGO_HOME=/opt/rustwide/cargo-home" "-e" "RUSTUP_HOME=/opt/rustwide/rustup-home" "-w" "/opt/rustwide/workdir" "-m" "1610612736" "--user" "0:0" "--network" "none" "ghcr.io/rust-lang/crates-build-env/linux@sha256:2788e3201cd34a07e3172128adcd8b3090168a8e3bcc40d7c032b9dda1df7d1c" "/opt/rustwide/cargo-home/bin/cargo" "+1.75.0" "metadata" "--no-deps" "--format-version=1", kill_on_drop: false }`
[INFO] [stdout] 022329e1fd6eced667780eedf5e224f0c07cb24231ecd42dfa6d4dd515a404a1
[INFO] running `Command { std: "docker" "start" "-a" "022329e1fd6eced667780eedf5e224f0c07cb24231ecd42dfa6d4dd515a404a1", kill_on_drop: false }`
[INFO] running `Command { std: "docker" "inspect" "022329e1fd6eced667780eedf5e224f0c07cb24231ecd42dfa6d4dd515a404a1", kill_on_drop: false }`
[INFO] running `Command { std: "docker" "rm" "-f" "022329e1fd6eced667780eedf5e224f0c07cb24231ecd42dfa6d4dd515a404a1", kill_on_drop: false }`
[INFO] [stdout] 022329e1fd6eced667780eedf5e224f0c07cb24231ecd42dfa6d4dd515a404a1
[INFO] running `Command { std: "docker" "create" "-v" "/var/lib/crater-agent-workspace/builds/worker-2-tc1/target:/opt/rustwide/target:rw,Z" "-v" "/var/lib/crater-agent-workspace/builds/worker-2-tc1/source:/opt/rustwide/workdir:ro,Z" "-v" "/var/lib/crater-agent-workspace/cargo-home:/opt/rustwide/cargo-home:ro,Z" "-v" "/var/lib/crater-agent-workspace/rustup-home:/opt/rustwide/rustup-home:ro,Z" "-e" "SOURCE_DIR=/opt/rustwide/workdir" "-e" "CARGO_TARGET_DIR=/opt/rustwide/target" "-e" "CARGO_INCREMENTAL=0" "-e" "RUST_BACKTRACE=full" "-e" "RUSTFLAGS=--cap-lints=warn" "-e" "RUSTDOCFLAGS=--cap-lints=warn" "-e" "CARGO_HOME=/opt/rustwide/cargo-home" "-e" "RUSTUP_HOME=/opt/rustwide/rustup-home" "-w" "/opt/rustwide/workdir" "-m" "1610612736" "--user" "0:0" "--network" "none" "ghcr.io/rust-lang/crates-build-env/linux@sha256:2788e3201cd34a07e3172128adcd8b3090168a8e3bcc40d7c032b9dda1df7d1c" "/opt/rustwide/cargo-home/bin/cargo" "+1.75.0" "build" "--frozen" "--message-format=json", kill_on_drop: false }`
[INFO] [stdout] 3b96109fe9a8def49b10534962819c96da72066b6448786e98298ba633c41a41
[INFO] running `Command { std: "docker" "start" "-a" "3b96109fe9a8def49b10534962819c96da72066b6448786e98298ba633c41a41", kill_on_drop: false }`
[INFO] [stderr]    Compiling aws-smithy-types v1.0.3 (/opt/rustwide/workdir)
[INFO] [stderr]     Finished dev [unoptimized + debuginfo] target(s) in 1.38s
[INFO] running `Command { std: "docker" "inspect" "3b96109fe9a8def49b10534962819c96da72066b6448786e98298ba633c41a41", kill_on_drop: false }`
[INFO] running `Command { std: "docker" "rm" "-f" "3b96109fe9a8def49b10534962819c96da72066b6448786e98298ba633c41a41", kill_on_drop: false }`
[INFO] [stdout] 3b96109fe9a8def49b10534962819c96da72066b6448786e98298ba633c41a41
[INFO] running `Command { std: "docker" "create" "-v" "/var/lib/crater-agent-workspace/builds/worker-2-tc1/target:/opt/rustwide/target:rw,Z" "-v" "/var/lib/crater-agent-workspace/builds/worker-2-tc1/source:/opt/rustwide/workdir:ro,Z" "-v" "/var/lib/crater-agent-workspace/cargo-home:/opt/rustwide/cargo-home:ro,Z" "-v" "/var/lib/crater-agent-workspace/rustup-home:/opt/rustwide/rustup-home:ro,Z" "-e" "SOURCE_DIR=/opt/rustwide/workdir" "-e" "CARGO_TARGET_DIR=/opt/rustwide/target" "-e" "CARGO_INCREMENTAL=0" "-e" "RUST_BACKTRACE=full" "-e" "RUSTFLAGS=--cap-lints=warn" "-e" "RUSTDOCFLAGS=--cap-lints=warn" "-e" "CARGO_HOME=/opt/rustwide/cargo-home" "-e" "RUSTUP_HOME=/opt/rustwide/rustup-home" "-w" "/opt/rustwide/workdir" "-m" "1610612736" "--user" "0:0" "--network" "none" "ghcr.io/rust-lang/crates-build-env/linux@sha256:2788e3201cd34a07e3172128adcd8b3090168a8e3bcc40d7c032b9dda1df7d1c" "/opt/rustwide/cargo-home/bin/cargo" "+1.75.0" "test" "--frozen" "--no-run" "--message-format=json", kill_on_drop: false }`
[INFO] [stdout] 6c33c67b331cd9ebab60286abc2db7f5e22181e007d5bb8a3170c0e61596f908
[INFO] running `Command { std: "docker" "start" "-a" "6c33c67b331cd9ebab60286abc2db7f5e22181e007d5bb8a3170c0e61596f908", kill_on_drop: false }`
[INFO] [stderr]    Compiling libm v0.2.8
[INFO] [stderr]    Compiling crossbeam-utils v0.8.18
[INFO] [stderr]    Compiling rustix v0.38.28
[INFO] [stderr]    Compiling linux-raw-sys v0.4.12
[INFO] [stderr]    Compiling either v1.9.0
[INFO] [stderr]    Compiling serde v1.0.194
[INFO] [stderr]    Compiling rayon-core v1.12.0
[INFO] [stderr]    Compiling num-traits v0.2.17
[INFO] [stderr]    Compiling half v1.8.2
[INFO] [stderr]    Compiling anstyle v1.0.4
[INFO] [stderr]    Compiling plotters-backend v0.3.5
[INFO] [stderr]    Compiling clap_lex v0.6.0
[INFO] [stderr]    Compiling getrandom v0.2.11
[INFO] [stderr]    Compiling ciborium-io v0.2.1
[INFO] [stderr]    Compiling syn v2.0.48
[INFO] [stderr]    Compiling wait-timeout v0.2.0
[INFO] [stderr]    Compiling regex-automata v0.4.3
[INFO] [stderr]    Compiling ciborium-ll v0.2.1
[INFO] [stderr]    Compiling rand_core v0.6.4
[INFO] [stderr]    Compiling clap_builder v4.4.12
[INFO] [stderr]    Compiling itertools v0.10.5
[INFO] [stderr]    Compiling plotters-svg v0.3.5
[INFO] [stderr]    Compiling cast v0.3.0
[INFO] [stderr]    Compiling bit-vec v0.6.3
[INFO] [stderr]    Compiling same-file v1.0.6
[INFO] [stderr]    Compiling bytes-utils v0.1.4
[INFO] [stderr]    Compiling unarray v0.1.4
[INFO] [stderr]    Compiling walkdir v2.4.0
[INFO] [stderr]    Compiling anes v0.1.6
[INFO] [stderr]    Compiling rand_chacha v0.3.1
[INFO] [stderr]    Compiling rand_xorshift v0.3.0
[INFO] [stderr]    Compiling bit-set v0.5.3
[INFO] [stderr]    Compiling oorandom v11.1.3
[INFO] [stderr]    Compiling crossbeam-epoch v0.9.17
[INFO] [stderr]    Compiling rand v0.8.5
[INFO] [stderr]    Compiling crossbeam-deque v0.8.4
[INFO] [stderr]    Compiling num-integer v0.1.45
[INFO] [stderr]    Compiling plotters v0.3.5
[INFO] [stderr]    Compiling regex v1.10.2
[INFO] [stderr]    Compiling aws-smithy-types v1.0.3 (/opt/rustwide/workdir)
[INFO] [stderr]    Compiling rayon v1.8.0
[INFO] [stderr]    Compiling criterion-plot v0.5.0
[INFO] [stderr]    Compiling clap v4.4.13
[INFO] [stderr]    Compiling tempfile v3.9.0
[INFO] [stderr]    Compiling is-terminal v0.4.10
[INFO] [stderr]    Compiling serde_derive v1.0.194
[INFO] [stderr]    Compiling tokio-macros v2.2.0
[INFO] [stderr]    Compiling rusty-fork v0.3.0
[INFO] [stderr]    Compiling proptest v1.4.0
[INFO] [stderr]    Compiling tokio v1.35.1
[INFO] [stderr]    Compiling tokio-stream v0.1.14
[INFO] [stderr]    Compiling serde_json v1.0.111
[INFO] [stderr]    Compiling ciborium v0.2.1
[INFO] [stderr]    Compiling tinytemplate v1.2.1
[INFO] [stderr]    Compiling criterion v0.5.1
[INFO] [stderr]     Finished test [unoptimized + debuginfo] target(s) in 19.39s
[INFO] running `Command { std: "docker" "inspect" "6c33c67b331cd9ebab60286abc2db7f5e22181e007d5bb8a3170c0e61596f908", kill_on_drop: false }`
[INFO] running `Command { std: "docker" "rm" "-f" "6c33c67b331cd9ebab60286abc2db7f5e22181e007d5bb8a3170c0e61596f908", kill_on_drop: false }`
[INFO] [stdout] 6c33c67b331cd9ebab60286abc2db7f5e22181e007d5bb8a3170c0e61596f908
[INFO] running `Command { std: "docker" "create" "-v" "/var/lib/crater-agent-workspace/builds/worker-2-tc1/target:/opt/rustwide/target:rw,Z" "-v" "/var/lib/crater-agent-workspace/builds/worker-2-tc1/source:/opt/rustwide/workdir:ro,Z" "-v" "/var/lib/crater-agent-workspace/cargo-home:/opt/rustwide/cargo-home:ro,Z" "-v" "/var/lib/crater-agent-workspace/rustup-home:/opt/rustwide/rustup-home:ro,Z" "-e" "SOURCE_DIR=/opt/rustwide/workdir" "-e" "CARGO_TARGET_DIR=/opt/rustwide/target" "-e" "CARGO_INCREMENTAL=0" "-e" "RUST_BACKTRACE=full" "-e" "RUSTFLAGS=--cap-lints=warn" "-e" "RUSTDOCFLAGS=--cap-lints=warn" "-e" "CARGO_HOME=/opt/rustwide/cargo-home" "-e" "RUSTUP_HOME=/opt/rustwide/rustup-home" "-w" "/opt/rustwide/workdir" "-m" "1610612736" "--user" "0:0" "--network" "none" "ghcr.io/rust-lang/crates-build-env/linux@sha256:2788e3201cd34a07e3172128adcd8b3090168a8e3bcc40d7c032b9dda1df7d1c" "/opt/rustwide/cargo-home/bin/cargo" "+1.75.0" "test" "--frozen", kill_on_drop: false }`
[INFO] [stdout] bde16d4f4e3067fcd7d7ff1e542116b031b6622b51bf3aebdf9bba97dbec7bcf
[INFO] running `Command { std: "docker" "start" "-a" "bde16d4f4e3067fcd7d7ff1e542116b031b6622b51bf3aebdf9bba97dbec7bcf", kill_on_drop: false }`
[INFO] [stderr]     Finished test [unoptimized + debuginfo] target(s) in 0.13s
[INFO] [stderr]      Running unittests src/lib.rs (/opt/rustwide/target/debug/deps/aws_smithy_types-963eea87722378dd)
[INFO] [stdout] 
[INFO] [stdout] running 75 tests
[INFO] [stdout] test body::test::empty_body_returns_none ... ok
[INFO] [stdout] test body::test::http_body_consumes_data ... ok
[INFO] [stdout] test body::test::sdkbody_debug_once ... ok
[INFO] [stdout] test body::test::valid_size_hint ... ok
[INFO] [stdout] test body::test::sdk_body_is_send ... ok
[INFO] [stdout] test config_bag::test::cloning_layers ... ok
[INFO] [stdout] test config_bag::test::adding_layers ... ok
[INFO] [stdout] test config_bag::test::get_mut_or_else ... ok
[INFO] [stdout] test config_bag::test::config_bag ... ok
[INFO] [stdout] test config_bag::test::store_append ... ok
[INFO] [stdout] test date_time::format::tests::epoch_seconds_invalid_cases ... ok
[INFO] [stdout] test date_time::format::tests::http_date_bad_fraction ... ok
[INFO] [stdout] test date_time::format::tests::http_date_too_much_fraction ... ok
[INFO] [stdout] test date_time::format::tests::http_date_out_of_range ... ok
[INFO] [stdout] test date_time::format::tests::parse_rfc3339_timezone_forbidden ... ok
[INFO] [stdout] test body::test::valid_eos ... ok
[INFO] [stdout] test byte_stream::tests::read_from_string_body ... ok
[INFO] [stdout] test date_time::format::tests::date_time_out_of_range ... ok
[INFO] [stdout] test date_time::format::tests::http_date_read_date ... ok
[INFO] [stdout] test config_bag::test::layered_property_bag ... ok
[INFO] [stdout] test date_time::format::tests::read_rfc3339_date_comma_split ... ok
[INFO] [stdout] test date_time::test::from_nanos ... ok
[INFO] [stdout] test date_time::test::ord ... ok
[INFO] [stdout] test date_time::test::test_fmt ... ok
[INFO] [stdout] test date_time::format::tests::parse_rfc3339_with_timezone ... ok
[INFO] [stdout] test date_time::test::from_millis ... ok
[INFO] [stdout] test date_time::format::tests::format_epoch_seconds ... ok
[INFO] [stdout] test date_time::format::tests::parse_http_date ... ok
[INFO] [stdout] test date_time::format::tests::format_date_time ... ok
[INFO] [stdout] test date_time::format::tests::format_http_date ... ok
[INFO] [stdout] test date_time::format::tests::parse_epoch_seconds ... ok
[INFO] [stdout] test date_time::format::tests::parse_date_time ... ok
[INFO] [stdout] test date_time::test::test_ready_many_http_date ... ok
[INFO] [stdout] test date_time::test::to_from_millis_round_trip ... ok
[INFO] [stdout] test date_time::test::to_millis ... ok
[INFO] [stdout] test endpoint::test::borrowed_values ... ok
[INFO] [stdout] test error::display::tests::no_sources ... ok
[INFO] [stdout] test error::display::tests::sources ... ok
[INFO] [stdout] test number::test::to_f32 ... ok
[INFO] [stdout] test number::test::to_f32_lossy ... ok
[INFO] [stdout] test number::test::to_f64 ... ok
[INFO] [stdout] test date_time::test::test_read_many_float ... ok
[INFO] [stdout] test date_time::test::test_read_single_float ... ok
[INFO] [stdout] test date_time::test::test_fmt_zero_seconds ... ok
[INFO] [stdout] test number::test::to_f64_lossy ... ok
[INFO] [stdout] test number::test::to_i16 ... ok
[INFO] [stdout] test number::test::to_i32 ... ok
[INFO] [stdout] test date_time::test::test_read_single_http_date ... ok
[INFO] [stdout] test date_time::test::as_nanos ... ok
[INFO] [stdout] test date_time::test::test_display_date_time ... ok
[INFO] [stdout] test date_time::test::system_time_conversions ... ok
[INFO] [stdout] test number::test::to_u64 ... ok
[INFO] [stdout] test date_time::format::tests::http_date_roundtrip ... ok
[INFO] [stdout] test config_bag::test::store_append_many_layers ... ok
[INFO] [stdout] test number::test::to_i8 ... ok
[INFO] [stdout] test date_time::test::ord_proptest ... ok
[INFO] [stdout] test number::test::to_i64 ... ok
[INFO] [stdout] test primitive::test::bool_format ... ok
[INFO] [stdout] test number::test::to_u16 ... ok
[INFO] [stdout] test number::test::to_u32 ... ok
[INFO] [stdout] test primitive::test::float_format ... ok
[INFO] [stdout] test number::test::to_u8 ... ok
[INFO] [stdout] test primitive::test::float_parse ... ok
[INFO] [stdout] test retry::tests::retry_mode_from_str_ignores_whitespace_before_and_after ... ok
[INFO] [stdout] test endpoint::test::endpoint_builder ... ok
[INFO] [stdout] test retry::tests::retry_mode_from_str_parses_valid_strings_regardless_of_casing ... ok
[INFO] [stdout] test str_bytes::tests::invalid_utf8_correctly_errors ... ok
[INFO] [stdout] test type_erasure::tests::test_typed_cloneable_boxes ... ok
[INFO] [stdout] test str_bytes::tests::valid_utf8 ... ok
[INFO] [stdout] test type_erasure::tests::test_typed_erased_errors_can_be_downcast ... ok
[INFO] [stdout] test str_bytes::tests::equals ... ok
[INFO] [stdout] test retry::tests::retry_mode_from_str_wont_parse_invalid_strings ... ok
[INFO] [stdout] test retry::tests::retry_config_builder_merge_with_favors_self_values_over_other_values ... ok
[INFO] [stdout] test type_erasure::tests::test_typed_erased_errors_can_be_unwrapped ... ok
[INFO] [stdout] test date_time::format::tests::round_trip ... ok
[INFO] [stdout] 
[INFO] [stdout] test result: ok. 75 passed; 0 failed; 0 ignored; 0 measured; 0 filtered out; finished in 0.54s
[INFO] [stdout] 
[INFO] [stderr]    Doc-tests aws-smithy-types
[INFO] [stdout] 
[INFO] [stdout] running 40 tests
[INFO] [stdout] test src/byte_stream.rs - byte_stream (line 35) - compile ... ok
[INFO] [stdout] test src/byte_stream.rs - byte_stream::ByteStream (line 207) - compile ... ok
[INFO] [stdout] test src/byte_stream.rs - byte_stream (line 104) - compile ... ok
[INFO] [stdout] test src/byte_stream.rs - byte_stream (line 83) - compile ... ok
[INFO] [stdout] test src/byte_stream.rs - byte_stream::ByteStream (line 163) - compile ... ok
[INFO] [stdout] test src/byte_stream.rs - byte_stream::ByteStream (line 236) - compile ... ok
[INFO] [stdout] test src/byte_stream.rs - byte_stream (line 14) - compile ... ok
[INFO] [stdout] test src/byte_stream.rs - byte_stream::ByteStream (line 228) - compile ... ok
[INFO] [stdout] test src/config_bag.rs - config_bag::CloneableLayer (line 203) - compile fail ... ok
[INFO] [stdout] test src/byte_stream.rs - byte_stream (line 54) - compile ... ok
[INFO] [stdout] test src/byte_stream.rs - byte_stream::ByteStream (line 179) - compile ... ok
[INFO] [stdout] test src/byte_stream.rs - byte_stream::ByteStream::collect (line 332) - compile ... ok
[INFO] [stdout] test src/error/display.rs - error::display::DisplayErrorContext (line 19) - compile ... ok
[INFO] [stdout] test src/lib.rs - config_bag (line 120) - compile ... ok
[INFO] [stdout] test src/lib.rs - config_bag (line 106) - compile ... ok
[INFO] [stdout] test src/lib.rs - config_bag (line 72) - compile ... ok
[INFO] [stdout] test src/byte_stream.rs - byte_stream::ByteStream (line 247) - compile ... FAILED
[INFO] [stdout] test src/lib.rs - config_bag (line 86) - compile ... ok
[INFO] [stdout] test src/lib.rs - config_bag (line 58) - compile ... ok
[INFO] [stdout] test src/lib.rs - config_bag (line 132) - compile ... ok
[INFO] [stdout] test src/date_time/mod.rs - date_time::DateTime (line 43) ... ok
[INFO] [stdout] test src/config_bag.rs - config_bag::ConfigBag::with_fn (line 653) ... ok
[INFO] [stdout] test src/date_time/mod.rs - date_time::DateTime::from_secs_and_nanos (line 121) ... ok
[INFO] [stdout] test src/endpoint.rs - endpoint::Builder::url (line 82) ... ok
[INFO] [stdout] test src/endpoint.rs - endpoint::Builder::header (line 96) ... ok
[INFO] [stdout] test src/type_erasure.rs - type_erasure::TypeErasedBox (line 26) - compile ... ok
[INFO] [stdout] test src/type_erasure.rs - type_erasure::TypeErasedBox (line 19) - compile ... ok
[INFO] [stdout] test src/error/metadata.rs - error::metadata::Builder::custom (line 76) ... ok
[INFO] [stdout] test src/date_time/mod.rs - date_time::DateTime::from_secs_f64 (line 148) ... ok
[INFO] [stdout] test src/config_bag.rs - config_bag::Layer::store_append (line 446) ... ok
[INFO] [stdout] test src/timeout.rs - timeout::TimeoutConfig (line 177) ... ok
[INFO] [stdout] test src/retry.rs - retry::RetryConfigBuilder::take_unset_from (line 246) ... ok
[INFO] [stdout] test src/date_time/mod.rs - date_time::DateTime::from_fractional_secs (line 106) ... ok
[INFO] [stdout] test src/primitive.rs - primitive (line 27) ... ok
[INFO] [stdout] test src/endpoint.rs - endpoint::Builder::property (line 114) ... ok
[INFO] [stdout] test src/str_bytes.rs - str_bytes::StrBytes (line 18) ... ok
[INFO] [stdout] test src/primitive.rs - primitive (line 21) ... ok
[INFO] [stdout] test src/timeout.rs - timeout::TimeoutConfigBuilder::take_unset_from (line 125) ... ok
[INFO] [stdout] test src/str_bytes.rs - str_bytes::StrBytes (line 27) ... ok
[INFO] [stdout] test src/type_erasure.rs - type_erasure::TypeErasedBox (line 33) ... ok
[INFO] [stdout] 
[INFO] [stdout] failures:
[INFO] [stdout] 
[INFO] [stdout] ---- src/byte_stream.rs - byte_stream::ByteStream (line 247) stdout ----
[INFO] [stdout] error[E0432]: unresolved import `hyper_0_14`
[INFO] [stdout]  --> src/byte_stream.rs:249:5
[INFO] [stdout]   |
[INFO] [stdout] 5 | use hyper_0_14 as hyper;
[INFO] [stdout]   |     ^^^^^^^^^^^^^^^^^^^ no external crate `hyper_0_14`
[INFO] [stdout] 
[INFO] [stdout] error[E0599]: no function or associated item named `from_body_0_4` found for struct `SdkBody` in the current scope
[INFO] [stdout]    --> src/byte_stream.rs:255:39
[INFO] [stdout]     |
[INFO] [stdout] 11  | let stream = ByteStream::new(SdkBody::from_body_0_4(channel_body));
[INFO] [stdout]     |                                       ^^^^^^^^^^^^^ function or associated item not found in `SdkBody`
[INFO] [stdout]     |
[INFO] [stdout] note: if you're trying to build a new `SdkBody` consider using one of the following associated functions:
[INFO] [stdout]       SdkBody::retryable
[INFO] [stdout]       SdkBody::taken
[INFO] [stdout]       SdkBody::empty
[INFO] [stdout]    --> /opt/rustwide/workdir/src/body.rs:101:5
[INFO] [stdout]     |
[INFO] [stdout] 101 |     pub fn retryable(f: impl Fn() -> SdkBody + Send + Sync + 'static) -> Self {
[INFO] [stdout]     |     ^^^^^^^^^^^^^^^^^^^^^^^^^^^^^^^^^^^^^^^^^^^^^^^^^^^^^^^^^^^^^^^^^^^^^^^^^
[INFO] [stdout] ...
[INFO] [stdout] 112 |     pub fn taken() -> Self {
[INFO] [stdout]     |     ^^^^^^^^^^^^^^^^^^^^^^
[INFO] [stdout] ...
[INFO] [stdout] 121 |     pub fn empty() -> Self {
[INFO] [stdout]     |     ^^^^^^^^^^^^^^^^^^^^^^
[INFO] [stdout] 
[INFO] [stdout] error: aborting due to 2 previous errors
[INFO] [stdout] 
[INFO] [stdout] Some errors have detailed explanations: E0432, E0599.
[INFO] [stdout] For more information about an error, try `rustc --explain E0432`.
[INFO] [stdout] Couldn't compile the test.
[INFO] [stdout] 
[INFO] [stdout] failures:
[INFO] [stdout]     src/byte_stream.rs - byte_stream::ByteStream (line 247)
[INFO] [stdout] 
[INFO] [stdout] test result: FAILED. 39 passed; 1 failed; 0 ignored; 0 measured; 0 filtered out; finished in 1.61s
[INFO] [stdout] 
[INFO] [stderr] error: doctest failed, to rerun pass `--doc`
[INFO] running `Command { std: "docker" "inspect" "bde16d4f4e3067fcd7d7ff1e542116b031b6622b51bf3aebdf9bba97dbec7bcf", kill_on_drop: false }`
[INFO] running `Command { std: "docker" "rm" "-f" "bde16d4f4e3067fcd7d7ff1e542116b031b6622b51bf3aebdf9bba97dbec7bcf", kill_on_drop: false }`
[INFO] [stdout] bde16d4f4e3067fcd7d7ff1e542116b031b6622b51bf3aebdf9bba97dbec7bcf
