[INFO] fetching crate aws-sdk-polly 1.3.0...
[INFO] testing aws-sdk-polly-1.3.0 against 1.75.0 for beta-1.76-1
[INFO] extracting crate aws-sdk-polly 1.3.0 into /workspace/builds/worker-5-tc1/source
[INFO] validating manifest of crates.io crate aws-sdk-polly 1.3.0 on toolchain 1.75.0
[INFO] running `Command { std: CARGO_HOME="/workspace/cargo-home" RUSTUP_HOME="/workspace/rustup-home" "/workspace/cargo-home/bin/cargo" "+1.75.0" "metadata" "--manifest-path" "Cargo.toml" "--no-deps", kill_on_drop: false }`
[INFO] started tweaking crates.io crate aws-sdk-polly 1.3.0
[INFO] finished tweaking crates.io crate aws-sdk-polly 1.3.0
[INFO] tweaked toml for crates.io crate aws-sdk-polly 1.3.0 written to /workspace/builds/worker-5-tc1/source/Cargo.toml
[INFO] running `Command { std: CARGO_HOME="/workspace/cargo-home" RUSTUP_HOME="/workspace/rustup-home" "/workspace/cargo-home/bin/cargo" "+1.75.0" "generate-lockfile" "--manifest-path" "Cargo.toml", kill_on_drop: false }`
[INFO] [stderr]     Updating crates.io index
[INFO] running `Command { std: CARGO_HOME="/workspace/cargo-home" RUSTUP_HOME="/workspace/rustup-home" "/workspace/cargo-home/bin/cargo" "+1.75.0" "fetch" "--manifest-path" "Cargo.toml", kill_on_drop: false }`
[INFO] [stderr]  Downloading crates ...
[INFO] [stderr]   Downloaded matchers v0.1.0
[INFO] running `Command { std: "docker" "create" "-v" "/var/lib/crater-agent-workspace/builds/worker-5-tc1/target:/opt/rustwide/target:rw,Z" "-v" "/var/lib/crater-agent-workspace/builds/worker-5-tc1/source:/opt/rustwide/workdir:ro,Z" "-v" "/var/lib/crater-agent-workspace/cargo-home:/opt/rustwide/cargo-home:ro,Z" "-v" "/var/lib/crater-agent-workspace/rustup-home:/opt/rustwide/rustup-home:ro,Z" "-e" "SOURCE_DIR=/opt/rustwide/workdir" "-e" "CARGO_TARGET_DIR=/opt/rustwide/target" "-e" "CARGO_HOME=/opt/rustwide/cargo-home" "-e" "RUSTUP_HOME=/opt/rustwide/rustup-home" "-w" "/opt/rustwide/workdir" "-m" "1610612736" "--user" "0:0" "--network" "none" "ghcr.io/rust-lang/crates-build-env/linux@sha256:2788e3201cd34a07e3172128adcd8b3090168a8e3bcc40d7c032b9dda1df7d1c" "/opt/rustwide/cargo-home/bin/cargo" "+1.75.0" "metadata" "--no-deps" "--format-version=1", kill_on_drop: false }`
[INFO] [stdout] e7cdad7ef6f09a8f15ad59a18ab00ae748269f12fcf307e1c41a9151403ff627
[INFO] running `Command { std: "docker" "start" "-a" "e7cdad7ef6f09a8f15ad59a18ab00ae748269f12fcf307e1c41a9151403ff627", kill_on_drop: false }`
[INFO] running `Command { std: "docker" "inspect" "e7cdad7ef6f09a8f15ad59a18ab00ae748269f12fcf307e1c41a9151403ff627", kill_on_drop: false }`
[INFO] running `Command { std: "docker" "rm" "-f" "e7cdad7ef6f09a8f15ad59a18ab00ae748269f12fcf307e1c41a9151403ff627", kill_on_drop: false }`
[INFO] [stdout] e7cdad7ef6f09a8f15ad59a18ab00ae748269f12fcf307e1c41a9151403ff627
[INFO] running `Command { std: "docker" "create" "-v" "/var/lib/crater-agent-workspace/builds/worker-5-tc1/target:/opt/rustwide/target:rw,Z" "-v" "/var/lib/crater-agent-workspace/builds/worker-5-tc1/source:/opt/rustwide/workdir:ro,Z" "-v" "/var/lib/crater-agent-workspace/cargo-home:/opt/rustwide/cargo-home:ro,Z" "-v" "/var/lib/crater-agent-workspace/rustup-home:/opt/rustwide/rustup-home:ro,Z" "-e" "SOURCE_DIR=/opt/rustwide/workdir" "-e" "CARGO_TARGET_DIR=/opt/rustwide/target" "-e" "CARGO_INCREMENTAL=0" "-e" "RUST_BACKTRACE=full" "-e" "RUSTFLAGS=--cap-lints=warn" "-e" "RUSTDOCFLAGS=--cap-lints=warn" "-e" "CARGO_HOME=/opt/rustwide/cargo-home" "-e" "RUSTUP_HOME=/opt/rustwide/rustup-home" "-w" "/opt/rustwide/workdir" "-m" "1610612736" "--user" "0:0" "--network" "none" "ghcr.io/rust-lang/crates-build-env/linux@sha256:2788e3201cd34a07e3172128adcd8b3090168a8e3bcc40d7c032b9dda1df7d1c" "/opt/rustwide/cargo-home/bin/cargo" "+1.75.0" "build" "--frozen" "--message-format=json", kill_on_drop: false }`
[INFO] [stdout] f1fa358c279857185a5c0b8d05dc0ff16f3d60d62aa24ec5e110330b1e6c8b67
[INFO] running `Command { std: "docker" "start" "-a" "f1fa358c279857185a5c0b8d05dc0ff16f3d60d62aa24ec5e110330b1e6c8b67", kill_on_drop: false }`
[INFO] [stderr]    Compiling tracing-core v0.1.32
[INFO] [stderr]    Compiling num-traits v0.2.17
[INFO] [stderr]    Compiling futures-task v0.3.30
[INFO] [stderr]    Compiling num-integer v0.1.45
[INFO] [stderr]    Compiling tokio-macros v2.2.0
[INFO] [stderr]    Compiling powerfmt v0.2.0
[INFO] [stderr]    Compiling vsimd v0.8.0
[INFO] [stderr]    Compiling time-core v0.1.2
[INFO] [stderr]    Compiling futures-util v0.3.30
[INFO] [stderr]    Compiling outref v0.5.1
[INFO] [stderr]    Compiling deranged v0.3.11
[INFO] [stderr]    Compiling bytes-utils v0.1.4
[INFO] [stderr]    Compiling tracing v0.1.40
[INFO] [stderr]    Compiling cc v1.0.83
[INFO] [stderr]    Compiling zeroize v1.7.0
[INFO] [stderr]    Compiling serde v1.0.194
[INFO] [stderr]    Compiling getrandom v0.2.11
[INFO] [stderr]    Compiling base64-simd v0.8.0
[INFO] [stderr]    Compiling serde_derive v1.0.194
[INFO] [stderr]    Compiling untrusted v0.9.0
[INFO] [stderr]    Compiling time v0.3.31
[INFO] [stderr]    Compiling spin v0.9.8
[INFO] [stderr]    Compiling serde_json v1.0.111
[INFO] [stderr]    Compiling tokio v1.35.1
[INFO] [stderr]    Compiling subtle v2.5.0
[INFO] [stderr]    Compiling rustls v0.21.10
[INFO] [stderr]    Compiling digest v0.10.7
[INFO] [stderr]    Compiling aws-types v1.1.1
[INFO] [stderr]    Compiling regex-syntax v0.6.29
[INFO] [stderr]    Compiling rustls-pemfile v1.0.4
[INFO] [stderr]    Compiling ring v0.17.7
[INFO] [stderr]    Compiling extend v0.1.2
[INFO] [stderr]    Compiling xmlparser v0.13.6
[INFO] [stderr]    Compiling yansi v0.5.1
[INFO] [stderr]    Compiling diff v0.1.13
[INFO] [stderr]    Compiling pretty_assertions v1.4.0
[INFO] [stderr]    Compiling sha2 v0.10.8
[INFO] [stderr]    Compiling rustls-native-certs v0.6.3
[INFO] [stderr]    Compiling roxmltree v0.14.1
[INFO] [stderr]    Compiling regex-automata v0.1.10
[INFO] [stderr]    Compiling hmac v0.12.1
[INFO] [stderr]    Compiling tracing-log v0.2.0
[INFO] [stderr]    Compiling fastrand v2.0.1
[INFO] [stderr]    Compiling regex-lite v0.1.5
[INFO] [stderr]    Compiling uuid v1.6.1
[INFO] [stderr]    Compiling matchers v0.1.0
[INFO] [stderr]    Compiling tokio-util v0.7.10
[INFO] [stderr]    Compiling aws-smithy-async v1.1.1
[INFO] [stderr]    Compiling rustls-webpki v0.101.7
[INFO] [stderr]    Compiling sct v0.7.1
[INFO] [stderr]    Compiling aws-smithy-types v1.1.1
[INFO] [stderr]    Compiling h2 v0.3.22
[INFO] [stderr]    Compiling aws-smithy-runtime-api v1.1.1
[INFO] [stderr]    Compiling aws-smithy-json v0.60.1
[INFO] [stderr]    Compiling aws-credential-types v1.1.1
[INFO] [stderr]    Compiling aws-smithy-http v0.60.1
[INFO] [stderr]    Compiling aws-sigv4 v1.1.1
[INFO] [stderr]    Compiling aws-http v0.60.1
[INFO] [stderr]    Compiling tokio-rustls v0.24.1
[INFO] [stderr]    Compiling tracing-serde v0.1.3
[INFO] [stderr]    Compiling aws-runtime v1.1.1
[INFO] [stderr]    Compiling hyper v0.14.28
[INFO] [stderr]    Compiling assert-json-diff v1.1.0
[INFO] [stderr]    Compiling tracing-subscriber v0.3.18
[INFO] [stderr]    Compiling aws-smithy-protocol-test v0.60.1
[INFO] [stderr]    Compiling hyper-rustls v0.24.2
[INFO] [stderr]    Compiling aws-smithy-runtime v1.1.1
[INFO] [stderr]    Compiling aws-sdk-polly v1.3.0 (/opt/rustwide/workdir)
[INFO] [stderr]     Finished dev [unoptimized + debuginfo] target(s) in 1m 12s
[INFO] running `Command { std: "docker" "inspect" "f1fa358c279857185a5c0b8d05dc0ff16f3d60d62aa24ec5e110330b1e6c8b67", kill_on_drop: false }`
[INFO] running `Command { std: "docker" "rm" "-f" "f1fa358c279857185a5c0b8d05dc0ff16f3d60d62aa24ec5e110330b1e6c8b67", kill_on_drop: false }`
[INFO] [stdout] f1fa358c279857185a5c0b8d05dc0ff16f3d60d62aa24ec5e110330b1e6c8b67
[INFO] running `Command { std: "docker" "create" "-v" "/var/lib/crater-agent-workspace/builds/worker-5-tc1/target:/opt/rustwide/target:rw,Z" "-v" "/var/lib/crater-agent-workspace/builds/worker-5-tc1/source:/opt/rustwide/workdir:ro,Z" "-v" "/var/lib/crater-agent-workspace/cargo-home:/opt/rustwide/cargo-home:ro,Z" "-v" "/var/lib/crater-agent-workspace/rustup-home:/opt/rustwide/rustup-home:ro,Z" "-e" "SOURCE_DIR=/opt/rustwide/workdir" "-e" "CARGO_TARGET_DIR=/opt/rustwide/target" "-e" "CARGO_INCREMENTAL=0" "-e" "RUST_BACKTRACE=full" "-e" "RUSTFLAGS=--cap-lints=warn" "-e" "RUSTDOCFLAGS=--cap-lints=warn" "-e" "CARGO_HOME=/opt/rustwide/cargo-home" "-e" "RUSTUP_HOME=/opt/rustwide/rustup-home" "-w" "/opt/rustwide/workdir" "-m" "1610612736" "--user" "0:0" "--network" "none" "ghcr.io/rust-lang/crates-build-env/linux@sha256:2788e3201cd34a07e3172128adcd8b3090168a8e3bcc40d7c032b9dda1df7d1c" "/opt/rustwide/cargo-home/bin/cargo" "+1.75.0" "test" "--frozen" "--no-run" "--message-format=json", kill_on_drop: false }`
[INFO] [stdout] 33b449749e1f545f56119c47185a0f5dac7510ffbdc99e925c57c6feea8b97b2
[INFO] running `Command { std: "docker" "start" "-a" "33b449749e1f545f56119c47185a0f5dac7510ffbdc99e925c57c6feea8b97b2", kill_on_drop: false }`
[INFO] [stderr]    Compiling urlencoding v2.1.3
[INFO] [stderr]    Compiling aws-smithy-xml v0.60.1
[INFO] [stderr]    Compiling aws-sdk-sso v1.9.0
[INFO] [stderr]    Compiling aws-sdk-ssooidc v1.9.0
[INFO] [stderr]    Compiling aws-smithy-query v0.60.1
[INFO] [stderr]    Compiling aws-sdk-sts v1.9.0
[INFO] [stderr]    Compiling aws-config v1.1.1
[INFO] [stderr]    Compiling aws-sdk-polly v1.3.0 (/opt/rustwide/workdir)
[INFO] [stderr]     Finished test [unoptimized + debuginfo] target(s) in 34.46s
[INFO] running `Command { std: "docker" "inspect" "33b449749e1f545f56119c47185a0f5dac7510ffbdc99e925c57c6feea8b97b2", kill_on_drop: false }`
[INFO] running `Command { std: "docker" "rm" "-f" "33b449749e1f545f56119c47185a0f5dac7510ffbdc99e925c57c6feea8b97b2", kill_on_drop: false }`
[INFO] [stdout] 33b449749e1f545f56119c47185a0f5dac7510ffbdc99e925c57c6feea8b97b2
[INFO] running `Command { std: "docker" "create" "-v" "/var/lib/crater-agent-workspace/builds/worker-5-tc1/target:/opt/rustwide/target:rw,Z" "-v" "/var/lib/crater-agent-workspace/builds/worker-5-tc1/source:/opt/rustwide/workdir:ro,Z" "-v" "/var/lib/crater-agent-workspace/cargo-home:/opt/rustwide/cargo-home:ro,Z" "-v" "/var/lib/crater-agent-workspace/rustup-home:/opt/rustwide/rustup-home:ro,Z" "-e" "SOURCE_DIR=/opt/rustwide/workdir" "-e" "CARGO_TARGET_DIR=/opt/rustwide/target" "-e" "CARGO_INCREMENTAL=0" "-e" "RUST_BACKTRACE=full" "-e" "RUSTFLAGS=--cap-lints=warn" "-e" "RUSTDOCFLAGS=--cap-lints=warn" "-e" "CARGO_HOME=/opt/rustwide/cargo-home" "-e" "RUSTUP_HOME=/opt/rustwide/rustup-home" "-w" "/opt/rustwide/workdir" "-m" "1610612736" "--user" "0:0" "--network" "none" "ghcr.io/rust-lang/crates-build-env/linux@sha256:2788e3201cd34a07e3172128adcd8b3090168a8e3bcc40d7c032b9dda1df7d1c" "/opt/rustwide/cargo-home/bin/cargo" "+1.75.0" "test" "--frozen", kill_on_drop: false }`
[INFO] [stdout] e064a457f2e1645ff179897f868bb86c51a502802a894a70a43c6fc819e546c9
[INFO] running `Command { std: "docker" "start" "-a" "e064a457f2e1645ff179897f868bb86c51a502802a894a70a43c6fc819e546c9", kill_on_drop: false }`
[INFO] [stderr]     Finished test [unoptimized + debuginfo] target(s) in 0.18s
[INFO] [stderr]      Running unittests src/lib.rs (/opt/rustwide/target/debug/deps/aws_sdk_polly-55d2ce24f8b4871f)
[INFO] [stdout] 
[INFO] [stdout] running 61 tests
[INFO] [stdout] test config::endpoint::test::test_12 ... ok
[INFO] [stdout] test config::endpoint::test::test_10 ... ok
[INFO] [stdout] test config::endpoint::test::test_16 ... ok
[INFO] [stdout] test config::endpoint::test::test_1 ... ok
[INFO] [stdout] test config::endpoint::test::test_18 ... ok
[INFO] [stdout] test config::endpoint::test::test_17 ... ok
[INFO] [stdout] test config::endpoint::test::test_15 ... ok
[INFO] [stdout] test config::endpoint::test::test_13 ... ok
[INFO] [stdout] test config::endpoint::test::test_14 ... ok
[INFO] [stdout] test config::endpoint::test::test_11 ... ok
[INFO] [stdout] test config::endpoint::test::test_22 ... ok
[INFO] [stdout] test config::endpoint::test::test_23 ... ok
[INFO] [stdout] test config::endpoint::test::test_21 ... ok
[INFO] [stdout] test config::endpoint::test::test_24 ... ok
[INFO] [stdout] test config::endpoint::test::test_2 ... ok
[INFO] [stdout] test config::endpoint::test::test_20 ... ok
[INFO] [stdout] test config::endpoint::test::test_19 ... ok
[INFO] [stdout] test config::endpoint::test::test_3 ... ok
[INFO] [stdout] test config::endpoint::test::test_25 ... ok
[INFO] [stdout] test config::endpoint::test::test_28 ... ok
[INFO] [stdout] test config::endpoint::test::test_29 ... ok
[INFO] [stdout] test config::endpoint::test::test_27 ... ok
[INFO] [stdout] test config::endpoint::test::test_33 ... ok
[INFO] [stdout] test config::endpoint::test::test_31 ... ok
[INFO] [stdout] test config::endpoint::test::test_26 ... ok
[INFO] [stdout] test config::endpoint::test::test_32 ... ok
[INFO] [stdout] test config::endpoint::test::test_34 ... ok
[INFO] [stdout] test config::endpoint::test::test_35 ... ok
[INFO] [stdout] test config::endpoint::test::test_30 ... ok
[INFO] [stdout] test config::endpoint::test::test_37 ... ok
[INFO] [stdout] test config::endpoint::test::test_38 ... ok
[INFO] [stdout] test config::endpoint::test::test_39 ... ok
[INFO] [stdout] test config::endpoint::test::test_36 ... ok
[INFO] [stdout] test config::endpoint::test::test_4 ... ok
[INFO] [stdout] test config::endpoint::test::test_41 ... ok
[INFO] [stdout] test config::endpoint::test::test_40 ... ok
[INFO] [stdout] test config::endpoint::test::test_42 ... ok
[INFO] [stdout] test config::endpoint::test::test_45 ... ok
[INFO] [stdout] test config::endpoint::test::test_43 ... ok
[INFO] [stdout] test config::endpoint::test::test_44 ... ok
[INFO] [stdout] test config::endpoint::test::test_48 ... ok
[INFO] [stdout] test config::endpoint::test::test_46 ... ok
[INFO] [stdout] test config::endpoint::test::test_5 ... ok
[INFO] [stdout] test config::endpoint::test::test_7 ... ok
[INFO] [stdout] test config::endpoint::test::test_47 ... ok
[INFO] [stdout] test json_errors::test::alternative_error_message_names ... ok
[INFO] [stdout] test json_errors::test::error_metadata ... ok
[INFO] [stdout] test json_errors::test::error_type ... ok
[INFO] [stdout] test json_errors::test::code_takes_priority ... ok
[INFO] [stdout] test json_errors::test::ignore_unrecognized_fields ... ok
[INFO] [stdout] test json_errors::test::sanitize_namespace ... ok
[INFO] [stdout] test config::endpoint::test::test_49 ... ok
[INFO] [stdout] test config::endpoint::test::test_8 ... ok
[INFO] [stdout] test json_errors::test::sanitize_namespace_and_url ... ok
[INFO] [stdout] test json_errors::test::sanitize_noop ... ok
[INFO] [stdout] test json_errors::test::sanitize_url ... ok
[INFO] [stdout] test endpoint_lib::partition::test::resolve_partitions ... ok
[INFO] [stdout] test serialization_settings::tests::test_include_header ... ok
[INFO] [stdout] test config::endpoint::test::test_6 ... ok
[INFO] [stdout] test endpoint_lib::partition::test::deserialize_partitions ... ok
[INFO] [stdout] test config::endpoint::test::test_9 ... ok
[INFO] [stdout] 
[INFO] [stdout] test result: ok. 61 passed; 0 failed; 0 ignored; 0 measured; 0 filtered out; finished in 1.29s
[INFO] [stdout] 
[INFO] [stderr]      Running tests/endpoint_tests.rs (/opt/rustwide/target/debug/deps/endpoint_tests-f1fa660a7c27cdb9)
[INFO] [stdout] 
[INFO] [stdout] running 0 tests
[INFO] [stdout] 
[INFO] [stdout] test result: ok. 0 passed; 0 failed; 0 ignored; 0 measured; 0 filtered out; finished in 0.00s
[INFO] [stdout] 
[INFO] [stderr]      Running tests/presigning.rs (/opt/rustwide/target/debug/deps/presigning-d13626ca21181127)
[INFO] [stdout] 
[INFO] [stdout] running 1 test
[INFO] [stdout] test test_presigning ... FAILED
[INFO] [stdout] 
[INFO] [stdout] failures:
[INFO] [stdout] 
[INFO] [stdout] ---- test_presigning stdout ----
[INFO] [stdout] thread 'test_presigning' panicked at src/config.rs:1231:69:
[INFO] [stdout] Invalid client configuration: A behavior major version must be set when sending a request or constructing a client. You must set it during client construction or by enabling the `behavior-version-latest` cargo feature.
[INFO] [stdout] stack backtrace:
[INFO] [stdout]    0:     0x55a8da64790c - std::backtrace_rs::backtrace::libunwind::trace::ha637c64ce894333a
[INFO] [stdout]                                at /rustc/82e1608dfa6e0b5569232559e3d385fea5a93112/library/std/src/../../backtrace/src/backtrace/libunwind.rs:104:5
[INFO] [stdout]    1:     0x55a8da64790c - std::backtrace_rs::backtrace::trace_unsynchronized::h47f62dea28e0c88d
[INFO] [stdout]                                at /rustc/82e1608dfa6e0b5569232559e3d385fea5a93112/library/std/src/../../backtrace/src/backtrace/mod.rs:66:5
[INFO] [stdout]    2:     0x55a8da64790c - std::sys_common::backtrace::_print_fmt::h9eef0abe20ede486
[INFO] [stdout]                                at /rustc/82e1608dfa6e0b5569232559e3d385fea5a93112/library/std/src/sys_common/backtrace.rs:67:5
[INFO] [stdout]    3:     0x55a8da64790c - <std::sys_common::backtrace::_print::DisplayBacktrace as core::fmt::Display>::fmt::hed7f999df88cc644
[INFO] [stdout]                                at /rustc/82e1608dfa6e0b5569232559e3d385fea5a93112/library/std/src/sys_common/backtrace.rs:44:22
[INFO] [stdout]    4:     0x55a8da676c10 - core::fmt::rt::Argument::fmt::h1539a9308b8d058d
[INFO] [stdout]                                at /rustc/82e1608dfa6e0b5569232559e3d385fea5a93112/library/core/src/fmt/rt.rs:142:9
[INFO] [stdout]    5:     0x55a8da676c10 - core::fmt::write::h3a39390d8560d9c9
[INFO] [stdout]                                at /rustc/82e1608dfa6e0b5569232559e3d385fea5a93112/library/core/src/fmt/mod.rs:1120:17
[INFO] [stdout]    6:     0x55a8da6445bf - std::io::Write::write_fmt::h040b369f3a0f9cbc
[INFO] [stdout]                                at /rustc/82e1608dfa6e0b5569232559e3d385fea5a93112/library/std/src/io/mod.rs:1762:15
[INFO] [stdout]    7:     0x55a8da6476f4 - std::sys_common::backtrace::_print::h894006fb5c6f3d45
[INFO] [stdout]                                at /rustc/82e1608dfa6e0b5569232559e3d385fea5a93112/library/std/src/sys_common/backtrace.rs:47:5
[INFO] [stdout]    8:     0x55a8da6476f4 - std::sys_common::backtrace::print::h23a2d212c6fff936
[INFO] [stdout]                                at /rustc/82e1608dfa6e0b5569232559e3d385fea5a93112/library/std/src/sys_common/backtrace.rs:34:9
[INFO] [stdout]    9:     0x55a8da6493b7 - std::panicking::default_hook::{{closure}}::h8a1d2ee00185001a
[INFO] [stdout]   10:     0x55a8da6490a3 - std::panicking::default_hook::h6038f2eba384e475
[INFO] [stdout]                                at /rustc/82e1608dfa6e0b5569232559e3d385fea5a93112/library/std/src/panicking.rs:289:9
[INFO] [stdout]   11:     0x55a8d9c7e487 - <alloc::boxed::Box<F,A> as core::ops::function::Fn<Args>>::call::h0ad024c9bdc6d768
[INFO] [stdout]                                at /rustc/82e1608dfa6e0b5569232559e3d385fea5a93112/library/alloc/src/boxed.rs:2021:9
[INFO] [stdout]   12:     0x55a8d9c7e487 - test::test_main::{{closure}}::h7500b54257359db6
[INFO] [stdout]                                at /rustc/82e1608dfa6e0b5569232559e3d385fea5a93112/library/test/src/lib.rs:138:21
[INFO] [stdout]   13:     0x55a8da6499c8 - <alloc::boxed::Box<F,A> as core::ops::function::Fn<Args>>::call::h1f8f335eaa9cfaee
[INFO] [stdout]                                at /rustc/82e1608dfa6e0b5569232559e3d385fea5a93112/library/alloc/src/boxed.rs:2021:9
[INFO] [stdout]   14:     0x55a8da6499c8 - std::panicking::rust_panic_with_hook::h2b5517d590cab22e
[INFO] [stdout]                                at /rustc/82e1608dfa6e0b5569232559e3d385fea5a93112/library/std/src/panicking.rs:783:13
[INFO] [stdout]   15:     0x55a8da64971e - std::panicking::begin_panic_handler::{{closure}}::h233112c06e0ef43e
[INFO] [stdout]                                at /rustc/82e1608dfa6e0b5569232559e3d385fea5a93112/library/std/src/panicking.rs:657:13
[INFO] [stdout]   16:     0x55a8da647dd6 - std::sys_common::backtrace::__rust_end_short_backtrace::h6e893f24d7ebbff8
[INFO] [stdout]                                at /rustc/82e1608dfa6e0b5569232559e3d385fea5a93112/library/std/src/sys_common/backtrace.rs:170:18
[INFO] [stdout]   17:     0x55a8da649482 - rust_begin_unwind
[INFO] [stdout]                                at /rustc/82e1608dfa6e0b5569232559e3d385fea5a93112/library/std/src/panicking.rs:645:5
[INFO] [stdout]   18:     0x55a8d9c3c4c5 - core::panicking::panic_fmt::hbf0e066aabfa482c
[INFO] [stdout]                                at /rustc/82e1608dfa6e0b5569232559e3d385fea5a93112/library/core/src/panicking.rs:72:14
[INFO] [stdout]   19:     0x55a8d9c3c483 - core::panicking::panic_display::h68e6012a1c287ca5
[INFO] [stdout]                                at /rustc/82e1608dfa6e0b5569232559e3d385fea5a93112/library/core/src/panicking.rs:178:5
[INFO] [stdout]   20:     0x55a8d9c3c483 - core::panicking::panic_str::h1ca8e3b0d2d70f80
[INFO] [stdout]                                at /rustc/82e1608dfa6e0b5569232559e3d385fea5a93112/library/core/src/panicking.rs:152:5
[INFO] [stdout]   21:     0x55a8d9c3c483 - core::option::expect_failed::h1ae4bac6b7606972
[INFO] [stdout]                                at /rustc/82e1608dfa6e0b5569232559e3d385fea5a93112/library/core/src/option.rs:1985:5
[INFO] [stdout]   22:     0x55a8d9d38fdd - core::option::Option<T>::expect::hd759332dcf5641fc
[INFO] [stdout]                                at /rustc/82e1608dfa6e0b5569232559e3d385fea5a93112/library/core/src/option.rs:894:21
[INFO] [stdout]   23:     0x55a8d9cc6085 - aws_sdk_polly::config::base_client_runtime_plugins::h288b69e97845c08f
[INFO] [stdout]                                at /opt/rustwide/workdir/src/config.rs:1231:52
[INFO] [stdout]   24:     0x55a8d9cdcbe1 - aws_sdk_polly::client::Client::from_conf::h5a8f7b4ece58871d
[INFO] [stdout]                                at /opt/rustwide/workdir/src/client.rs:98:30
[INFO] [stdout]   25:     0x55a8d9c4a097 - presigning::test_presigning::{{closure}}::h25454bed5ecf35f5
[INFO] [stdout]                                at /opt/rustwide/workdir/tests/presigning.rs:18:18
[INFO] [stdout]   26:     0x55a8d9c49b68 - <core::pin::Pin<P> as core::future::future::Future>::poll::h7b9600c516982adf
[INFO] [stdout]                                at /rustc/82e1608dfa6e0b5569232559e3d385fea5a93112/library/core/src/future/future.rs:125:9
[INFO] [stdout]   27:     0x55a8d9c49b0b - <core::pin::Pin<P> as core::future::future::Future>::poll::h56b4f2cf5ccb29f8
[INFO] [stdout]                                at /rustc/82e1608dfa6e0b5569232559e3d385fea5a93112/library/core/src/future/future.rs:125:9
[INFO] [stdout]   28:     0x55a8d9c441d4 - tokio::runtime::scheduler::current_thread::CoreGuard::block_on::{{closure}}::{{closure}}::{{closure}}::hc42646d383f76f21
[INFO] [stdout]                                at /opt/rustwide/cargo-home/registry/src/index.crates.io-6f17d22bba15001f/tokio-1.35.1/src/runtime/scheduler/current_thread/mod.rs:665:57
[INFO] [stdout]   29:     0x55a8d9c4410a - tokio::runtime::coop::with_budget::h5328ff814afbdaa7
[INFO] [stdout]                                at /opt/rustwide/cargo-home/registry/src/index.crates.io-6f17d22bba15001f/tokio-1.35.1/src/runtime/coop.rs:107:5
[INFO] [stdout]   30:     0x55a8d9c4410a - tokio::runtime::coop::budget::hc31de05460803b4a
[INFO] [stdout]                                at /opt/rustwide/cargo-home/registry/src/index.crates.io-6f17d22bba15001f/tokio-1.35.1/src/runtime/coop.rs:73:5
[INFO] [stdout]   31:     0x55a8d9c4410a - tokio::runtime::scheduler::current_thread::CoreGuard::block_on::{{closure}}::{{closure}}::h7c80fbabcc8e6bc1
[INFO] [stdout]                                at /opt/rustwide/cargo-home/registry/src/index.crates.io-6f17d22bba15001f/tokio-1.35.1/src/runtime/scheduler/current_thread/mod.rs:665:25
[INFO] [stdout]   32:     0x55a8d9c42d8c - tokio::runtime::scheduler::current_thread::Context::enter::hf4db34b36f9e9d49
[INFO] [stdout]                                at /opt/rustwide/cargo-home/registry/src/index.crates.io-6f17d22bba15001f/tokio-1.35.1/src/runtime/scheduler/current_thread/mod.rs:410:19
[INFO] [stdout]   33:     0x55a8d9c438fe - tokio::runtime::scheduler::current_thread::CoreGuard::block_on::{{closure}}::hee9b05d628a42007
[INFO] [stdout]                                at /opt/rustwide/cargo-home/registry/src/index.crates.io-6f17d22bba15001f/tokio-1.35.1/src/runtime/scheduler/current_thread/mod.rs:664:36
[INFO] [stdout]   34:     0x55a8d9c4360b - tokio::runtime::scheduler::current_thread::CoreGuard::enter::{{closure}}::hf2a58c3d562b2a2a
[INFO] [stdout]                                at /opt/rustwide/cargo-home/registry/src/index.crates.io-6f17d22bba15001f/tokio-1.35.1/src/runtime/scheduler/current_thread/mod.rs:743:68
[INFO] [stdout]   35:     0x55a8d9c4233b - tokio::runtime::context::scoped::Scoped<T>::set::h6424d0359197b962
[INFO] [stdout]                                at /opt/rustwide/cargo-home/registry/src/index.crates.io-6f17d22bba15001f/tokio-1.35.1/src/runtime/context/scoped.rs:40:9
[INFO] [stdout]   36:     0x55a8d9c48d79 - tokio::runtime::context::set_scheduler::{{closure}}::h016dedba2cc95621
[INFO] [stdout]                                at /opt/rustwide/cargo-home/registry/src/index.crates.io-6f17d22bba15001f/tokio-1.35.1/src/runtime/context.rs:176:26
[INFO] [stdout]   37:     0x55a8d9c46436 - std::thread::local::LocalKey<T>::try_with::h932252acb124824d
[INFO] [stdout]                                at /rustc/82e1608dfa6e0b5569232559e3d385fea5a93112/library/std/src/thread/local.rs:270:16
[INFO] [stdout]   38:     0x55a8d9c45dda - std::thread::local::LocalKey<T>::with::h3ba05e299059239e
[INFO] [stdout]                                at /rustc/82e1608dfa6e0b5569232559e3d385fea5a93112/library/std/src/thread/local.rs:246:9
[INFO] [stdout]   39:     0x55a8d9c48d2d - tokio::runtime::context::set_scheduler::h51cf739517d145ce
[INFO] [stdout]                                at /opt/rustwide/cargo-home/registry/src/index.crates.io-6f17d22bba15001f/tokio-1.35.1/src/runtime/context.rs:176:9
[INFO] [stdout]   40:     0x55a8d9c433a0 - tokio::runtime::scheduler::current_thread::CoreGuard::enter::hbee748e61a162e01
[INFO] [stdout]                                at /opt/rustwide/cargo-home/registry/src/index.crates.io-6f17d22bba15001f/tokio-1.35.1/src/runtime/scheduler/current_thread/mod.rs:743:27
[INFO] [stdout]   41:     0x55a8d9c4363d - tokio::runtime::scheduler::current_thread::CoreGuard::block_on::h8756b22bfa1623d3
[INFO] [stdout]                                at /opt/rustwide/cargo-home/registry/src/index.crates.io-6f17d22bba15001f/tokio-1.35.1/src/runtime/scheduler/current_thread/mod.rs:652:19
[INFO] [stdout]   42:     0x55a8d9c4256d - tokio::runtime::scheduler::current_thread::CurrentThread::block_on::{{closure}}::hc7d9f693ea00028d
[INFO] [stdout]                                at /opt/rustwide/cargo-home/registry/src/index.crates.io-6f17d22bba15001f/tokio-1.35.1/src/runtime/scheduler/current_thread/mod.rs:175:28
[INFO] [stdout]   43:     0x55a8d9c492fa - tokio::runtime::context::runtime::enter_runtime::heb6cc24e6f7067aa
[INFO] [stdout]                                at /opt/rustwide/cargo-home/registry/src/index.crates.io-6f17d22bba15001f/tokio-1.35.1/src/runtime/context/runtime.rs:65:16
[INFO] [stdout]   44:     0x55a8d9c42480 - tokio::runtime::scheduler::current_thread::CurrentThread::block_on::h40dcbf3d92aec6af
[INFO] [stdout]                                at /opt/rustwide/cargo-home/registry/src/index.crates.io-6f17d22bba15001f/tokio-1.35.1/src/runtime/scheduler/current_thread/mod.rs:167:9
[INFO] [stdout]   45:     0x55a8d9c4994d - tokio::runtime::runtime::Runtime::block_on::h12259fc4a8277184
[INFO] [stdout]                                at /opt/rustwide/cargo-home/registry/src/index.crates.io-6f17d22bba15001f/tokio-1.35.1/src/runtime/runtime.rs:348:47
[INFO] [stdout]   46:     0x55a8d9c49d96 - presigning::test_presigning::h3a2653795bd4c5ed
[INFO] [stdout]                                at /opt/rustwide/workdir/tests/presigning.rs:59:5
[INFO] [stdout]   47:     0x55a8d9c49c07 - presigning::test_presigning::{{closure}}::h5e8e8baa2311e3c0
[INFO] [stdout]                                at /opt/rustwide/workdir/tests/presigning.rs:13:27
[INFO] [stdout]   48:     0x55a8d9c3e7c6 - core::ops::function::FnOnce::call_once::h6b9f4cb4d0a72437
[INFO] [stdout]                                at /rustc/82e1608dfa6e0b5569232559e3d385fea5a93112/library/core/src/ops/function.rs:250:5
[INFO] [stdout]   49:     0x55a8d9c83adf - core::ops::function::FnOnce::call_once::h2b5d431d5046312d
[INFO] [stdout]                                at /rustc/82e1608dfa6e0b5569232559e3d385fea5a93112/library/core/src/ops/function.rs:250:5
[INFO] [stdout]   50:     0x55a8d9c83adf - test::__rust_begin_short_backtrace::h7714669af176e207
[INFO] [stdout]                                at /rustc/82e1608dfa6e0b5569232559e3d385fea5a93112/library/test/src/lib.rs:628:18
[INFO] [stdout]   51:     0x55a8d9c82af5 - test::run_test_in_process::{{closure}}::h85218797dcbcec12
[INFO] [stdout]                                at /rustc/82e1608dfa6e0b5569232559e3d385fea5a93112/library/test/src/lib.rs:651:60
[INFO] [stdout]   52:     0x55a8d9c82af5 - <core::panic::unwind_safe::AssertUnwindSafe<F> as core::ops::function::FnOnce<()>>::call_once::h76c106ea31c14d7b
[INFO] [stdout]                                at /rustc/82e1608dfa6e0b5569232559e3d385fea5a93112/library/core/src/panic/unwind_safe.rs:272:9
[INFO] [stdout]   53:     0x55a8d9c82af5 - std::panicking::try::do_call::h3bd5d0f6620ee946
[INFO] [stdout]                                at /rustc/82e1608dfa6e0b5569232559e3d385fea5a93112/library/std/src/panicking.rs:552:40
[INFO] [stdout]   54:     0x55a8d9c82af5 - std::panicking::try::h232e535e4744fe31
[INFO] [stdout]                                at /rustc/82e1608dfa6e0b5569232559e3d385fea5a93112/library/std/src/panicking.rs:516:19
[INFO] [stdout]   55:     0x55a8d9c82af5 - std::panic::catch_unwind::h3ce3bd6ca8dbac68
[INFO] [stdout]                                at /rustc/82e1608dfa6e0b5569232559e3d385fea5a93112/library/std/src/panic.rs:142:14
[INFO] [stdout]   56:     0x55a8d9c82af5 - test::run_test_in_process::hc97b257c9621286a
[INFO] [stdout]                                at /rustc/82e1608dfa6e0b5569232559e3d385fea5a93112/library/test/src/lib.rs:651:27
[INFO] [stdout]   57:     0x55a8d9c82af5 - test::run_test::{{closure}}::h2aa798823a438d38
[INFO] [stdout]                                at /rustc/82e1608dfa6e0b5569232559e3d385fea5a93112/library/test/src/lib.rs:574:43
[INFO] [stdout]   58:     0x55a8d9c4adb6 - test::run_test::{{closure}}::h87d231c78fb59832
[INFO] [stdout]                                at /rustc/82e1608dfa6e0b5569232559e3d385fea5a93112/library/test/src/lib.rs:602:41
[INFO] [stdout]   59:     0x55a8d9c4adb6 - std::sys_common::backtrace::__rust_begin_short_backtrace::he6df152596625789
[INFO] [stdout]                                at /rustc/82e1608dfa6e0b5569232559e3d385fea5a93112/library/std/src/sys_common/backtrace.rs:154:18
[INFO] [stdout]   60:     0x55a8d9c4fe67 - std::thread::Builder::spawn_unchecked_::{{closure}}::{{closure}}::ha94be15d1e0acf36
[INFO] [stdout]                                at /rustc/82e1608dfa6e0b5569232559e3d385fea5a93112/library/std/src/thread/mod.rs:529:17
[INFO] [stdout]   61:     0x55a8d9c4fe67 - <core::panic::unwind_safe::AssertUnwindSafe<F> as core::ops::function::FnOnce<()>>::call_once::h9dc6bd6372f16606
[INFO] [stdout]                                at /rustc/82e1608dfa6e0b5569232559e3d385fea5a93112/library/core/src/panic/unwind_safe.rs:272:9
[INFO] [stdout]   62:     0x55a8d9c4fe67 - std::panicking::try::do_call::h9057517f80303cd4
[INFO] [stdout]                                at /rustc/82e1608dfa6e0b5569232559e3d385fea5a93112/library/std/src/panicking.rs:552:40
[INFO] [stdout]   63:     0x55a8d9c4fe67 - std::panicking::try::he3a30b11ee45340c
[INFO] [stdout]                                at /rustc/82e1608dfa6e0b5569232559e3d385fea5a93112/library/std/src/panicking.rs:516:19
[INFO] [stdout]   64:     0x55a8d9c4fe67 - std::panic::catch_unwind::h410458cfd3528b8b
[INFO] [stdout]                                at /rustc/82e1608dfa6e0b5569232559e3d385fea5a93112/library/std/src/panic.rs:142:14
[INFO] [stdout]   65:     0x55a8d9c4fe67 - std::thread::Builder::spawn_unchecked_::{{closure}}::h72ac3bdb567b737b
[INFO] [stdout]                                at /rustc/82e1608dfa6e0b5569232559e3d385fea5a93112/library/std/src/thread/mod.rs:528:30
[INFO] [stdout]   66:     0x55a8d9c4fe67 - core::ops::function::FnOnce::call_once{{vtable.shim}}::h38f34da3654a8344
[INFO] [stdout]                                at /rustc/82e1608dfa6e0b5569232559e3d385fea5a93112/library/core/src/ops/function.rs:250:5
[INFO] [stdout]   67:     0x55a8da64e5d5 - <alloc::boxed::Box<F,A> as core::ops::function::FnOnce<Args>>::call_once::hc7eafaff61e32df9
[INFO] [stdout]                                at /rustc/82e1608dfa6e0b5569232559e3d385fea5a93112/library/alloc/src/boxed.rs:2007:9
[INFO] [stdout]   68:     0x55a8da64e5d5 - <alloc::boxed::Box<F,A> as core::ops::function::FnOnce<Args>>::call_once::h6ba4a5de48dd2304
[INFO] [stdout]                                at /rustc/82e1608dfa6e0b5569232559e3d385fea5a93112/library/alloc/src/boxed.rs:2007:9
[INFO] [stdout]   69:     0x55a8da64e5d5 - std::sys::unix::thread::Thread::new::thread_start::he469335aef763e45
[INFO] [stdout]                                at /rustc/82e1608dfa6e0b5569232559e3d385fea5a93112/library/std/src/sys/unix/thread.rs:108:17
[INFO] [stdout]   70:     0x7f427c50dac3 - <unknown>
[INFO] [stdout]   71:     0x7f427c59ebf4 - __clone
[INFO] [stdout]   72:                0x0 - <unknown>
[INFO] [stdout] 
[INFO] [stdout] 
[INFO] [stdout] failures:
[INFO] [stdout]     test_presigning
[INFO] [stdout] 
[INFO] [stdout] test result: FAILED. 0 passed; 1 failed; 0 ignored; 0 measured; 0 filtered out; finished in 0.10s
[INFO] [stdout] 
[INFO] [stderr] error: test failed, to rerun pass `--test presigning`
[INFO] running `Command { std: "docker" "inspect" "e064a457f2e1645ff179897f868bb86c51a502802a894a70a43c6fc819e546c9", kill_on_drop: false }`
[INFO] running `Command { std: "docker" "rm" "-f" "e064a457f2e1645ff179897f868bb86c51a502802a894a70a43c6fc819e546c9", kill_on_drop: false }`
[INFO] [stdout] e064a457f2e1645ff179897f868bb86c51a502802a894a70a43c6fc819e546c9
