[INFO] fetching crate awint_ext 0.13.0...
[INFO] testing awint_ext-0.13.0 against 1.75.0 for beta-1.76-1
[INFO] extracting crate awint_ext 0.13.0 into /workspace/builds/worker-6-tc1/source
[INFO] validating manifest of crates.io crate awint_ext 0.13.0 on toolchain 1.75.0
[INFO] running `Command { std: CARGO_HOME="/workspace/cargo-home" RUSTUP_HOME="/workspace/rustup-home" "/workspace/cargo-home/bin/cargo" "+1.75.0" "metadata" "--manifest-path" "Cargo.toml" "--no-deps", kill_on_drop: false }`
[INFO] started tweaking crates.io crate awint_ext 0.13.0
[INFO] finished tweaking crates.io crate awint_ext 0.13.0
[INFO] tweaked toml for crates.io crate awint_ext 0.13.0 written to /workspace/builds/worker-6-tc1/source/Cargo.toml
[INFO] running `Command { std: CARGO_HOME="/workspace/cargo-home" RUSTUP_HOME="/workspace/rustup-home" "/workspace/cargo-home/bin/cargo" "+1.75.0" "generate-lockfile" "--manifest-path" "Cargo.toml", kill_on_drop: false }`
[INFO] [stderr]     Updating crates.io index
[INFO] running `Command { std: CARGO_HOME="/workspace/cargo-home" RUSTUP_HOME="/workspace/rustup-home" "/workspace/cargo-home/bin/cargo" "+1.75.0" "fetch" "--manifest-path" "Cargo.toml", kill_on_drop: false }`
[INFO] [stderr]  Downloading crates ...
[INFO] [stderr]   Downloaded awint_internals v0.13.0
[INFO] [stderr]   Downloaded ron v0.8.1
[INFO] [stderr]   Downloaded awint_core v0.13.0
[INFO] running `Command { std: "docker" "create" "-v" "/var/lib/crater-agent-workspace/builds/worker-6-tc1/target:/opt/rustwide/target:rw,Z" "-v" "/var/lib/crater-agent-workspace/builds/worker-6-tc1/source:/opt/rustwide/workdir:ro,Z" "-v" "/var/lib/crater-agent-workspace/cargo-home:/opt/rustwide/cargo-home:ro,Z" "-v" "/var/lib/crater-agent-workspace/rustup-home:/opt/rustwide/rustup-home:ro,Z" "-e" "SOURCE_DIR=/opt/rustwide/workdir" "-e" "CARGO_TARGET_DIR=/opt/rustwide/target" "-e" "CARGO_HOME=/opt/rustwide/cargo-home" "-e" "RUSTUP_HOME=/opt/rustwide/rustup-home" "-w" "/opt/rustwide/workdir" "-m" "1610612736" "--user" "0:0" "--network" "none" "ghcr.io/rust-lang/crates-build-env/linux@sha256:2788e3201cd34a07e3172128adcd8b3090168a8e3bcc40d7c032b9dda1df7d1c" "/opt/rustwide/cargo-home/bin/cargo" "+1.75.0" "metadata" "--no-deps" "--format-version=1", kill_on_drop: false }`
[INFO] [stdout] 6a79581c285d5da9efd4d2c987b33d62cda322b4ce4f2151a9c571dddeb66ee6
[INFO] running `Command { std: "docker" "start" "-a" "6a79581c285d5da9efd4d2c987b33d62cda322b4ce4f2151a9c571dddeb66ee6", kill_on_drop: false }`
[INFO] running `Command { std: "docker" "inspect" "6a79581c285d5da9efd4d2c987b33d62cda322b4ce4f2151a9c571dddeb66ee6", kill_on_drop: false }`
[INFO] running `Command { std: "docker" "rm" "-f" "6a79581c285d5da9efd4d2c987b33d62cda322b4ce4f2151a9c571dddeb66ee6", kill_on_drop: false }`
[INFO] [stdout] 6a79581c285d5da9efd4d2c987b33d62cda322b4ce4f2151a9c571dddeb66ee6
[INFO] running `Command { std: "docker" "create" "-v" "/var/lib/crater-agent-workspace/builds/worker-6-tc1/target:/opt/rustwide/target:rw,Z" "-v" "/var/lib/crater-agent-workspace/builds/worker-6-tc1/source:/opt/rustwide/workdir:ro,Z" "-v" "/var/lib/crater-agent-workspace/cargo-home:/opt/rustwide/cargo-home:ro,Z" "-v" "/var/lib/crater-agent-workspace/rustup-home:/opt/rustwide/rustup-home:ro,Z" "-e" "SOURCE_DIR=/opt/rustwide/workdir" "-e" "CARGO_TARGET_DIR=/opt/rustwide/target" "-e" "CARGO_INCREMENTAL=0" "-e" "RUST_BACKTRACE=full" "-e" "RUSTFLAGS=--cap-lints=warn" "-e" "RUSTDOCFLAGS=--cap-lints=warn" "-e" "CARGO_HOME=/opt/rustwide/cargo-home" "-e" "RUSTUP_HOME=/opt/rustwide/rustup-home" "-w" "/opt/rustwide/workdir" "-m" "1610612736" "--user" "0:0" "--network" "none" "ghcr.io/rust-lang/crates-build-env/linux@sha256:2788e3201cd34a07e3172128adcd8b3090168a8e3bcc40d7c032b9dda1df7d1c" "/opt/rustwide/cargo-home/bin/cargo" "+1.75.0" "build" "--frozen" "--message-format=json", kill_on_drop: false }`
[INFO] [stdout] 12a693536fde9ede7e0767d5df447724b91b14a8a2cd62c7336b27a91946a747
[INFO] running `Command { std: "docker" "start" "-a" "12a693536fde9ede7e0767d5df447724b91b14a8a2cd62c7336b27a91946a747", kill_on_drop: false }`
[INFO] [stderr]    Compiling const_fn v0.4.9
[INFO] [stderr]    Compiling awint_internals v0.13.0
[INFO] [stderr]    Compiling awint_core v0.13.0
[INFO] [stderr]    Compiling awint_ext v0.13.0 (/opt/rustwide/workdir)
[INFO] [stderr]     Finished dev [unoptimized + debuginfo] target(s) in 2.28s
[INFO] running `Command { std: "docker" "inspect" "12a693536fde9ede7e0767d5df447724b91b14a8a2cd62c7336b27a91946a747", kill_on_drop: false }`
[INFO] running `Command { std: "docker" "rm" "-f" "12a693536fde9ede7e0767d5df447724b91b14a8a2cd62c7336b27a91946a747", kill_on_drop: false }`
[INFO] [stdout] 12a693536fde9ede7e0767d5df447724b91b14a8a2cd62c7336b27a91946a747
[INFO] running `Command { std: "docker" "create" "-v" "/var/lib/crater-agent-workspace/builds/worker-6-tc1/target:/opt/rustwide/target:rw,Z" "-v" "/var/lib/crater-agent-workspace/builds/worker-6-tc1/source:/opt/rustwide/workdir:ro,Z" "-v" "/var/lib/crater-agent-workspace/cargo-home:/opt/rustwide/cargo-home:ro,Z" "-v" "/var/lib/crater-agent-workspace/rustup-home:/opt/rustwide/rustup-home:ro,Z" "-e" "SOURCE_DIR=/opt/rustwide/workdir" "-e" "CARGO_TARGET_DIR=/opt/rustwide/target" "-e" "CARGO_INCREMENTAL=0" "-e" "RUST_BACKTRACE=full" "-e" "RUSTFLAGS=--cap-lints=warn" "-e" "RUSTDOCFLAGS=--cap-lints=warn" "-e" "CARGO_HOME=/opt/rustwide/cargo-home" "-e" "RUSTUP_HOME=/opt/rustwide/rustup-home" "-w" "/opt/rustwide/workdir" "-m" "1610612736" "--user" "0:0" "--network" "none" "ghcr.io/rust-lang/crates-build-env/linux@sha256:2788e3201cd34a07e3172128adcd8b3090168a8e3bcc40d7c032b9dda1df7d1c" "/opt/rustwide/cargo-home/bin/cargo" "+1.75.0" "test" "--frozen" "--no-run" "--message-format=json", kill_on_drop: false }`
[INFO] [stdout] 99670c43369d9403b9da609aa5d0ef0814038e1fe563544e8e68f024f18a8841
[INFO] running `Command { std: "docker" "start" "-a" "99670c43369d9403b9da609aa5d0ef0814038e1fe563544e8e68f024f18a8841", kill_on_drop: false }`
[INFO] [stderr]    Compiling bitflags v2.4.1
[INFO] [stderr]    Compiling ron v0.8.1
[INFO] [stderr]    Compiling awint_ext v0.13.0 (/opt/rustwide/workdir)
[INFO] [stderr]     Finished test [unoptimized + debuginfo] target(s) in 2.25s
[INFO] running `Command { std: "docker" "inspect" "99670c43369d9403b9da609aa5d0ef0814038e1fe563544e8e68f024f18a8841", kill_on_drop: false }`
[INFO] running `Command { std: "docker" "rm" "-f" "99670c43369d9403b9da609aa5d0ef0814038e1fe563544e8e68f024f18a8841", kill_on_drop: false }`
[INFO] [stdout] 99670c43369d9403b9da609aa5d0ef0814038e1fe563544e8e68f024f18a8841
[INFO] running `Command { std: "docker" "create" "-v" "/var/lib/crater-agent-workspace/builds/worker-6-tc1/target:/opt/rustwide/target:rw,Z" "-v" "/var/lib/crater-agent-workspace/builds/worker-6-tc1/source:/opt/rustwide/workdir:ro,Z" "-v" "/var/lib/crater-agent-workspace/cargo-home:/opt/rustwide/cargo-home:ro,Z" "-v" "/var/lib/crater-agent-workspace/rustup-home:/opt/rustwide/rustup-home:ro,Z" "-e" "SOURCE_DIR=/opt/rustwide/workdir" "-e" "CARGO_TARGET_DIR=/opt/rustwide/target" "-e" "CARGO_INCREMENTAL=0" "-e" "RUST_BACKTRACE=full" "-e" "RUSTFLAGS=--cap-lints=warn" "-e" "RUSTDOCFLAGS=--cap-lints=warn" "-e" "CARGO_HOME=/opt/rustwide/cargo-home" "-e" "RUSTUP_HOME=/opt/rustwide/rustup-home" "-w" "/opt/rustwide/workdir" "-m" "1610612736" "--user" "0:0" "--network" "none" "ghcr.io/rust-lang/crates-build-env/linux@sha256:2788e3201cd34a07e3172128adcd8b3090168a8e3bcc40d7c032b9dda1df7d1c" "/opt/rustwide/cargo-home/bin/cargo" "+1.75.0" "test" "--frozen", kill_on_drop: false }`
[INFO] [stdout] 3842dfc0a1f88cef8c7bb4f15f4ee647e6ea4f2c35ed3fc0505d46da48f6739c
[INFO] running `Command { std: "docker" "start" "-a" "3842dfc0a1f88cef8c7bb4f15f4ee647e6ea4f2c35ed3fc0505d46da48f6739c", kill_on_drop: false }`
[INFO] [stderr]     Finished test [unoptimized + debuginfo] target(s) in 0.02s
[INFO] [stderr]      Running unittests src/lib.rs (/opt/rustwide/target/debug/deps/awint_ext-6326ef3b96bd7090)
[INFO] [stdout] 
[INFO] [stderr]    Doc-tests awint_ext
[INFO] [stdout] running 0 tests
[INFO] [stdout] 
[INFO] [stdout] test result: ok. 0 passed; 0 failed; 0 ignored; 0 measured; 0 filtered out; finished in 0.00s
[INFO] [stdout] 
[INFO] [stdout] 
[INFO] [stdout] running 2 tests
[INFO] [stdout] test src/fp_struct/logic.rs - fp_struct::logic::FP<B>::to_vec_general (line 230) ... FAILED
[INFO] [stdout] test src/extawi/awi.rs - extawi::awi::ExtAwi (line 44) ... FAILED
[INFO] [stderr] error: doctest failed, to rerun pass `--doc`
[INFO] [stdout] 
[INFO] [stdout] failures:
[INFO] [stdout] 
[INFO] [stdout] ---- src/fp_struct/logic.rs - fp_struct::logic::FP<B>::to_vec_general (line 230) stdout ----
[INFO] [stdout] error[E0433]: failed to resolve: use of undeclared crate or module `awint`
[INFO] [stdout]  --> src/fp_struct/logic.rs:231:5
[INFO] [stdout]   |
[INFO] [stdout] 3 | use awint::awi::*;
[INFO] [stdout]   |     ^^^^^ use of undeclared crate or module `awint`
[INFO] [stdout] 
[INFO] [stdout] error[E0433]: failed to resolve: use of undeclared type `Awi`
[INFO] [stdout]  --> src/fp_struct/logic.rs:237:11
[INFO] [stdout]   |
[INFO] [stdout] 9 | let val = Awi::from_str_general(Some(true), "42", "1234", 0, 10, bw(32), 16).unwrap();
[INFO] [stdout]   |           ^^^ use of undeclared type `Awi`
[INFO] [stdout]   |
[INFO] [stdout] help: consider importing this struct
[INFO] [stdout]   |
[INFO] [stdout] 2 + use awint_ext::Awi;
[INFO] [stdout]   |
[INFO] [stdout] 
[INFO] [stdout] error[E0425]: cannot find function `bw` in this scope
[INFO] [stdout]  --> src/fp_struct/logic.rs:237:66
[INFO] [stdout]   |
[INFO] [stdout] 9 | let val = Awi::from_str_general(Some(true), "42", "1234", 0, 10, bw(32), 16).unwrap();
[INFO] [stdout]   |                                                                  ^^ not found in this scope
[INFO] [stdout]   |
[INFO] [stdout] help: consider importing one of these items
[INFO] [stdout]   |
[INFO] [stdout] 2 + use awint_core::bw;
[INFO] [stdout]   |
[INFO] [stdout] 2 + use awint_ext::bw;
[INFO] [stdout]   |
[INFO] [stdout] 
[INFO] [stdout] error[E0433]: failed to resolve: use of undeclared type `FP`
[INFO] [stdout]   --> src/fp_struct/logic.rs:238:14
[INFO] [stdout]    |
[INFO] [stdout] 10 | let fp_awi = FP::new(true, val, 16).unwrap();
[INFO] [stdout]    |              ^^ use of undeclared type `FP`
[INFO] [stdout]    |
[INFO] [stdout] help: a trait with a similar name exists
[INFO] [stdout]    |
[INFO] [stdout] 10 | let fp_awi = Fn::new(true, val, 16).unwrap();
[INFO] [stdout]    |              ~~
[INFO] [stdout] help: consider importing this struct
[INFO] [stdout]    |
[INFO] [stdout] 2  + use awint_ext::FP;
[INFO] [stdout]    |
[INFO] [stdout] 
[INFO] [stdout] error[E0433]: failed to resolve: use of undeclared type `FP`
[INFO] [stdout]   --> src/fp_struct/logic.rs:244:5
[INFO] [stdout]    |
[INFO] [stdout] 16 |     FP::to_str_general(&fp_awi, 10, false, 1, 1, 4096),
[INFO] [stdout]    |     ^^ use of undeclared type `FP`
[INFO] [stdout]    |
[INFO] [stdout] help: a trait with a similar name exists
[INFO] [stdout]    |
[INFO] [stdout] 16 |     Fn::to_str_general(&fp_awi, 10, false, 1, 1, 4096),
[INFO] [stdout]    |     ~~
[INFO] [stdout] help: consider importing this struct
[INFO] [stdout]    |
[INFO] [stdout] 2  + use awint_ext::FP;
[INFO] [stdout]    |
[INFO] [stdout] 
[INFO] [stdout] error: aborting due to 5 previous errors
[INFO] [stdout] 
[INFO] [stdout] Some errors have detailed explanations: E0425, E0433.
[INFO] [stdout] For more information about an error, try `rustc --explain E0425`.
[INFO] [stdout] Couldn't compile the test.
[INFO] [stdout] ---- src/extawi/awi.rs - extawi::awi::ExtAwi (line 44) stdout ----
[INFO] [stdout] error[E0433]: failed to resolve: use of undeclared crate or module `awint`
[INFO] [stdout]  --> src/extawi/awi.rs:45:5
[INFO] [stdout]   |
[INFO] [stdout] 3 | use awint::awi::*;
[INFO] [stdout]   |     ^^^^^ use of undeclared crate or module `awint`
[INFO] [stdout] 
[INFO] [stdout] error: cannot find macro `inlawi` in this scope
[INFO] [stdout]   --> src/extawi/awi.rs:60:22
[INFO] [stdout]    |
[INFO] [stdout] 18 | let y = ExtAwi::from(inlawi!(-123i16));
[INFO] [stdout]    |                      ^^^^^^
[INFO] [stdout] 
[INFO] [stdout] error: cannot find macro `inlawi` in this scope
[INFO] [stdout]   --> src/extawi/awi.rs:62:24
[INFO] [stdout]    |
[INFO] [stdout] 20 | assert_eq!(x.as_ref(), inlawi!(-246i100).as_ref());
[INFO] [stdout]    |                        ^^^^^^
[INFO] [stdout] 
[INFO] [stdout] error: cannot find macro `inlawi` in this scope
[INFO] [stdout]   --> src/extawi/awi.rs:64:18
[INFO] [stdout]    |
[INFO] [stdout] 22 | example(&mut x, &inlawi!(0x10u16));
[INFO] [stdout]    |                  ^^^^^^
[INFO] [stdout] 
[INFO] [stdout] error: cannot find macro `extawi` in this scope
[INFO] [stdout]   --> src/extawi/awi.rs:65:15
[INFO] [stdout]    |
[INFO] [stdout] 23 | assert_eq!(x, extawi!(0x20u100));
[INFO] [stdout]    |               ^^^^^^
[INFO] [stdout] 
[INFO] [stdout] error[E0412]: cannot find type `Bits` in this scope
[INFO] [stdout]  --> src/extawi/awi.rs:47:21
[INFO] [stdout]   |
[INFO] [stdout] 5 | fn example(x0: &mut Bits, x1: &Bits) {
[INFO] [stdout]   |                     ^^^^ not found in this scope
[INFO] [stdout]   |
[INFO] [stdout] help: consider importing one of these items
[INFO] [stdout]   |
[INFO] [stdout] 2 + use awint_core::Bits;
[INFO] [stdout]   |
[INFO] [stdout] 2 + use awint_ext::Bits;
[INFO] [stdout]   |
[INFO] [stdout] 
[INFO] [stdout] error[E0412]: cannot find type `Bits` in this scope
[INFO] [stdout]  --> src/extawi/awi.rs:47:32
[INFO] [stdout]   |
[INFO] [stdout] 5 | fn example(x0: &mut Bits, x1: &Bits) {
[INFO] [stdout]   |                                ^^^^ not found in this scope
[INFO] [stdout]   |
[INFO] [stdout] help: consider importing one of these items
[INFO] [stdout]   |
[INFO] [stdout] 2 + use awint_core::Bits;
[INFO] [stdout]   |
[INFO] [stdout] 2 + use awint_ext::Bits;
[INFO] [stdout]   |
[INFO] [stdout] 
[INFO] [stdout] error[E0433]: failed to resolve: use of undeclared type `ExtAwi`
[INFO] [stdout]   --> src/extawi/awi.rs:57:13
[INFO] [stdout]    |
[INFO] [stdout] 15 | let mut x = ExtAwi::zero(bw(100));
[INFO] [stdout]    |             ^^^^^^ use of undeclared type `ExtAwi`
[INFO] [stdout]    |
[INFO] [stdout] help: consider importing this struct
[INFO] [stdout]    |
[INFO] [stdout] 2  + use awint_ext::ExtAwi;
[INFO] [stdout]    |
[INFO] [stdout] 
[INFO] [stdout] error[E0425]: cannot find function `bw` in this scope
[INFO] [stdout]   --> src/extawi/awi.rs:57:26
[INFO] [stdout]    |
[INFO] [stdout] 15 | let mut x = ExtAwi::zero(bw(100));
[INFO] [stdout]    |                          ^^ not found in this scope
[INFO] [stdout]    |
[INFO] [stdout] help: consider importing one of these items
[INFO] [stdout]    |
[INFO] [stdout] 2  + use awint_core::bw;
[INFO] [stdout]    |
[INFO] [stdout] 2  + use awint_ext::bw;
[INFO] [stdout]    |
[INFO] [stdout] 
[INFO] [stdout] error[E0433]: failed to resolve: use of undeclared type `ExtAwi`
[INFO] [stdout]   --> src/extawi/awi.rs:60:9
[INFO] [stdout]    |
[INFO] [stdout] 18 | let y = ExtAwi::from(inlawi!(-123i16));
[INFO] [stdout]    |         ^^^^^^ use of undeclared type `ExtAwi`
[INFO] [stdout]    |
[INFO] [stdout] help: consider importing this struct
[INFO] [stdout]    |
[INFO] [stdout] 2  + use awint_ext::ExtAwi;
[INFO] [stdout]    |
[INFO] [stdout] 
[INFO] [stdout] error: aborting due to 10 previous errors
[INFO] [stdout] 
[INFO] [stdout] Some errors have detailed explanations: E0412, E0425, E0433.
[INFO] [stdout] For more information about an error, try `rustc --explain E0412`.
[INFO] [stdout] Couldn't compile the test.
[INFO] [stdout] 
[INFO] [stdout] failures:
[INFO] [stdout]     src/extawi/awi.rs - extawi::awi::ExtAwi (line 44)
[INFO] [stdout]     src/fp_struct/logic.rs - fp_struct::logic::FP<B>::to_vec_general (line 230)
[INFO] [stdout] 
[INFO] [stdout] test result: FAILED. 0 passed; 2 failed; 0 ignored; 0 measured; 0 filtered out; finished in 0.13s
[INFO] [stdout] 
[INFO] running `Command { std: "docker" "inspect" "3842dfc0a1f88cef8c7bb4f15f4ee647e6ea4f2c35ed3fc0505d46da48f6739c", kill_on_drop: false }`
[INFO] running `Command { std: "docker" "rm" "-f" "3842dfc0a1f88cef8c7bb4f15f4ee647e6ea4f2c35ed3fc0505d46da48f6739c", kill_on_drop: false }`
[INFO] [stdout] 3842dfc0a1f88cef8c7bb4f15f4ee647e6ea4f2c35ed3fc0505d46da48f6739c
