[INFO] fetching crate automerge-persistent-localstorage 0.4.0...
[INFO] testing automerge-persistent-localstorage-0.4.0 against 1.75.0 for beta-1.76-1
[INFO] extracting crate automerge-persistent-localstorage 0.4.0 into /workspace/builds/worker-5-tc1/source
[INFO] validating manifest of crates.io crate automerge-persistent-localstorage 0.4.0 on toolchain 1.75.0
[INFO] running `Command { std: CARGO_HOME="/workspace/cargo-home" RUSTUP_HOME="/workspace/rustup-home" "/workspace/cargo-home/bin/cargo" "+1.75.0" "metadata" "--manifest-path" "Cargo.toml" "--no-deps", kill_on_drop: false }`
[INFO] started tweaking crates.io crate automerge-persistent-localstorage 0.4.0
[INFO] finished tweaking crates.io crate automerge-persistent-localstorage 0.4.0
[INFO] tweaked toml for crates.io crate automerge-persistent-localstorage 0.4.0 written to /workspace/builds/worker-5-tc1/source/Cargo.toml
[INFO] running `Command { std: CARGO_HOME="/workspace/cargo-home" RUSTUP_HOME="/workspace/rustup-home" "/workspace/cargo-home/bin/cargo" "+1.75.0" "generate-lockfile" "--manifest-path" "Cargo.toml", kill_on_drop: false }`
[INFO] [stderr]     Blocking waiting for file lock on package cache
[INFO] [stderr]     Updating crates.io index
[INFO] running `Command { std: CARGO_HOME="/workspace/cargo-home" RUSTUP_HOME="/workspace/rustup-home" "/workspace/cargo-home/bin/cargo" "+1.75.0" "fetch" "--manifest-path" "Cargo.toml", kill_on_drop: false }`
[INFO] [stderr]     Blocking waiting for file lock on package cache
[INFO] running `Command { std: "docker" "create" "-v" "/var/lib/crater-agent-workspace/builds/worker-5-tc1/target:/opt/rustwide/target:rw,Z" "-v" "/var/lib/crater-agent-workspace/builds/worker-5-tc1/source:/opt/rustwide/workdir:ro,Z" "-v" "/var/lib/crater-agent-workspace/cargo-home:/opt/rustwide/cargo-home:ro,Z" "-v" "/var/lib/crater-agent-workspace/rustup-home:/opt/rustwide/rustup-home:ro,Z" "-e" "SOURCE_DIR=/opt/rustwide/workdir" "-e" "CARGO_TARGET_DIR=/opt/rustwide/target" "-e" "CARGO_HOME=/opt/rustwide/cargo-home" "-e" "RUSTUP_HOME=/opt/rustwide/rustup-home" "-w" "/opt/rustwide/workdir" "-m" "1610612736" "--user" "0:0" "--network" "none" "ghcr.io/rust-lang/crates-build-env/linux@sha256:2788e3201cd34a07e3172128adcd8b3090168a8e3bcc40d7c032b9dda1df7d1c" "/opt/rustwide/cargo-home/bin/cargo" "+1.75.0" "metadata" "--no-deps" "--format-version=1", kill_on_drop: false }`
[INFO] [stdout] 39d724ecdab1f20f8809e50046bd6a115c353cd873a1323fa0c0dc6eaceedf53
[INFO] running `Command { std: "docker" "start" "-a" "39d724ecdab1f20f8809e50046bd6a115c353cd873a1323fa0c0dc6eaceedf53", kill_on_drop: false }`
[INFO] running `Command { std: "docker" "inspect" "39d724ecdab1f20f8809e50046bd6a115c353cd873a1323fa0c0dc6eaceedf53", kill_on_drop: false }`
[INFO] running `Command { std: "docker" "rm" "-f" "39d724ecdab1f20f8809e50046bd6a115c353cd873a1323fa0c0dc6eaceedf53", kill_on_drop: false }`
[INFO] [stdout] 39d724ecdab1f20f8809e50046bd6a115c353cd873a1323fa0c0dc6eaceedf53
[INFO] running `Command { std: "docker" "create" "-v" "/var/lib/crater-agent-workspace/builds/worker-5-tc1/target:/opt/rustwide/target:rw,Z" "-v" "/var/lib/crater-agent-workspace/builds/worker-5-tc1/source:/opt/rustwide/workdir:ro,Z" "-v" "/var/lib/crater-agent-workspace/cargo-home:/opt/rustwide/cargo-home:ro,Z" "-v" "/var/lib/crater-agent-workspace/rustup-home:/opt/rustwide/rustup-home:ro,Z" "-e" "SOURCE_DIR=/opt/rustwide/workdir" "-e" "CARGO_TARGET_DIR=/opt/rustwide/target" "-e" "CARGO_INCREMENTAL=0" "-e" "RUST_BACKTRACE=full" "-e" "RUSTFLAGS=--cap-lints=warn" "-e" "RUSTDOCFLAGS=--cap-lints=warn" "-e" "CARGO_HOME=/opt/rustwide/cargo-home" "-e" "RUSTUP_HOME=/opt/rustwide/rustup-home" "-w" "/opt/rustwide/workdir" "-m" "1610612736" "--user" "0:0" "--network" "none" "ghcr.io/rust-lang/crates-build-env/linux@sha256:2788e3201cd34a07e3172128adcd8b3090168a8e3bcc40d7c032b9dda1df7d1c" "/opt/rustwide/cargo-home/bin/cargo" "+1.75.0" "build" "--frozen" "--message-format=json", kill_on_drop: false }`
[INFO] [stdout] f829306da4e4ee65396f1ef5891d5ec6a4889de80a7ac051581b66228a2e4226
[INFO] running `Command { std: "docker" "start" "-a" "f829306da4e4ee65396f1ef5891d5ec6a4889de80a7ac051581b66228a2e4226", kill_on_drop: false }`
[INFO] [stderr]    Compiling wasm-bindgen-shared v0.2.89
[INFO] [stderr]    Compiling bumpalo v3.14.0
[INFO] [stderr]    Compiling log v0.4.20
[INFO] [stderr]    Compiling wasm-bindgen v0.2.89
[INFO] [stderr]    Compiling generic-array v0.14.7
[INFO] [stderr]    Compiling tinyvec_macros v0.1.1
[INFO] [stderr]    Compiling fxhash v0.2.1
[INFO] [stderr]    Compiling hex v0.4.3
[INFO] [stderr]    Compiling leb128 v0.2.5
[INFO] [stderr]    Compiling itertools v0.10.5
[INFO] [stderr]    Compiling base64 v0.21.5
[INFO] [stderr]    Compiling serde_derive v1.0.194
[INFO] [stderr]    Compiling thiserror v1.0.56
[INFO] [stderr]    Compiling tracing v0.1.40
[INFO] [stderr]    Compiling tinyvec v1.6.0
[INFO] [stderr]    Compiling wasm-bindgen-backend v0.2.89
[INFO] [stderr]    Compiling crypto-common v0.1.6
[INFO] [stderr]    Compiling block-buffer v0.10.4
[INFO] [stderr]    Compiling digest v0.10.7
[INFO] [stderr]    Compiling sha2 v0.10.8
[INFO] [stderr]    Compiling wasm-bindgen-macro-support v0.2.89
[INFO] [stderr]    Compiling wasm-bindgen-macro v0.2.89
[INFO] [stderr]    Compiling serde v1.0.194
[INFO] [stderr]    Compiling js-sys v0.3.66
[INFO] [stderr]    Compiling uuid v1.6.1
[INFO] [stderr]    Compiling smol_str v0.1.24
[INFO] [stderr]    Compiling serde_json v1.0.111
[INFO] [stderr]    Compiling automerge v0.4.1
[INFO] [stderr]    Compiling web-sys v0.3.66
[INFO] [stderr]    Compiling automerge-persistent v0.4.0
[INFO] [stderr]    Compiling automerge-persistent-localstorage v0.4.0 (/opt/rustwide/workdir)
[INFO] [stderr]     Finished dev [unoptimized + debuginfo] target(s) in 12.40s
[INFO] running `Command { std: "docker" "inspect" "f829306da4e4ee65396f1ef5891d5ec6a4889de80a7ac051581b66228a2e4226", kill_on_drop: false }`
[INFO] running `Command { std: "docker" "rm" "-f" "f829306da4e4ee65396f1ef5891d5ec6a4889de80a7ac051581b66228a2e4226", kill_on_drop: false }`
[INFO] [stdout] f829306da4e4ee65396f1ef5891d5ec6a4889de80a7ac051581b66228a2e4226
[INFO] running `Command { std: "docker" "create" "-v" "/var/lib/crater-agent-workspace/builds/worker-5-tc1/target:/opt/rustwide/target:rw,Z" "-v" "/var/lib/crater-agent-workspace/builds/worker-5-tc1/source:/opt/rustwide/workdir:ro,Z" "-v" "/var/lib/crater-agent-workspace/cargo-home:/opt/rustwide/cargo-home:ro,Z" "-v" "/var/lib/crater-agent-workspace/rustup-home:/opt/rustwide/rustup-home:ro,Z" "-e" "SOURCE_DIR=/opt/rustwide/workdir" "-e" "CARGO_TARGET_DIR=/opt/rustwide/target" "-e" "CARGO_INCREMENTAL=0" "-e" "RUST_BACKTRACE=full" "-e" "RUSTFLAGS=--cap-lints=warn" "-e" "RUSTDOCFLAGS=--cap-lints=warn" "-e" "CARGO_HOME=/opt/rustwide/cargo-home" "-e" "RUSTUP_HOME=/opt/rustwide/rustup-home" "-w" "/opt/rustwide/workdir" "-m" "1610612736" "--user" "0:0" "--network" "none" "ghcr.io/rust-lang/crates-build-env/linux@sha256:2788e3201cd34a07e3172128adcd8b3090168a8e3bcc40d7c032b9dda1df7d1c" "/opt/rustwide/cargo-home/bin/cargo" "+1.75.0" "test" "--frozen" "--no-run" "--message-format=json", kill_on_drop: false }`
[INFO] [stdout] 8b0e1be06cd588f4f5d4d8410521cba1635d4d5f40e56f2de4bf706a06ffdf00
[INFO] running `Command { std: "docker" "start" "-a" "8b0e1be06cd588f4f5d4d8410521cba1635d4d5f40e56f2de4bf706a06ffdf00", kill_on_drop: false }`
[INFO] [stderr]    Compiling automerge-persistent-localstorage v0.4.0 (/opt/rustwide/workdir)
[INFO] [stderr]     Finished test [unoptimized + debuginfo] target(s) in 0.58s
[INFO] running `Command { std: "docker" "inspect" "8b0e1be06cd588f4f5d4d8410521cba1635d4d5f40e56f2de4bf706a06ffdf00", kill_on_drop: false }`
[INFO] running `Command { std: "docker" "rm" "-f" "8b0e1be06cd588f4f5d4d8410521cba1635d4d5f40e56f2de4bf706a06ffdf00", kill_on_drop: false }`
[INFO] [stdout] 8b0e1be06cd588f4f5d4d8410521cba1635d4d5f40e56f2de4bf706a06ffdf00
[INFO] running `Command { std: "docker" "create" "-v" "/var/lib/crater-agent-workspace/builds/worker-5-tc1/target:/opt/rustwide/target:rw,Z" "-v" "/var/lib/crater-agent-workspace/builds/worker-5-tc1/source:/opt/rustwide/workdir:ro,Z" "-v" "/var/lib/crater-agent-workspace/cargo-home:/opt/rustwide/cargo-home:ro,Z" "-v" "/var/lib/crater-agent-workspace/rustup-home:/opt/rustwide/rustup-home:ro,Z" "-e" "SOURCE_DIR=/opt/rustwide/workdir" "-e" "CARGO_TARGET_DIR=/opt/rustwide/target" "-e" "CARGO_INCREMENTAL=0" "-e" "RUST_BACKTRACE=full" "-e" "RUSTFLAGS=--cap-lints=warn" "-e" "RUSTDOCFLAGS=--cap-lints=warn" "-e" "CARGO_HOME=/opt/rustwide/cargo-home" "-e" "RUSTUP_HOME=/opt/rustwide/rustup-home" "-w" "/opt/rustwide/workdir" "-m" "1610612736" "--user" "0:0" "--network" "none" "ghcr.io/rust-lang/crates-build-env/linux@sha256:2788e3201cd34a07e3172128adcd8b3090168a8e3bcc40d7c032b9dda1df7d1c" "/opt/rustwide/cargo-home/bin/cargo" "+1.75.0" "test" "--frozen", kill_on_drop: false }`
[INFO] [stdout] c1ab2fcec900711300c4118431bc6cca0ecd1b76c7574a55837f75c723f3b21b
[INFO] running `Command { std: "docker" "start" "-a" "c1ab2fcec900711300c4118431bc6cca0ecd1b76c7574a55837f75c723f3b21b", kill_on_drop: false }`
[INFO] [stderr]     Finished test [unoptimized + debuginfo] target(s) in 0.07s
[INFO] [stderr]      Running unittests src/lib.rs (/opt/rustwide/target/debug/deps/automerge_persistent_localstorage-d1c8075dca16a4b1)
[INFO] [stderr]    Doc-tests automerge-persistent-localstorage
[INFO] [stdout] 
[INFO] [stdout] running 0 tests
[INFO] [stdout] 
[INFO] [stdout] test result: ok. 0 passed; 0 failed; 0 ignored; 0 measured; 0 filtered out; finished in 0.00s
[INFO] [stdout] 
[INFO] [stderr] warning: unknown lint: `rustdoc::missing_doc_code_examples`
[INFO] [stderr]  --> src/lib.rs:3:1
[INFO] [stderr]   |
[INFO] [stderr] 3 | #![warn(missing_doc_code_examples)]
[INFO] [stderr]   | ^^^^^^^^^^^^^^^^^^^^^^^^^^^^^^^^^^^
[INFO] [stderr]   |
[INFO] [stderr]   = note: the `rustdoc::missing_doc_code_examples` lint is unstable
[INFO] [stderr]   = note: see issue #101730 <https://github.com/rust-lang/rust/issues/101730> for more information
[INFO] [stderr]   = note: `#[warn(unknown_lints)]` on by default
[INFO] [stderr] 
[INFO] [stderr] warning: lint `missing_crate_level_docs` has been renamed to `rustdoc::missing_crate_level_docs`
[INFO] [stderr]  --> src/lib.rs:2:9
[INFO] [stderr]   |
[INFO] [stderr] 2 | #![warn(missing_crate_level_docs)]
[INFO] [stderr]   |         ^^^^^^^^^^^^^^^^^^^^^^^^ help: use the new name: `rustdoc::missing_crate_level_docs`
[INFO] [stderr]   |
[INFO] [stderr]   = note: `#[warn(renamed_and_removed_lints)]` on by default
[INFO] [stderr] 
[INFO] [stderr] warning: lint `missing_doc_code_examples` has been renamed to `rustdoc::missing_doc_code_examples`
[INFO] [stderr]  --> src/lib.rs:3:9
[INFO] [stderr]   |
[INFO] [stderr] 3 | #![warn(missing_doc_code_examples)]
[INFO] [stderr]   |         ^^^^^^^^^^^^^^^^^^^^^^^^^ help: use the new name: `rustdoc::missing_doc_code_examples`
[INFO] [stderr] 
[INFO] [stderr] warning: 3 warnings emitted
[INFO] [stderr] 
[INFO] [stdout] 
[INFO] [stdout] running 1 test
[INFO] [stdout] test src/lib.rs - (line 9) - compile ... FAILED
[INFO] [stdout] 
[INFO] [stdout] failures:
[INFO] [stdout] 
[INFO] [stdout] ---- src/lib.rs - (line 9) stdout ----
[INFO] [stdout] error[E0425]: cannot find function `window` in crate `web_sys`
[INFO] [stdout]   --> src/lib.rs:14:24
[INFO] [stdout]    |
[INFO] [stdout] 7  | let storage = web_sys::window()
[INFO] [stdout]    |                        ^^^^^^ not found in `web_sys`
[INFO] [stdout]    |
[INFO] [stdout] note: found an item that was configured out
[INFO] [stdout]   --> /opt/rustwide/cargo-home/registry/src/index.crates.io-6f17d22bba15001f/web-sys-0.3.66/src/lib.rs:31:8
[INFO] [stdout]    |
[INFO] [stdout] 31 | pub fn window() -> Option<Window> {
[INFO] [stdout]    |        ^^^^^^
[INFO] [stdout]    = note: the item is gated behind the `Window` feature
[INFO] [stdout] 
[INFO] [stdout] error: aborting due to previous error
[INFO] [stdout] 
[INFO] [stdout] For more information about this error, try `rustc --explain E0425`.
[INFO] [stdout] Couldn't compile the test.
[INFO] [stdout] 
[INFO] [stdout] failures:
[INFO] [stdout]     src/lib.rs - (line 9)
[INFO] [stdout] 
[INFO] [stdout] test result: FAILED. 0 passed; 1 failed; 0 ignored; 0 measured; 0 filtered out; finished in 0.08s
[INFO] [stdout] 
[INFO] [stderr] error: doctest failed, to rerun pass `--doc`
[INFO] running `Command { std: "docker" "inspect" "c1ab2fcec900711300c4118431bc6cca0ecd1b76c7574a55837f75c723f3b21b", kill_on_drop: false }`
[INFO] running `Command { std: "docker" "rm" "-f" "c1ab2fcec900711300c4118431bc6cca0ecd1b76c7574a55837f75c723f3b21b", kill_on_drop: false }`
[INFO] [stdout] c1ab2fcec900711300c4118431bc6cca0ecd1b76c7574a55837f75c723f3b21b
[INFO] testing automerge-persistent-localstorage-0.4.0 against beta-2023-12-22 for beta-1.76-1
[INFO] extracting crate automerge-persistent-localstorage 0.4.0 into /workspace/builds/worker-5-tc2/source
[INFO] validating manifest of crates.io crate automerge-persistent-localstorage 0.4.0 on toolchain beta-2023-12-22
[INFO] running `Command { std: CARGO_HOME="/workspace/cargo-home" RUSTUP_HOME="/workspace/rustup-home" "/workspace/cargo-home/bin/cargo" "+beta-2023-12-22" "metadata" "--manifest-path" "Cargo.toml" "--no-deps", kill_on_drop: false }`
[INFO] started tweaking crates.io crate automerge-persistent-localstorage 0.4.0
[INFO] finished tweaking crates.io crate automerge-persistent-localstorage 0.4.0
[INFO] tweaked toml for crates.io crate automerge-persistent-localstorage 0.4.0 written to /workspace/builds/worker-5-tc2/source/Cargo.toml
[INFO] running `Command { std: CARGO_HOME="/workspace/cargo-home" RUSTUP_HOME="/workspace/rustup-home" "/workspace/cargo-home/bin/cargo" "+beta-2023-12-22" "generate-lockfile" "--manifest-path" "Cargo.toml", kill_on_drop: false }`
[INFO] [stderr]     Updating crates.io index
[INFO] running `Command { std: CARGO_HOME="/workspace/cargo-home" RUSTUP_HOME="/workspace/rustup-home" "/workspace/cargo-home/bin/cargo" "+beta-2023-12-22" "fetch" "--manifest-path" "Cargo.toml", kill_on_drop: false }`
[INFO] running `Command { std: "docker" "create" "-v" "/var/lib/crater-agent-workspace/builds/worker-5-tc2/target:/opt/rustwide/target:rw,Z" "-v" "/var/lib/crater-agent-workspace/builds/worker-5-tc2/source:/opt/rustwide/workdir:ro,Z" "-v" "/var/lib/crater-agent-workspace/cargo-home:/opt/rustwide/cargo-home:ro,Z" "-v" "/var/lib/crater-agent-workspace/rustup-home:/opt/rustwide/rustup-home:ro,Z" "-e" "SOURCE_DIR=/opt/rustwide/workdir" "-e" "CARGO_TARGET_DIR=/opt/rustwide/target" "-e" "CARGO_HOME=/opt/rustwide/cargo-home" "-e" "RUSTUP_HOME=/opt/rustwide/rustup-home" "-w" "/opt/rustwide/workdir" "-m" "1610612736" "--user" "0:0" "--network" "none" "ghcr.io/rust-lang/crates-build-env/linux@sha256:2788e3201cd34a07e3172128adcd8b3090168a8e3bcc40d7c032b9dda1df7d1c" "/opt/rustwide/cargo-home/bin/cargo" "+beta-2023-12-22" "metadata" "--no-deps" "--format-version=1", kill_on_drop: false }`
[INFO] [stdout] 4eba17f9a57d8115dc75e72797fffd23ef0c09b66e4432383e6203442c9c6ec5
[INFO] running `Command { std: "docker" "start" "-a" "4eba17f9a57d8115dc75e72797fffd23ef0c09b66e4432383e6203442c9c6ec5", kill_on_drop: false }`
[INFO] running `Command { std: "docker" "inspect" "4eba17f9a57d8115dc75e72797fffd23ef0c09b66e4432383e6203442c9c6ec5", kill_on_drop: false }`
[INFO] running `Command { std: "docker" "rm" "-f" "4eba17f9a57d8115dc75e72797fffd23ef0c09b66e4432383e6203442c9c6ec5", kill_on_drop: false }`
[INFO] [stdout] 4eba17f9a57d8115dc75e72797fffd23ef0c09b66e4432383e6203442c9c6ec5
[INFO] running `Command { std: "docker" "create" "-v" "/var/lib/crater-agent-workspace/builds/worker-5-tc2/target:/opt/rustwide/target:rw,Z" "-v" "/var/lib/crater-agent-workspace/builds/worker-5-tc2/source:/opt/rustwide/workdir:ro,Z" "-v" "/var/lib/crater-agent-workspace/cargo-home:/opt/rustwide/cargo-home:ro,Z" "-v" "/var/lib/crater-agent-workspace/rustup-home:/opt/rustwide/rustup-home:ro,Z" "-e" "SOURCE_DIR=/opt/rustwide/workdir" "-e" "CARGO_TARGET_DIR=/opt/rustwide/target" "-e" "CARGO_INCREMENTAL=0" "-e" "RUST_BACKTRACE=full" "-e" "RUSTFLAGS=--cap-lints=warn" "-e" "RUSTDOCFLAGS=--cap-lints=warn" "-e" "CARGO_HOME=/opt/rustwide/cargo-home" "-e" "RUSTUP_HOME=/opt/rustwide/rustup-home" "-w" "/opt/rustwide/workdir" "-m" "1610612736" "--user" "0:0" "--network" "none" "ghcr.io/rust-lang/crates-build-env/linux@sha256:2788e3201cd34a07e3172128adcd8b3090168a8e3bcc40d7c032b9dda1df7d1c" "/opt/rustwide/cargo-home/bin/cargo" "+beta-2023-12-22" "build" "--frozen" "--message-format=json", kill_on_drop: false }`
[INFO] [stdout] ee6cb189345d881f6c4c629f7db2774f76b4d15d31868741aef8638f9e82edc6
[INFO] running `Command { std: "docker" "start" "-a" "ee6cb189345d881f6c4c629f7db2774f76b4d15d31868741aef8638f9e82edc6", kill_on_drop: false }`
[INFO] [stderr]    Compiling generic-array v0.14.7
[INFO] [stderr]    Compiling wasm-bindgen-shared v0.2.89
[INFO] [stderr]    Compiling bumpalo v3.14.0
[INFO] [stderr]    Compiling log v0.4.20
[INFO] [stderr]    Compiling wasm-bindgen v0.2.89
[INFO] [stderr]    Compiling tinyvec_macros v0.1.1
[INFO] [stderr]    Compiling itertools v0.10.5
[INFO] [stderr]    Compiling fxhash v0.2.1
[INFO] [stderr]    Compiling leb128 v0.2.5
[INFO] [stderr]    Compiling hex v0.4.3
[INFO] [stderr]    Compiling serde_derive v1.0.194
[INFO] [stderr]    Compiling thiserror v1.0.56
[INFO] [stderr]    Compiling tracing v0.1.40
[INFO] [stderr]    Compiling base64 v0.21.5
[INFO] [stderr]    Compiling tinyvec v1.6.0
[INFO] [stderr]    Compiling wasm-bindgen-backend v0.2.89
[INFO] [stderr]    Compiling crypto-common v0.1.6
[INFO] [stderr]    Compiling block-buffer v0.10.4
[INFO] [stderr]    Compiling digest v0.10.7
[INFO] [stderr]    Compiling sha2 v0.10.8
[INFO] [stderr]    Compiling wasm-bindgen-macro-support v0.2.89
[INFO] [stderr]    Compiling wasm-bindgen-macro v0.2.89
[INFO] [stderr]    Compiling serde v1.0.194
[INFO] [stderr]    Compiling js-sys v0.3.66
[INFO] [stderr]    Compiling smol_str v0.1.24
[INFO] [stderr]    Compiling uuid v1.6.1
[INFO] [stderr]    Compiling serde_json v1.0.111
[INFO] [stderr]    Compiling web-sys v0.3.66
[INFO] [stderr]    Compiling automerge v0.4.1
[INFO] [stderr]    Compiling automerge-persistent v0.4.0
[INFO] [stderr]    Compiling automerge-persistent-localstorage v0.4.0 (/opt/rustwide/workdir)
[INFO] [stderr]     Finished dev [unoptimized + debuginfo] target(s) in 10.36s
[INFO] running `Command { std: "docker" "inspect" "ee6cb189345d881f6c4c629f7db2774f76b4d15d31868741aef8638f9e82edc6", kill_on_drop: false }`
[INFO] running `Command { std: "docker" "rm" "-f" "ee6cb189345d881f6c4c629f7db2774f76b4d15d31868741aef8638f9e82edc6", kill_on_drop: false }`
[INFO] [stdout] ee6cb189345d881f6c4c629f7db2774f76b4d15d31868741aef8638f9e82edc6
[INFO] running `Command { std: "docker" "create" "-v" "/var/lib/crater-agent-workspace/builds/worker-5-tc2/target:/opt/rustwide/target:rw,Z" "-v" "/var/lib/crater-agent-workspace/builds/worker-5-tc2/source:/opt/rustwide/workdir:ro,Z" "-v" "/var/lib/crater-agent-workspace/cargo-home:/opt/rustwide/cargo-home:ro,Z" "-v" "/var/lib/crater-agent-workspace/rustup-home:/opt/rustwide/rustup-home:ro,Z" "-e" "SOURCE_DIR=/opt/rustwide/workdir" "-e" "CARGO_TARGET_DIR=/opt/rustwide/target" "-e" "CARGO_INCREMENTAL=0" "-e" "RUST_BACKTRACE=full" "-e" "RUSTFLAGS=--cap-lints=warn" "-e" "RUSTDOCFLAGS=--cap-lints=warn" "-e" "CARGO_HOME=/opt/rustwide/cargo-home" "-e" "RUSTUP_HOME=/opt/rustwide/rustup-home" "-w" "/opt/rustwide/workdir" "-m" "1610612736" "--user" "0:0" "--network" "none" "ghcr.io/rust-lang/crates-build-env/linux@sha256:2788e3201cd34a07e3172128adcd8b3090168a8e3bcc40d7c032b9dda1df7d1c" "/opt/rustwide/cargo-home/bin/cargo" "+beta-2023-12-22" "test" "--frozen" "--no-run" "--message-format=json", kill_on_drop: false }`
[INFO] [stdout] b35e29ac04e659e93dffaac8987d0f706d235dc1dbd1dc58a9a3e6e6c2e32951
[INFO] running `Command { std: "docker" "start" "-a" "b35e29ac04e659e93dffaac8987d0f706d235dc1dbd1dc58a9a3e6e6c2e32951", kill_on_drop: false }`
[INFO] [stderr]    Compiling automerge-persistent-localstorage v0.4.0 (/opt/rustwide/workdir)
[INFO] [stderr]     Finished test [unoptimized + debuginfo] target(s) in 0.33s
[INFO] running `Command { std: "docker" "inspect" "b35e29ac04e659e93dffaac8987d0f706d235dc1dbd1dc58a9a3e6e6c2e32951", kill_on_drop: false }`
[INFO] running `Command { std: "docker" "rm" "-f" "b35e29ac04e659e93dffaac8987d0f706d235dc1dbd1dc58a9a3e6e6c2e32951", kill_on_drop: false }`
[INFO] [stdout] b35e29ac04e659e93dffaac8987d0f706d235dc1dbd1dc58a9a3e6e6c2e32951
[INFO] running `Command { std: "docker" "create" "-v" "/var/lib/crater-agent-workspace/builds/worker-5-tc2/target:/opt/rustwide/target:rw,Z" "-v" "/var/lib/crater-agent-workspace/builds/worker-5-tc2/source:/opt/rustwide/workdir:ro,Z" "-v" "/var/lib/crater-agent-workspace/cargo-home:/opt/rustwide/cargo-home:ro,Z" "-v" "/var/lib/crater-agent-workspace/rustup-home:/opt/rustwide/rustup-home:ro,Z" "-e" "SOURCE_DIR=/opt/rustwide/workdir" "-e" "CARGO_TARGET_DIR=/opt/rustwide/target" "-e" "CARGO_INCREMENTAL=0" "-e" "RUST_BACKTRACE=full" "-e" "RUSTFLAGS=--cap-lints=warn" "-e" "RUSTDOCFLAGS=--cap-lints=warn" "-e" "CARGO_HOME=/opt/rustwide/cargo-home" "-e" "RUSTUP_HOME=/opt/rustwide/rustup-home" "-w" "/opt/rustwide/workdir" "-m" "1610612736" "--user" "0:0" "--network" "none" "ghcr.io/rust-lang/crates-build-env/linux@sha256:2788e3201cd34a07e3172128adcd8b3090168a8e3bcc40d7c032b9dda1df7d1c" "/opt/rustwide/cargo-home/bin/cargo" "+beta-2023-12-22" "test" "--frozen", kill_on_drop: false }`
[INFO] [stdout] 6ccee3c7ecf5086de890dea8700f4d3fec6cd0d70429f49d14c8dcf209c2db77
[INFO] running `Command { std: "docker" "start" "-a" "6ccee3c7ecf5086de890dea8700f4d3fec6cd0d70429f49d14c8dcf209c2db77", kill_on_drop: false }`
[INFO] [stderr]     Finished test [unoptimized + debuginfo] target(s) in 0.06s
[INFO] [stderr]      Running unittests src/lib.rs (/opt/rustwide/target/debug/deps/automerge_persistent_localstorage-708ed321e9804f2b)
[INFO] [stdout] 
[INFO] [stdout] running 0 tests
[INFO] [stdout] 
[INFO] [stdout] test result: ok. 0 passed; 0 failed; 0 ignored; 0 measured; 0 filtered out; finished in 0.00s
[INFO] [stdout] 
[INFO] [stderr]    Doc-tests automerge-persistent-localstorage
[INFO] [stderr] warning: unknown lint: `rustdoc::missing_doc_code_examples`
[INFO] [stderr]  --> src/lib.rs:3:1
[INFO] [stderr]   |
[INFO] [stderr] 3 | #![warn(missing_doc_code_examples)]
[INFO] [stderr]   | ^^^^^^^^^^^^^^^^^^^^^^^^^^^^^^^^^^^
[INFO] [stderr]   |
[INFO] [stderr]   = note: the `rustdoc::missing_doc_code_examples` lint is unstable
[INFO] [stderr]   = note: see issue #101730 <https://github.com/rust-lang/rust/issues/101730> for more information
[INFO] [stderr]   = note: `#[warn(unknown_lints)]` on by default
[INFO] [stderr] 
[INFO] [stderr] warning: lint `missing_crate_level_docs` has been renamed to `rustdoc::missing_crate_level_docs`
[INFO] [stderr]  --> src/lib.rs:2:9
[INFO] [stderr]   |
[INFO] [stderr] 2 | #![warn(missing_crate_level_docs)]
[INFO] [stderr]   |         ^^^^^^^^^^^^^^^^^^^^^^^^ help: use the new name: `rustdoc::missing_crate_level_docs`
[INFO] [stderr]   |
[INFO] [stderr]   = note: `#[warn(renamed_and_removed_lints)]` on by default
[INFO] [stderr] 
[INFO] [stderr] warning: lint `missing_doc_code_examples` has been renamed to `rustdoc::missing_doc_code_examples`
[INFO] [stderr]  --> src/lib.rs:3:9
[INFO] [stderr]   |
[INFO] [stderr] 3 | #![warn(missing_doc_code_examples)]
[INFO] [stderr]   |         ^^^^^^^^^^^^^^^^^^^^^^^^^ help: use the new name: `rustdoc::missing_doc_code_examples`
[INFO] [stderr] 
[INFO] [stderr] warning: 3 warnings emitted
[INFO] [stderr] 
[INFO] [stdout] 
[INFO] [stdout] running 1 test
[INFO] [stdout] test src/lib.rs - (line 9) - compile ... FAILED
[INFO] [stdout] 
[INFO] [stdout] failures:
[INFO] [stdout] 
[INFO] [stdout] ---- src/lib.rs - (line 9) stdout ----
[INFO] [stdout] error[E0425]: cannot find function `window` in crate `web_sys`
[INFO] [stdout]   --> src/lib.rs:14:24
[INFO] [stdout]    |
[INFO] [stdout] 7  | let storage = web_sys::window()
[INFO] [stdout]    |                        ^^^^^^ not found in `web_sys`
[INFO] [stdout]    |
[INFO] [stdout] note: found an item that was configured out
[INFO] [stdout]   --> /opt/rustwide/cargo-home/registry/src/index.crates.io-6f17d22bba15001f/web-sys-0.3.66/src/lib.rs:31:8
[INFO] [stdout]    |
[INFO] [stdout] 31 | pub fn window() -> Option<Window> {
[INFO] [stdout]    |        ^^^^^^
[INFO] [stdout]    = note: the item is gated behind the `Window` feature
[INFO] [stdout] 
[INFO] [stdout] error: aborting due to 1 previous error
[INFO] [stdout] 
[INFO] [stdout] For more information about this error, try `rustc --explain E0425`.
[INFO] [stdout] Couldn't compile the test.
[INFO] [stdout] 
[INFO] [stdout] failures:
[INFO] [stdout]     src/lib.rs - (line 9)
[INFO] [stdout] 
[INFO] [stdout] test result: FAILED. 0 passed; 1 failed; 0 ignored; 0 measured; 0 filtered out; finished in 0.09s
[INFO] [stdout] 
[INFO] [stderr] error: doctest failed, to rerun pass `--doc`
[INFO] running `Command { std: "docker" "inspect" "6ccee3c7ecf5086de890dea8700f4d3fec6cd0d70429f49d14c8dcf209c2db77", kill_on_drop: false }`
[INFO] running `Command { std: "docker" "rm" "-f" "6ccee3c7ecf5086de890dea8700f4d3fec6cd0d70429f49d14c8dcf209c2db77", kill_on_drop: false }`
[INFO] [stdout] 6ccee3c7ecf5086de890dea8700f4d3fec6cd0d70429f49d14c8dcf209c2db77
