[INFO] fetching crate autoerror 1.0.0...
[INFO] testing autoerror-1.0.0 against 1.75.0 for beta-1.76-1
[INFO] extracting crate autoerror 1.0.0 into /workspace/builds/worker-5-tc1/source
[INFO] validating manifest of crates.io crate autoerror 1.0.0 on toolchain 1.75.0
[INFO] running `Command { std: CARGO_HOME="/workspace/cargo-home" RUSTUP_HOME="/workspace/rustup-home" "/workspace/cargo-home/bin/cargo" "+1.75.0" "metadata" "--manifest-path" "Cargo.toml" "--no-deps", kill_on_drop: false }`
[INFO] started tweaking crates.io crate autoerror 1.0.0
[INFO] removed 0 missing tests
[INFO] finished tweaking crates.io crate autoerror 1.0.0
[INFO] tweaked toml for crates.io crate autoerror 1.0.0 written to /workspace/builds/worker-5-tc1/source/Cargo.toml
[INFO] running `Command { std: CARGO_HOME="/workspace/cargo-home" RUSTUP_HOME="/workspace/rustup-home" "/workspace/cargo-home/bin/cargo" "+1.75.0" "generate-lockfile" "--manifest-path" "Cargo.toml", kill_on_drop: false }`
[INFO] [stderr]     Updating crates.io index
[INFO] running `Command { std: CARGO_HOME="/workspace/cargo-home" RUSTUP_HOME="/workspace/rustup-home" "/workspace/cargo-home/bin/cargo" "+1.75.0" "fetch" "--manifest-path" "Cargo.toml", kill_on_drop: false }`
[INFO] running `Command { std: "docker" "create" "-v" "/var/lib/crater-agent-workspace/builds/worker-5-tc1/target:/opt/rustwide/target:rw,Z" "-v" "/var/lib/crater-agent-workspace/builds/worker-5-tc1/source:/opt/rustwide/workdir:ro,Z" "-v" "/var/lib/crater-agent-workspace/cargo-home:/opt/rustwide/cargo-home:ro,Z" "-v" "/var/lib/crater-agent-workspace/rustup-home:/opt/rustwide/rustup-home:ro,Z" "-e" "SOURCE_DIR=/opt/rustwide/workdir" "-e" "CARGO_TARGET_DIR=/opt/rustwide/target" "-e" "CARGO_HOME=/opt/rustwide/cargo-home" "-e" "RUSTUP_HOME=/opt/rustwide/rustup-home" "-w" "/opt/rustwide/workdir" "-m" "1610612736" "--user" "0:0" "--network" "none" "ghcr.io/rust-lang/crates-build-env/linux@sha256:2788e3201cd34a07e3172128adcd8b3090168a8e3bcc40d7c032b9dda1df7d1c" "/opt/rustwide/cargo-home/bin/cargo" "+1.75.0" "metadata" "--no-deps" "--format-version=1", kill_on_drop: false }`
[INFO] [stdout] c6e56a1c3efa2e4ddf4ba8d0671b2b3d10b382fe3ccc3e76c1151828133c9a5f
[INFO] running `Command { std: "docker" "start" "-a" "c6e56a1c3efa2e4ddf4ba8d0671b2b3d10b382fe3ccc3e76c1151828133c9a5f", kill_on_drop: false }`
[INFO] running `Command { std: "docker" "inspect" "c6e56a1c3efa2e4ddf4ba8d0671b2b3d10b382fe3ccc3e76c1151828133c9a5f", kill_on_drop: false }`
[INFO] running `Command { std: "docker" "rm" "-f" "c6e56a1c3efa2e4ddf4ba8d0671b2b3d10b382fe3ccc3e76c1151828133c9a5f", kill_on_drop: false }`
[INFO] [stdout] c6e56a1c3efa2e4ddf4ba8d0671b2b3d10b382fe3ccc3e76c1151828133c9a5f
[INFO] running `Command { std: "docker" "create" "-v" "/var/lib/crater-agent-workspace/builds/worker-5-tc1/target:/opt/rustwide/target:rw,Z" "-v" "/var/lib/crater-agent-workspace/builds/worker-5-tc1/source:/opt/rustwide/workdir:ro,Z" "-v" "/var/lib/crater-agent-workspace/cargo-home:/opt/rustwide/cargo-home:ro,Z" "-v" "/var/lib/crater-agent-workspace/rustup-home:/opt/rustwide/rustup-home:ro,Z" "-e" "SOURCE_DIR=/opt/rustwide/workdir" "-e" "CARGO_TARGET_DIR=/opt/rustwide/target" "-e" "CARGO_INCREMENTAL=0" "-e" "RUST_BACKTRACE=full" "-e" "RUSTFLAGS=--cap-lints=warn" "-e" "RUSTDOCFLAGS=--cap-lints=warn" "-e" "CARGO_HOME=/opt/rustwide/cargo-home" "-e" "RUSTUP_HOME=/opt/rustwide/rustup-home" "-w" "/opt/rustwide/workdir" "-m" "1610612736" "--user" "0:0" "--network" "none" "ghcr.io/rust-lang/crates-build-env/linux@sha256:2788e3201cd34a07e3172128adcd8b3090168a8e3bcc40d7c032b9dda1df7d1c" "/opt/rustwide/cargo-home/bin/cargo" "+1.75.0" "build" "--frozen" "--message-format=json", kill_on_drop: false }`
[INFO] [stdout] b35dd0a9206f6eb7a86c89ac71028de2ae86be789731bde768284767adc74e31
[INFO] running `Command { std: "docker" "start" "-a" "b35dd0a9206f6eb7a86c89ac71028de2ae86be789731bde768284767adc74e31", kill_on_drop: false }`
[INFO] [stderr]    Compiling syn v1.0.109
[INFO] [stderr]    Compiling autoerror v1.0.0 (/opt/rustwide/workdir)
[INFO] [stderr]     Finished dev [unoptimized + debuginfo] target(s) in 2.20s
[INFO] running `Command { std: "docker" "inspect" "b35dd0a9206f6eb7a86c89ac71028de2ae86be789731bde768284767adc74e31", kill_on_drop: false }`
[INFO] running `Command { std: "docker" "rm" "-f" "b35dd0a9206f6eb7a86c89ac71028de2ae86be789731bde768284767adc74e31", kill_on_drop: false }`
[INFO] [stdout] b35dd0a9206f6eb7a86c89ac71028de2ae86be789731bde768284767adc74e31
[INFO] running `Command { std: "docker" "create" "-v" "/var/lib/crater-agent-workspace/builds/worker-5-tc1/target:/opt/rustwide/target:rw,Z" "-v" "/var/lib/crater-agent-workspace/builds/worker-5-tc1/source:/opt/rustwide/workdir:ro,Z" "-v" "/var/lib/crater-agent-workspace/cargo-home:/opt/rustwide/cargo-home:ro,Z" "-v" "/var/lib/crater-agent-workspace/rustup-home:/opt/rustwide/rustup-home:ro,Z" "-e" "SOURCE_DIR=/opt/rustwide/workdir" "-e" "CARGO_TARGET_DIR=/opt/rustwide/target" "-e" "CARGO_INCREMENTAL=0" "-e" "RUST_BACKTRACE=full" "-e" "RUSTFLAGS=--cap-lints=warn" "-e" "RUSTDOCFLAGS=--cap-lints=warn" "-e" "CARGO_HOME=/opt/rustwide/cargo-home" "-e" "RUSTUP_HOME=/opt/rustwide/rustup-home" "-w" "/opt/rustwide/workdir" "-m" "1610612736" "--user" "0:0" "--network" "none" "ghcr.io/rust-lang/crates-build-env/linux@sha256:2788e3201cd34a07e3172128adcd8b3090168a8e3bcc40d7c032b9dda1df7d1c" "/opt/rustwide/cargo-home/bin/cargo" "+1.75.0" "test" "--frozen" "--no-run" "--message-format=json", kill_on_drop: false }`
[INFO] [stdout] eea368e04506bcb17019f50b45e708272e546e95330af759c8fd7e4315db2150
[INFO] running `Command { std: "docker" "start" "-a" "eea368e04506bcb17019f50b45e708272e546e95330af759c8fd7e4315db2150", kill_on_drop: false }`
[INFO] [stderr]    Compiling proc-macro2 v1.0.75
[INFO] [stderr]    Compiling trybuild v1.0.87
[INFO] [stderr]    Compiling dissimilar v1.0.7
[INFO] [stderr]    Compiling termcolor v1.4.0
[INFO] [stderr]    Compiling once_cell v1.19.0
[INFO] [stderr]    Compiling glob v0.3.1
[INFO] [stderr]    Compiling syn v1.0.109
[INFO] [stderr]    Compiling basic-toml v0.1.8
[INFO] [stderr]    Compiling serde_json v1.0.111
[INFO] [stderr]    Compiling quote v1.0.35
[INFO] [stderr]    Compiling syn v2.0.48
[INFO] [stderr]    Compiling serde_derive v1.0.194
[INFO] [stderr]    Compiling autoerror v1.0.0 (/opt/rustwide/workdir)
[INFO] [stderr]     Finished test [unoptimized + debuginfo] target(s) in 6.72s
[INFO] running `Command { std: "docker" "inspect" "eea368e04506bcb17019f50b45e708272e546e95330af759c8fd7e4315db2150", kill_on_drop: false }`
[INFO] running `Command { std: "docker" "rm" "-f" "eea368e04506bcb17019f50b45e708272e546e95330af759c8fd7e4315db2150", kill_on_drop: false }`
[INFO] [stdout] eea368e04506bcb17019f50b45e708272e546e95330af759c8fd7e4315db2150
[INFO] running `Command { std: "docker" "create" "-v" "/var/lib/crater-agent-workspace/builds/worker-5-tc1/target:/opt/rustwide/target:rw,Z" "-v" "/var/lib/crater-agent-workspace/builds/worker-5-tc1/source:/opt/rustwide/workdir:ro,Z" "-v" "/var/lib/crater-agent-workspace/cargo-home:/opt/rustwide/cargo-home:ro,Z" "-v" "/var/lib/crater-agent-workspace/rustup-home:/opt/rustwide/rustup-home:ro,Z" "-e" "SOURCE_DIR=/opt/rustwide/workdir" "-e" "CARGO_TARGET_DIR=/opt/rustwide/target" "-e" "CARGO_INCREMENTAL=0" "-e" "RUST_BACKTRACE=full" "-e" "RUSTFLAGS=--cap-lints=warn" "-e" "RUSTDOCFLAGS=--cap-lints=warn" "-e" "CARGO_HOME=/opt/rustwide/cargo-home" "-e" "RUSTUP_HOME=/opt/rustwide/rustup-home" "-w" "/opt/rustwide/workdir" "-m" "1610612736" "--user" "0:0" "--network" "none" "ghcr.io/rust-lang/crates-build-env/linux@sha256:2788e3201cd34a07e3172128adcd8b3090168a8e3bcc40d7c032b9dda1df7d1c" "/opt/rustwide/cargo-home/bin/cargo" "+1.75.0" "test" "--frozen", kill_on_drop: false }`
[INFO] [stdout] 008ed39d80b10c713e47051f79e2da5be866075a470bb9cb8c10be26e84de31f
[INFO] running `Command { std: "docker" "start" "-a" "008ed39d80b10c713e47051f79e2da5be866075a470bb9cb8c10be26e84de31f", kill_on_drop: false }`
[INFO] [stderr]     Finished test [unoptimized + debuginfo] target(s) in 0.01s
[INFO] [stderr]      Running unittests src/lib.rs (/opt/rustwide/target/debug/deps/autoerror-6b4efe900db52efa)
[INFO] [stdout] 
[INFO] [stdout] running 0 tests
[INFO] [stdout] 
[INFO] [stdout] test result: ok. 0 passed; 0 failed; 0 ignored; 0 measured; 0 filtered out; finished in 0.00s
[INFO] [stdout] 
[INFO] [stderr]      Running tests/main.rs (/opt/rustwide/target/debug/deps/tests-c32dbd3b9b256781)
[INFO] [stdout] 
[INFO] [stdout] running 1 test
[INFO] [stderr]    Compiling proc-macro2 v1.0.75
[INFO] [stderr]    Compiling syn v1.0.109
[INFO] [stderr]    Compiling unicode-ident v1.0.12
[INFO] [stderr]    Compiling quote v1.0.35
[INFO] [stderr]    Compiling autoerror v1.0.0 (/opt/rustwide/workdir)
[INFO] [stderr]    Compiling autoerror-tests v0.0.0 (/opt/rustwide/target/tests/trybuild/autoerror)
[INFO] [stderr]     Finished dev [unoptimized + debuginfo] target(s) in 3.78s
[INFO] [stderr] 
[INFO] [stderr] 
[INFO] [stderr] test tests/basic_compile.rs [should pass] ... ok
[INFO] [stderr] test tests/test_generation.rs [should pass] ... ok
[INFO] [stderr] test tests/error_struct.rs [should fail to compile] ... ok
[INFO] [stdout] test tests ... ok
[INFO] [stderr] test tests/double_auto_error.rs [should fail to compile] ... ok
[INFO] [stdout] 
[INFO] [stderr] 
[INFO] [stdout] test result: ok. 1 passed; 0 failed; 0 ignored; 0 measured; 0 filtered out; finished in 4.63s
[INFO] [stderr] 
[INFO] [stdout] 
[INFO] [stderr]    Doc-tests autoerror
[INFO] [stdout] 
[INFO] [stdout] running 2 tests
[INFO] [stdout] test src/lib.rs - (line 21) ... FAILED
[INFO] [stdout] test src/lib.rs - derive (line 179) ... FAILED
[INFO] [stdout] 
[INFO] [stdout] failures:
[INFO] [stdout] 
[INFO] [stdout] ---- src/lib.rs - (line 21) stdout ----
[INFO] [stdout] error[E0774]: `derive` may only be applied to `struct`s, `enum`s and `union`s
[INFO] [stdout]  --> src/lib.rs:23:1
[INFO] [stdout]   |
[INFO] [stdout] 5 | #[derive(AutoError)]
[INFO] [stdout]   | ^^^^^^^^^^^^^^^^^^^^ not applicable here
[INFO] [stdout] 6 | use autoerror::AutoError;
[INFO] [stdout]   | ------------------------- not a `struct`, `enum` or `union`
[INFO] [stdout] 
[INFO] [stdout] error: cannot find attribute `auto_error` in this scope
[INFO] [stdout]  --> src/lib.rs:27:7
[INFO] [stdout]   |
[INFO] [stdout] 9 |     #[auto_error(format_str="Document not found")]
[INFO] [stdout]   |       ^^^^^^^^^^ help: a built-in attribute with a similar name exists: `rustc_error`
[INFO] [stdout] 
[INFO] [stdout] error: cannot find attribute `auto_error` in this scope
[INFO] [stdout]   --> src/lib.rs:30:7
[INFO] [stdout]    |
[INFO] [stdout] 12 |     #[auto_error(make_from=true)]
[INFO] [stdout]    |       ^^^^^^^^^^ help: a built-in attribute with a similar name exists: `rustc_error`
[INFO] [stdout] 
[INFO] [stdout] error: aborting due to 3 previous errors
[INFO] [stdout] 
[INFO] [stdout] For more information about this error, try `rustc --explain E0774`.
[INFO] [stdout] Couldn't compile the test.
[INFO] [stdout] ---- src/lib.rs - derive (line 179) stdout ----
[INFO] [stdout] error[E0774]: `derive` may only be applied to `struct`s, `enum`s and `union`s
[INFO] [stdout]  --> src/lib.rs:181:1
[INFO] [stdout]   |
[INFO] [stdout] 5 | #[derive(AutoError)]
[INFO] [stdout]   | ^^^^^^^^^^^^^^^^^^^^ not applicable here
[INFO] [stdout] 6 | use autoerror::AutoError;
[INFO] [stdout]   | ------------------------- not a `struct`, `enum` or `union`
[INFO] [stdout] 
[INFO] [stdout] error: cannot find attribute `auto_error` in this scope
[INFO] [stdout]  --> src/lib.rs:185:7
[INFO] [stdout]   |
[INFO] [stdout] 9 |     #[auto_error(format_str="Document not found")]
[INFO] [stdout]   |       ^^^^^^^^^^ help: a built-in attribute with a similar name exists: `rustc_error`
[INFO] [stdout] 
[INFO] [stdout] error: cannot find attribute `auto_error` in this scope
[INFO] [stdout]   --> src/lib.rs:188:7
[INFO] [stdout]    |
[INFO] [stdout] 12 |     #[auto_error(make_from=true)]
[INFO] [stdout]    |       ^^^^^^^^^^ help: a built-in attribute with a similar name exists: `rustc_error`
[INFO] [stdout] 
[INFO] [stdout] error: aborting due to 3 previous errors
[INFO] [stdout] 
[INFO] [stdout] For more information about this error, try `rustc --explain E0774`.
[INFO] [stdout] Couldn't compile the test.
[INFO] [stdout] 
[INFO] [stdout] failures:
[INFO] [stdout]     src/lib.rs - (line 21)
[INFO] [stdout]     src/lib.rs - derive (line 179)
[INFO] [stdout] 
[INFO] [stdout] test result: FAILED. 0 passed; 2 failed; 0 ignored; 0 measured; 0 filtered out; finished in 0.05s
[INFO] [stdout] 
[INFO] [stderr] error: doctest failed, to rerun pass `--doc`
[INFO] running `Command { std: "docker" "inspect" "008ed39d80b10c713e47051f79e2da5be866075a470bb9cb8c10be26e84de31f", kill_on_drop: false }`
[INFO] running `Command { std: "docker" "rm" "-f" "008ed39d80b10c713e47051f79e2da5be866075a470bb9cb8c10be26e84de31f", kill_on_drop: false }`
[INFO] [stdout] 008ed39d80b10c713e47051f79e2da5be866075a470bb9cb8c10be26e84de31f
