[INFO] fetching crate auto_sitemap 0.2.1...
[INFO] testing auto_sitemap-0.2.1 against 1.75.0 for beta-1.76-1
[INFO] extracting crate auto_sitemap 0.2.1 into /workspace/builds/worker-5-tc1/source
[INFO] validating manifest of crates.io crate auto_sitemap 0.2.1 on toolchain 1.75.0
[INFO] running `Command { std: CARGO_HOME="/workspace/cargo-home" RUSTUP_HOME="/workspace/rustup-home" "/workspace/cargo-home/bin/cargo" "+1.75.0" "metadata" "--manifest-path" "Cargo.toml" "--no-deps", kill_on_drop: false }`
[INFO] started tweaking crates.io crate auto_sitemap 0.2.1
[INFO] finished tweaking crates.io crate auto_sitemap 0.2.1
[INFO] tweaked toml for crates.io crate auto_sitemap 0.2.1 written to /workspace/builds/worker-5-tc1/source/Cargo.toml
[INFO] running `Command { std: CARGO_HOME="/workspace/cargo-home" RUSTUP_HOME="/workspace/rustup-home" "/workspace/cargo-home/bin/cargo" "+1.75.0" "generate-lockfile" "--manifest-path" "Cargo.toml", kill_on_drop: false }`
[INFO] [stderr]     Updating crates.io index
[INFO] running `Command { std: CARGO_HOME="/workspace/cargo-home" RUSTUP_HOME="/workspace/rustup-home" "/workspace/cargo-home/bin/cargo" "+1.75.0" "fetch" "--manifest-path" "Cargo.toml", kill_on_drop: false }`
[INFO] [stderr]  Downloading crates ...
[INFO] [stderr]   Downloaded case_insensitive_string v0.2.3
[INFO] [stderr]   Downloaded string_concat v0.0.1
[INFO] [stderr]   Downloaded alloc-stdlib v0.2.2
[INFO] [stderr]   Downloaded yaserde v0.8.0
[INFO] [stderr]   Downloaded serde_path_to_error v0.1.15
[INFO] [stderr]   Downloaded yaserde_derive v0.8.0
[INFO] [stderr]   Downloaded selectors v0.25.0
[INFO] [stderr]   Downloaded spider v1.80.49
[INFO] [stderr]   Downloaded async-compression v0.4.5
[INFO] [stderr]   Downloaded brotli v3.4.0
[INFO] [stderr]   Downloaded fast_html5ever v0.26.1
[INFO] [stderr]   Downloaded brotli-decompressor v2.5.1
[INFO] [stderr]   Downloaded cssparser v0.31.2
[INFO] [stderr]   Downloaded more-asserts v0.3.1
[INFO] [stderr]   Downloaded castaway v0.2.2
[INFO] [stderr]   Downloaded fast_markup5ever v0.11.0
[INFO] [stderr]   Downloaded servo_arc v0.3.0
[INFO] [stderr]   Downloaded alloc-no-stdlib v2.0.4
[INFO] [stderr]   Downloaded compact_str v0.7.1
[INFO] [stderr]   Downloaded xml v0.8.10
[INFO] running `Command { std: "docker" "create" "-v" "/var/lib/crater-agent-workspace/builds/worker-5-tc1/target:/opt/rustwide/target:rw,Z" "-v" "/var/lib/crater-agent-workspace/builds/worker-5-tc1/source:/opt/rustwide/workdir:ro,Z" "-v" "/var/lib/crater-agent-workspace/cargo-home:/opt/rustwide/cargo-home:ro,Z" "-v" "/var/lib/crater-agent-workspace/rustup-home:/opt/rustwide/rustup-home:ro,Z" "-e" "SOURCE_DIR=/opt/rustwide/workdir" "-e" "CARGO_TARGET_DIR=/opt/rustwide/target" "-e" "CARGO_HOME=/opt/rustwide/cargo-home" "-e" "RUSTUP_HOME=/opt/rustwide/rustup-home" "-w" "/opt/rustwide/workdir" "-m" "1610612736" "--user" "0:0" "--network" "none" "ghcr.io/rust-lang/crates-build-env/linux@sha256:2788e3201cd34a07e3172128adcd8b3090168a8e3bcc40d7c032b9dda1df7d1c" "/opt/rustwide/cargo-home/bin/cargo" "+1.75.0" "metadata" "--no-deps" "--format-version=1", kill_on_drop: false }`
[INFO] [stdout] 602fc234b107708dec95a16a57c60aab0cbec3ebc3369066a3e967d39b3777f9
[INFO] running `Command { std: "docker" "start" "-a" "602fc234b107708dec95a16a57c60aab0cbec3ebc3369066a3e967d39b3777f9", kill_on_drop: false }`
[INFO] running `Command { std: "docker" "inspect" "602fc234b107708dec95a16a57c60aab0cbec3ebc3369066a3e967d39b3777f9", kill_on_drop: false }`
[INFO] running `Command { std: "docker" "rm" "-f" "602fc234b107708dec95a16a57c60aab0cbec3ebc3369066a3e967d39b3777f9", kill_on_drop: false }`
[INFO] [stdout] 602fc234b107708dec95a16a57c60aab0cbec3ebc3369066a3e967d39b3777f9
[INFO] running `Command { std: "docker" "create" "-v" "/var/lib/crater-agent-workspace/builds/worker-5-tc1/target:/opt/rustwide/target:rw,Z" "-v" "/var/lib/crater-agent-workspace/builds/worker-5-tc1/source:/opt/rustwide/workdir:ro,Z" "-v" "/var/lib/crater-agent-workspace/cargo-home:/opt/rustwide/cargo-home:ro,Z" "-v" "/var/lib/crater-agent-workspace/rustup-home:/opt/rustwide/rustup-home:ro,Z" "-e" "SOURCE_DIR=/opt/rustwide/workdir" "-e" "CARGO_TARGET_DIR=/opt/rustwide/target" "-e" "CARGO_INCREMENTAL=0" "-e" "RUST_BACKTRACE=full" "-e" "RUSTFLAGS=--cap-lints=warn" "-e" "RUSTDOCFLAGS=--cap-lints=warn" "-e" "CARGO_HOME=/opt/rustwide/cargo-home" "-e" "RUSTUP_HOME=/opt/rustwide/rustup-home" "-w" "/opt/rustwide/workdir" "-m" "1610612736" "--user" "0:0" "--network" "none" "ghcr.io/rust-lang/crates-build-env/linux@sha256:2788e3201cd34a07e3172128adcd8b3090168a8e3bcc40d7c032b9dda1df7d1c" "/opt/rustwide/cargo-home/bin/cargo" "+1.75.0" "build" "--frozen" "--message-format=json", kill_on_drop: false }`
[INFO] [stdout] 048f04ab3852e4175a46af32c9c2ba713761b4fea65e2780ba9c4da5db9f10e7
[INFO] running `Command { std: "docker" "start" "-a" "048f04ab3852e4175a46af32c9c2ba713761b4fea65e2780ba9c4da5db9f10e7", kill_on_drop: false }`
[INFO] [stderr]    Compiling proc-macro2 v1.0.75
[INFO] [stderr]    Compiling unicode-ident v1.0.12
[INFO] [stderr]    Compiling libc v0.2.151
[INFO] [stderr]    Compiling serde v1.0.194
[INFO] [stderr]    Compiling siphasher v0.3.11
[INFO] [stderr]    Compiling smallvec v1.11.2
[INFO] [stderr]    Compiling lock_api v0.4.11
[INFO] [stderr]    Compiling once_cell v1.19.0
[INFO] [stderr]    Compiling parking_lot_core v0.9.9
[INFO] [stderr]    Compiling ppv-lite86 v0.2.17
[INFO] [stderr]    Compiling scopeguard v1.2.0
[INFO] [stderr]    Compiling pin-project-lite v0.2.13
[INFO] [stderr]    Compiling log v0.4.20
[INFO] [stderr]    Compiling itoa v1.0.10
[INFO] [stderr]    Compiling pkg-config v0.3.28
[INFO] [stderr]    Compiling vcpkg v0.2.15
[INFO] [stderr]    Compiling futures-core v0.3.30
[INFO] [stderr]    Compiling version_check v0.9.4
[INFO] [stderr]    Compiling syn v1.0.109
[INFO] [stderr]    Compiling phf_shared v0.10.0
[INFO] [stderr]    Compiling phf_shared v0.11.2
[INFO] [stderr]    Compiling zerocopy v0.7.32
[INFO] [stderr]    Compiling tracing-core v0.1.32
[INFO] [stderr]    Compiling slab v0.4.9
[INFO] [stderr]    Compiling fnv v1.0.7
[INFO] [stderr]    Compiling untrusted v0.9.0
[INFO] [stderr]    Compiling rustversion v1.0.14
[INFO] [stderr]    Compiling allocator-api2 v0.2.16
[INFO] [stderr]    Compiling spin v0.9.8
[INFO] [stderr]    Compiling ahash v0.8.7
[INFO] [stderr]    Compiling new_debug_unreachable v1.0.4
[INFO] [stderr]    Compiling futures-sink v0.3.30
[INFO] [stderr]    Compiling httparse v1.8.0
[INFO] [stderr]    Compiling foreign-types-shared v0.1.1
[INFO] [stderr]    Compiling bitflags v2.4.1
[INFO] [stderr]    Compiling futures-task v0.3.30
[INFO] [stderr]    Compiling openssl v0.10.62
[INFO] [stderr]    Compiling tracing v0.1.40
[INFO] [stderr]    Compiling equivalent v1.0.1
[INFO] [stderr]    Compiling pin-utils v0.1.0
[INFO] [stderr]    Compiling foreign-types v0.3.2
[INFO] [stderr]    Compiling futures-util v0.3.30
[INFO] [stderr]    Compiling alloc-no-stdlib v2.0.4
[INFO] [stderr]    Compiling native-tls v0.2.11
[INFO] [stderr]    Compiling rustls v0.21.10
[INFO] [stderr]    Compiling crc32fast v1.3.2
[INFO] [stderr]    Compiling try-lock v0.2.5
[INFO] [stderr]    Compiling tinyvec_macros v0.1.1
[INFO] [stderr]    Compiling want v0.3.1
[INFO] [stderr]    Compiling tinyvec v1.6.0
[INFO] [stderr]    Compiling alloc-stdlib v0.2.2
[INFO] [stderr]    Compiling futures-channel v0.3.30
[INFO] [stderr]    Compiling ryu v1.0.16
[INFO] [stderr]    Compiling quote v1.0.35
[INFO] [stderr]    Compiling httpdate v1.0.3
[INFO] [stderr]    Compiling tower-service v0.3.2
[INFO] [stderr]    Compiling mac v0.1.1
[INFO] [stderr]    Compiling precomputed-hash v0.1.1
[INFO] [stderr]    Compiling percent-encoding v2.3.1
[INFO] [stderr]    Compiling openssl-probe v0.1.5
[INFO] [stderr]    Compiling getrandom v0.2.11
[INFO] [stderr]    Compiling syn v2.0.48
[INFO] [stderr]    Compiling num_cpus v1.16.0
[INFO] [stderr]    Compiling socket2 v0.5.5
[INFO] [stderr]    Compiling mio v0.8.10
[INFO] [stderr]    Compiling cc v1.0.83
[INFO] [stderr]    Compiling adler v1.0.2
[INFO] [stderr]    Compiling heck v0.4.1
[INFO] [stderr]    Compiling parking_lot v0.12.1
[INFO] [stderr]    Compiling form_urlencoded v1.2.1
[INFO] [stderr]    Compiling rand_core v0.6.4
[INFO] [stderr]    Compiling hashbrown v0.14.3
[INFO] [stderr]    Compiling miniz_oxide v0.7.1
[INFO] [stderr]    Compiling futf v0.1.5
[INFO] [stderr]    Compiling brotli-decompressor v2.5.1
[INFO] [stderr]    Compiling rand_chacha v0.3.1
[INFO] [stderr]    Compiling utf-8 v0.7.6
[INFO] [stderr]    Compiling unicode-normalization v0.1.22
[INFO] [stderr]    Compiling dtoa v1.0.9
[INFO] [stderr]    Compiling unicode-bidi v0.3.14
[INFO] [stderr]    Compiling castaway v0.2.2
[INFO] [stderr]    Compiling num-traits v0.2.17
[INFO] [stderr]    Compiling memchr v2.7.1
[INFO] [stderr]    Compiling rand v0.8.5
[INFO] [stderr]    Compiling dtoa-short v0.3.4
[INFO] [stderr]    Compiling tendril v0.4.3
[INFO] [stderr]    Compiling static_assertions v1.1.0
[INFO] [stderr]    Compiling flate2 v1.0.28
[INFO] [stderr]    Compiling xml-rs v0.8.19
[INFO] [stderr]    Compiling stable_deref_trait v1.2.0
[INFO] [stderr]    Compiling base64 v0.21.5
[INFO] [stderr]    Compiling byteorder v1.5.0
[INFO] [stderr]    Compiling servo_arc v0.3.0
[INFO] [stderr]    Compiling indexmap v2.1.0
[INFO] [stderr]    Compiling idna v0.5.0
[INFO] [stderr]    Compiling compact_str v0.7.1
[INFO] [stderr]    Compiling brotli v3.4.0
[INFO] [stderr]    Compiling fxhash v0.2.1
[INFO] [stderr]    Compiling rustls-pemfile v1.0.4
[INFO] [stderr]    Compiling phf v0.10.1
[INFO] [stderr]    Compiling phf_generator v0.10.0
[INFO] [stderr]    Compiling phf_generator v0.11.2
[INFO] [stderr]    Compiling string_cache_codegen v0.5.2
[INFO] [stderr]    Compiling phf_codegen v0.10.0
[INFO] [stderr]    Compiling encoding_rs v0.8.33
[INFO] [stderr]    Compiling ipnet v2.9.0
[INFO] [stderr]    Compiling phf_codegen v0.11.2
[INFO] [stderr]    Compiling webpki-roots v0.25.3
[INFO] [stderr]    Compiling selectors v0.25.0
[INFO] [stderr]    Compiling url v2.5.0
[INFO] [stderr]    Compiling mime v0.3.17
[INFO] [stderr]    Compiling openssl-sys v0.9.98
[INFO] [stderr]    Compiling ring v0.17.7
[INFO] [stderr]    Compiling lazy_static v1.4.0
[INFO] [stderr]    Compiling ego-tree v0.6.2
[INFO] [stderr]    Compiling iana-time-zone v0.1.59
[INFO] [stderr]    Compiling string_concat v0.0.1
[INFO] [stderr]    Compiling xml v0.8.10
[INFO] [stderr]    Compiling md5 v0.7.0
[INFO] [stderr]    Compiling fast_markup5ever v0.11.0
[INFO] [stderr]    Compiling chrono v0.4.31
[INFO] [stderr]    Compiling serde_derive v1.0.194
[INFO] [stderr]    Compiling tokio-macros v2.2.0
[INFO] [stderr]    Compiling openssl-macros v0.1.1
[INFO] [stderr]    Compiling phf_macros v0.11.2
[INFO] [stderr]    Compiling cssparser-macros v0.6.1
[INFO] [stderr]    Compiling strum_macros v0.25.3
[INFO] [stderr]    Compiling phf v0.11.2
[INFO] [stderr]    Compiling fast_html5ever v0.26.1
[INFO] [stderr]    Compiling derive_more v0.99.17
[INFO] [stderr]    Compiling yaserde_derive v0.8.0
[INFO] [stderr]    Compiling cssparser v0.31.2
[INFO] [stderr]    Compiling strum v0.25.0
[INFO] [stderr]    Compiling rustls-webpki v0.101.7
[INFO] [stderr]    Compiling sct v0.7.1
[INFO] [stderr]    Compiling yaserde v0.8.0
[INFO] [stderr]    Compiling bytes v1.5.0
[INFO] [stderr]    Compiling string_cache v0.8.7
[INFO] [stderr]    Compiling serde_urlencoded v0.7.1
[INFO] [stderr]    Compiling case_insensitive_string v0.2.3
[INFO] [stderr]    Compiling tokio v1.35.1
[INFO] [stderr]    Compiling http v0.2.11
[INFO] [stderr]    Compiling http-body v0.4.6
[INFO] [stderr]    Compiling tokio-util v0.7.10
[INFO] [stderr]    Compiling tokio-native-tls v0.3.1
[INFO] [stderr]    Compiling tokio-rustls v0.24.1
[INFO] [stderr]    Compiling async-compression v0.4.5
[INFO] [stderr]    Compiling tokio-stream v0.1.14
[INFO] [stderr]    Compiling h2 v0.3.22
[INFO] [stderr]    Compiling hyper v0.14.28
[INFO] [stderr]    Compiling hyper-tls v0.5.0
[INFO] [stderr]    Compiling hyper-rustls v0.24.2
[INFO] [stderr]    Compiling reqwest v0.11.23
[INFO] [stderr]    Compiling spider v1.80.49
[INFO] [stderr]    Compiling auto_sitemap v0.2.1 (/opt/rustwide/workdir)
[INFO] [stderr]     Finished dev [unoptimized + debuginfo] target(s) in 22.05s
[INFO] running `Command { std: "docker" "inspect" "048f04ab3852e4175a46af32c9c2ba713761b4fea65e2780ba9c4da5db9f10e7", kill_on_drop: false }`
[INFO] running `Command { std: "docker" "rm" "-f" "048f04ab3852e4175a46af32c9c2ba713761b4fea65e2780ba9c4da5db9f10e7", kill_on_drop: false }`
[INFO] [stdout] 048f04ab3852e4175a46af32c9c2ba713761b4fea65e2780ba9c4da5db9f10e7
[INFO] running `Command { std: "docker" "create" "-v" "/var/lib/crater-agent-workspace/builds/worker-5-tc1/target:/opt/rustwide/target:rw,Z" "-v" "/var/lib/crater-agent-workspace/builds/worker-5-tc1/source:/opt/rustwide/workdir:ro,Z" "-v" "/var/lib/crater-agent-workspace/cargo-home:/opt/rustwide/cargo-home:ro,Z" "-v" "/var/lib/crater-agent-workspace/rustup-home:/opt/rustwide/rustup-home:ro,Z" "-e" "SOURCE_DIR=/opt/rustwide/workdir" "-e" "CARGO_TARGET_DIR=/opt/rustwide/target" "-e" "CARGO_INCREMENTAL=0" "-e" "RUST_BACKTRACE=full" "-e" "RUSTFLAGS=--cap-lints=warn" "-e" "RUSTDOCFLAGS=--cap-lints=warn" "-e" "CARGO_HOME=/opt/rustwide/cargo-home" "-e" "RUSTUP_HOME=/opt/rustwide/rustup-home" "-w" "/opt/rustwide/workdir" "-m" "1610612736" "--user" "0:0" "--network" "none" "ghcr.io/rust-lang/crates-build-env/linux@sha256:2788e3201cd34a07e3172128adcd8b3090168a8e3bcc40d7c032b9dda1df7d1c" "/opt/rustwide/cargo-home/bin/cargo" "+1.75.0" "test" "--frozen" "--no-run" "--message-format=json", kill_on_drop: false }`
[INFO] [stdout] d855010fdb4d6dc1e500b309afbdbe8f14e563d058f1b85963e66079bf988ccb
[INFO] running `Command { std: "docker" "start" "-a" "d855010fdb4d6dc1e500b309afbdbe8f14e563d058f1b85963e66079bf988ccb", kill_on_drop: false }`
[INFO] [stderr]    Compiling futures-task v0.3.30
[INFO] [stderr]    Compiling tracing v0.1.40
[INFO] [stderr]    Compiling syn v2.0.48
[INFO] [stderr]    Compiling async-trait v0.1.77
[INFO] [stderr]    Compiling axum-core v0.3.4
[INFO] [stderr]    Compiling serde_json v1.0.111
[INFO] [stderr]    Compiling tower-layer v0.3.2
[INFO] [stderr]    Compiling axum v0.6.20
[INFO] [stderr]    Compiling sync_wrapper v0.1.2
[INFO] [stderr]    Compiling diff v0.1.13
[INFO] [stderr]    Compiling matchit v0.7.3
[INFO] [stderr]    Compiling yansi v0.5.1
[INFO] [stderr]    Compiling more-asserts v0.3.1
[INFO] [stderr]    Compiling futures-util v0.3.30
[INFO] [stderr]    Compiling pretty_assertions v1.4.0
[INFO] [stderr]    Compiling serde_derive v1.0.194
[INFO] [stderr]    Compiling tokio-macros v2.2.0
[INFO] [stderr]    Compiling openssl-macros v0.1.1
[INFO] [stderr]    Compiling phf_macros v0.11.2
[INFO] [stderr]    Compiling cssparser-macros v0.6.1
[INFO] [stderr]    Compiling pin-project-internal v1.1.3
[INFO] [stderr]    Compiling strum_macros v0.25.3
[INFO] [stderr]    Compiling openssl v0.10.62
[INFO] [stderr]    Compiling phf v0.11.2
[INFO] [stderr]    Compiling cssparser v0.31.2
[INFO] [stderr]    Compiling pin-project v1.1.3
[INFO] [stderr]    Compiling strum v0.25.0
[INFO] [stderr]    Compiling selectors v0.25.0
[INFO] [stderr]    Compiling serde v1.0.194
[INFO] [stderr]    Compiling native-tls v0.2.11
[INFO] [stderr]    Compiling bytes v1.5.0
[INFO] [stderr]    Compiling string_cache v0.8.7
[INFO] [stderr]    Compiling serde_urlencoded v0.7.1
[INFO] [stderr]    Compiling case_insensitive_string v0.2.3
[INFO] [stderr]    Compiling serde_path_to_error v0.1.15
[INFO] [stderr]    Compiling fast_markup5ever v0.11.0
[INFO] [stderr]    Compiling tokio v1.35.1
[INFO] [stderr]    Compiling http v0.2.11
[INFO] [stderr]    Compiling fast_html5ever v0.26.1
[INFO] [stderr]    Compiling http-body v0.4.6
[INFO] [stderr]    Compiling tokio-util v0.7.10
[INFO] [stderr]    Compiling tokio-native-tls v0.3.1
[INFO] [stderr]    Compiling tokio-rustls v0.24.1
[INFO] [stderr]    Compiling async-compression v0.4.5
[INFO] [stderr]    Compiling tokio-stream v0.1.14
[INFO] [stderr]    Compiling tower v0.4.13
[INFO] [stderr]    Compiling h2 v0.3.22
[INFO] [stderr]    Compiling hyper v0.14.28
[INFO] [stderr]    Compiling hyper-tls v0.5.0
[INFO] [stderr]    Compiling hyper-rustls v0.24.2
[INFO] [stderr]    Compiling reqwest v0.11.23
[INFO] [stderr]    Compiling spider v1.80.49
[INFO] [stderr]    Compiling auto_sitemap v0.2.1 (/opt/rustwide/workdir)
[INFO] [stdout] warning: use of deprecated associated function `chrono::DateTime::<Tz>::from_utc`: Use TimeZone::from_utc_datetime() or DateTime::from_naive_utc_and_offset instead
[INFO] [stdout]   --> tests/tests.rs:14:44
[INFO] [stdout]    |
[INFO] [stdout] 14 |             lastmod: Some(DateTime::<Utc>::from_utc(
[INFO] [stdout]    |                                            ^^^^^^^^
[INFO] [stdout]    |
[INFO] [stdout]    = note: `#[warn(deprecated)]` on by default
[INFO] [stdout] 
[INFO] [stdout] 
[INFO] [stdout] warning: 1 warning emitted
[INFO] [stdout] 
[INFO] [stdout] 
[INFO] [stderr]     Finished test [unoptimized + debuginfo] target(s) in 26.44s
[INFO] running `Command { std: "docker" "inspect" "d855010fdb4d6dc1e500b309afbdbe8f14e563d058f1b85963e66079bf988ccb", kill_on_drop: false }`
[INFO] running `Command { std: "docker" "rm" "-f" "d855010fdb4d6dc1e500b309afbdbe8f14e563d058f1b85963e66079bf988ccb", kill_on_drop: false }`
[INFO] [stdout] d855010fdb4d6dc1e500b309afbdbe8f14e563d058f1b85963e66079bf988ccb
[INFO] running `Command { std: "docker" "create" "-v" "/var/lib/crater-agent-workspace/builds/worker-5-tc1/target:/opt/rustwide/target:rw,Z" "-v" "/var/lib/crater-agent-workspace/builds/worker-5-tc1/source:/opt/rustwide/workdir:ro,Z" "-v" "/var/lib/crater-agent-workspace/cargo-home:/opt/rustwide/cargo-home:ro,Z" "-v" "/var/lib/crater-agent-workspace/rustup-home:/opt/rustwide/rustup-home:ro,Z" "-e" "SOURCE_DIR=/opt/rustwide/workdir" "-e" "CARGO_TARGET_DIR=/opt/rustwide/target" "-e" "CARGO_INCREMENTAL=0" "-e" "RUST_BACKTRACE=full" "-e" "RUSTFLAGS=--cap-lints=warn" "-e" "RUSTDOCFLAGS=--cap-lints=warn" "-e" "CARGO_HOME=/opt/rustwide/cargo-home" "-e" "RUSTUP_HOME=/opt/rustwide/rustup-home" "-w" "/opt/rustwide/workdir" "-m" "1610612736" "--user" "0:0" "--network" "none" "ghcr.io/rust-lang/crates-build-env/linux@sha256:2788e3201cd34a07e3172128adcd8b3090168a8e3bcc40d7c032b9dda1df7d1c" "/opt/rustwide/cargo-home/bin/cargo" "+1.75.0" "test" "--frozen", kill_on_drop: false }`
[INFO] [stdout] ef4f45a5f5ddd8e0b3d021918214af1dc53021a96675324ad83fe63df3f76ba9
[INFO] running `Command { std: "docker" "start" "-a" "ef4f45a5f5ddd8e0b3d021918214af1dc53021a96675324ad83fe63df3f76ba9", kill_on_drop: false }`
[INFO] [stderr] warning: use of deprecated associated function `chrono::DateTime::<Tz>::from_utc`: Use TimeZone::from_utc_datetime() or DateTime::from_naive_utc_and_offset instead
[INFO] [stderr]   --> tests/tests.rs:14:44
[INFO] [stderr]    |
[INFO] [stderr] 14 |             lastmod: Some(DateTime::<Utc>::from_utc(
[INFO] [stderr]    |                                            ^^^^^^^^
[INFO] [stderr]    |
[INFO] [stderr]    = note: `#[warn(deprecated)]` on by default
[INFO] [stderr] 
[INFO] [stderr] warning: `auto_sitemap` (test "tests") generated 1 warning
[INFO] [stderr]     Finished test [unoptimized + debuginfo] target(s) in 0.10s
[INFO] [stderr]      Running unittests src/lib.rs (/opt/rustwide/target/debug/deps/auto_sitemap-47c77e96b5b58b88)
[INFO] [stdout] 
[INFO] [stdout] running 0 tests
[INFO] [stdout] 
[INFO] [stdout] test result: ok. 0 passed; 0 failed; 0 ignored; 0 measured; 0 filtered out; finished in 0.00s
[INFO] [stdout] 
[INFO] [stderr]      Running tests/tests.rs (/opt/rustwide/target/debug/deps/tests-2a4a3a9a8680dbb1)
[INFO] [stdout] 
[INFO] [stdout] running 2 tests
[INFO] [stdout] test test_serialize_and_deserialize ... ok
[INFO] [stdout] test sitemap::test_generation_and_update ... FAILED
[INFO] [stdout] 
[INFO] [stdout] failures:
[INFO] [stdout] 
[INFO] [stdout] ---- sitemap::test_generation_and_update stdout ----
[INFO] [stdout] Listening on http://localhost:3000
[INFO] [stdout] thread 'sitemap::test_generation_and_update' panicked at tests/tests.rs:105:9:
[INFO] [stdout] assertion failed: `(left == right)`
[INFO] [stdout] 
[INFO] [stdout] [1mDiff[0m [31m< left[0m / [32mright >[0m :
[INFO] [stdout]  UpdateInfo {
[INFO] [stdout]      new_pages: [
[INFO] [stdout]          Url {
[INFO] [stdout]              scheme: "http",
[INFO] [stdout]              cannot_be_a_base: false,
[INFO] [stdout]              username: "",
[INFO] [stdout]              password: None,
[INFO] [stdout]              host: Some(
[INFO] [stdout]                  Domain(
[INFO] [stdout]                      "localhost",
[INFO] [stdout]                  ),
[INFO] [stdout]              ),
[INFO] [stdout]              port: Some(
[INFO] [stdout]                  3000,
[INFO] [stdout]              ),
[INFO] [stdout]              path: "/c",
[INFO] [stdout]              query: None,
[INFO] [stdout]              fragment: None,
[INFO] [stdout]          },
[INFO] [stdout] [31m<        Url {[0m
[INFO] [stdout] [31m<            scheme: "http",[0m
[INFO] [stdout] [31m<            cannot_be_a_base: false,[0m
[INFO] [stdout] [31m<            username: "",[0m
[INFO] [stdout] [31m<            password: None,[0m
[INFO] [stdout] [31m<            host: Some([0m
[INFO] [stdout] [31m<                Domain([0m
[INFO] [stdout] [31m<                    "localhost",[0m
[INFO] [stdout] [31m<                ),[0m
[INFO] [stdout] [31m<            ),[0m
[INFO] [stdout] [31m<            port: Some([0m
[INFO] [stdout] [31m<                3000,[0m
[INFO] [stdout] [31m<            ),[0m
[INFO] [stdout] [31m<            path: "/non-existent",[0m
[INFO] [stdout] [31m<            query: None,[0m
[INFO] [stdout] [31m<            fragment: None,[0m
[INFO] [stdout] [31m<        },[0m
[INFO] [stdout] [31m<        Url {[0m
[INFO] [stdout] [31m<            scheme: "http",[0m
[INFO] [stdout] [31m<            cannot_be_a_base: false,[0m
[INFO] [stdout] [31m<            username: "",[0m
[INFO] [stdout] [31m<            password: None,[0m
[INFO] [stdout] [31m<            host: Some([0m
[INFO] [stdout] [31m<                Domain([0m
[INFO] [stdout] [31m<                    "localhost",[0m
[INFO] [stdout] [31m<                ),[0m
[INFO] [stdout] [31m<            ),[0m
[INFO] [stdout] [31m<            port: Some([0m
[INFO] [stdout] [31m<                3000,[0m
[INFO] [stdout] [31m<            ),[0m
[INFO] [stdout] [31m<            path: "/root",[0m
[INFO] [stdout] [31m<            query: None,[0m
[INFO] [stdout] [31m<            fragment: None,[0m
[INFO] [stdout] [31m<        },[0m
[INFO] [stdout]      ],
[INFO] [stdout]      updated_pages: [
[INFO] [stdout]          Url {
[INFO] [stdout]              scheme: "http",
[INFO] [stdout]              cannot_be_a_base: false,
[INFO] [stdout]              username: "",
[INFO] [stdout]              password: None,
[INFO] [stdout]              host: Some(
[INFO] [stdout]                  Domain(
[INFO] [stdout]                      "localhost",
[INFO] [stdout]                  ),
[INFO] [stdout]              ),
[INFO] [stdout]              port: Some(
[INFO] [stdout]                  3000,
[INFO] [stdout]              ),
[INFO] [stdout]              path: "/a",
[INFO] [stdout]              query: None,
[INFO] [stdout]              fragment: None,
[INFO] [stdout]          },
[INFO] [stdout]          Url {
[INFO] [stdout]              scheme: "http",
[INFO] [stdout]              cannot_be_a_base: false,
[INFO] [stdout]              username: "",
[INFO] [stdout]              password: None,
[INFO] [stdout]              host: Some(
[INFO] [stdout]                  Domain(
[INFO] [stdout]                      "localhost",
[INFO] [stdout]                  ),
[INFO] [stdout]              ),
[INFO] [stdout]              port: Some(
[INFO] [stdout]                  3000,
[INFO] [stdout]              ),
[INFO] [stdout]              path: "/b",
[INFO] [stdout]              query: None,
[INFO] [stdout]              fragment: None,
[INFO] [stdout]          },
[INFO] [stdout]      ],
[INFO] [stdout]      unchanged_pages: [
[INFO] [stdout]          Url {
[INFO] [stdout]              scheme: "http",
[INFO] [stdout]              cannot_be_a_base: false,
[INFO] [stdout]              username: "",
[INFO] [stdout]              password: None,
[INFO] [stdout]              host: Some(
[INFO] [stdout]                  Domain(
[INFO] [stdout]                      "localhost",
[INFO] [stdout]                  ),
[INFO] [stdout]              ),
[INFO] [stdout]              port: Some(
[INFO] [stdout]                  3000,
[INFO] [stdout]              ),
[INFO] [stdout]              path: "/",
[INFO] [stdout]              query: None,
[INFO] [stdout]              fragment: None,
[INFO] [stdout]          },
[INFO] [stdout]      ],
[INFO] [stdout]      removed_pages: [
[INFO] [stdout]          Url {
[INFO] [stdout]              scheme: "http",
[INFO] [stdout]              cannot_be_a_base: false,
[INFO] [stdout]              username: "",
[INFO] [stdout]              password: None,
[INFO] [stdout]              host: Some(
[INFO] [stdout]                  Domain(
[INFO] [stdout]                      "localhost",
[INFO] [stdout]                  ),
[INFO] [stdout]              ),
[INFO] [stdout]              port: Some(
[INFO] [stdout]                  3000,
[INFO] [stdout]              ),
[INFO] [stdout]              path: "/old-nonexistent-page-with-hash",
[INFO] [stdout]              query: None,
[INFO] [stdout]              fragment: None,
[INFO] [stdout]          },
[INFO] [stdout]          Url {
[INFO] [stdout]              scheme: "http",
[INFO] [stdout]              cannot_be_a_base: false,
[INFO] [stdout]              username: "",
[INFO] [stdout]              password: None,
[INFO] [stdout]              host: Some(
[INFO] [stdout]                  Domain(
[INFO] [stdout]                      "localhost",
[INFO] [stdout]                  ),
[INFO] [stdout]              ),
[INFO] [stdout]              port: Some(
[INFO] [stdout]                  3000,
[INFO] [stdout]              ),
[INFO] [stdout]              path: "/old-nonexistent-page-without-hash",
[INFO] [stdout]              query: None,
[INFO] [stdout]              fragment: None,
[INFO] [stdout]          },
[INFO] [stdout]      ],
[INFO] [stdout]  }
[INFO] [stdout] 
[INFO] [stdout] 
[INFO] [stdout] stack backtrace:
[INFO] [stdout]    0:     0x5600ddb7fa5c - std::backtrace_rs::backtrace::libunwind::trace::ha637c64ce894333a
[INFO] [stdout]                                at /rustc/82e1608dfa6e0b5569232559e3d385fea5a93112/library/std/src/../../backtrace/src/backtrace/libunwind.rs:104:5
[INFO] [stdout]    1:     0x5600ddb7fa5c - std::backtrace_rs::backtrace::trace_unsynchronized::h47f62dea28e0c88d
[INFO] [stdout]                                at /rustc/82e1608dfa6e0b5569232559e3d385fea5a93112/library/std/src/../../backtrace/src/backtrace/mod.rs:66:5
[INFO] [stdout]    2:     0x5600ddb7fa5c - std::sys_common::backtrace::_print_fmt::h9eef0abe20ede486
[INFO] [stdout]                                at /rustc/82e1608dfa6e0b5569232559e3d385fea5a93112/library/std/src/sys_common/backtrace.rs:67:5
[INFO] [stdout]    3:     0x5600ddb7fa5c - <std::sys_common::backtrace::_print::DisplayBacktrace as core::fmt::Display>::fmt::hed7f999df88cc644
[INFO] [stdout]                                at /rustc/82e1608dfa6e0b5569232559e3d385fea5a93112/library/std/src/sys_common/backtrace.rs:44:22
[INFO] [stdout]    4:     0x5600ddbae6d0 - core::fmt::rt::Argument::fmt::h1539a9308b8d058d
[INFO] [stdout]                                at /rustc/82e1608dfa6e0b5569232559e3d385fea5a93112/library/core/src/fmt/rt.rs:142:9
[INFO] [stdout]    5:     0x5600ddbae6d0 - core::fmt::write::h3a39390d8560d9c9
[INFO] [stdout]                                at /rustc/82e1608dfa6e0b5569232559e3d385fea5a93112/library/core/src/fmt/mod.rs:1120:17
[INFO] [stdout]    6:     0x5600ddb7c92f - std::io::Write::write_fmt::h040b369f3a0f9cbc
[INFO] [stdout]                                at /rustc/82e1608dfa6e0b5569232559e3d385fea5a93112/library/std/src/io/mod.rs:1762:15
[INFO] [stdout]    7:     0x5600ddb7f844 - std::sys_common::backtrace::_print::h894006fb5c6f3d45
[INFO] [stdout]                                at /rustc/82e1608dfa6e0b5569232559e3d385fea5a93112/library/std/src/sys_common/backtrace.rs:47:5
[INFO] [stdout]    8:     0x5600ddb7f844 - std::sys_common::backtrace::print::h23a2d212c6fff936
[INFO] [stdout]                                at /rustc/82e1608dfa6e0b5569232559e3d385fea5a93112/library/std/src/sys_common/backtrace.rs:34:9
[INFO] [stdout]    9:     0x5600ddb81507 - std::panicking::default_hook::{{closure}}::h8a1d2ee00185001a
[INFO] [stdout]   10:     0x5600ddb811f3 - std::panicking::default_hook::h6038f2eba384e475
[INFO] [stdout]                                at /rustc/82e1608dfa6e0b5569232559e3d385fea5a93112/library/std/src/panicking.rs:289:9
[INFO] [stdout]   11:     0x5600dd28cd67 - <alloc::boxed::Box<F,A> as core::ops::function::Fn<Args>>::call::h0ad024c9bdc6d768
[INFO] [stdout]                                at /rustc/82e1608dfa6e0b5569232559e3d385fea5a93112/library/alloc/src/boxed.rs:2021:9
[INFO] [stdout]   12:     0x5600dd28cd67 - test::test_main::{{closure}}::h7500b54257359db6
[INFO] [stdout]                                at /rustc/82e1608dfa6e0b5569232559e3d385fea5a93112/library/test/src/lib.rs:138:21
[INFO] [stdout]   13:     0x5600ddb81b18 - <alloc::boxed::Box<F,A> as core::ops::function::Fn<Args>>::call::h1f8f335eaa9cfaee
[INFO] [stdout]                                at /rustc/82e1608dfa6e0b5569232559e3d385fea5a93112/library/alloc/src/boxed.rs:2021:9
[INFO] [stdout]   14:     0x5600ddb81b18 - std::panicking::rust_panic_with_hook::h2b5517d590cab22e
[INFO] [stdout]                                at /rustc/82e1608dfa6e0b5569232559e3d385fea5a93112/library/std/src/panicking.rs:783:13
[INFO] [stdout]   15:     0x5600ddb8186e - std::panicking::begin_panic_handler::{{closure}}::h233112c06e0ef43e
[INFO] [stdout]                                at /rustc/82e1608dfa6e0b5569232559e3d385fea5a93112/library/std/src/panicking.rs:657:13
[INFO] [stdout]   16:     0x5600ddb7ff26 - std::sys_common::backtrace::__rust_end_short_backtrace::h6e893f24d7ebbff8
[INFO] [stdout]                                at /rustc/82e1608dfa6e0b5569232559e3d385fea5a93112/library/std/src/sys_common/backtrace.rs:170:18
[INFO] [stdout]   17:     0x5600ddb815d2 - rust_begin_unwind
[INFO] [stdout]                                at /rustc/82e1608dfa6e0b5569232559e3d385fea5a93112/library/std/src/panicking.rs:645:5
[INFO] [stdout]   18:     0x5600dd10b695 - core::panicking::panic_fmt::hbf0e066aabfa482c
[INFO] [stdout]                                at /rustc/82e1608dfa6e0b5569232559e3d385fea5a93112/library/core/src/panicking.rs:72:14
[INFO] [stdout]   19:     0x5600dd22b6cb - tests::sitemap::test_generation_and_update::{{closure}}::hc904d74f6d1c23c7
[INFO] [stdout]                                at /opt/rustwide/workdir/tests/tests.rs:105:9
[INFO] [stdout]   20:     0x5600dd1f2f58 - <core::pin::Pin<P> as core::future::future::Future>::poll::hc470f9ca38c55e6b
[INFO] [stdout]                                at /rustc/82e1608dfa6e0b5569232559e3d385fea5a93112/library/core/src/future/future.rs:125:9
[INFO] [stdout]   21:     0x5600dd1f2e2b - <core::pin::Pin<P> as core::future::future::Future>::poll::h6778d4ff6d81ad8f
[INFO] [stdout]                                at /rustc/82e1608dfa6e0b5569232559e3d385fea5a93112/library/core/src/future/future.rs:125:9
[INFO] [stdout]   22:     0x5600dd12c884 - tokio::runtime::scheduler::current_thread::CoreGuard::block_on::{{closure}}::{{closure}}::{{closure}}::h8dff4f41db39d0d8
[INFO] [stdout]                                at /opt/rustwide/cargo-home/registry/src/index.crates.io-6f17d22bba15001f/tokio-1.35.1/src/runtime/scheduler/current_thread/mod.rs:665:57
[INFO] [stdout]   23:     0x5600dd12c7ba - tokio::runtime::coop::with_budget::hde8a0ae7a7929cb5
[INFO] [stdout]                                at /opt/rustwide/cargo-home/registry/src/index.crates.io-6f17d22bba15001f/tokio-1.35.1/src/runtime/coop.rs:107:5
[INFO] [stdout]   24:     0x5600dd12c7ba - tokio::runtime::coop::budget::h91a5148c41f29a50
[INFO] [stdout]                                at /opt/rustwide/cargo-home/registry/src/index.crates.io-6f17d22bba15001f/tokio-1.35.1/src/runtime/coop.rs:73:5
[INFO] [stdout]   25:     0x5600dd12c7ba - tokio::runtime::scheduler::current_thread::CoreGuard::block_on::{{closure}}::{{closure}}::h65e51133ae7f046a
[INFO] [stdout]                                at /opt/rustwide/cargo-home/registry/src/index.crates.io-6f17d22bba15001f/tokio-1.35.1/src/runtime/scheduler/current_thread/mod.rs:665:25
[INFO] [stdout]   26:     0x5600dd12b15c - tokio::runtime::scheduler::current_thread::Context::enter::h3a258deb856419e9
[INFO] [stdout]                                at /opt/rustwide/cargo-home/registry/src/index.crates.io-6f17d22bba15001f/tokio-1.35.1/src/runtime/scheduler/current_thread/mod.rs:410:19
[INFO] [stdout]   27:     0x5600dd12bfbb - tokio::runtime::scheduler::current_thread::CoreGuard::block_on::{{closure}}::h652a29b9036dce91
[INFO] [stdout]                                at /opt/rustwide/cargo-home/registry/src/index.crates.io-6f17d22bba15001f/tokio-1.35.1/src/runtime/scheduler/current_thread/mod.rs:664:36
[INFO] [stdout]   28:     0x5600dd12bccb - tokio::runtime::scheduler::current_thread::CoreGuard::enter::{{closure}}::h227537a2de490383
[INFO] [stdout]                                at /opt/rustwide/cargo-home/registry/src/index.crates.io-6f17d22bba15001f/tokio-1.35.1/src/runtime/scheduler/current_thread/mod.rs:743:68
[INFO] [stdout]   29:     0x5600dd16090b - tokio::runtime::context::scoped::Scoped<T>::set::hd4198ab978992f8e
[INFO] [stdout]                                at /opt/rustwide/cargo-home/registry/src/index.crates.io-6f17d22bba15001f/tokio-1.35.1/src/runtime/context/scoped.rs:40:9
[INFO] [stdout]   30:     0x5600dd1606b9 - tokio::runtime::context::set_scheduler::{{closure}}::hc670d4f4602d0173
[INFO] [stdout]                                at /opt/rustwide/cargo-home/registry/src/index.crates.io-6f17d22bba15001f/tokio-1.35.1/src/runtime/context.rs:176:26
[INFO] [stdout]   31:     0x5600dd1356f6 - std::thread::local::LocalKey<T>::try_with::hfcc35b28da752fa1
[INFO] [stdout]                                at /rustc/82e1608dfa6e0b5569232559e3d385fea5a93112/library/std/src/thread/local.rs:270:16
[INFO] [stdout]   32:     0x5600dd13405a - std::thread::local::LocalKey<T>::with::h86d1a01754fa3164
[INFO] [stdout]                                at /rustc/82e1608dfa6e0b5569232559e3d385fea5a93112/library/std/src/thread/local.rs:246:9
[INFO] [stdout]   33:     0x5600dd16066d - tokio::runtime::context::set_scheduler::he24f967feeb5c1f6
[INFO] [stdout]                                at /opt/rustwide/cargo-home/registry/src/index.crates.io-6f17d22bba15001f/tokio-1.35.1/src/runtime/context.rs:176:9
[INFO] [stdout]   34:     0x5600dd12ba60 - tokio::runtime::scheduler::current_thread::CoreGuard::enter::h21697c6fe8fd72f5
[INFO] [stdout]                                at /opt/rustwide/cargo-home/registry/src/index.crates.io-6f17d22bba15001f/tokio-1.35.1/src/runtime/scheduler/current_thread/mod.rs:743:27
[INFO] [stdout]   35:     0x5600dd12bcfd - tokio::runtime::scheduler::current_thread::CoreGuard::block_on::h08bbd7b490f6c4ea
[INFO] [stdout]                                at /opt/rustwide/cargo-home/registry/src/index.crates.io-6f17d22bba15001f/tokio-1.35.1/src/runtime/scheduler/current_thread/mod.rs:652:19
[INFO] [stdout]   36:     0x5600dd1297cd - tokio::runtime::scheduler::current_thread::CurrentThread::block_on::{{closure}}::hab129c0883076c8b
[INFO] [stdout]                                at /opt/rustwide/cargo-home/registry/src/index.crates.io-6f17d22bba15001f/tokio-1.35.1/src/runtime/scheduler/current_thread/mod.rs:175:28
[INFO] [stdout]   37:     0x5600dd23cb9a - tokio::runtime::context::runtime::enter_runtime::h936370956442c844
[INFO] [stdout]                                at /opt/rustwide/cargo-home/registry/src/index.crates.io-6f17d22bba15001f/tokio-1.35.1/src/runtime/context/runtime.rs:65:16
[INFO] [stdout]   38:     0x5600dd1296e0 - tokio::runtime::scheduler::current_thread::CurrentThread::block_on::hb004850a0b9f35e2
[INFO] [stdout]                                at /opt/rustwide/cargo-home/registry/src/index.crates.io-6f17d22bba15001f/tokio-1.35.1/src/runtime/scheduler/current_thread/mod.rs:167:9
[INFO] [stdout]   39:     0x5600dd1c187d - tokio::runtime::runtime::Runtime::block_on::h6d10dd91466374d2
[INFO] [stdout]                                at /opt/rustwide/cargo-home/registry/src/index.crates.io-6f17d22bba15001f/tokio-1.35.1/src/runtime/runtime.rs:348:47
[INFO] [stdout]   40:     0x5600dd229b97 - tests::sitemap::test_generation_and_update::h9776da33d5f58c63
[INFO] [stdout]                                at /opt/rustwide/workdir/tests/tests.rs:105:9
[INFO] [stdout]   41:     0x5600dd229a17 - tests::sitemap::test_generation_and_update::{{closure}}::h527fb92dd7b954ee
[INFO] [stdout]                                at /opt/rustwide/workdir/tests/tests.rs:44:42
[INFO] [stdout]   42:     0x5600dd18e976 - core::ops::function::FnOnce::call_once::ha0a1f5b85a53b3e1
[INFO] [stdout]                                at /rustc/82e1608dfa6e0b5569232559e3d385fea5a93112/library/core/src/ops/function.rs:250:5
[INFO] [stdout]   43:     0x5600dd2923bf - core::ops::function::FnOnce::call_once::h2b5d431d5046312d
[INFO] [stdout]                                at /rustc/82e1608dfa6e0b5569232559e3d385fea5a93112/library/core/src/ops/function.rs:250:5
[INFO] [stdout]   44:     0x5600dd2923bf - test::__rust_begin_short_backtrace::h7714669af176e207
[INFO] [stdout]                                at /rustc/82e1608dfa6e0b5569232559e3d385fea5a93112/library/test/src/lib.rs:628:18
[INFO] [stdout]   45:     0x5600dd2913d5 - test::run_test_in_process::{{closure}}::h85218797dcbcec12
[INFO] [stdout]                                at /rustc/82e1608dfa6e0b5569232559e3d385fea5a93112/library/test/src/lib.rs:651:60
[INFO] [stdout]   46:     0x5600dd2913d5 - <core::panic::unwind_safe::AssertUnwindSafe<F> as core::ops::function::FnOnce<()>>::call_once::h76c106ea31c14d7b
[INFO] [stdout]                                at /rustc/82e1608dfa6e0b5569232559e3d385fea5a93112/library/core/src/panic/unwind_safe.rs:272:9
[INFO] [stdout]   47:     0x5600dd2913d5 - std::panicking::try::do_call::h3bd5d0f6620ee946
[INFO] [stdout]                                at /rustc/82e1608dfa6e0b5569232559e3d385fea5a93112/library/std/src/panicking.rs:552:40
[INFO] [stdout]   48:     0x5600dd2913d5 - std::panicking::try::h232e535e4744fe31
[INFO] [stdout]                                at /rustc/82e1608dfa6e0b5569232559e3d385fea5a93112/library/std/src/panicking.rs:516:19
[INFO] [stdout]   49:     0x5600dd2913d5 - std::panic::catch_unwind::h3ce3bd6ca8dbac68
[INFO] [stdout]                                at /rustc/82e1608dfa6e0b5569232559e3d385fea5a93112/library/std/src/panic.rs:142:14
[INFO] [stdout]   50:     0x5600dd2913d5 - test::run_test_in_process::hc97b257c9621286a
[INFO] [stdout]                                at /rustc/82e1608dfa6e0b5569232559e3d385fea5a93112/library/test/src/lib.rs:651:27
[INFO] [stdout]   51:     0x5600dd2913d5 - test::run_test::{{closure}}::h2aa798823a438d38
[INFO] [stdout]                                at /rustc/82e1608dfa6e0b5569232559e3d385fea5a93112/library/test/src/lib.rs:574:43
[INFO] [stdout]   52:     0x5600dd259696 - test::run_test::{{closure}}::h87d231c78fb59832
[INFO] [stdout]                                at /rustc/82e1608dfa6e0b5569232559e3d385fea5a93112/library/test/src/lib.rs:602:41
[INFO] [stdout]   53:     0x5600dd259696 - std::sys_common::backtrace::__rust_begin_short_backtrace::he6df152596625789
[INFO] [stdout]                                at /rustc/82e1608dfa6e0b5569232559e3d385fea5a93112/library/std/src/sys_common/backtrace.rs:154:18
[INFO] [stdout]   54:     0x5600dd25e747 - std::thread::Builder::spawn_unchecked_::{{closure}}::{{closure}}::ha94be15d1e0acf36
[INFO] [stdout]                                at /rustc/82e1608dfa6e0b5569232559e3d385fea5a93112/library/std/src/thread/mod.rs:529:17
[INFO] [stdout]   55:     0x5600dd25e747 - <core::panic::unwind_safe::AssertUnwindSafe<F> as core::ops::function::FnOnce<()>>::call_once::h9dc6bd6372f16606
[INFO] [stdout]                                at /rustc/82e1608dfa6e0b5569232559e3d385fea5a93112/library/core/src/panic/unwind_safe.rs:272:9
[INFO] [stdout]   56:     0x5600dd25e747 - std::panicking::try::do_call::h9057517f80303cd4
[INFO] [stdout]                                at /rustc/82e1608dfa6e0b5569232559e3d385fea5a93112/library/std/src/panicking.rs:552:40
[INFO] [stdout]   57:     0x5600dd25e747 - std::panicking::try::he3a30b11ee45340c
[INFO] [stdout]                                at /rustc/82e1608dfa6e0b5569232559e3d385fea5a93112/library/std/src/panicking.rs:516:19
[INFO] [stdout]   58:     0x5600dd25e747 - std::panic::catch_unwind::h410458cfd3528b8b
[INFO] [stdout]                                at /rustc/82e1608dfa6e0b5569232559e3d385fea5a93112/library/std/src/panic.rs:142:14
[INFO] [stdout]   59:     0x5600dd25e747 - std::thread::Builder::spawn_unchecked_::{{closure}}::h72ac3bdb567b737b
[INFO] [stdout]                                at /rustc/82e1608dfa6e0b5569232559e3d385fea5a93112/library/std/src/thread/mod.rs:528:30
[INFO] [stdout]   60:     0x5600dd25e747 - core::ops::function::FnOnce::call_once{{vtable.shim}}::h38f34da3654a8344
[INFO] [stdout]                                at /rustc/82e1608dfa6e0b5569232559e3d385fea5a93112/library/core/src/ops/function.rs:250:5
[INFO] [stdout]   61:     0x5600ddb86835 - <alloc::boxed::Box<F,A> as core::ops::function::FnOnce<Args>>::call_once::hc7eafaff61e32df9
[INFO] [stdout]                                at /rustc/82e1608dfa6e0b5569232559e3d385fea5a93112/library/alloc/src/boxed.rs:2007:9
[INFO] [stdout]   62:     0x5600ddb86835 - <alloc::boxed::Box<F,A> as core::ops::function::FnOnce<Args>>::call_once::h6ba4a5de48dd2304
[INFO] [stdout]                                at /rustc/82e1608dfa6e0b5569232559e3d385fea5a93112/library/alloc/src/boxed.rs:2007:9
[INFO] [stdout]   63:     0x5600ddb86835 - std::sys::unix::thread::Thread::new::thread_start::he469335aef763e45
[INFO] [stdout]                                at /rustc/82e1608dfa6e0b5569232559e3d385fea5a93112/library/std/src/sys/unix/thread.rs:108:17
[INFO] [stdout]   64:     0x7fcdffb3eac3 - <unknown>
[INFO] [stdout]   65:     0x7fcdffbcfbf4 - __clone
[INFO] [stdout]   66:                0x0 - <unknown>
[INFO] [stdout] 
[INFO] [stdout] 
[INFO] [stdout] failures:
[INFO] [stdout]     sitemap::test_generation_and_update
[INFO] [stdout] 
[INFO] [stdout] test result: FAILED. 1 passed; 1 failed; 0 ignored; 0 measured; 0 filtered out; finished in 0.11s
[INFO] [stdout] 
[INFO] [stderr] error: test failed, to rerun pass `--test tests`
[INFO] running `Command { std: "docker" "inspect" "ef4f45a5f5ddd8e0b3d021918214af1dc53021a96675324ad83fe63df3f76ba9", kill_on_drop: false }`
[INFO] running `Command { std: "docker" "rm" "-f" "ef4f45a5f5ddd8e0b3d021918214af1dc53021a96675324ad83fe63df3f76ba9", kill_on_drop: false }`
[INFO] [stdout] ef4f45a5f5ddd8e0b3d021918214af1dc53021a96675324ad83fe63df3f76ba9
