[INFO] fetching crate auth0_rs 0.2.0...
[INFO] testing auth0_rs-0.2.0 against 1.75.0 for beta-1.76-1
[INFO] extracting crate auth0_rs 0.2.0 into /workspace/builds/worker-5-tc1/source
[INFO] validating manifest of crates.io crate auth0_rs 0.2.0 on toolchain 1.75.0
[INFO] running `Command { std: CARGO_HOME="/workspace/cargo-home" RUSTUP_HOME="/workspace/rustup-home" "/workspace/cargo-home/bin/cargo" "+1.75.0" "metadata" "--manifest-path" "Cargo.toml" "--no-deps", kill_on_drop: false }`
[INFO] started tweaking crates.io crate auth0_rs 0.2.0
[INFO] finished tweaking crates.io crate auth0_rs 0.2.0
[INFO] tweaked toml for crates.io crate auth0_rs 0.2.0 written to /workspace/builds/worker-5-tc1/source/Cargo.toml
[INFO] running `Command { std: CARGO_HOME="/workspace/cargo-home" RUSTUP_HOME="/workspace/rustup-home" "/workspace/cargo-home/bin/cargo" "+1.75.0" "generate-lockfile" "--manifest-path" "Cargo.toml", kill_on_drop: false }`
[INFO] [stderr]     Updating crates.io index
[INFO] running `Command { std: CARGO_HOME="/workspace/cargo-home" RUSTUP_HOME="/workspace/rustup-home" "/workspace/cargo-home/bin/cargo" "+1.75.0" "fetch" "--manifest-path" "Cargo.toml", kill_on_drop: false }`
[INFO] [stderr]  Downloading crates ...
[INFO] [stderr]   Downloaded jsonwebtoken v7.2.0
[INFO] [stderr]   Downloaded pem v0.8.3
[INFO] [stderr]   Downloaded simple_asn1 v0.4.1
[INFO] running `Command { std: "docker" "create" "-v" "/var/lib/crater-agent-workspace/builds/worker-5-tc1/target:/opt/rustwide/target:rw,Z" "-v" "/var/lib/crater-agent-workspace/builds/worker-5-tc1/source:/opt/rustwide/workdir:ro,Z" "-v" "/var/lib/crater-agent-workspace/cargo-home:/opt/rustwide/cargo-home:ro,Z" "-v" "/var/lib/crater-agent-workspace/rustup-home:/opt/rustwide/rustup-home:ro,Z" "-e" "SOURCE_DIR=/opt/rustwide/workdir" "-e" "CARGO_TARGET_DIR=/opt/rustwide/target" "-e" "CARGO_HOME=/opt/rustwide/cargo-home" "-e" "RUSTUP_HOME=/opt/rustwide/rustup-home" "-w" "/opt/rustwide/workdir" "-m" "1610612736" "--user" "0:0" "--network" "none" "ghcr.io/rust-lang/crates-build-env/linux@sha256:2788e3201cd34a07e3172128adcd8b3090168a8e3bcc40d7c032b9dda1df7d1c" "/opt/rustwide/cargo-home/bin/cargo" "+1.75.0" "metadata" "--no-deps" "--format-version=1", kill_on_drop: false }`
[INFO] [stdout] 4c1fe8f38790ef8207ff96034874b5c66700f538b0e8ae84f4e3e0bb2909aa7c
[INFO] running `Command { std: "docker" "start" "-a" "4c1fe8f38790ef8207ff96034874b5c66700f538b0e8ae84f4e3e0bb2909aa7c", kill_on_drop: false }`
[INFO] running `Command { std: "docker" "inspect" "4c1fe8f38790ef8207ff96034874b5c66700f538b0e8ae84f4e3e0bb2909aa7c", kill_on_drop: false }`
[INFO] running `Command { std: "docker" "rm" "-f" "4c1fe8f38790ef8207ff96034874b5c66700f538b0e8ae84f4e3e0bb2909aa7c", kill_on_drop: false }`
[INFO] [stdout] 4c1fe8f38790ef8207ff96034874b5c66700f538b0e8ae84f4e3e0bb2909aa7c
[INFO] running `Command { std: "docker" "create" "-v" "/var/lib/crater-agent-workspace/builds/worker-5-tc1/target:/opt/rustwide/target:rw,Z" "-v" "/var/lib/crater-agent-workspace/builds/worker-5-tc1/source:/opt/rustwide/workdir:ro,Z" "-v" "/var/lib/crater-agent-workspace/cargo-home:/opt/rustwide/cargo-home:ro,Z" "-v" "/var/lib/crater-agent-workspace/rustup-home:/opt/rustwide/rustup-home:ro,Z" "-e" "SOURCE_DIR=/opt/rustwide/workdir" "-e" "CARGO_TARGET_DIR=/opt/rustwide/target" "-e" "CARGO_INCREMENTAL=0" "-e" "RUST_BACKTRACE=full" "-e" "RUSTFLAGS=--cap-lints=warn" "-e" "RUSTDOCFLAGS=--cap-lints=warn" "-e" "CARGO_HOME=/opt/rustwide/cargo-home" "-e" "RUSTUP_HOME=/opt/rustwide/rustup-home" "-w" "/opt/rustwide/workdir" "-m" "1610612736" "--user" "0:0" "--network" "none" "ghcr.io/rust-lang/crates-build-env/linux@sha256:2788e3201cd34a07e3172128adcd8b3090168a8e3bcc40d7c032b9dda1df7d1c" "/opt/rustwide/cargo-home/bin/cargo" "+1.75.0" "build" "--frozen" "--message-format=json", kill_on_drop: false }`
[INFO] [stdout] 7018d23416929cc96261a710db6b9d2767a823e3416ffc20056911ef84a20061
[INFO] running `Command { std: "docker" "start" "-a" "7018d23416929cc96261a710db6b9d2767a823e3416ffc20056911ef84a20061", kill_on_drop: false }`
[INFO] [stderr]    Compiling num-integer v0.1.45
[INFO] [stderr]    Compiling num-bigint v0.2.6
[INFO] [stderr]    Compiling base64 v0.12.3
[INFO] [stderr]    Compiling cc v1.0.83
[INFO] [stderr]    Compiling chrono v0.4.31
[INFO] [stderr]    Compiling pem v0.8.3
[INFO] [stderr]    Compiling serde v1.0.194
[INFO] [stderr]    Compiling ring v0.16.20
[INFO] [stderr]    Compiling simple_asn1 v0.4.1
[INFO] [stderr]    Compiling serde_json v1.0.111
[INFO] [stderr]    Compiling jsonwebtoken v7.2.0
[INFO] [stderr]    Compiling auth0_rs v0.2.0 (/opt/rustwide/workdir)
[INFO] [stderr]     Finished dev [unoptimized + debuginfo] target(s) in 3.58s
[INFO] running `Command { std: "docker" "inspect" "7018d23416929cc96261a710db6b9d2767a823e3416ffc20056911ef84a20061", kill_on_drop: false }`
[INFO] running `Command { std: "docker" "rm" "-f" "7018d23416929cc96261a710db6b9d2767a823e3416ffc20056911ef84a20061", kill_on_drop: false }`
[INFO] [stdout] 7018d23416929cc96261a710db6b9d2767a823e3416ffc20056911ef84a20061
[INFO] running `Command { std: "docker" "create" "-v" "/var/lib/crater-agent-workspace/builds/worker-5-tc1/target:/opt/rustwide/target:rw,Z" "-v" "/var/lib/crater-agent-workspace/builds/worker-5-tc1/source:/opt/rustwide/workdir:ro,Z" "-v" "/var/lib/crater-agent-workspace/cargo-home:/opt/rustwide/cargo-home:ro,Z" "-v" "/var/lib/crater-agent-workspace/rustup-home:/opt/rustwide/rustup-home:ro,Z" "-e" "SOURCE_DIR=/opt/rustwide/workdir" "-e" "CARGO_TARGET_DIR=/opt/rustwide/target" "-e" "CARGO_INCREMENTAL=0" "-e" "RUST_BACKTRACE=full" "-e" "RUSTFLAGS=--cap-lints=warn" "-e" "RUSTDOCFLAGS=--cap-lints=warn" "-e" "CARGO_HOME=/opt/rustwide/cargo-home" "-e" "RUSTUP_HOME=/opt/rustwide/rustup-home" "-w" "/opt/rustwide/workdir" "-m" "1610612736" "--user" "0:0" "--network" "none" "ghcr.io/rust-lang/crates-build-env/linux@sha256:2788e3201cd34a07e3172128adcd8b3090168a8e3bcc40d7c032b9dda1df7d1c" "/opt/rustwide/cargo-home/bin/cargo" "+1.75.0" "test" "--frozen" "--no-run" "--message-format=json", kill_on_drop: false }`
[INFO] [stdout] 68a08604cebefd1bf392adc93964eef0a011ff08f12f14cecf50fa573de62b02
[INFO] running `Command { std: "docker" "start" "-a" "68a08604cebefd1bf392adc93964eef0a011ff08f12f14cecf50fa573de62b02", kill_on_drop: false }`
[INFO] [stderr]    Compiling auth0_rs v0.2.0 (/opt/rustwide/workdir)
[INFO] [stderr]     Finished test [unoptimized + debuginfo] target(s) in 1.30s
[INFO] running `Command { std: "docker" "inspect" "68a08604cebefd1bf392adc93964eef0a011ff08f12f14cecf50fa573de62b02", kill_on_drop: false }`
[INFO] running `Command { std: "docker" "rm" "-f" "68a08604cebefd1bf392adc93964eef0a011ff08f12f14cecf50fa573de62b02", kill_on_drop: false }`
[INFO] [stdout] 68a08604cebefd1bf392adc93964eef0a011ff08f12f14cecf50fa573de62b02
[INFO] running `Command { std: "docker" "create" "-v" "/var/lib/crater-agent-workspace/builds/worker-5-tc1/target:/opt/rustwide/target:rw,Z" "-v" "/var/lib/crater-agent-workspace/builds/worker-5-tc1/source:/opt/rustwide/workdir:ro,Z" "-v" "/var/lib/crater-agent-workspace/cargo-home:/opt/rustwide/cargo-home:ro,Z" "-v" "/var/lib/crater-agent-workspace/rustup-home:/opt/rustwide/rustup-home:ro,Z" "-e" "SOURCE_DIR=/opt/rustwide/workdir" "-e" "CARGO_TARGET_DIR=/opt/rustwide/target" "-e" "CARGO_INCREMENTAL=0" "-e" "RUST_BACKTRACE=full" "-e" "RUSTFLAGS=--cap-lints=warn" "-e" "RUSTDOCFLAGS=--cap-lints=warn" "-e" "CARGO_HOME=/opt/rustwide/cargo-home" "-e" "RUSTUP_HOME=/opt/rustwide/rustup-home" "-w" "/opt/rustwide/workdir" "-m" "1610612736" "--user" "0:0" "--network" "none" "ghcr.io/rust-lang/crates-build-env/linux@sha256:2788e3201cd34a07e3172128adcd8b3090168a8e3bcc40d7c032b9dda1df7d1c" "/opt/rustwide/cargo-home/bin/cargo" "+1.75.0" "test" "--frozen", kill_on_drop: false }`
[INFO] [stdout] 138a64ee99488d5c040deb93733fd8048e370960bb9f84237570d8086a90fbc4
[INFO] running `Command { std: "docker" "start" "-a" "138a64ee99488d5c040deb93733fd8048e370960bb9f84237570d8086a90fbc4", kill_on_drop: false }`
[INFO] [stderr]     Finished test [unoptimized + debuginfo] target(s) in 0.03s
[INFO] [stderr]      Running unittests src/lib.rs (/opt/rustwide/target/debug/deps/auth0_rs-3d6eec55f11a09db)
[INFO] [stdout] 
[INFO] [stdout] running 1 test
[INFO] [stdout] test tests::test_validation ... ok
[INFO] [stdout] 
[INFO] [stdout] test result: ok. 1 passed; 0 failed; 0 ignored; 0 measured; 0 filtered out; finished in 0.00s
[INFO] [stdout] 
[INFO] [stderr]    Doc-tests auth0_rs
[INFO] [stdout] 
[INFO] [stdout] running 2 tests
[INFO] [stdout] test src/lib.rs - Auth0::new (line 74) - compile ... FAILED
[INFO] [stdout] test src/lib.rs - Auth0::new (line 54) ... ok
[INFO] [stdout] 
[INFO] [stdout] failures:
[INFO] [stdout] 
[INFO] [stdout] ---- src/lib.rs - Auth0::new (line 74) stdout ----
[INFO] [stdout] error: expected one of `.`, `;`, `?`, `}`, or an operator, found `:`
[INFO] [stdout]  --> src/lib.rs:77:6
[INFO] [stdout]   |
[INFO] [stdout] 6 | "aud": "https://github.com/digizeph/auth0_rs",
[INFO] [stdout]   |      ^ expected one of `.`, `;`, `?`, `}`, or an operator
[INFO] [stdout] 
[INFO] [stdout] error: aborting due to previous error
[INFO] [stdout] 
[INFO] [stdout] Couldn't compile the test.
[INFO] [stdout] 
[INFO] [stdout] failures:
[INFO] [stdout]     src/lib.rs - Auth0::new (line 74)
[INFO] [stdout] 
[INFO] [stdout] test result: FAILED. 1 passed; 1 failed; 0 ignored; 0 measured; 0 filtered out; finished in 0.58s
[INFO] [stdout] 
[INFO] [stderr] error: doctest failed, to rerun pass `--doc`
[INFO] running `Command { std: "docker" "inspect" "138a64ee99488d5c040deb93733fd8048e370960bb9f84237570d8086a90fbc4", kill_on_drop: false }`
[INFO] running `Command { std: "docker" "rm" "-f" "138a64ee99488d5c040deb93733fd8048e370960bb9f84237570d8086a90fbc4", kill_on_drop: false }`
[INFO] [stdout] 138a64ee99488d5c040deb93733fd8048e370960bb9f84237570d8086a90fbc4
[INFO] testing auth0_rs-0.2.0 against beta-2023-12-22 for beta-1.76-1
[INFO] extracting crate auth0_rs 0.2.0 into /workspace/builds/worker-5-tc2/source
[INFO] validating manifest of crates.io crate auth0_rs 0.2.0 on toolchain beta-2023-12-22
[INFO] running `Command { std: CARGO_HOME="/workspace/cargo-home" RUSTUP_HOME="/workspace/rustup-home" "/workspace/cargo-home/bin/cargo" "+beta-2023-12-22" "metadata" "--manifest-path" "Cargo.toml" "--no-deps", kill_on_drop: false }`
[INFO] started tweaking crates.io crate auth0_rs 0.2.0
[INFO] finished tweaking crates.io crate auth0_rs 0.2.0
[INFO] tweaked toml for crates.io crate auth0_rs 0.2.0 written to /workspace/builds/worker-5-tc2/source/Cargo.toml
[INFO] running `Command { std: CARGO_HOME="/workspace/cargo-home" RUSTUP_HOME="/workspace/rustup-home" "/workspace/cargo-home/bin/cargo" "+beta-2023-12-22" "generate-lockfile" "--manifest-path" "Cargo.toml", kill_on_drop: false }`
[INFO] [stderr]     Updating crates.io index
[INFO] running `Command { std: CARGO_HOME="/workspace/cargo-home" RUSTUP_HOME="/workspace/rustup-home" "/workspace/cargo-home/bin/cargo" "+beta-2023-12-22" "fetch" "--manifest-path" "Cargo.toml", kill_on_drop: false }`
[INFO] running `Command { std: "docker" "create" "-v" "/var/lib/crater-agent-workspace/builds/worker-5-tc2/target:/opt/rustwide/target:rw,Z" "-v" "/var/lib/crater-agent-workspace/builds/worker-5-tc2/source:/opt/rustwide/workdir:ro,Z" "-v" "/var/lib/crater-agent-workspace/cargo-home:/opt/rustwide/cargo-home:ro,Z" "-v" "/var/lib/crater-agent-workspace/rustup-home:/opt/rustwide/rustup-home:ro,Z" "-e" "SOURCE_DIR=/opt/rustwide/workdir" "-e" "CARGO_TARGET_DIR=/opt/rustwide/target" "-e" "CARGO_HOME=/opt/rustwide/cargo-home" "-e" "RUSTUP_HOME=/opt/rustwide/rustup-home" "-w" "/opt/rustwide/workdir" "-m" "1610612736" "--user" "0:0" "--network" "none" "ghcr.io/rust-lang/crates-build-env/linux@sha256:2788e3201cd34a07e3172128adcd8b3090168a8e3bcc40d7c032b9dda1df7d1c" "/opt/rustwide/cargo-home/bin/cargo" "+beta-2023-12-22" "metadata" "--no-deps" "--format-version=1", kill_on_drop: false }`
[INFO] [stdout] 5274845a8fd927150cdda30a72f42b59a8885bc05a32b6f81e2b090143b9c302
[INFO] running `Command { std: "docker" "start" "-a" "5274845a8fd927150cdda30a72f42b59a8885bc05a32b6f81e2b090143b9c302", kill_on_drop: false }`
[INFO] running `Command { std: "docker" "inspect" "5274845a8fd927150cdda30a72f42b59a8885bc05a32b6f81e2b090143b9c302", kill_on_drop: false }`
[INFO] running `Command { std: "docker" "rm" "-f" "5274845a8fd927150cdda30a72f42b59a8885bc05a32b6f81e2b090143b9c302", kill_on_drop: false }`
[INFO] [stdout] 5274845a8fd927150cdda30a72f42b59a8885bc05a32b6f81e2b090143b9c302
[INFO] running `Command { std: "docker" "create" "-v" "/var/lib/crater-agent-workspace/builds/worker-5-tc2/target:/opt/rustwide/target:rw,Z" "-v" "/var/lib/crater-agent-workspace/builds/worker-5-tc2/source:/opt/rustwide/workdir:ro,Z" "-v" "/var/lib/crater-agent-workspace/cargo-home:/opt/rustwide/cargo-home:ro,Z" "-v" "/var/lib/crater-agent-workspace/rustup-home:/opt/rustwide/rustup-home:ro,Z" "-e" "SOURCE_DIR=/opt/rustwide/workdir" "-e" "CARGO_TARGET_DIR=/opt/rustwide/target" "-e" "CARGO_INCREMENTAL=0" "-e" "RUST_BACKTRACE=full" "-e" "RUSTFLAGS=--cap-lints=warn" "-e" "RUSTDOCFLAGS=--cap-lints=warn" "-e" "CARGO_HOME=/opt/rustwide/cargo-home" "-e" "RUSTUP_HOME=/opt/rustwide/rustup-home" "-w" "/opt/rustwide/workdir" "-m" "1610612736" "--user" "0:0" "--network" "none" "ghcr.io/rust-lang/crates-build-env/linux@sha256:2788e3201cd34a07e3172128adcd8b3090168a8e3bcc40d7c032b9dda1df7d1c" "/opt/rustwide/cargo-home/bin/cargo" "+beta-2023-12-22" "build" "--frozen" "--message-format=json", kill_on_drop: false }`
[INFO] [stdout] 94c7e77c0267b193bf2dad118de442b5bb033680a04e6564edfc2852345204ad
[INFO] running `Command { std: "docker" "start" "-a" "94c7e77c0267b193bf2dad118de442b5bb033680a04e6564edfc2852345204ad", kill_on_drop: false }`
[INFO] [stderr]    Compiling num-integer v0.1.45
[INFO] [stderr]    Compiling num-bigint v0.2.6
[INFO] [stderr]    Compiling base64 v0.12.3
[INFO] [stderr]    Compiling cc v1.0.83
[INFO] [stderr]    Compiling chrono v0.4.31
[INFO] [stderr]    Compiling pem v0.8.3
[INFO] [stderr]    Compiling serde v1.0.194
[INFO] [stderr]    Compiling ring v0.16.20
[INFO] [stderr]    Compiling simple_asn1 v0.4.1
[INFO] [stderr]    Compiling serde_json v1.0.111
[INFO] [stderr]    Compiling jsonwebtoken v7.2.0
[INFO] [stderr]    Compiling auth0_rs v0.2.0 (/opt/rustwide/workdir)
[INFO] [stderr]     Finished dev [unoptimized + debuginfo] target(s) in 3.58s
[INFO] running `Command { std: "docker" "inspect" "94c7e77c0267b193bf2dad118de442b5bb033680a04e6564edfc2852345204ad", kill_on_drop: false }`
[INFO] running `Command { std: "docker" "rm" "-f" "94c7e77c0267b193bf2dad118de442b5bb033680a04e6564edfc2852345204ad", kill_on_drop: false }`
[INFO] [stdout] 94c7e77c0267b193bf2dad118de442b5bb033680a04e6564edfc2852345204ad
[INFO] running `Command { std: "docker" "create" "-v" "/var/lib/crater-agent-workspace/builds/worker-5-tc2/target:/opt/rustwide/target:rw,Z" "-v" "/var/lib/crater-agent-workspace/builds/worker-5-tc2/source:/opt/rustwide/workdir:ro,Z" "-v" "/var/lib/crater-agent-workspace/cargo-home:/opt/rustwide/cargo-home:ro,Z" "-v" "/var/lib/crater-agent-workspace/rustup-home:/opt/rustwide/rustup-home:ro,Z" "-e" "SOURCE_DIR=/opt/rustwide/workdir" "-e" "CARGO_TARGET_DIR=/opt/rustwide/target" "-e" "CARGO_INCREMENTAL=0" "-e" "RUST_BACKTRACE=full" "-e" "RUSTFLAGS=--cap-lints=warn" "-e" "RUSTDOCFLAGS=--cap-lints=warn" "-e" "CARGO_HOME=/opt/rustwide/cargo-home" "-e" "RUSTUP_HOME=/opt/rustwide/rustup-home" "-w" "/opt/rustwide/workdir" "-m" "1610612736" "--user" "0:0" "--network" "none" "ghcr.io/rust-lang/crates-build-env/linux@sha256:2788e3201cd34a07e3172128adcd8b3090168a8e3bcc40d7c032b9dda1df7d1c" "/opt/rustwide/cargo-home/bin/cargo" "+beta-2023-12-22" "test" "--frozen" "--no-run" "--message-format=json", kill_on_drop: false }`
[INFO] [stdout] 02425640e762b3e76d5d09572ca4495abe33da97f95452f6f07386f1edd16ab3
[INFO] running `Command { std: "docker" "start" "-a" "02425640e762b3e76d5d09572ca4495abe33da97f95452f6f07386f1edd16ab3", kill_on_drop: false }`
[INFO] [stderr]    Compiling auth0_rs v0.2.0 (/opt/rustwide/workdir)
[INFO] [stderr]     Finished test [unoptimized + debuginfo] target(s) in 1.17s
[INFO] running `Command { std: "docker" "inspect" "02425640e762b3e76d5d09572ca4495abe33da97f95452f6f07386f1edd16ab3", kill_on_drop: false }`
[INFO] running `Command { std: "docker" "rm" "-f" "02425640e762b3e76d5d09572ca4495abe33da97f95452f6f07386f1edd16ab3", kill_on_drop: false }`
[INFO] [stdout] 02425640e762b3e76d5d09572ca4495abe33da97f95452f6f07386f1edd16ab3
[INFO] running `Command { std: "docker" "create" "-v" "/var/lib/crater-agent-workspace/builds/worker-5-tc2/target:/opt/rustwide/target:rw,Z" "-v" "/var/lib/crater-agent-workspace/builds/worker-5-tc2/source:/opt/rustwide/workdir:ro,Z" "-v" "/var/lib/crater-agent-workspace/cargo-home:/opt/rustwide/cargo-home:ro,Z" "-v" "/var/lib/crater-agent-workspace/rustup-home:/opt/rustwide/rustup-home:ro,Z" "-e" "SOURCE_DIR=/opt/rustwide/workdir" "-e" "CARGO_TARGET_DIR=/opt/rustwide/target" "-e" "CARGO_INCREMENTAL=0" "-e" "RUST_BACKTRACE=full" "-e" "RUSTFLAGS=--cap-lints=warn" "-e" "RUSTDOCFLAGS=--cap-lints=warn" "-e" "CARGO_HOME=/opt/rustwide/cargo-home" "-e" "RUSTUP_HOME=/opt/rustwide/rustup-home" "-w" "/opt/rustwide/workdir" "-m" "1610612736" "--user" "0:0" "--network" "none" "ghcr.io/rust-lang/crates-build-env/linux@sha256:2788e3201cd34a07e3172128adcd8b3090168a8e3bcc40d7c032b9dda1df7d1c" "/opt/rustwide/cargo-home/bin/cargo" "+beta-2023-12-22" "test" "--frozen", kill_on_drop: false }`
[INFO] [stdout] 04fc8706748eba3eddb231ea512a306ea934ecefa8668ce04ba61a85ccd9b837
[INFO] running `Command { std: "docker" "start" "-a" "04fc8706748eba3eddb231ea512a306ea934ecefa8668ce04ba61a85ccd9b837", kill_on_drop: false }`
[INFO] [stderr]     Finished test [unoptimized + debuginfo] target(s) in 0.03s
[INFO] [stderr]      Running unittests src/lib.rs (/opt/rustwide/target/debug/deps/auth0_rs-7f0df4672fe999fd)
[INFO] [stdout] 
[INFO] [stdout] running 1 test
[INFO] [stdout] test tests::test_validation ... ok
[INFO] [stdout] 
[INFO] [stdout] test result: ok. 1 passed; 0 failed; 0 ignored; 0 measured; 0 filtered out; finished in 0.00s
[INFO] [stdout] 
[INFO] [stderr]    Doc-tests auth0_rs
[INFO] [stdout] 
[INFO] [stdout] running 2 tests
[INFO] [stdout] test src/lib.rs - Auth0::new (line 74) - compile ... FAILED
[INFO] [stdout] test src/lib.rs - Auth0::new (line 54) ... ok
[INFO] [stdout] 
[INFO] [stdout] failures:
[INFO] [stdout] 
[INFO] [stdout] ---- src/lib.rs - Auth0::new (line 74) stdout ----
[INFO] [stdout] error: expected one of `.`, `;`, `?`, `}`, or an operator, found `:`
[INFO] [stdout]  --> src/lib.rs:77:6
[INFO] [stdout]   |
[INFO] [stdout] 6 | "aud": "https://github.com/digizeph/auth0_rs",
[INFO] [stdout]   |      ^ expected one of `.`, `;`, `?`, `}`, or an operator
[INFO] [stdout] 
[INFO] [stdout] error: aborting due to 1 previous error
[INFO] [stdout] 
[INFO] [stdout] Couldn't compile the test.
[INFO] [stdout] 
[INFO] [stdout] failures:
[INFO] [stdout]     src/lib.rs - Auth0::new (line 74)
[INFO] [stdout] 
[INFO] [stdout] test result: FAILED. 1 passed; 1 failed; 0 ignored; 0 measured; 0 filtered out; finished in 0.52s
[INFO] [stdout] 
[INFO] [stderr] error: doctest failed, to rerun pass `--doc`
[INFO] running `Command { std: "docker" "inspect" "04fc8706748eba3eddb231ea512a306ea934ecefa8668ce04ba61a85ccd9b837", kill_on_drop: false }`
[INFO] running `Command { std: "docker" "rm" "-f" "04fc8706748eba3eddb231ea512a306ea934ecefa8668ce04ba61a85ccd9b837", kill_on_drop: false }`
[INFO] [stdout] 04fc8706748eba3eddb231ea512a306ea934ecefa8668ce04ba61a85ccd9b837
