[INFO] fetching crate atuin-client 17.0.1...
[INFO] testing atuin-client-17.0.1 against 1.75.0 for beta-1.76-1
[INFO] extracting crate atuin-client 17.0.1 into /workspace/builds/worker-2-tc1/source
[INFO] validating manifest of crates.io crate atuin-client 17.0.1 on toolchain 1.75.0
[INFO] running `Command { std: CARGO_HOME="/workspace/cargo-home" RUSTUP_HOME="/workspace/rustup-home" "/workspace/cargo-home/bin/cargo" "+1.75.0" "metadata" "--manifest-path" "Cargo.toml" "--no-deps", kill_on_drop: false }`
[INFO] started tweaking crates.io crate atuin-client 17.0.1
[INFO] finished tweaking crates.io crate atuin-client 17.0.1
[INFO] tweaked toml for crates.io crate atuin-client 17.0.1 written to /workspace/builds/worker-2-tc1/source/Cargo.toml
[INFO] running `Command { std: CARGO_HOME="/workspace/cargo-home" RUSTUP_HOME="/workspace/rustup-home" "/workspace/cargo-home/bin/cargo" "+1.75.0" "generate-lockfile" "--manifest-path" "Cargo.toml", kill_on_drop: false }`
[INFO] [stderr]     Updating crates.io index
[INFO] running `Command { std: CARGO_HOME="/workspace/cargo-home" RUSTUP_HOME="/workspace/rustup-home" "/workspace/cargo-home/bin/cargo" "+1.75.0" "fetch" "--manifest-path" "Cargo.toml", kill_on_drop: false }`
[INFO] [stderr]  Downloading crates ...
[INFO] [stderr]   Downloaded ed25519 v1.5.3
[INFO] [stderr]   Downloaded universal-hash v0.5.1
[INFO] [stderr]   Downloaded typed-builder-macro v0.15.2
[INFO] [stderr]   Downloaded sqlx-macros-core v0.7.3
[INFO] [stderr]   Downloaded eyre v0.6.11
[INFO] [stderr]   Downloaded sqlx v0.7.3
[INFO] [stderr]   Downloaded ed25519 v2.2.3
[INFO] [stderr]   Downloaded chacha20 v0.9.1
[INFO] [stderr]   Downloaded minspan v0.1.1
[INFO] [stderr]   Downloaded pkcs1 v0.7.5
[INFO] [stderr]   Downloaded ed25519-dalek v1.0.1
[INFO] [stderr]   Downloaded crc-catalog v2.4.0
[INFO] [stderr]   Downloaded etcetera v0.8.0
[INFO] [stderr]   Downloaded shellexpand v3.1.0
[INFO] [stderr]   Downloaded atoi v2.0.0
[INFO] [stderr]   Downloaded curve25519-dalek v4.1.1
[INFO] [stderr]   Downloaded nix v0.27.1
[INFO] [stderr]   Downloaded interim v0.1.1
[INFO] [stderr]   Downloaded libsqlite3-sys v0.27.0
[INFO] [stderr]   Downloaded fiat-crypto v0.2.5
[INFO] [stderr]   Downloaded typed-builder v0.15.2
[INFO] [stderr]   Downloaded iso8601 v0.4.2
[INFO] [stderr]   Downloaded serde_json v1.0.109
[INFO] [stderr]   Downloaded inout v0.1.3
[INFO] [stderr]   Downloaded ed25519-dalek v2.1.0
[INFO] [stderr]   Downloaded sqlx-postgres v0.7.3
[INFO] [stderr]   Downloaded config v0.13.4
[INFO] [stderr]   Downloaded crypto_secretbox v0.1.1
[INFO] [stderr]   Downloaded serde_derive v1.0.171
[INFO] [stderr]   Downloaded rsa v0.9.6
[INFO] [stderr]   Downloaded logos v0.13.0
[INFO] [stderr]   Downloaded logos-codegen v0.13.0
[INFO] [stderr]   Downloaded curve25519-dalek-derive v0.1.1
[INFO] [stderr]   Downloaded time v0.3.26
[INFO] [stderr]   Downloaded password-hash v0.5.0
[INFO] [stderr]   Downloaded sqlx-core v0.7.3
[INFO] [stderr]   Downloaded parse_duration v2.1.1
[INFO] [stderr]   Downloaded cipher v0.4.4
[INFO] [stderr]   Downloaded indenter v0.3.3
[INFO] [stderr]   Downloaded crc v3.0.1
[INFO] [stderr]   Downloaded pem-rfc7468 v0.7.0
[INFO] [stderr]   Downloaded urlencoding v2.1.3
[INFO] [stderr]   Downloaded blake2 v0.9.2
[INFO] [stderr]   Downloaded atomic-write-file v0.1.2
[INFO] [stderr]   Downloaded serde v1.0.171
[INFO] [stderr]   Downloaded anstyle-wincon v3.0.2
[INFO] [stderr]   Downloaded logos-derive v0.13.0
[INFO] [stderr]   Downloaded argon2 v0.5.2
[INFO] [stderr]   Downloaded sql-builder v3.1.1
[INFO] [stderr]   Downloaded sqlx-sqlite v0.7.3
[INFO] [stderr]   Downloaded sqlx-mysql v0.7.3
[INFO] [stderr]   Downloaded num v0.2.1
[INFO] [stderr]   Downloaded sqlx-macros v0.7.3
[INFO] [stderr]   Downloaded platforms v3.3.0
[INFO] [stderr]   Downloaded anstyle-parse v0.2.3
[INFO] [stderr]   Downloaded atuin-common v17.1.0
[INFO] [stderr]   Downloaded anstyle-query v1.0.2
[INFO] [stderr]   Downloaded aead v0.5.2
[INFO] [stderr]   Downloaded salsa20 v0.10.2
[INFO] [stderr]   Downloaded beef v0.5.2
[INFO] [stderr]   Downloaded blake2 v0.10.6
[INFO] [stderr]   Downloaded fs-err v2.11.0
[INFO] [stderr]   Downloaded serde_regex v1.1.0
[INFO] [stderr]   Downloaded poly1305 v0.8.0
[INFO] [stderr]   Downloaded anstream v0.6.5
[INFO] [stderr]   Downloaded num-bigint v0.2.6
[INFO] [stderr]   Downloaded time-macros v0.2.12
[INFO] [stderr]   Downloaded futures-intrusive v0.5.0
[INFO] [stderr]   Downloaded chacha20 v0.8.2
[INFO] [stderr]   Downloaded rusty_paserk v0.2.3
[INFO] [stderr]   Downloaded rusty_paseto v0.5.0
[INFO] running `Command { std: "docker" "create" "-v" "/var/lib/crater-agent-workspace/builds/worker-2-tc1/target:/opt/rustwide/target:rw,Z" "-v" "/var/lib/crater-agent-workspace/builds/worker-2-tc1/source:/opt/rustwide/workdir:ro,Z" "-v" "/var/lib/crater-agent-workspace/cargo-home:/opt/rustwide/cargo-home:ro,Z" "-v" "/var/lib/crater-agent-workspace/rustup-home:/opt/rustwide/rustup-home:ro,Z" "-e" "SOURCE_DIR=/opt/rustwide/workdir" "-e" "CARGO_TARGET_DIR=/opt/rustwide/target" "-e" "CARGO_HOME=/opt/rustwide/cargo-home" "-e" "RUSTUP_HOME=/opt/rustwide/rustup-home" "-w" "/opt/rustwide/workdir" "-m" "1610612736" "--user" "0:0" "--network" "none" "ghcr.io/rust-lang/crates-build-env/linux@sha256:2788e3201cd34a07e3172128adcd8b3090168a8e3bcc40d7c032b9dda1df7d1c" "/opt/rustwide/cargo-home/bin/cargo" "+1.75.0" "metadata" "--no-deps" "--format-version=1", kill_on_drop: false }`
[INFO] [stdout] 91957726af7d25dcce72c929c632c32e9276ad5f6b19e04dc48a8e7ca9a6ccb0
[INFO] running `Command { std: "docker" "start" "-a" "91957726af7d25dcce72c929c632c32e9276ad5f6b19e04dc48a8e7ca9a6ccb0", kill_on_drop: false }`
[INFO] running `Command { std: "docker" "inspect" "91957726af7d25dcce72c929c632c32e9276ad5f6b19e04dc48a8e7ca9a6ccb0", kill_on_drop: false }`
[INFO] running `Command { std: "docker" "rm" "-f" "91957726af7d25dcce72c929c632c32e9276ad5f6b19e04dc48a8e7ca9a6ccb0", kill_on_drop: false }`
[INFO] [stdout] 91957726af7d25dcce72c929c632c32e9276ad5f6b19e04dc48a8e7ca9a6ccb0
[INFO] running `Command { std: "docker" "create" "-v" "/var/lib/crater-agent-workspace/builds/worker-2-tc1/target:/opt/rustwide/target:rw,Z" "-v" "/var/lib/crater-agent-workspace/builds/worker-2-tc1/source:/opt/rustwide/workdir:ro,Z" "-v" "/var/lib/crater-agent-workspace/cargo-home:/opt/rustwide/cargo-home:ro,Z" "-v" "/var/lib/crater-agent-workspace/rustup-home:/opt/rustwide/rustup-home:ro,Z" "-e" "SOURCE_DIR=/opt/rustwide/workdir" "-e" "CARGO_TARGET_DIR=/opt/rustwide/target" "-e" "CARGO_INCREMENTAL=0" "-e" "RUST_BACKTRACE=full" "-e" "RUSTFLAGS=--cap-lints=warn" "-e" "RUSTDOCFLAGS=--cap-lints=warn" "-e" "CARGO_HOME=/opt/rustwide/cargo-home" "-e" "RUSTUP_HOME=/opt/rustwide/rustup-home" "-w" "/opt/rustwide/workdir" "-m" "1610612736" "--user" "0:0" "--network" "none" "ghcr.io/rust-lang/crates-build-env/linux@sha256:2788e3201cd34a07e3172128adcd8b3090168a8e3bcc40d7c032b9dda1df7d1c" "/opt/rustwide/cargo-home/bin/cargo" "+1.75.0" "build" "--frozen" "--message-format=json", kill_on_drop: false }`
[INFO] [stdout] 78f641663b7e90a298ecf433d3bf08d7b1f5c8614c951a28cb96470be759cfc1
[INFO] running `Command { std: "docker" "start" "-a" "78f641663b7e90a298ecf433d3bf08d7b1f5c8614c951a28cb96470be759cfc1", kill_on_drop: false }`
[INFO] [stderr]    Compiling serde v1.0.171
[INFO] [stderr]    Compiling subtle v2.5.0
[INFO] [stderr]    Compiling generic-array v0.14.7
[INFO] [stderr]    Compiling num-traits v0.2.17
[INFO] [stderr]    Compiling futures-channel v0.3.30
[INFO] [stderr]    Compiling allocator-api2 v0.2.16
[INFO] [stderr]    Compiling syn v2.0.48
[INFO] [stderr]    Compiling parking_lot_core v0.9.9
[INFO] [stderr]    Compiling signal-hook-registry v1.4.1
[INFO] [stderr]    Compiling socket2 v0.5.5
[INFO] [stderr]    Compiling mio v0.8.10
[INFO] [stderr]    Compiling num_cpus v1.16.0
[INFO] [stderr]    Compiling ring v0.17.7
[INFO] [stderr]    Compiling spin v0.9.8
[INFO] [stderr]    Compiling ahash v0.8.7
[INFO] [stderr]    Compiling minimal-lexical v0.2.1
[INFO] [stderr]    Compiling time-core v0.1.1
[INFO] [stderr]    Compiling parking_lot v0.12.1
[INFO] [stderr]    Compiling nom v7.1.3
[INFO] [stderr]    Compiling rustls v0.21.10
[INFO] [stderr]    Compiling byteorder v1.5.0
[INFO] [stderr]    Compiling time-macros v0.2.12
[INFO] [stderr]    Compiling unicode-normalization v0.1.22
[INFO] [stderr]    Compiling unicode-bidi v0.3.14
[INFO] [stderr]    Compiling num_threads v0.1.6
[INFO] [stderr]    Compiling hashbrown v0.14.3
[INFO] [stderr]    Compiling serde_json v1.0.109
[INFO] [stderr]    Compiling crossbeam-utils v0.8.18
[INFO] [stderr]    Compiling rustls-pemfile v1.0.4
[INFO] [stderr]    Compiling getrandom v0.1.16
[INFO] [stderr]    Compiling hex v0.4.3
[INFO] [stderr]    Compiling crc-catalog v2.4.0
[INFO] [stderr]    Compiling unicode_categories v0.1.1
[INFO] [stderr]    Compiling semver v1.0.21
[INFO] [stderr]    Compiling crc v3.0.1
[INFO] [stderr]    Compiling libsqlite3-sys v0.27.0
[INFO] [stderr]    Compiling idna v0.5.0
[INFO] [stderr]    Compiling futures-intrusive v0.5.0
[INFO] [stderr]    Compiling num-integer v0.1.45
[INFO] [stderr]    Compiling webpki-roots v0.25.3
[INFO] [stderr]    Compiling rustix v0.38.28
[INFO] [stderr]    Compiling dotenvy v0.15.7
[INFO] [stderr]    Compiling heck v0.4.1
[INFO] [stderr]    Compiling indexmap v2.1.0
[INFO] [stderr]    Compiling url v2.5.0
[INFO] [stderr]    Compiling crossbeam-queue v0.3.10
[INFO] [stderr]    Compiling hashlink v0.8.4
[INFO] [stderr]    Compiling rand_core v0.5.1
[INFO] [stderr]    Compiling atoi v2.0.0
[INFO] [stderr]    Compiling linux-raw-sys v0.4.12
[INFO] [stderr]    Compiling finl_unicode v1.2.0
[INFO] [stderr]    Compiling syn v1.0.109
[INFO] [stderr]    Compiling rustc_version v0.4.0
[INFO] [stderr]    Compiling nix v0.27.1
[INFO] [stderr]    Compiling flume v0.11.0
[INFO] [stderr]    Compiling num-bigint v0.2.6
[INFO] [stderr]    Compiling platforms v3.3.0
[INFO] [stderr]    Compiling home v0.5.9
[INFO] [stderr]    Compiling stringprep v0.1.4
[INFO] [stderr]    Compiling whoami v1.4.1
[INFO] [stderr]    Compiling fastrand v2.0.1
[INFO] [stderr]    Compiling urlencoding v2.1.3
[INFO] [stderr]    Compiling rand_chacha v0.2.2
[INFO] [stderr]    Compiling curve25519-dalek v4.1.1
[INFO] [stderr]    Compiling ring v0.16.20
[INFO] [stderr]    Compiling num-iter v0.1.43
[INFO] [stderr]    Compiling num-rational v0.2.4
[INFO] [stderr]    Compiling num-complex v0.2.4
[INFO] [stderr]    Compiling signature v1.6.4
[INFO] [stderr]    Compiling regex-syntax v0.6.29
[INFO] [stderr]    Compiling beef v0.5.2
[INFO] [stderr]    Compiling utf8parse v0.2.1
[INFO] [stderr]    Compiling try-lock v0.2.5
[INFO] [stderr]    Compiling anstyle-parse v0.2.3
[INFO] [stderr]    Compiling want v0.3.1
[INFO] [stderr]    Compiling ed25519 v1.5.3
[INFO] [stderr]    Compiling rand v0.7.3
[INFO] [stderr]    Compiling http-body v0.4.6
[INFO] [stderr]    Compiling eyre v0.6.11
[INFO] [stderr]    Compiling tower-service v0.3.2
[INFO] [stderr]    Compiling colorchoice v1.0.0
[INFO] [stderr]    Compiling atomic-write-file v0.1.2
[INFO] [stderr]    Compiling base64ct v1.6.0
[INFO] [stderr]    Compiling signature v2.2.0
[INFO] [stderr]    Compiling anstyle v1.0.4
[INFO] [stderr]    Compiling option-ext v0.2.0
[INFO] [stderr]    Compiling anstyle-query v1.0.2
[INFO] [stderr]    Compiling dirs-sys v0.4.1
[INFO] [stderr]    Compiling password-hash v0.5.0
[INFO] [stderr]    Compiling ed25519 v2.2.3
[INFO] [stderr]    Compiling anstream v0.6.5
[INFO] [stderr]    Compiling iso8601 v0.4.2
[INFO] [stderr]    Compiling fs-err v2.11.0
[INFO] [stderr]    Compiling openssl-probe v0.1.5
[INFO] [stderr]    Compiling indenter v0.3.3
[INFO] [stderr]    Compiling clap_lex v0.6.0
[INFO] [stderr]    Compiling rustls-native-certs v0.6.3
[INFO] [stderr]    Compiling dirs v5.0.1
[INFO] [stderr]    Compiling tempfile v3.9.0
[INFO] [stderr]    Compiling clap_builder v4.4.12
[INFO] [stderr]    Compiling dirs-sys v0.3.7
[INFO] [stderr]    Compiling ipnet v2.9.0
[INFO] [stderr]    Compiling pathdiff v0.2.1
[INFO] [stderr]    Compiling num v0.2.1
[INFO] [stderr]    Compiling directories v4.0.1
[INFO] [stderr]    Compiling parse_duration v2.1.1
[INFO] [stderr]    Compiling shellexpand v3.1.0
[INFO] [stderr]    Compiling rmp v0.8.12
[INFO] [stderr]    Compiling minspan v0.1.1
[INFO] [stderr]    Compiling logos-codegen v0.13.0
[INFO] [stderr]    Compiling rustls-webpki v0.101.7
[INFO] [stderr]    Compiling sct v0.7.1
[INFO] [stderr]    Compiling serde_derive v1.0.171
[INFO] [stderr]    Compiling zeroize_derive v1.4.2
[INFO] [stderr]    Compiling tokio-macros v2.2.0
[INFO] [stderr]    Compiling futures-macro v0.3.30
[INFO] [stderr]    Compiling tracing-attributes v0.1.27
[INFO] [stderr]    Compiling thiserror-impl v1.0.56
[INFO] [stderr]    Compiling curve25519-dalek-derive v0.1.1
[INFO] [stderr]    Compiling typed-builder-macro v0.15.2
[INFO] [stderr]    Compiling async-trait v0.1.77
[INFO] [stderr]    Compiling clap_derive v4.4.7
[INFO] [stderr]    Compiling zeroize v1.7.0
[INFO] [stderr]    Compiling logos-derive v0.13.0
[INFO] [stderr]    Compiling tokio v1.35.1
[INFO] [stderr]    Compiling futures-util v0.3.30
[INFO] [stderr]    Compiling typed-builder v0.15.2
[INFO] [stderr]    Compiling thiserror v1.0.56
[INFO] [stderr]    Compiling sql-builder v3.1.1
[INFO] [stderr]    Compiling logos v0.13.0
[INFO] [stderr]    Compiling tracing v0.1.40
[INFO] [stderr]    Compiling clap v4.4.13
[INFO] [stderr]    Compiling futures-executor v0.3.30
[INFO] [stderr]    Compiling futures v0.3.30
[INFO] [stderr]    Compiling tokio-stream v0.1.14
[INFO] [stderr]    Compiling tokio-util v0.7.10
[INFO] [stderr]    Compiling tokio-rustls v0.24.1
[INFO] [stderr]    Compiling h2 v0.3.22
[INFO] [stderr]    Compiling deranged v0.3.11
[INFO] [stderr]    Compiling either v1.9.0
[INFO] [stderr]    Compiling uuid v1.6.1
[INFO] [stderr]    Compiling serde_urlencoded v0.7.1
[INFO] [stderr]    Compiling toml v0.5.11
[INFO] [stderr]    Compiling serde_regex v1.1.0
[INFO] [stderr]    Compiling itertools v0.12.0
[INFO] [stderr]    Compiling itertools v0.11.0
[INFO] [stderr]    Compiling crypto-common v0.1.6
[INFO] [stderr]    Compiling block-buffer v0.10.4
[INFO] [stderr]    Compiling digest v0.9.0
[INFO] [stderr]    Compiling inout v0.1.3
[INFO] [stderr]    Compiling block-buffer v0.9.0
[INFO] [stderr]    Compiling crypto-mac v0.8.0
[INFO] [stderr]    Compiling cipher v0.3.0
[INFO] [stderr]    Compiling universal-hash v0.5.1
[INFO] [stderr]    Compiling aead v0.5.2
[INFO] [stderr]    Compiling digest v0.10.7
[INFO] [stderr]    Compiling cipher v0.4.4
[INFO] [stderr]    Compiling curve25519-dalek v3.2.0
[INFO] [stderr]    Compiling sha2 v0.9.9
[INFO] [stderr]    Compiling blake2 v0.9.2
[INFO] [stderr]    Compiling chacha20 v0.8.2
[INFO] [stderr]    Compiling poly1305 v0.8.0
[INFO] [stderr]    Compiling sha2 v0.10.8
[INFO] [stderr]    Compiling hmac v0.12.1
[INFO] [stderr]    Compiling md-5 v0.10.6
[INFO] [stderr]    Compiling sha1 v0.10.6
[INFO] [stderr]    Compiling hkdf v0.12.4
[INFO] [stderr]    Compiling blake2 v0.10.6
[INFO] [stderr]    Compiling salsa20 v0.10.2
[INFO] [stderr]    Compiling time v0.3.26
[INFO] [stderr]    Compiling chacha20 v0.9.1
[INFO] [stderr]    Compiling crypto_secretbox v0.1.1
[INFO] [stderr]    Compiling config v0.13.4
[INFO] [stderr]    Compiling argon2 v0.5.2
[INFO] [stderr]    Compiling ed25519-dalek v1.0.1
[INFO] [stderr]    Compiling sqlformat v0.2.3
[INFO] [stderr]    Compiling ed25519-dalek v2.1.0
[INFO] [stderr]    Compiling rusty_paseto v0.5.0
[INFO] [stderr]    Compiling interim v0.1.1
[INFO] [stderr]    Compiling sqlx-core v0.7.3
[INFO] [stderr]    Compiling rusty_paserk v0.2.3
[INFO] [stderr]    Compiling hyper v0.14.28
[INFO] [stderr]    Compiling sqlx-postgres v0.7.3
[INFO] [stderr]    Compiling sqlx-sqlite v0.7.3
[INFO] [stderr]    Compiling hyper-rustls v0.24.2
[INFO] [stderr]    Compiling reqwest v0.11.23
[INFO] [stderr]    Compiling sqlx-macros-core v0.7.3
[INFO] [stderr]    Compiling sqlx-macros v0.7.3
[INFO] [stderr]    Compiling sqlx v0.7.3
[INFO] [stderr]    Compiling atuin-common v17.1.0
[INFO] [stderr]    Compiling atuin-client v17.0.1 (/opt/rustwide/workdir)
[INFO] [stderr]     Finished dev [unoptimized + debuginfo] target(s) in 26.91s
[INFO] running `Command { std: "docker" "inspect" "78f641663b7e90a298ecf433d3bf08d7b1f5c8614c951a28cb96470be759cfc1", kill_on_drop: false }`
[INFO] running `Command { std: "docker" "rm" "-f" "78f641663b7e90a298ecf433d3bf08d7b1f5c8614c951a28cb96470be759cfc1", kill_on_drop: false }`
[INFO] [stdout] 78f641663b7e90a298ecf433d3bf08d7b1f5c8614c951a28cb96470be759cfc1
[INFO] running `Command { std: "docker" "create" "-v" "/var/lib/crater-agent-workspace/builds/worker-2-tc1/target:/opt/rustwide/target:rw,Z" "-v" "/var/lib/crater-agent-workspace/builds/worker-2-tc1/source:/opt/rustwide/workdir:ro,Z" "-v" "/var/lib/crater-agent-workspace/cargo-home:/opt/rustwide/cargo-home:ro,Z" "-v" "/var/lib/crater-agent-workspace/rustup-home:/opt/rustwide/rustup-home:ro,Z" "-e" "SOURCE_DIR=/opt/rustwide/workdir" "-e" "CARGO_TARGET_DIR=/opt/rustwide/target" "-e" "CARGO_INCREMENTAL=0" "-e" "RUST_BACKTRACE=full" "-e" "RUSTFLAGS=--cap-lints=warn" "-e" "RUSTDOCFLAGS=--cap-lints=warn" "-e" "CARGO_HOME=/opt/rustwide/cargo-home" "-e" "RUSTUP_HOME=/opt/rustwide/rustup-home" "-w" "/opt/rustwide/workdir" "-m" "1610612736" "--user" "0:0" "--network" "none" "ghcr.io/rust-lang/crates-build-env/linux@sha256:2788e3201cd34a07e3172128adcd8b3090168a8e3bcc40d7c032b9dda1df7d1c" "/opt/rustwide/cargo-home/bin/cargo" "+1.75.0" "test" "--frozen" "--no-run" "--message-format=json", kill_on_drop: false }`
[INFO] [stdout] e4547f64533ac1cd15156740d537699e455e7dd04739937bbc0303564dc9b924
[INFO] running `Command { std: "docker" "start" "-a" "e4547f64533ac1cd15156740d537699e455e7dd04739937bbc0303564dc9b924", kill_on_drop: false }`
[INFO] [stderr]    Compiling diff v0.1.13
[INFO] [stderr]    Compiling yansi v0.5.1
[INFO] [stderr]    Compiling pretty_assertions v1.4.0
[INFO] [stderr]    Compiling atuin-client v17.0.1 (/opt/rustwide/workdir)
[INFO] [stderr]     Finished test [unoptimized + debuginfo] target(s) in 11.02s
[INFO] running `Command { std: "docker" "inspect" "e4547f64533ac1cd15156740d537699e455e7dd04739937bbc0303564dc9b924", kill_on_drop: false }`
[INFO] running `Command { std: "docker" "rm" "-f" "e4547f64533ac1cd15156740d537699e455e7dd04739937bbc0303564dc9b924", kill_on_drop: false }`
[INFO] [stdout] e4547f64533ac1cd15156740d537699e455e7dd04739937bbc0303564dc9b924
[INFO] running `Command { std: "docker" "create" "-v" "/var/lib/crater-agent-workspace/builds/worker-2-tc1/target:/opt/rustwide/target:rw,Z" "-v" "/var/lib/crater-agent-workspace/builds/worker-2-tc1/source:/opt/rustwide/workdir:ro,Z" "-v" "/var/lib/crater-agent-workspace/cargo-home:/opt/rustwide/cargo-home:ro,Z" "-v" "/var/lib/crater-agent-workspace/rustup-home:/opt/rustwide/rustup-home:ro,Z" "-e" "SOURCE_DIR=/opt/rustwide/workdir" "-e" "CARGO_TARGET_DIR=/opt/rustwide/target" "-e" "CARGO_INCREMENTAL=0" "-e" "RUST_BACKTRACE=full" "-e" "RUSTFLAGS=--cap-lints=warn" "-e" "RUSTDOCFLAGS=--cap-lints=warn" "-e" "CARGO_HOME=/opt/rustwide/cargo-home" "-e" "RUSTUP_HOME=/opt/rustwide/rustup-home" "-w" "/opt/rustwide/workdir" "-m" "1610612736" "--user" "0:0" "--network" "none" "ghcr.io/rust-lang/crates-build-env/linux@sha256:2788e3201cd34a07e3172128adcd8b3090168a8e3bcc40d7c032b9dda1df7d1c" "/opt/rustwide/cargo-home/bin/cargo" "+1.75.0" "test" "--frozen", kill_on_drop: false }`
[INFO] [stdout] 9f0fd393ebdf587bae608c6cf2ca8434c5b26d5c0680a5a4fe22c24d4e63292e
[INFO] running `Command { std: "docker" "start" "-a" "9f0fd393ebdf587bae608c6cf2ca8434c5b26d5c0680a5a4fe22c24d4e63292e", kill_on_drop: false }`
[INFO] [stderr]     Finished test [unoptimized + debuginfo] target(s) in 0.29s
[INFO] [stderr]      Running unittests src/lib.rs (/opt/rustwide/target/debug/deps/atuin_client-247eafc0177cea09)
[INFO] [stdout] 
[INFO] [stdout] running 41 tests
[INFO] [stdout] test encryption::test::test_decode_old ... ok
[INFO] [stdout] test encryption::test::test_decode ... ok
[INFO] [stdout] test encryption::test::test_decode_deleted ... ok
[INFO] [stdout] test encryption::test::key_encodings ... ok
[INFO] [stdout] test encryption::test::test_encrypt_decrypt ... ok
[INFO] [stdout] test import::bash::test::parse_with_partial_timestamps ... ok
[INFO] [stdout] test import::bash::test::parse_with_timestamps ... ok
[INFO] [stdout] test import::bash::test::parse_no_timestamps ... ok
[INFO] [stdout] test import::zsh::test::test_parse_extended_simple ... ok
[INFO] [stdout] test import::zsh::test::test_parse_file ... ok
[INFO] [stdout] test import::fish::test::parse_complex ... ok
[INFO] [stdout] test kv::tests::encode_decode ... ok
[INFO] [stdout] test record::encryption::tests::full_record_round_trip ... ok
[INFO] [stdout] test record::encryption::tests::round_trip ... ok
[INFO] [stdout] test record::encryption::tests::full_record_round_trip_fail ... ok
[INFO] [stdout] test record::encryption::tests::cannot_decrypt_different_id ... ok
[INFO] [stdout] test record::encryption::tests::cannot_decrypt_different_key ... ok
[INFO] [stdout] test record::encryption::tests::re_encrypt_round_trip ... ok
[INFO] [stdout] test record::encryption::tests::same_entry_different_output ... ok
[INFO] [stdout] test import::zsh_histdb::test::test_env_vars ... ok
[INFO] [stdout] test history::tests::disable_secrets ... ok
[INFO] [stdout] test record::sqlite_store::tests::create_db ... ok
[INFO] [stdout] test record::sqlite_store::tests::len ... ok
[INFO] [stdout] test kv::tests::build_kv ... ok
[INFO] [stdout] test record::sqlite_store::tests::get_record ... ok
[INFO] [stdout] test record::sqlite_store::tests::push_record ... ok
[INFO] [stdout] test import::zsh_histdb::test::test_import ... ok
[INFO] [stdout] test database::test::test_search_prefix ... ok
[INFO] [stdout] test secrets::tests::test_secrets ... ok
[INFO] [stdout] test database::test::test_search_fulltext ... ok
[INFO] [stdout] test history::tests::privacy_test ... ok
[INFO] [stdout] test record::sqlite_store::tests::len_different_tags ... ok
[INFO] [stdout] test record::sync::tests::build_two_way_diff ... ok
[INFO] [stdout] test database::test::test_search_fuzzy ... ok
[INFO] [stdout] test record::sync::tests::test_basic_diff ... ok
[INFO] [stdout] test record::sync::tests::build_complex_diff ... ok
[INFO] [stdout] test database::test::test_search_reordered_fuzzy ... ok
[INFO] [stdout] test record::sqlite_store::tests::append_a_bunch ... ok
[INFO] [stdout] test record::sqlite_store::tests::test_chain ... ok
[INFO] [stdout] test record::sqlite_store::tests::append_a_big_bunch ... ok
[INFO] [stdout] test database::test::test_search_bench_dupes ... ok
[INFO] [stdout] 
[INFO] [stdout] test result: ok. 41 passed; 0 failed; 0 ignored; 0 measured; 0 filtered out; finished in 7.75s
[INFO] [stdout] 
[INFO] [stderr]    Doc-tests atuin-client
[INFO] [stdout] 
[INFO] [stdout] running 6 tests
[INFO] [stdout] test src/history.rs - history::History::import (line 116) - compile fail ... ok
[INFO] [stdout] test src/history.rs - history::History::capture (line 149) - compile fail ... ok
[INFO] [stdout] test src/history.rs - history::History::from_db (line 167) - compile fail ... ok
[INFO] [stdout] test src/history.rs - history::History::capture (line 136) ... FAILED
[INFO] [stdout] test src/history.rs - history::History::import (line 89) ... ok
[INFO] [stdout] test src/history.rs - history::History::import (line 100) ... ok
[INFO] [stdout] 
[INFO] [stdout] failures:
[INFO] [stdout] 
[INFO] [stdout] ---- src/history.rs - history::History::capture (line 136) stdout ----
[INFO] [stdout] error: linking with `cc` failed: exit status: 1
[INFO] [stdout]   |
[INFO] [stdout]   = note: LC_ALL="C" PATH="/opt/rustwide/rustup-home/toolchains/1.75.0-x86_64-unknown-linux-gnu/lib/rustlib/x86_64-unknown-linux-gnu/bin:/opt/rustwide/cargo-home/bin:/usr/local/sbin:/usr/local/bin:/usr/sbin:/usr/bin:/sbin:/bin" VSLANG="1033" "cc" "-m64" "/tmp/rustcgrsxjK/symbols.o" "/tmp/rustdoctestr1ZpRO/rust_out.rust_out.263fb70ac1c95110-cgu.0.rcgu.o" "/tmp/rustdoctestr1ZpRO/rust_out.2uel00cfmdh5ufit.rcgu.o" "-Wl,--as-needed" "-L" "/opt/rustwide/target/debug/deps" "-L" "/opt/rustwide/target/debug/deps" "-L" "/opt/rustwide/target/debug/build/libsqlite3-sys-152f864f2e973c38/out" "-L" "/opt/rustwide/target/debug/build/ring-468e83518f023e7f/out" "-L" "/opt/rustwide/target/debug/build/ring-6f2a61fb74b4ae69/out" "-L" "/opt/rustwide/rustup-home/toolchains/1.75.0-x86_64-unknown-linux-gnu/lib/rustlib/x86_64-unknown-linux-gnu/lib" "-Wl,-Bstatic" "/opt/rustwide/target/debug/deps/libatuin_client-0118f5a25f515109.rlib" "/opt/rustwide/target/debug/deps/libshellexpand-97b19d35c47918fd.rlib" "/opt/rustwide/target/debug/deps/libdirs-2e6bc2ed2bd68639.rlib" "/opt/rustwide/target/debug/deps/libdirs_sys-690332682897f52f.rlib" "/opt/rustwide/target/debug/deps/liboption_ext-717066e46f7d0c41.rlib" "/opt/rustwide/target/debug/deps/libserde_regex-e36ff121eb6e58e4.rlib" "/opt/rustwide/target/debug/deps/libinterim-d5e68248bbef3dd8.rlib" "/opt/rustwide/target/debug/deps/liblogos-2a133c575f1b7a81.rlib" "/opt/rustwide/target/debug/deps/libparse_duration-43fb64c2da7b7528.rlib" "/opt/rustwide/target/debug/deps/libnum-08beed57c82289cb.rlib" "/opt/rustwide/target/debug/deps/libnum_rational-d06505e3d8f6853d.rlib" "/opt/rustwide/target/debug/deps/libnum_iter-6fbac31b1f5453a9.rlib" "/opt/rustwide/target/debug/deps/libnum_complex-49d528ab8eb0646a.rlib" "/opt/rustwide/target/debug/deps/libnum_bigint-2db817fae6229f62.rlib" "/opt/rustwide/target/debug/deps/libnum_integer-4af2a22ed037d483.rlib" "/opt/rustwide/target/debug/deps/libconfig-23867ce84dcaca07.rlib" "/opt/rustwide/target/debug/deps/libpathdiff-6c08473d05f2998e.rlib" "/opt/rustwide/target/debug/deps/libtoml-2f52024749c258cb.rlib" "/opt/rustwide/target/debug/deps/libclap-adc705427da39a99.rlib" "/opt/rustwide/target/debug/deps/libclap_builder-49c8305c886f8356.rlib" "/opt/rustwide/target/debug/deps/libstrsim-dec2701ee913c7f9.rlib" "/opt/rustwide/target/debug/deps/libanstream-a3155eb92241d524.rlib" "/opt/rustwide/target/debug/deps/libanstyle_query-bbb7c02ee04f4167.rlib" "/opt/rustwide/target/debug/deps/libcolorchoice-ebf3275943dd81c6.rlib" "/opt/rustwide/target/debug/deps/libanstyle_parse-93a71f9be6e105f5.rlib" "/opt/rustwide/target/debug/deps/libutf8parse-c12dc29a62b15885.rlib" "/opt/rustwide/target/debug/deps/libclap_lex-2b6602b27cbb9708.rlib" "/opt/rustwide/target/debug/deps/libanstyle-99bbc4ed7b6424dd.rlib" "/opt/rustwide/target/debug/deps/libfutures-f6a034192a4e3e9f.rlib" "/opt/rustwide/target/debug/deps/librusty_paserk-a0cd4ad233f2161b.rlib" "/opt/rustwide/target/debug/deps/libargon2-b7b1911606a1be98.rlib" "/opt/rustwide/target/debug/deps/libpassword_hash-f01c921913354546.rlib" "/opt/rustwide/target/debug/deps/libchacha20-b2ed57142d1fbfcd.rlib" "/opt/rustwide/target/debug/deps/libed25519_dalek-426ffee17ec244d1.rlib" "/opt/rustwide/target/debug/deps/libcurve25519_dalek-c45ab2157bb33b71.rlib" "/opt/rustwide/target/debug/deps/libed25519-4c9c56aa91253bfa.rlib" "/opt/rustwide/target/debug/deps/libsignature-557c63ad2b7cef7a.rlib" "/opt/rustwide/target/debug/deps/libblake2-1328cbe026639685.rlib" "/opt/rustwide/target/debug/deps/librusty_paseto-e0985a3c27a16b01.rlib" "/opt/rustwide/target/debug/deps/libed25519_dalek-60ee897f649727c9.rlib" "/opt/rustwide/target/debug/deps/libsha2-73682625e34200aa.rlib" "/opt/rustwide/target/debug/deps/libblock_buffer-ea508d0a04b47f6f.rlib" "/opt/rustwide/target/debug/deps/librand-ee3bd45e2a7fcb3a.rlib" "/opt/rustwide/target/debug/deps/librand_chacha-a03d2bc1635534c0.rlib" "/opt/rustwide/target/debug/deps/libcurve25519_dalek-41f9a65f90d68493.rlib" "/opt/rustwide/target/debug/deps/librand_core-ec78bb0e7b7c3963.rlib" "/opt/rustwide/target/debug/deps/libgetrandom-c48fe9340d981ee0.rlib" "/opt/rustwide/target/debug/deps/libed25519-050ab43b422283a9.rlib" "/opt/rustwide/target/debug/deps/libsignature-417dbe68d84c5ddb.rlib" "/opt/rustwide/target/debug/deps/libchacha20-d955a4734a167733.rlib" "/opt/rustwide/target/debug/deps/libcipher-8f09bd1efcc4e495.rlib" "/opt/rustwide/target/debug/deps/libblake2-426322aa02e5e8a5.rlib" "/opt/rustwide/target/debug/deps/libcrypto_mac-5da43dbec2dbe381.rlib" "/opt/rustwide/target/debug/deps/libdigest-4982b78a96ca2dce.rlib" "/opt/rustwide/target/debug/deps/libbase64-b09bba5046b087ce.rlib" "/opt/rustwide/target/debug/deps/libring-ef0041843719ea5d.rlib" "/opt/rustwide/target/debug/deps/libspin-c4098cd951aef6c9.rlib" "/opt/rustwide/target/debug/deps/libuntrusted-5ec0aa78ed8cda5c.rlib" "/opt/rustwide/target/debug/deps/libbase64ct-95b0ef3854f10566.rlib" "/opt/rustwide/target/debug/deps/libminspan-c288b08986f577c2.rlib" "/opt/rustwide/target/debug/deps/libdirectories-69447c0506e71b8b.rlib" "/opt/rustwide/target/debug/deps/libdirs_sys-72e79d867f14a602.rlib" "/opt/rustwide/target/debug/deps/librmp-4078a9139264a0a4.rlib" "/opt/rustwide/target/debug/deps/libsql_builder-f942952ada5b515e.rlib" "/opt/rustwide/target/debug/deps/libanyhow-309ab2c875f40ec7.rlib" "/opt/rustwide/target/debug/deps/libregex-3fdc9a8f6eaf81cf.rlib" "/opt/rustwide/target/debug/deps/libregex_automata-7e239e4b359aa58c.rlib" "/opt/rustwide/target/debug/deps/libaho_corasick-c461b2416345444e.rlib" "/opt/rustwide/target/debug/deps/libregex_syntax-e4dd3c3a3cb10e1d.rlib" "/opt/rustwide/target/debug/deps/liblazy_static-591486ebcb9a7ead.rlib" "/opt/rustwide/target/debug/deps/libitertools-ceed61900db48bf4.rlib" "/opt/rustwide/target/debug/deps/libfs_err-dc16f77cf16313f8.rlib" "/opt/rustwide/target/debug/deps/libcrypto_secretbox-e2f64eab92893e08.rlib" "/opt/rustwide/target/debug/deps/libsalsa20-c1405307beea57a1.rlib" "/opt/rustwide/target/debug/deps/libpoly1305-9f3b8cb7dfb30b4d.rlib" "/opt/rustwide/target/debug/deps/libopaque_debug-15273823c1ba1453.rlib" "/opt/rustwide/target/debug/deps/libuniversal_hash-a6da24f473a33289.rlib" "/opt/rustwide/target/debug/deps/libcipher-ca74c887ff234e52.rlib" "/opt/rustwide/target/debug/deps/libinout-1871b7421efbf879.rlib" "/opt/rustwide/target/debug/deps/libaead-2c496fc8801e622d.rlib" "/opt/rustwide/target/debug/deps/libsemver-b1ba94f2f6280e11.rlib" "/opt/rustwide/target/debug/deps/libatuin_common-48a6a4c06fa399b1.rlib" "/opt/rustwide/target/debug/deps/libsqlx-87aa73797de729f9.rlib" "/opt/rustwide/target/debug/deps/libsqlx_sqlite-f2c79a57f245e7b0.rlib" "/opt/rustwide/target/debug/deps/libfutures_executor-5803c7450e5e71f7.rlib" "/opt/rustwide/target/debug/deps/libflume-85bacdd8902da966.rlib" "/opt/rustwide/target/debug/deps/liburlencoding-ffd8dd90a667c416.rlib" "/opt/rustwide/target/debug/deps/libfutures_intrusive-eb5348d54247232d.rlib" "/opt/rustwide/target/debug/deps/liblibsqlite3_sys-350fa7f42b32dff7.rlib" "/opt/rustwide/target/debug/deps/libsqlx_postgres-dcd36632c5940472.rlib" "/opt/rustwide/target/debug/deps/libdotenvy-43f7f200f84b2c16.rlib" "/opt/rustwide/target/debug/deps/libcrc-fbb92391a7d0013c.rlib" "/opt/rustwide/target/debug/deps/libcrc_catalog-b392b2e06169f8d3.rlib" "/opt/rustwide/target/debug/deps/libhex-05644b5497b79c5b.rlib" "/opt/rustwide/target/debug/deps/libwhoami-bad082908af03114.rlib" "/opt/rustwide/target/debug/deps/libhome-66b6aa76aee396d9.rlib" "/opt/rustwide/target/debug/deps/libbitflags-912d270082a3a4ea.rlib" "/opt/rustwide/target/debug/deps/libmd5-13678d78c971f1b3.rlib" "/opt/rustwide/target/debug/deps/libbyteorder-fad867e06c431cf6.rlib" "/opt/rustwide/target/debug/deps/libatoi-3f82bad62fc82762.rlib" "/opt/rustwide/target/debug/deps/libnum_traits-021f0c8717b1cfd6.rlib" "/opt/rustwide/target/debug/deps/libstringprep-b5e7f66a46f49e82.rlib" "/opt/rustwide/target/debug/deps/libfinl_unicode-29de6a4054b6748d.rlib" "/opt/rustwide/target/debug/deps/libhkdf-293fc4b04d2ed14e.rlib" "/opt/rustwide/target/debug/deps/libhmac-1f24de87bbd26f6b.rlib" "/opt/rustwide/target/debug/deps/libsqlx_core-a6e0741617bf1324.rlib" "/opt/rustwide/target/debug/deps/libwebpki_roots-73bb8767336806c8.rlib" "/opt/rustwide/target/debug/deps/libthiserror-d2111d7cb6fe900c.rlib" "/opt/rustwide/target/debug/deps/libsha2-6e211c63234adfb4.rlib" "/opt/rustwide/target/debug/deps/libcpufeatures-b8d9ed5bb45874e9.rlib" "/opt/rustwide/target/debug/deps/libdigest-de3993500a2131b5.rlib" "/opt/rustwide/target/debug/deps/libsubtle-add1bb7d312fdc8c.rlib" "/opt/rustwide/target/debug/deps/libblock_buffer-02f063a97d9315e2.rlib" "/opt/rustwide/target/debug/deps/libcrypto_common-18a9b961fa157bbb.rlib" "/opt/rustwide/target/debug/deps/libgeneric_array-bfb75c0c189e6794.rlib" "/opt/rustwide/target/debug/deps/libtypenum-da95465dc70d2c95.rlib" "/opt/rustwide/target/debug/deps/libzeroize-be38408411958906.rlib" "/opt/rustwide/target/debug/deps/libsqlformat-fe8fcdaf205c26c7.rlib" "/opt/rustwide/target/debug/deps/libunicode_categories-929d24d48f8fbb14.rlib" "/opt/rustwide/target/debug/deps/libnom-e87b47abfa11a6fd.rlib" "/opt/rustwide/target/debug/deps/libitertools-fcfc95b88d2f89e2.rlib" "/opt/rustwide/target/debug/deps/libhashlink-3b32b86c0e7f404d.rlib" "/opt/rustwide/target/debug/deps/libcrossbeam_queue-a297b505749e5218.rlib" "/opt/rustwide/target/debug/deps/libcrossbeam_utils-edc5cfa41b1e38a6.rlib" "/opt/rustwide/target/debug/deps/libeither-7196b2179bddf546.rlib" "/opt/rustwide/target/debug/deps/libevent_listener-c4b6b56059522037.rlib" "/opt/rustwide/target/debug/deps/librand-6b1751f97fc780d8.rlib" "/opt/rustwide/target/debug/deps/librand_chacha-190d94af5566d2d7.rlib" "/opt/rustwide/target/debug/deps/libppv_lite86-9f808eb911999ef2.rlib" "/opt/rustwide/target/debug/deps/librand_core-6b5cc83d202a6ca4.rlib" "/opt/rustwide/target/debug/deps/libuuid-6919d6076ce281aa.rlib" "/opt/rustwide/target/debug/deps/libtyped_builder-f8c7777e87423ee3.rlib" "/opt/rustwide/target/debug/deps/libtime-cda83a3c64a0ec8f.rlib" "/opt/rustwide/target/debug/deps/libnum_threads-87e76dbb415bce49.rlib" "/opt/rustwide/target/debug/deps/libtime_core-8975f5c3c8091bbd.rlib" "/opt/rustwide/target/debug/deps/libderanged-9bb2e455eb805926.rlib" "/opt/rustwide/target/debug/deps/libreqwest-1f6ca30031ca8c76.rlib" "/opt/rustwide/target/debug/deps/libhyper_rustls-3332020fc85a79a0.rlib" "/opt/rustwide/target/debug/deps/libserde_urlencoded-6a82eabf04d34976.rlib" "/opt/rustwide/target/debug/deps/librustls_native_certs-5360b5a42937407c.rlib" "/opt/rustwide/target/debug/deps/librustls_pemfile-ffdc2f3224e5aa74.rlib" "/opt/rustwide/target/debug/deps/libopenssl_probe-d850575132083d7c.rlib" "/opt/rustwide/target/debug/deps/libbase64-c757f6e1d18850a5.rlib" "/opt/rustwide/target/debug/deps/libipnet-31f1670f407a9398.rlib" "/opt/rustwide/target/debug/deps/libtokio_rustls-54b5e640342f4634.rlib" "/opt/rustwide/target/debug/deps/librustls-fbeb1014cc23c5e8.rlib" "/opt/rustwide/target/debug/deps/libsct-478c43aedde520a8.rlib" "/opt/rustwide/target/debug/deps/libwebpki-0558ba48f5572945.rlib" "/opt/rustwide/target/debug/deps/libring-6c162ad263b2dfec.rlib" "/opt/rustwide/target/debug/deps/libspin-1186a441a4729c44.rlib" "/opt/rustwide/target/debug/deps/libuntrusted-66bbe55c9f09dd46.rlib" "/opt/rustwide/target/debug/deps/libmime-7e306270d8ceb372.rlib" "/opt/rustwide/target/debug/deps/libencoding_rs-000c97fafd38c2ed.rlib" "/opt/rustwide/target/debug/deps/libserde_json-a35249cb1ab53b71.rlib" "/opt/rustwide/target/debug/deps/libryu-5f304b1b6393964f.rlib" "/opt/rustwide/target/debug/deps/libserde-8f6b06faff58e0a6.rlib" "/opt/rustwide/target/debug/deps/libhyper-b754cf0c605cf8c8.rlib" "/opt/rustwide/target/debug/deps/libwant-0be28e71d2a5cee8.rlib" "/opt/rustwide/target/debug/deps/libtry_lock-ba0ec0947155aa20.rlib" "/opt/rustwide/target/debug/deps/libhttparse-64f1ffbeda450424.rlib" "/opt/rustwide/target/debug/deps/libh2-3c950055a15e783d.rlib" "/opt/rustwide/target/debug/deps/libindexmap-8d79c65936349d6d.rlib" "/opt/rustwide/target/debug/deps/libequivalent-daf5c71f5fc642dd.rlib" "/opt/rustwide/target/debug/deps/libhashbrown-58ec82e960a13483.rlib" "/opt/rustwide/target/debug/deps/libahash-33975d2032bdf548.rlib" "/opt/rustwide/target/debug/deps/libgetrandom-6f8cebb06b407ea9.rlib" "/opt/rustwide/target/debug/deps/libzerocopy-7fb8a99564534ce8.rlib" "/opt/rustwide/target/debug/deps/liballocator_api2-87ab9ac2a3ea53c5.rlib" "/opt/rustwide/target/debug/deps/libtokio_util-468f743dbbc37547.rlib" "/opt/rustwide/target/debug/deps/libtower_service-104d6e83d5ce383d.rlib" "/opt/rustwide/target/debug/deps/libtracing-65380515203c8633.rlib" "/opt/rustwide/target/debug/deps/libtracing_core-de9779e9c86396c9.rlib" "/opt/rustwide/target/debug/deps/libfutures_util-077b0c2eada2260e.rlib" "/opt/rustwide/target/debug/deps/libmemchr-94009dd89ebb9d8d.rlib" "/opt/rustwide/target/debug/deps/libfutures_io-109506ffbf0d1d54.rlib" "/opt/rustwide/target/debug/deps/libslab-6eb39baadbe9101c.rlib" "/opt/rustwide/target/debug/deps/libfutures_channel-a299c85500052389.rlib" "/opt/rustwide/target/debug/deps/libfutures_sink-8957e1e23a8e4733.rlib" "/opt/rustwide/target/debug/deps/libfutures_task-c1403167034c79e1.rlib" "/opt/rustwide/target/debug/deps/libpin_utils-741f7d9d160e4a16.rlib" "/opt/rustwide/target/debug/deps/libtokio-a48e4c9b26d3e3e9.rlib" "/opt/rustwide/target/debug/deps/libsignal_hook_registry-4537d93dfe483f1b.rlib" "/opt/rustwide/target/debug/deps/libnum_cpus-d4708e9618b376f9.rlib" "/opt/rustwide/target/debug/deps/libsocket2-0d88c912de52bbf6.rlib" "/opt/rustwide/target/debug/deps/libmio-8968d6dd6f9690eb.rlib" "/opt/rustwide/target/debug/deps/libparking_lot-a753e0f9a35f1d55.rlib" "/opt/rustwide/target/debug/deps/libparking_lot_core-f470c455380c2e9e.rlib" "/opt/rustwide/target/debug/deps/liblibc-4f34ddd04c373408.rlib" "/opt/rustwide/target/debug/deps/libcfg_if-61dc7a6799e72b18.rlib" "/opt/rustwide/target/debug/deps/libsmallvec-19f6a51af3f3c214.rlib" "/opt/rustwide/target/debug/deps/liblock_api-2e3cdc36e2d071f0.rlib" "/opt/rustwide/target/debug/deps/libscopeguard-012e5ed929fc2fe6.rlib" "/opt/rustwide/target/debug/deps/libhttp_body-3c42bd17f1cfc680.rlib" "/opt/rustwide/target/debug/deps/libpin_project_lite-e0757e0deaa2f8a0.rlib" "/opt/rustwide/target/debug/deps/libfutures_core-9cff0d103c3b3c9e.rlib" "/opt/rustwide/target/debug/deps/liburl-6415f4a0e2585893.rlib" "/opt/rustwide/target/debug/deps/libidna-f4c6dc12c81bea2a.rlib" "/opt/rustwide/target/debug/deps/libunicode_normalization-e1c1be84a555e587.rlib" "/opt/rustwide/target/debug/deps/libtinyvec-cf6c9f6b792a5507.rlib" "/opt/rustwide/target/debug/deps/libtinyvec_macros-b1cb7f53f58c9f87.rlib" "/opt/rustwide/target/debug/deps/libunicode_bidi-9e36a2b0928c1d80.rlib" "/opt/rustwide/target/debug/deps/libform_urlencoded-ef5eb70334031c86.rlib" "/opt/rustwide/target/debug/deps/libpercent_encoding-fe0d57427b4d92e0.rlib" "/opt/rustwide/target/debug/deps/libhttp-087a4805b82b800b.rlib" "/opt/rustwide/target/debug/deps/libitoa-5f181af53b99b92c.rlib" "/opt/rustwide/target/debug/deps/libbytes-0a052f49710012b1.rlib" "/opt/rustwide/target/debug/deps/libfnv-18bf5144d055e772.rlib" "/opt/rustwide/target/debug/deps/libeyre-d85102f9143658d2.rlib" "/opt/rustwide/target/debug/deps/libindenter-38c3d05611f4024c.rlib" "/opt/rustwide/target/debug/deps/libonce_cell-63be820ac0ed0954.rlib" "/opt/rustwide/target/debug/deps/liblog-4f472032e8cdd371.rlib" "/opt/rustwide/rustup-home/toolchains/1.75.0-x86_64-unknown-linux-gnu/lib/rustlib/x86_64-unknown-linux-gnu/lib/libstd-90f6ddbf82de36ec.rlib" "/opt/rustwide/rustup-home/toolchains/1.75.0-x86_64-unknown-linux-gnu/lib/rustlib/x86_64-unknown-linux-gnu/lib/libpanic_unwind-480c41e9d4e1f677.rlib" "/opt/rustwide/rustup-home/toolchains/1.75.0-x86_64-unknown-linux-gnu/lib/rustlib/x86_64-unknown-linux-gnu/lib/libobject-db744c0ca03eed1d.rlib" "/opt/rustwide/rustup-home/toolchains/1.75.0-x86_64-unknown-linux-gnu/lib/rustlib/x86_64-unknown-linux-gnu/lib/libmemchr-8ba652dc7d4b285a.rlib" "/opt/rustwide/rustup-home/toolchains/1.75.0-x86_64-unknown-linux-gnu/lib/rustlib/x86_64-unknown-linux-gnu/lib/libaddr2line-d5f4520a9ebc0d58.rlib" "/opt/rustwide/rustup-home/toolchains/1.75.0-x86_64-unknown-linux-gnu/lib/rustlib/x86_64-unknown-linux-gnu/lib/libgimli-4ad84de58f0cb463.rlib" "/opt/rustwide/rustup-home/toolchains/1.75.0-x86_64-unknown-linux-gnu/lib/rustlib/x86_64-unknown-linux-gnu/lib/librustc_demangle-0d10aae2e0f38735.rlib" "/opt/rustwide/rustup-home/toolchains/1.75.0-x86_64-unknown-linux-gnu/lib/rustlib/x86_64-unknown-linux-gnu/lib/libstd_detect-0c17cff739e6745b.rlib" "/opt/rustwide/rustup-home/toolchains/1.75.0-x86_64-unknown-linux-gnu/lib/rustlib/x86_64-unknown-linux-gnu/lib/libhashbrown-b29e17139dde1aa8.rlib" "/opt/rustwide/rustup-home/toolchains/1.75.0-x86_64-unknown-linux-gnu/lib/rustlib/x86_64-unknown-linux-gnu/lib/librustc_std_workspace_alloc-1f975299829cc7bd.rlib" "/opt/rustwide/rustup-home/toolchains/1.75.0-x86_64-unknown-linux-gnu/lib/rustlib/x86_64-unknown-linux-gnu/lib/libminiz_oxide-86bae3bc3079f89b.rlib" "/opt/rustwide/rustup-home/toolchains/1.75.0-x86_64-unknown-linux-gnu/lib/rustlib/x86_64-unknown-linux-gnu/lib/libadler-321b82c30dffdf5f.rlib" "/opt/rustwide/rustup-home/toolchains/1.75.0-x86_64-unknown-linux-gnu/lib/rustlib/x86_64-unknown-linux-gnu/lib/libunwind-3dd8a6810a0bdfef.rlib" "/opt/rustwide/rustup-home/toolchains/1.75.0-x86_64-unknown-linux-gnu/lib/rustlib/x86_64-unknown-linux-gnu/lib/libcfg_if-eb39a61c0c879984.rlib" "/opt/rustwide/rustup-home/toolchains/1.75.0-x86_64-unknown-linux-gnu/lib/rustlib/x86_64-unknown-linux-gnu/lib/liblibc-aa769569f91c3548.rlib" "/opt/rustwide/rustup-home/toolchains/1.75.0-x86_64-unknown-linux-gnu/lib/rustlib/x86_64-unknown-linux-gnu/lib/liballoc-510a192a50a983ed.rlib" "/opt/rustwide/rustup-home/toolchains/1.75.0-x86_64-unknown-linux-gnu/lib/rustlib/x86_64-unknown-linux-gnu/lib/librustc_std_workspace_core-0577018320f99037.rlib" "/opt/rustwide/rustup-home/toolchains/1.75.0-x86_64-unknown-linux-gnu/lib/rustlib/x86_64-unknown-linux-gnu/lib/libcore-193cf992125ccd4c.rlib" "/opt/rustwide/rustup-home/toolchains/1.75.0-x86_64-unknown-linux-gnu/lib/rustlib/x86_64-unknown-linux-gnu/lib/libcompiler_builtins-8e138eaf26ebb4a8.rlib" "-Wl,-Bdynamic" "-lgcc_s" "-lutil" "-lrt" "-lpthread" "-lm" "-ldl" "-lc" "-Wl,--eh-frame-hdr" "-Wl,-z,noexecstack" "-L" "/opt/rustwide/rustup-home/toolchains/1.75.0-x86_64-unknown-linux-gnu/lib/rustlib/x86_64-unknown-linux-gnu/lib" "-o" "/tmp/rustdoctestr1ZpRO/rust_out" "-Wl,--gc-sections" "-pie" "-Wl,-z,relro,-z,now" "-nodefaultlibs"
[INFO] [stdout]   = note: collect2: fatal error: ld terminated with signal 9 [Killed]
[INFO] [stdout]           compilation terminated.
[INFO] [stdout]           
[INFO] [stdout] 
[INFO] [stdout] error: aborting due to previous error
[INFO] [stdout] 
[INFO] [stdout] Couldn't compile the test.
[INFO] [stdout] 
[INFO] [stdout] failures:
[INFO] [stdout]     src/history.rs - history::History::capture (line 136)
[INFO] [stdout] 
[INFO] [stdout] test result: FAILED. 5 passed; 1 failed; 0 ignored; 0 measured; 0 filtered out; finished in 6.58s
[INFO] [stdout] 
[INFO] [stderr] error: doctest failed, to rerun pass `--doc`
[INFO] running `Command { std: "docker" "inspect" "9f0fd393ebdf587bae608c6cf2ca8434c5b26d5c0680a5a4fe22c24d4e63292e", kill_on_drop: false }`
[INFO] running `Command { std: "docker" "rm" "-f" "9f0fd393ebdf587bae608c6cf2ca8434c5b26d5c0680a5a4fe22c24d4e63292e", kill_on_drop: false }`
[INFO] [stdout] 9f0fd393ebdf587bae608c6cf2ca8434c5b26d5c0680a5a4fe22c24d4e63292e
