[INFO] fetching crate atrium-xrpc-client 0.2.0...
[INFO] testing atrium-xrpc-client-0.2.0 against 1.75.0 for beta-1.76-1
[INFO] extracting crate atrium-xrpc-client 0.2.0 into /workspace/builds/worker-4-tc1/source
[INFO] validating manifest of crates.io crate atrium-xrpc-client 0.2.0 on toolchain 1.75.0
[INFO] running `Command { std: CARGO_HOME="/workspace/cargo-home" RUSTUP_HOME="/workspace/rustup-home" "/workspace/cargo-home/bin/cargo" "+1.75.0" "metadata" "--manifest-path" "Cargo.toml" "--no-deps", kill_on_drop: false }`
[INFO] started tweaking crates.io crate atrium-xrpc-client 0.2.0
[INFO] finished tweaking crates.io crate atrium-xrpc-client 0.2.0
[INFO] tweaked toml for crates.io crate atrium-xrpc-client 0.2.0 written to /workspace/builds/worker-4-tc1/source/Cargo.toml
[INFO] running `Command { std: CARGO_HOME="/workspace/cargo-home" RUSTUP_HOME="/workspace/rustup-home" "/workspace/cargo-home/bin/cargo" "+1.75.0" "generate-lockfile" "--manifest-path" "Cargo.toml", kill_on_drop: false }`
[INFO] [stderr]     Updating crates.io index
[INFO] running `Command { std: CARGO_HOME="/workspace/cargo-home" RUSTUP_HOME="/workspace/rustup-home" "/workspace/cargo-home/bin/cargo" "+1.75.0" "fetch" "--manifest-path" "Cargo.toml", kill_on_drop: false }`
[INFO] [stderr]  Downloading crates ...
[INFO] [stderr]   Downloaded surf v2.3.2
[INFO] [stderr]   Downloaded castaway v0.1.2
[INFO] [stderr]   Downloaded sluice v0.5.5
[INFO] [stderr]   Downloaded atrium-xrpc v0.8.0
[INFO] [stderr]   Downloaded async-tls v0.10.0
[INFO] [stderr]   Downloaded async-dup v1.2.4
[INFO] [stderr]   Downloaded deadpool v0.7.0
[INFO] [stderr]   Downloaded http-client v6.5.3
[INFO] [stderr]   Downloaded async-h1 v2.3.4
[INFO] [stderr]   Downloaded webpki-roots v0.20.0
[INFO] [stderr]   Downloaded isahc v1.7.2
[INFO] [stderr]   Downloaded libnghttp2-sys v0.1.9+1.58.0
[INFO] [stderr]   Downloaded rustls v0.18.1
[INFO] [stderr]   Downloaded serde_qs v0.12.0
[INFO] [stderr]   Downloaded config v0.10.1
[INFO] [stderr]   Downloaded mockito v1.2.0
[INFO] [stderr]   Downloaded similar v2.4.0
[INFO] [stderr]   Downloaded colored v2.1.0
[INFO] running `Command { std: "docker" "create" "-v" "/var/lib/crater-agent-workspace/builds/worker-4-tc1/target:/opt/rustwide/target:rw,Z" "-v" "/var/lib/crater-agent-workspace/builds/worker-4-tc1/source:/opt/rustwide/workdir:ro,Z" "-v" "/var/lib/crater-agent-workspace/cargo-home:/opt/rustwide/cargo-home:ro,Z" "-v" "/var/lib/crater-agent-workspace/rustup-home:/opt/rustwide/rustup-home:ro,Z" "-e" "SOURCE_DIR=/opt/rustwide/workdir" "-e" "CARGO_TARGET_DIR=/opt/rustwide/target" "-e" "CARGO_HOME=/opt/rustwide/cargo-home" "-e" "RUSTUP_HOME=/opt/rustwide/rustup-home" "-w" "/opt/rustwide/workdir" "-m" "1610612736" "--user" "0:0" "--network" "none" "ghcr.io/rust-lang/crates-build-env/linux@sha256:2788e3201cd34a07e3172128adcd8b3090168a8e3bcc40d7c032b9dda1df7d1c" "/opt/rustwide/cargo-home/bin/cargo" "+1.75.0" "metadata" "--no-deps" "--format-version=1", kill_on_drop: false }`
[INFO] [stdout] e027143c002fc087b78b9c8512d7048721fd7c75fd6f991e276c9fceab6a0bef
[INFO] running `Command { std: "docker" "start" "-a" "e027143c002fc087b78b9c8512d7048721fd7c75fd6f991e276c9fceab6a0bef", kill_on_drop: false }`
[INFO] running `Command { std: "docker" "inspect" "e027143c002fc087b78b9c8512d7048721fd7c75fd6f991e276c9fceab6a0bef", kill_on_drop: false }`
[INFO] running `Command { std: "docker" "rm" "-f" "e027143c002fc087b78b9c8512d7048721fd7c75fd6f991e276c9fceab6a0bef", kill_on_drop: false }`
[INFO] [stdout] e027143c002fc087b78b9c8512d7048721fd7c75fd6f991e276c9fceab6a0bef
[INFO] running `Command { std: "docker" "create" "-v" "/var/lib/crater-agent-workspace/builds/worker-4-tc1/target:/opt/rustwide/target:rw,Z" "-v" "/var/lib/crater-agent-workspace/builds/worker-4-tc1/source:/opt/rustwide/workdir:ro,Z" "-v" "/var/lib/crater-agent-workspace/cargo-home:/opt/rustwide/cargo-home:ro,Z" "-v" "/var/lib/crater-agent-workspace/rustup-home:/opt/rustwide/rustup-home:ro,Z" "-e" "SOURCE_DIR=/opt/rustwide/workdir" "-e" "CARGO_TARGET_DIR=/opt/rustwide/target" "-e" "CARGO_INCREMENTAL=0" "-e" "RUST_BACKTRACE=full" "-e" "RUSTFLAGS=--cap-lints=warn" "-e" "RUSTDOCFLAGS=--cap-lints=warn" "-e" "CARGO_HOME=/opt/rustwide/cargo-home" "-e" "RUSTUP_HOME=/opt/rustwide/rustup-home" "-w" "/opt/rustwide/workdir" "-m" "1610612736" "--user" "0:0" "--network" "none" "ghcr.io/rust-lang/crates-build-env/linux@sha256:2788e3201cd34a07e3172128adcd8b3090168a8e3bcc40d7c032b9dda1df7d1c" "/opt/rustwide/cargo-home/bin/cargo" "+1.75.0" "build" "--frozen" "--message-format=json", kill_on_drop: false }`
[INFO] [stdout] bd7abbb61d4519aae1b0e64e33c5852308352a153c67981ebcd407d009e6f675
[INFO] running `Command { std: "docker" "start" "-a" "bd7abbb61d4519aae1b0e64e33c5852308352a153c67981ebcd407d009e6f675", kill_on_drop: false }`
[INFO] [stderr]    Compiling syn v2.0.48
[INFO] [stderr]    Compiling tokio v1.35.1
[INFO] [stderr]    Compiling futures-task v0.3.30
[INFO] [stderr]    Compiling serde_json v1.0.111
[INFO] [stderr]    Compiling futures-util v0.3.30
[INFO] [stderr]    Compiling serde_derive v1.0.194
[INFO] [stderr]    Compiling openssl-macros v0.1.1
[INFO] [stderr]    Compiling thiserror-impl v1.0.56
[INFO] [stderr]    Compiling async-trait v0.1.77
[INFO] [stderr]    Compiling tokio-util v0.7.10
[INFO] [stderr]    Compiling openssl v0.10.62
[INFO] [stderr]    Compiling h2 v0.3.22
[INFO] [stderr]    Compiling thiserror v1.0.56
[INFO] [stderr]    Compiling serde v1.0.194
[INFO] [stderr]    Compiling hyper v0.14.28
[INFO] [stderr]    Compiling native-tls v0.2.11
[INFO] [stderr]    Compiling tokio-native-tls v0.3.1
[INFO] [stderr]    Compiling hyper-tls v0.5.0
[INFO] [stderr]    Compiling serde_urlencoded v0.7.1
[INFO] [stderr]    Compiling serde_qs v0.12.0
[INFO] [stderr]    Compiling reqwest v0.11.23
[INFO] [stderr]    Compiling atrium-xrpc v0.8.0
[INFO] [stderr]    Compiling atrium-xrpc-client v0.2.0 (/opt/rustwide/workdir)
[INFO] [stderr]     Finished dev [unoptimized + debuginfo] target(s) in 10.35s
[INFO] running `Command { std: "docker" "inspect" "bd7abbb61d4519aae1b0e64e33c5852308352a153c67981ebcd407d009e6f675", kill_on_drop: false }`
[INFO] running `Command { std: "docker" "rm" "-f" "bd7abbb61d4519aae1b0e64e33c5852308352a153c67981ebcd407d009e6f675", kill_on_drop: false }`
[INFO] [stdout] bd7abbb61d4519aae1b0e64e33c5852308352a153c67981ebcd407d009e6f675
[INFO] running `Command { std: "docker" "create" "-v" "/var/lib/crater-agent-workspace/builds/worker-4-tc1/target:/opt/rustwide/target:rw,Z" "-v" "/var/lib/crater-agent-workspace/builds/worker-4-tc1/source:/opt/rustwide/workdir:ro,Z" "-v" "/var/lib/crater-agent-workspace/cargo-home:/opt/rustwide/cargo-home:ro,Z" "-v" "/var/lib/crater-agent-workspace/rustup-home:/opt/rustwide/rustup-home:ro,Z" "-e" "SOURCE_DIR=/opt/rustwide/workdir" "-e" "CARGO_TARGET_DIR=/opt/rustwide/target" "-e" "CARGO_INCREMENTAL=0" "-e" "RUST_BACKTRACE=full" "-e" "RUSTFLAGS=--cap-lints=warn" "-e" "RUSTDOCFLAGS=--cap-lints=warn" "-e" "CARGO_HOME=/opt/rustwide/cargo-home" "-e" "RUSTUP_HOME=/opt/rustwide/rustup-home" "-w" "/opt/rustwide/workdir" "-m" "1610612736" "--user" "0:0" "--network" "none" "ghcr.io/rust-lang/crates-build-env/linux@sha256:2788e3201cd34a07e3172128adcd8b3090168a8e3bcc40d7c032b9dda1df7d1c" "/opt/rustwide/cargo-home/bin/cargo" "+1.75.0" "test" "--frozen" "--no-run" "--message-format=json", kill_on_drop: false }`
[INFO] [stdout] b594099de600d2079e077f4e03699c616156dd32405c03da0255127904161a35
[INFO] running `Command { std: "docker" "start" "-a" "b594099de600d2079e077f4e03699c616156dd32405c03da0255127904161a35", kill_on_drop: false }`
[INFO] [stderr]    Compiling generic-array v0.14.7
[INFO] [stderr]    Compiling memchr v2.7.1
[INFO] [stderr]    Compiling tokio-macros v2.2.0
[INFO] [stderr]    Compiling signal-hook-registry v1.4.1
[INFO] [stderr]    Compiling subtle v2.4.1
[INFO] [stderr]    Compiling futures-macro v0.3.30
[INFO] [stderr]    Compiling opaque-debug v0.3.0
[INFO] [stderr]    Compiling standback v0.2.17
[INFO] [stderr]    Compiling syn v1.0.109
[INFO] [stderr]    Compiling proc-macro-hack v0.5.20+deprecated
[INFO] [stderr]    Compiling getrandom v0.1.16
[INFO] [stderr]    Compiling cipher v0.2.5
[INFO] [stderr]    Compiling digest v0.9.0
[INFO] [stderr]    Compiling universal-hash v0.4.1
[INFO] [stderr]    Compiling cpuid-bool v0.2.0
[INFO] [stderr]    Compiling const_fn v0.4.9
[INFO] [stderr]    Compiling polyval v0.4.5
[INFO] [stderr]    Compiling aes-soft v0.6.4
[INFO] [stderr]    Compiling tokio v1.35.1
[INFO] [stderr]    Compiling crypto-mac v0.10.1
[INFO] [stderr]    Compiling io-lifetimes v1.0.11
[INFO] [stderr]    Compiling polling v3.3.1
[INFO] [stderr]    Compiling time v0.2.27
[INFO] [stderr]    Compiling lexical-core v0.7.6
[INFO] [stderr]    Compiling rustix v0.37.27
[INFO] [stderr]    Compiling futures-util v0.3.30
[INFO] [stderr]    Compiling futures-lite v1.13.0
[INFO] [stderr]    Compiling blocking v1.5.1
[INFO] [stderr]    Compiling async-io v2.2.2
[INFO] [stderr]    Compiling time-macros-impl v0.1.2
[INFO] [stderr]    Compiling polling v2.8.0
[INFO] [stderr]    Compiling rand_core v0.5.1
[INFO] [stderr]    Compiling hmac v0.10.1
[INFO] [stderr]    Compiling aes v0.6.0
[INFO] [stderr]    Compiling ghash v0.3.1
[INFO] [stderr]    Compiling time-macros v0.1.1
[INFO] [stderr]    Compiling url v2.5.0
[INFO] [stderr]    Compiling ctr v0.6.0
[INFO] [stderr]    Compiling block-buffer v0.9.0
[INFO] [stderr]    Compiling aead v0.3.2
[INFO] [stderr]    Compiling nom v5.1.3
[INFO] [stderr]    Compiling cookie v0.14.4
[INFO] [stderr]    Compiling arrayvec v0.5.2
[INFO] [stderr]    Compiling static_assertions v1.1.0
[INFO] [stderr]    Compiling sha2 v0.9.9
[INFO] [stderr]    Compiling async-io v1.13.0
[INFO] [stderr]    Compiling aes-gcm v0.8.0
[INFO] [stderr]    Compiling openssl v0.10.62
[INFO] [stderr]    Compiling async-global-executor v2.4.1
[INFO] [stderr]    Compiling rand_chacha v0.2.2
[INFO] [stderr]    Compiling hkdf v0.10.0
[INFO] [stderr]    Compiling webpki v0.21.4
[INFO] [stderr]    Compiling http-types v2.12.0
[INFO] [stderr]    Compiling futures-executor v0.3.30
[INFO] [stderr]    Compiling async-std v1.12.0
[INFO] [stderr]    Compiling rand v0.7.3
[INFO] [stderr]    Compiling sct v0.6.1
[INFO] [stderr]    Compiling serde_qs v0.8.5
[INFO] [stderr]    Compiling pin-project-internal v1.1.3
[INFO] [stderr]    Compiling infer v0.2.3
[INFO] [stderr]    Compiling base64 v0.12.3
[INFO] [stderr]    Compiling tokio-util v0.7.10
[INFO] [stderr]    Compiling rustls v0.18.1
[INFO] [stderr]    Compiling futures v0.3.30
[INFO] [stderr]    Compiling config v0.10.1
[INFO] [stderr]    Compiling h2 v0.3.22
[INFO] [stderr]    Compiling native-tls v0.2.11
[INFO] [stderr]    Compiling tokio-native-tls v0.3.1
[INFO] [stderr]    Compiling pin-project v1.1.3
[INFO] [stderr]    Compiling webpki-roots v0.20.0
[INFO] [stderr]    Compiling aho-corasick v1.1.2
[INFO] [stderr]    Compiling async-dup v1.2.4
[INFO] [stderr]    Compiling crossbeam-queue v0.3.10
[INFO] [stderr]    Compiling regex-syntax v0.8.2
[INFO] [stderr]    Compiling async-h1 v2.3.4
[INFO] [stderr]    Compiling async-tls v0.10.0
[INFO] [stderr]    Compiling deadpool v0.7.0
[INFO] [stderr]    Compiling dashmap v5.5.3
[INFO] [stderr]    Compiling http-client v6.5.3
[INFO] [stderr]    Compiling colored v2.1.0
[INFO] [stderr]    Compiling hyper v0.14.28
[INFO] [stderr]    Compiling regex-automata v0.4.3
[INFO] [stderr]    Compiling assert-json-diff v2.0.2
[INFO] [stderr]    Compiling similar v2.4.0
[INFO] [stderr]    Compiling surf v2.3.2
[INFO] [stderr]    Compiling regex v1.10.2
[INFO] [stderr]    Compiling hyper-tls v0.5.0
[INFO] [stderr]    Compiling mockito v1.2.0
[INFO] [stderr]    Compiling reqwest v0.11.23
[INFO] [stderr]    Compiling atrium-xrpc-client v0.2.0 (/opt/rustwide/workdir)
[INFO] [stderr]     Finished test [unoptimized + debuginfo] target(s) in 26.60s
[INFO] running `Command { std: "docker" "inspect" "b594099de600d2079e077f4e03699c616156dd32405c03da0255127904161a35", kill_on_drop: false }`
[INFO] running `Command { std: "docker" "rm" "-f" "b594099de600d2079e077f4e03699c616156dd32405c03da0255127904161a35", kill_on_drop: false }`
[INFO] [stdout] b594099de600d2079e077f4e03699c616156dd32405c03da0255127904161a35
[INFO] running `Command { std: "docker" "create" "-v" "/var/lib/crater-agent-workspace/builds/worker-4-tc1/target:/opt/rustwide/target:rw,Z" "-v" "/var/lib/crater-agent-workspace/builds/worker-4-tc1/source:/opt/rustwide/workdir:ro,Z" "-v" "/var/lib/crater-agent-workspace/cargo-home:/opt/rustwide/cargo-home:ro,Z" "-v" "/var/lib/crater-agent-workspace/rustup-home:/opt/rustwide/rustup-home:ro,Z" "-e" "SOURCE_DIR=/opt/rustwide/workdir" "-e" "CARGO_TARGET_DIR=/opt/rustwide/target" "-e" "CARGO_INCREMENTAL=0" "-e" "RUST_BACKTRACE=full" "-e" "RUSTFLAGS=--cap-lints=warn" "-e" "RUSTDOCFLAGS=--cap-lints=warn" "-e" "CARGO_HOME=/opt/rustwide/cargo-home" "-e" "RUSTUP_HOME=/opt/rustwide/rustup-home" "-w" "/opt/rustwide/workdir" "-m" "1610612736" "--user" "0:0" "--network" "none" "ghcr.io/rust-lang/crates-build-env/linux@sha256:2788e3201cd34a07e3172128adcd8b3090168a8e3bcc40d7c032b9dda1df7d1c" "/opt/rustwide/cargo-home/bin/cargo" "+1.75.0" "test" "--frozen", kill_on_drop: false }`
[INFO] [stdout] f3ea3838c706c9484d1f46b94d18d84e1a41f7c8220a9ef156780b85fd579692
[INFO] running `Command { std: "docker" "start" "-a" "f3ea3838c706c9484d1f46b94d18d84e1a41f7c8220a9ef156780b85fd579692", kill_on_drop: false }`
[INFO] [stderr]     Finished test [unoptimized + debuginfo] target(s) in 0.18s
[INFO] [stderr]      Running unittests src/lib.rs (/opt/rustwide/target/debug/deps/atrium_xrpc_client-ea4064b2e28e9c71)
[INFO] [stdout] 
[INFO] [stdout] running 5 tests
[INFO] [stdout] test reqwest::tests::new ... ok
[INFO] [stdout] test reqwest::tests::builder_without_client ... ok
[INFO] [stdout] test reqwest::tests::builder_with_client ... ok
[INFO] [stdout] test tests::send_query ... ok
[INFO] [stdout] test tests::send_procedure ... ok
[INFO] [stderr]    Doc-tests atrium-xrpc-client
[INFO] [stdout] 
[INFO] [stdout] test result: ok. 5 passed; 0 failed; 0 ignored; 0 measured; 0 filtered out; finished in 0.57s
[INFO] [stdout] 
[INFO] [stdout] 
[INFO] [stdout] running 6 tests
[INFO] [stdout] test src/lib.rs - (line 55) ... FAILED
[INFO] [stdout] test src/lib.rs - (line 82) ... FAILED
[INFO] [stdout] test src/lib.rs - (line 99) ... FAILED
[INFO] [stdout] test src/lib.rs - (line 130) ... FAILED
[INFO] [stdout] test src/lib.rs - (line 148) ... FAILED
[INFO] [stdout] test src/lib.rs - (line 38) ... ok
[INFO] [stdout] 
[INFO] [stderr] error: doctest failed, to rerun pass `--doc`
[INFO] [stdout] failures:
[INFO] [stdout] 
[INFO] [stdout] ---- src/lib.rs - (line 55) stdout ----
[INFO] [stdout] error[E0599]: no method named `use_rustls_tls` found for struct `ClientBuilder` in the current scope
[INFO] [stdout]   --> src/lib.rs:64:18
[INFO] [stdout]    |
[INFO] [stdout] 9  | /             reqwest::ClientBuilder::new()
[INFO] [stdout] 10 | |                 .timeout(std::time::Duration::from_millis(1000))
[INFO] [stdout] 11 | |                 .use_rustls_tls()
[INFO] [stdout]    | |                 -^^^^^^^^^^^^^^ method not found in `ClientBuilder`
[INFO] [stdout]    | |_________________|
[INFO] [stdout]    | 
[INFO] [stdout] 
[INFO] [stdout] error: aborting due to previous error
[INFO] [stdout] 
[INFO] [stdout] For more information about this error, try `rustc --explain E0599`.
[INFO] [stdout] Couldn't compile the test.
[INFO] [stdout] ---- src/lib.rs - (line 82) stdout ----
[INFO] [stdout] error[E0432]: unresolved import `atrium_xrpc_client::isahc`
[INFO] [stdout]  --> src/lib.rs:84:25
[INFO] [stdout]   |
[INFO] [stdout] 4 | use atrium_xrpc_client::isahc::IsahcClient;
[INFO] [stdout]   |                         ^^^^^ could not find `isahc` in `atrium_xrpc_client`
[INFO] [stdout] 
[INFO] [stdout] error: aborting due to previous error
[INFO] [stdout] 
[INFO] [stdout] For more information about this error, try `rustc --explain E0432`.
[INFO] [stdout] Couldn't compile the test.
[INFO] [stdout] ---- src/lib.rs - (line 99) stdout ----
[INFO] [stdout] error[E0433]: failed to resolve: use of undeclared crate or module `isahc`
[INFO] [stdout]  --> src/lib.rs:102:5
[INFO] [stdout]   |
[INFO] [stdout] 5 | use isahc::config::Configurable;
[INFO] [stdout]   |     ^^^^^ use of undeclared crate or module `isahc`
[INFO] [stdout] 
[INFO] [stdout] error[E0432]: unresolved import `atrium_xrpc_client::isahc`
[INFO] [stdout]  --> src/lib.rs:101:25
[INFO] [stdout]   |
[INFO] [stdout] 4 | use atrium_xrpc_client::isahc::IsahcClientBuilder;
[INFO] [stdout]   |                         ^^^^^ could not find `isahc` in `atrium_xrpc_client`
[INFO] [stdout] 
[INFO] [stdout] error[E0433]: failed to resolve: use of undeclared crate or module `isahc`
[INFO] [stdout]   --> src/lib.rs:107:13
[INFO] [stdout]    |
[INFO] [stdout] 10 |             isahc::HttpClientBuilder::new()
[INFO] [stdout]    |             ^^^^^ use of undeclared crate or module `isahc`
[INFO] [stdout] 
[INFO] [stdout] error: aborting due to 3 previous errors
[INFO] [stdout] 
[INFO] [stdout] Some errors have detailed explanations: E0432, E0433.
[INFO] [stdout] For more information about an error, try `rustc --explain E0432`.
[INFO] [stdout] Couldn't compile the test.
[INFO] [stdout] ---- src/lib.rs - (line 130) stdout ----
[INFO] [stdout] error[E0432]: unresolved import `atrium_xrpc_client::surf`
[INFO] [stdout]  --> src/lib.rs:132:25
[INFO] [stdout]   |
[INFO] [stdout] 4 | use atrium_xrpc_client::surf::SurfClient;
[INFO] [stdout]   |                         ^^^^ could not find `surf` in `atrium_xrpc_client`
[INFO] [stdout] 
[INFO] [stdout] error: aborting due to previous error
[INFO] [stdout] 
[INFO] [stdout] For more information about this error, try `rustc --explain E0432`.
[INFO] [stdout] Couldn't compile the test.
[INFO] [stdout] ---- src/lib.rs - (line 148) stdout ----
[INFO] [stdout] error[E0432]: unresolved import `atrium_xrpc_client::surf`
[INFO] [stdout]  --> src/lib.rs:150:25
[INFO] [stdout]   |
[INFO] [stdout] 4 | use atrium_xrpc_client::surf::SurfClient;
[INFO] [stdout]   |                         ^^^^ could not find `surf` in `atrium_xrpc_client`
[INFO] [stdout] 
[INFO] [stdout] error: aborting due to previous error
[INFO] [stdout] 
[INFO] [stdout] For more information about this error, try `rustc --explain E0432`.
[INFO] [stdout] Couldn't compile the test.
[INFO] [stdout] 
[INFO] [stdout] failures:
[INFO] [stdout]     src/lib.rs - (line 130)
[INFO] [stdout]     src/lib.rs - (line 148)
[INFO] [stdout]     src/lib.rs - (line 55)
[INFO] [stdout]     src/lib.rs - (line 82)
[INFO] [stdout]     src/lib.rs - (line 99)
[INFO] [stdout] 
[INFO] [stdout] test result: FAILED. 1 passed; 5 failed; 0 ignored; 0 measured; 0 filtered out; finished in 1.92s
[INFO] [stdout] 
[INFO] running `Command { std: "docker" "inspect" "f3ea3838c706c9484d1f46b94d18d84e1a41f7c8220a9ef156780b85fd579692", kill_on_drop: false }`
[INFO] running `Command { std: "docker" "rm" "-f" "f3ea3838c706c9484d1f46b94d18d84e1a41f7c8220a9ef156780b85fd579692", kill_on_drop: false }`
[INFO] [stdout] f3ea3838c706c9484d1f46b94d18d84e1a41f7c8220a9ef156780b85fd579692
[INFO] testing atrium-xrpc-client-0.2.0 against beta-2023-12-22 for beta-1.76-1
[INFO] extracting crate atrium-xrpc-client 0.2.0 into /workspace/builds/worker-4-tc2/source
[INFO] validating manifest of crates.io crate atrium-xrpc-client 0.2.0 on toolchain beta-2023-12-22
[INFO] running `Command { std: CARGO_HOME="/workspace/cargo-home" RUSTUP_HOME="/workspace/rustup-home" "/workspace/cargo-home/bin/cargo" "+beta-2023-12-22" "metadata" "--manifest-path" "Cargo.toml" "--no-deps", kill_on_drop: false }`
[INFO] started tweaking crates.io crate atrium-xrpc-client 0.2.0
[INFO] finished tweaking crates.io crate atrium-xrpc-client 0.2.0
[INFO] tweaked toml for crates.io crate atrium-xrpc-client 0.2.0 written to /workspace/builds/worker-4-tc2/source/Cargo.toml
[INFO] running `Command { std: CARGO_HOME="/workspace/cargo-home" RUSTUP_HOME="/workspace/rustup-home" "/workspace/cargo-home/bin/cargo" "+beta-2023-12-22" "generate-lockfile" "--manifest-path" "Cargo.toml", kill_on_drop: false }`
[INFO] [stderr]     Updating crates.io index
[INFO] running `Command { std: CARGO_HOME="/workspace/cargo-home" RUSTUP_HOME="/workspace/rustup-home" "/workspace/cargo-home/bin/cargo" "+beta-2023-12-22" "fetch" "--manifest-path" "Cargo.toml", kill_on_drop: false }`
[INFO] running `Command { std: "docker" "create" "-v" "/var/lib/crater-agent-workspace/builds/worker-4-tc2/target:/opt/rustwide/target:rw,Z" "-v" "/var/lib/crater-agent-workspace/builds/worker-4-tc2/source:/opt/rustwide/workdir:ro,Z" "-v" "/var/lib/crater-agent-workspace/cargo-home:/opt/rustwide/cargo-home:ro,Z" "-v" "/var/lib/crater-agent-workspace/rustup-home:/opt/rustwide/rustup-home:ro,Z" "-e" "SOURCE_DIR=/opt/rustwide/workdir" "-e" "CARGO_TARGET_DIR=/opt/rustwide/target" "-e" "CARGO_HOME=/opt/rustwide/cargo-home" "-e" "RUSTUP_HOME=/opt/rustwide/rustup-home" "-w" "/opt/rustwide/workdir" "-m" "1610612736" "--user" "0:0" "--network" "none" "ghcr.io/rust-lang/crates-build-env/linux@sha256:2788e3201cd34a07e3172128adcd8b3090168a8e3bcc40d7c032b9dda1df7d1c" "/opt/rustwide/cargo-home/bin/cargo" "+beta-2023-12-22" "metadata" "--no-deps" "--format-version=1", kill_on_drop: false }`
[INFO] [stdout] 358355144c51bd6920c06991f86175e40ad57000043a03c6fa345861a65cef59
[INFO] running `Command { std: "docker" "start" "-a" "358355144c51bd6920c06991f86175e40ad57000043a03c6fa345861a65cef59", kill_on_drop: false }`
[INFO] running `Command { std: "docker" "inspect" "358355144c51bd6920c06991f86175e40ad57000043a03c6fa345861a65cef59", kill_on_drop: false }`
[INFO] running `Command { std: "docker" "rm" "-f" "358355144c51bd6920c06991f86175e40ad57000043a03c6fa345861a65cef59", kill_on_drop: false }`
[INFO] [stdout] 358355144c51bd6920c06991f86175e40ad57000043a03c6fa345861a65cef59
[INFO] running `Command { std: "docker" "create" "-v" "/var/lib/crater-agent-workspace/builds/worker-4-tc2/target:/opt/rustwide/target:rw,Z" "-v" "/var/lib/crater-agent-workspace/builds/worker-4-tc2/source:/opt/rustwide/workdir:ro,Z" "-v" "/var/lib/crater-agent-workspace/cargo-home:/opt/rustwide/cargo-home:ro,Z" "-v" "/var/lib/crater-agent-workspace/rustup-home:/opt/rustwide/rustup-home:ro,Z" "-e" "SOURCE_DIR=/opt/rustwide/workdir" "-e" "CARGO_TARGET_DIR=/opt/rustwide/target" "-e" "CARGO_INCREMENTAL=0" "-e" "RUST_BACKTRACE=full" "-e" "RUSTFLAGS=--cap-lints=warn" "-e" "RUSTDOCFLAGS=--cap-lints=warn" "-e" "CARGO_HOME=/opt/rustwide/cargo-home" "-e" "RUSTUP_HOME=/opt/rustwide/rustup-home" "-w" "/opt/rustwide/workdir" "-m" "1610612736" "--user" "0:0" "--network" "none" "ghcr.io/rust-lang/crates-build-env/linux@sha256:2788e3201cd34a07e3172128adcd8b3090168a8e3bcc40d7c032b9dda1df7d1c" "/opt/rustwide/cargo-home/bin/cargo" "+beta-2023-12-22" "build" "--frozen" "--message-format=json", kill_on_drop: false }`
[INFO] [stdout] 1e093f53b3f87538ef514d553eab29a01c4e0c4d469f130010b5bbefbdbe85e9
[INFO] running `Command { std: "docker" "start" "-a" "1e093f53b3f87538ef514d553eab29a01c4e0c4d469f130010b5bbefbdbe85e9", kill_on_drop: false }`
[INFO] [stderr]    Compiling syn v2.0.48
[INFO] [stderr]    Compiling tokio v1.35.1
[INFO] [stderr]    Compiling futures-task v0.3.30
[INFO] [stderr]    Compiling serde_json v1.0.111
[INFO] [stderr]    Compiling futures-util v0.3.30
[INFO] [stderr]    Compiling serde_derive v1.0.194
[INFO] [stderr]    Compiling openssl-macros v0.1.1
[INFO] [stderr]    Compiling thiserror-impl v1.0.56
[INFO] [stderr]    Compiling async-trait v0.1.77
[INFO] [stderr]    Compiling tokio-util v0.7.10
[INFO] [stderr]    Compiling openssl v0.10.62
[INFO] [stderr]    Compiling h2 v0.3.22
[INFO] [stderr]    Compiling thiserror v1.0.56
[INFO] [stderr]    Compiling serde v1.0.194
[INFO] [stderr]    Compiling hyper v0.14.28
[INFO] [stderr]    Compiling native-tls v0.2.11
[INFO] [stderr]    Compiling tokio-native-tls v0.3.1
[INFO] [stderr]    Compiling hyper-tls v0.5.0
[INFO] [stderr]    Compiling serde_qs v0.12.0
[INFO] [stderr]    Compiling serde_urlencoded v0.7.1
[INFO] [stderr]    Compiling reqwest v0.11.23
[INFO] [stderr]    Compiling atrium-xrpc v0.8.0
[INFO] [stderr]    Compiling atrium-xrpc-client v0.2.0 (/opt/rustwide/workdir)
[INFO] [stderr]     Finished dev [unoptimized + debuginfo] target(s) in 8.86s
[INFO] running `Command { std: "docker" "inspect" "1e093f53b3f87538ef514d553eab29a01c4e0c4d469f130010b5bbefbdbe85e9", kill_on_drop: false }`
[INFO] running `Command { std: "docker" "rm" "-f" "1e093f53b3f87538ef514d553eab29a01c4e0c4d469f130010b5bbefbdbe85e9", kill_on_drop: false }`
[INFO] [stdout] 1e093f53b3f87538ef514d553eab29a01c4e0c4d469f130010b5bbefbdbe85e9
[INFO] running `Command { std: "docker" "create" "-v" "/var/lib/crater-agent-workspace/builds/worker-4-tc2/target:/opt/rustwide/target:rw,Z" "-v" "/var/lib/crater-agent-workspace/builds/worker-4-tc2/source:/opt/rustwide/workdir:ro,Z" "-v" "/var/lib/crater-agent-workspace/cargo-home:/opt/rustwide/cargo-home:ro,Z" "-v" "/var/lib/crater-agent-workspace/rustup-home:/opt/rustwide/rustup-home:ro,Z" "-e" "SOURCE_DIR=/opt/rustwide/workdir" "-e" "CARGO_TARGET_DIR=/opt/rustwide/target" "-e" "CARGO_INCREMENTAL=0" "-e" "RUST_BACKTRACE=full" "-e" "RUSTFLAGS=--cap-lints=warn" "-e" "RUSTDOCFLAGS=--cap-lints=warn" "-e" "CARGO_HOME=/opt/rustwide/cargo-home" "-e" "RUSTUP_HOME=/opt/rustwide/rustup-home" "-w" "/opt/rustwide/workdir" "-m" "1610612736" "--user" "0:0" "--network" "none" "ghcr.io/rust-lang/crates-build-env/linux@sha256:2788e3201cd34a07e3172128adcd8b3090168a8e3bcc40d7c032b9dda1df7d1c" "/opt/rustwide/cargo-home/bin/cargo" "+beta-2023-12-22" "test" "--frozen" "--no-run" "--message-format=json", kill_on_drop: false }`
[INFO] [stdout] bee50399ea570d3eb6af7942a498ba40d298d6fb49420539d0499e637d8dcfb5
[INFO] running `Command { std: "docker" "start" "-a" "bee50399ea570d3eb6af7942a498ba40d298d6fb49420539d0499e637d8dcfb5", kill_on_drop: false }`
[INFO] [stderr]    Compiling generic-array v0.14.7
[INFO] [stderr]    Compiling memchr v2.7.1
[INFO] [stderr]    Compiling tokio-macros v2.2.0
[INFO] [stderr]    Compiling signal-hook-registry v1.4.1
[INFO] [stderr]    Compiling subtle v2.4.1
[INFO] [stderr]    Compiling futures-macro v0.3.30
[INFO] [stderr]    Compiling opaque-debug v0.3.0
[INFO] [stderr]    Compiling standback v0.2.17
[INFO] [stderr]    Compiling syn v1.0.109
[INFO] [stderr]    Compiling proc-macro-hack v0.5.20+deprecated
[INFO] [stderr]    Compiling getrandom v0.1.16
[INFO] [stderr]    Compiling cipher v0.2.5
[INFO] [stderr]    Compiling digest v0.9.0
[INFO] [stderr]    Compiling universal-hash v0.4.1
[INFO] [stderr]    Compiling cpuid-bool v0.2.0
[INFO] [stderr]    Compiling const_fn v0.4.9
[INFO] [stderr]    Compiling polyval v0.4.5
[INFO] [stderr]    Compiling aes-soft v0.6.4
[INFO] [stderr]    Compiling tokio v1.35.1
[INFO] [stderr]    Compiling crypto-mac v0.10.1
[INFO] [stderr]    Compiling io-lifetimes v1.0.11
[INFO] [stderr]    Compiling polling v3.3.1
[INFO] [stderr]    Compiling time v0.2.27
[INFO] [stderr]    Compiling lexical-core v0.7.6
[INFO] [stderr]    Compiling futures-lite v1.13.0
[INFO] [stderr]    Compiling futures-util v0.3.30
[INFO] [stderr]    Compiling async-io v2.2.2
[INFO] [stderr]    Compiling rustix v0.37.27
[INFO] [stderr]    Compiling blocking v1.5.1
[INFO] [stderr]    Compiling time-macros-impl v0.1.2
[INFO] [stderr]    Compiling aes v0.6.0
[INFO] [stderr]    Compiling hmac v0.10.1
[INFO] [stderr]    Compiling rand_core v0.5.1
[INFO] [stderr]    Compiling polling v2.8.0
[INFO] [stderr]    Compiling url v2.5.0
[INFO] [stderr]    Compiling ghash v0.3.1
[INFO] [stderr]    Compiling ctr v0.6.0
[INFO] [stderr]    Compiling aead v0.3.2
[INFO] [stderr]    Compiling block-buffer v0.9.0
[INFO] [stderr]    Compiling time-macros v0.1.1
[INFO] [stderr]    Compiling cookie v0.14.4
[INFO] [stderr]    Compiling nom v5.1.3
[INFO] [stderr]    Compiling static_assertions v1.1.0
[INFO] [stderr]    Compiling arrayvec v0.5.2
[INFO] [stderr]    Compiling sha2 v0.9.9
[INFO] [stderr]    Compiling openssl v0.10.62
[INFO] [stderr]    Compiling async-io v1.13.0
[INFO] [stderr]    Compiling aes-gcm v0.8.0
[INFO] [stderr]    Compiling async-global-executor v2.4.1
[INFO] [stderr]    Compiling rand_chacha v0.2.2
[INFO] [stderr]    Compiling hkdf v0.10.0
[INFO] [stderr]    Compiling webpki v0.21.4
[INFO] [stderr]    Compiling http-types v2.12.0
[INFO] [stderr]    Compiling async-std v1.12.0
[INFO] [stderr]    Compiling futures-executor v0.3.30
[INFO] [stderr]    Compiling rand v0.7.3
[INFO] [stderr]    Compiling sct v0.6.1
[INFO] [stderr]    Compiling serde_qs v0.8.5
[INFO] [stderr]    Compiling pin-project-internal v1.1.3
[INFO] [stderr]    Compiling tokio-util v0.7.10
[INFO] [stderr]    Compiling h2 v0.3.22
[INFO] [stderr]    Compiling infer v0.2.3
[INFO] [stderr]    Compiling base64 v0.12.3
[INFO] [stderr]    Compiling rustls v0.18.1
[INFO] [stderr]    Compiling config v0.10.1
[INFO] [stderr]    Compiling native-tls v0.2.11
[INFO] [stderr]    Compiling tokio-native-tls v0.3.1
[INFO] [stderr]    Compiling pin-project v1.1.3
[INFO] [stderr]    Compiling futures v0.3.30
[INFO] [stderr]    Compiling webpki-roots v0.20.0
[INFO] [stderr]    Compiling aho-corasick v1.1.2
[INFO] [stderr]    Compiling async-dup v1.2.4
[INFO] [stderr]    Compiling crossbeam-queue v0.3.10
[INFO] [stderr]    Compiling regex-syntax v0.8.2
[INFO] [stderr]    Compiling hyper v0.14.28
[INFO] [stderr]    Compiling async-h1 v2.3.4
[INFO] [stderr]    Compiling deadpool v0.7.0
[INFO] [stderr]    Compiling regex-automata v0.4.3
[INFO] [stderr]    Compiling async-tls v0.10.0
[INFO] [stderr]    Compiling dashmap v5.5.3
[INFO] [stderr]    Compiling colored v2.1.0
[INFO] [stderr]    Compiling assert-json-diff v2.0.2
[INFO] [stderr]    Compiling http-client v6.5.3
[INFO] [stderr]    Compiling similar v2.4.0
[INFO] [stderr]    Compiling surf v2.3.2
[INFO] [stderr]    Compiling hyper-tls v0.5.0
[INFO] [stderr]    Compiling reqwest v0.11.23
[INFO] [stderr]    Compiling regex v1.10.2
[INFO] [stderr]    Compiling mockito v1.2.0
[INFO] [stderr]    Compiling atrium-xrpc-client v0.2.0 (/opt/rustwide/workdir)
[INFO] [stderr]     Finished test [unoptimized + debuginfo] target(s) in 40.60s
[INFO] running `Command { std: "docker" "inspect" "bee50399ea570d3eb6af7942a498ba40d298d6fb49420539d0499e637d8dcfb5", kill_on_drop: false }`
[INFO] running `Command { std: "docker" "rm" "-f" "bee50399ea570d3eb6af7942a498ba40d298d6fb49420539d0499e637d8dcfb5", kill_on_drop: false }`
[INFO] [stdout] bee50399ea570d3eb6af7942a498ba40d298d6fb49420539d0499e637d8dcfb5
[INFO] running `Command { std: "docker" "create" "-v" "/var/lib/crater-agent-workspace/builds/worker-4-tc2/target:/opt/rustwide/target:rw,Z" "-v" "/var/lib/crater-agent-workspace/builds/worker-4-tc2/source:/opt/rustwide/workdir:ro,Z" "-v" "/var/lib/crater-agent-workspace/cargo-home:/opt/rustwide/cargo-home:ro,Z" "-v" "/var/lib/crater-agent-workspace/rustup-home:/opt/rustwide/rustup-home:ro,Z" "-e" "SOURCE_DIR=/opt/rustwide/workdir" "-e" "CARGO_TARGET_DIR=/opt/rustwide/target" "-e" "CARGO_INCREMENTAL=0" "-e" "RUST_BACKTRACE=full" "-e" "RUSTFLAGS=--cap-lints=warn" "-e" "RUSTDOCFLAGS=--cap-lints=warn" "-e" "CARGO_HOME=/opt/rustwide/cargo-home" "-e" "RUSTUP_HOME=/opt/rustwide/rustup-home" "-w" "/opt/rustwide/workdir" "-m" "1610612736" "--user" "0:0" "--network" "none" "ghcr.io/rust-lang/crates-build-env/linux@sha256:2788e3201cd34a07e3172128adcd8b3090168a8e3bcc40d7c032b9dda1df7d1c" "/opt/rustwide/cargo-home/bin/cargo" "+beta-2023-12-22" "test" "--frozen", kill_on_drop: false }`
[INFO] [stdout] 30012f64d7702a2c2547d14ef116c2ef4a440a9daf30f0bfd5b5f55af39121d1
[INFO] running `Command { std: "docker" "start" "-a" "30012f64d7702a2c2547d14ef116c2ef4a440a9daf30f0bfd5b5f55af39121d1", kill_on_drop: false }`
[INFO] [stderr]     Finished test [unoptimized + debuginfo] target(s) in 0.26s
[INFO] [stderr]      Running unittests src/lib.rs (/opt/rustwide/target/debug/deps/atrium_xrpc_client-d02b239bcd6f6c3c)
[INFO] [stdout] 
[INFO] [stdout] running 5 tests
[INFO] [stdout] test reqwest::tests::builder_without_client ... ok
[INFO] [stdout] test reqwest::tests::new ... ok
[INFO] [stdout] test reqwest::tests::builder_with_client ... ok
[INFO] [stdout] test tests::send_procedure ... ok
[INFO] [stdout] test tests::send_query ... ok
[INFO] [stdout] 
[INFO] [stdout] test result: ok. 5 passed; 0 failed; 0 ignored; 0 measured; 0 filtered out; finished in 0.97s
[INFO] [stdout] 
[INFO] [stderr]    Doc-tests atrium-xrpc-client
[INFO] [stdout] 
[INFO] [stdout] running 6 tests
[INFO] [stdout] test src/lib.rs - (line 55) ... FAILED
[INFO] [stdout] test src/lib.rs - (line 148) ... FAILED
[INFO] [stdout] test src/lib.rs - (line 82) ... FAILED
[INFO] [stdout] test src/lib.rs - (line 99) ... FAILED
[INFO] [stdout] test src/lib.rs - (line 130) ... FAILED
[INFO] [stderr] error: doctest failed, to rerun pass `--doc`
[INFO] [stdout] test src/lib.rs - (line 38) ... ok
[INFO] [stdout] 
[INFO] [stdout] failures:
[INFO] [stdout] 
[INFO] [stdout] ---- src/lib.rs - (line 55) stdout ----
[INFO] [stdout] error[E0599]: no method named `use_rustls_tls` found for struct `ClientBuilder` in the current scope
[INFO] [stdout]   --> src/lib.rs:64:18
[INFO] [stdout]    |
[INFO] [stdout] 9  | /             reqwest::ClientBuilder::new()
[INFO] [stdout] 10 | |                 .timeout(std::time::Duration::from_millis(1000))
[INFO] [stdout] 11 | |                 .use_rustls_tls()
[INFO] [stdout]    | |                 -^^^^^^^^^^^^^^ method not found in `ClientBuilder`
[INFO] [stdout]    | |_________________|
[INFO] [stdout]    | 
[INFO] [stdout] 
[INFO] [stdout] error: aborting due to 1 previous error
[INFO] [stdout] 
[INFO] [stdout] For more information about this error, try `rustc --explain E0599`.
[INFO] [stdout] Couldn't compile the test.
[INFO] [stdout] ---- src/lib.rs - (line 148) stdout ----
[INFO] [stdout] error[E0432]: unresolved import `atrium_xrpc_client::surf`
[INFO] [stdout]  --> src/lib.rs:150:25
[INFO] [stdout]   |
[INFO] [stdout] 4 | use atrium_xrpc_client::surf::SurfClient;
[INFO] [stdout]   |                         ^^^^ could not find `surf` in `atrium_xrpc_client`
[INFO] [stdout] 
[INFO] [stdout] error: aborting due to 1 previous error
[INFO] [stdout] 
[INFO] [stdout] For more information about this error, try `rustc --explain E0432`.
[INFO] [stdout] Couldn't compile the test.
[INFO] [stdout] ---- src/lib.rs - (line 82) stdout ----
[INFO] [stdout] error[E0432]: unresolved import `atrium_xrpc_client::isahc`
[INFO] [stdout]  --> src/lib.rs:84:25
[INFO] [stdout]   |
[INFO] [stdout] 4 | use atrium_xrpc_client::isahc::IsahcClient;
[INFO] [stdout]   |                         ^^^^^ could not find `isahc` in `atrium_xrpc_client`
[INFO] [stdout] 
[INFO] [stdout] error: aborting due to 1 previous error
[INFO] [stdout] 
[INFO] [stdout] For more information about this error, try `rustc --explain E0432`.
[INFO] [stdout] Couldn't compile the test.
[INFO] [stdout] ---- src/lib.rs - (line 99) stdout ----
[INFO] [stdout] error[E0433]: failed to resolve: use of undeclared crate or module `isahc`
[INFO] [stdout]  --> src/lib.rs:102:5
[INFO] [stdout]   |
[INFO] [stdout] 5 | use isahc::config::Configurable;
[INFO] [stdout]   |     ^^^^^ use of undeclared crate or module `isahc`
[INFO] [stdout] 
[INFO] [stdout] error[E0432]: unresolved import `atrium_xrpc_client::isahc`
[INFO] [stdout]  --> src/lib.rs:101:25
[INFO] [stdout]   |
[INFO] [stdout] 4 | use atrium_xrpc_client::isahc::IsahcClientBuilder;
[INFO] [stdout]   |                         ^^^^^ could not find `isahc` in `atrium_xrpc_client`
[INFO] [stdout] 
[INFO] [stdout] error[E0433]: failed to resolve: use of undeclared crate or module `isahc`
[INFO] [stdout]   --> src/lib.rs:107:13
[INFO] [stdout]    |
[INFO] [stdout] 10 |             isahc::HttpClientBuilder::new()
[INFO] [stdout]    |             ^^^^^ use of undeclared crate or module `isahc`
[INFO] [stdout] 
[INFO] [stdout] error: aborting due to 3 previous errors
[INFO] [stdout] 
[INFO] [stdout] Some errors have detailed explanations: E0432, E0433.
[INFO] [stdout] For more information about an error, try `rustc --explain E0432`.
[INFO] [stdout] Couldn't compile the test.
[INFO] [stdout] ---- src/lib.rs - (line 130) stdout ----
[INFO] [stdout] error[E0432]: unresolved import `atrium_xrpc_client::surf`
[INFO] [stdout]  --> src/lib.rs:132:25
[INFO] [stdout]   |
[INFO] [stdout] 4 | use atrium_xrpc_client::surf::SurfClient;
[INFO] [stdout]   |                         ^^^^ could not find `surf` in `atrium_xrpc_client`
[INFO] [stdout] 
[INFO] [stdout] error: aborting due to 1 previous error
[INFO] [stdout] 
[INFO] [stdout] For more information about this error, try `rustc --explain E0432`.
[INFO] [stdout] Couldn't compile the test.
[INFO] [stdout] 
[INFO] [stdout] failures:
[INFO] [stdout]     src/lib.rs - (line 130)
[INFO] [stdout]     src/lib.rs - (line 148)
[INFO] [stdout]     src/lib.rs - (line 55)
[INFO] [stdout]     src/lib.rs - (line 82)
[INFO] [stdout]     src/lib.rs - (line 99)
[INFO] [stdout] 
[INFO] [stdout] test result: FAILED. 1 passed; 5 failed; 0 ignored; 0 measured; 0 filtered out; finished in 2.46s
[INFO] [stdout] 
[INFO] running `Command { std: "docker" "inspect" "30012f64d7702a2c2547d14ef116c2ef4a440a9daf30f0bfd5b5f55af39121d1", kill_on_drop: false }`
[INFO] running `Command { std: "docker" "rm" "-f" "30012f64d7702a2c2547d14ef116c2ef4a440a9daf30f0bfd5b5f55af39121d1", kill_on_drop: false }`
[INFO] [stdout] 30012f64d7702a2c2547d14ef116c2ef4a440a9daf30f0bfd5b5f55af39121d1
