[INFO] fetching crate atlas-core 0.1.0...
[INFO] testing atlas-core-0.1.0 against 1.75.0 for beta-1.76-1
[INFO] extracting crate atlas-core 0.1.0 into /workspace/builds/worker-2-tc1/source
[INFO] validating manifest of crates.io crate atlas-core 0.1.0 on toolchain 1.75.0
[INFO] running `Command { std: CARGO_HOME="/workspace/cargo-home" RUSTUP_HOME="/workspace/rustup-home" "/workspace/cargo-home/bin/cargo" "+1.75.0" "metadata" "--manifest-path" "Cargo.toml" "--no-deps", kill_on_drop: false }`
[INFO] started tweaking crates.io crate atlas-core 0.1.0
[INFO] finished tweaking crates.io crate atlas-core 0.1.0
[INFO] tweaked toml for crates.io crate atlas-core 0.1.0 written to /workspace/builds/worker-2-tc1/source/Cargo.toml
[INFO] running `Command { std: CARGO_HOME="/workspace/cargo-home" RUSTUP_HOME="/workspace/rustup-home" "/workspace/cargo-home/bin/cargo" "+1.75.0" "generate-lockfile" "--manifest-path" "Cargo.toml", kill_on_drop: false }`
[INFO] [stderr]     Updating crates.io index
[INFO] running `Command { std: CARGO_HOME="/workspace/cargo-home" RUSTUP_HOME="/workspace/rustup-home" "/workspace/cargo-home/bin/cargo" "+1.75.0" "fetch" "--manifest-path" "Cargo.toml", kill_on_drop: false }`
[INFO] [stderr]  Downloading crates ...
[INFO] [stderr]   Downloaded ariadne v0.3.0
[INFO] [stderr]   Downloaded concolor v0.1.1
[INFO] [stderr]   Downloaded concolor-query v0.3.3
[INFO] running `Command { std: "docker" "create" "-v" "/var/lib/crater-agent-workspace/builds/worker-2-tc1/target:/opt/rustwide/target:rw,Z" "-v" "/var/lib/crater-agent-workspace/builds/worker-2-tc1/source:/opt/rustwide/workdir:ro,Z" "-v" "/var/lib/crater-agent-workspace/cargo-home:/opt/rustwide/cargo-home:ro,Z" "-v" "/var/lib/crater-agent-workspace/rustup-home:/opt/rustwide/rustup-home:ro,Z" "-e" "SOURCE_DIR=/opt/rustwide/workdir" "-e" "CARGO_TARGET_DIR=/opt/rustwide/target" "-e" "CARGO_HOME=/opt/rustwide/cargo-home" "-e" "RUSTUP_HOME=/opt/rustwide/rustup-home" "-w" "/opt/rustwide/workdir" "-m" "1610612736" "--user" "0:0" "--network" "none" "ghcr.io/rust-lang/crates-build-env/linux@sha256:2788e3201cd34a07e3172128adcd8b3090168a8e3bcc40d7c032b9dda1df7d1c" "/opt/rustwide/cargo-home/bin/cargo" "+1.75.0" "metadata" "--no-deps" "--format-version=1", kill_on_drop: false }`
[INFO] [stdout] 5f40bee51482213d3ff1769a91490bc5d543a07e8cf29e455d305eee541f6e2c
[INFO] running `Command { std: "docker" "start" "-a" "5f40bee51482213d3ff1769a91490bc5d543a07e8cf29e455d305eee541f6e2c", kill_on_drop: false }`
[INFO] running `Command { std: "docker" "inspect" "5f40bee51482213d3ff1769a91490bc5d543a07e8cf29e455d305eee541f6e2c", kill_on_drop: false }`
[INFO] running `Command { std: "docker" "rm" "-f" "5f40bee51482213d3ff1769a91490bc5d543a07e8cf29e455d305eee541f6e2c", kill_on_drop: false }`
[INFO] [stdout] 5f40bee51482213d3ff1769a91490bc5d543a07e8cf29e455d305eee541f6e2c
[INFO] running `Command { std: "docker" "create" "-v" "/var/lib/crater-agent-workspace/builds/worker-2-tc1/target:/opt/rustwide/target:rw,Z" "-v" "/var/lib/crater-agent-workspace/builds/worker-2-tc1/source:/opt/rustwide/workdir:ro,Z" "-v" "/var/lib/crater-agent-workspace/cargo-home:/opt/rustwide/cargo-home:ro,Z" "-v" "/var/lib/crater-agent-workspace/rustup-home:/opt/rustwide/rustup-home:ro,Z" "-e" "SOURCE_DIR=/opt/rustwide/workdir" "-e" "CARGO_TARGET_DIR=/opt/rustwide/target" "-e" "CARGO_INCREMENTAL=0" "-e" "RUST_BACKTRACE=full" "-e" "RUSTFLAGS=--cap-lints=warn" "-e" "RUSTDOCFLAGS=--cap-lints=warn" "-e" "CARGO_HOME=/opt/rustwide/cargo-home" "-e" "RUSTUP_HOME=/opt/rustwide/rustup-home" "-w" "/opt/rustwide/workdir" "-m" "1610612736" "--user" "0:0" "--network" "none" "ghcr.io/rust-lang/crates-build-env/linux@sha256:2788e3201cd34a07e3172128adcd8b3090168a8e3bcc40d7c032b9dda1df7d1c" "/opt/rustwide/cargo-home/bin/cargo" "+1.75.0" "build" "--frozen" "--message-format=json", kill_on_drop: false }`
[INFO] [stdout] 978a33770cd1d12ae65f4b68b4d544d1d55ac05cd6680cd08abd1a1935d7f633
[INFO] running `Command { std: "docker" "start" "-a" "978a33770cd1d12ae65f4b68b4d544d1d55ac05cd6680cd08abd1a1935d7f633", kill_on_drop: false }`
[INFO] [stderr]    Compiling rustix v0.38.28
[INFO] [stderr]    Compiling bitflags v2.4.1
[INFO] [stderr]    Compiling linux-raw-sys v0.4.12
[INFO] [stderr]    Compiling utf8parse v0.2.1
[INFO] [stderr]    Compiling anstyle-query v1.0.2
[INFO] [stderr]    Compiling anstyle v1.0.4
[INFO] [stderr]    Compiling colorchoice v1.0.0
[INFO] [stderr]    Compiling concolor-query v0.3.3
[INFO] [stderr]    Compiling strsim v0.10.0
[INFO] [stderr]    Compiling heck v0.4.1
[INFO] [stderr]    Compiling clap_lex v0.6.0
[INFO] [stderr]    Compiling regex-automata v0.4.3
[INFO] [stderr]    Compiling anstyle-parse v0.2.3
[INFO] [stderr]    Compiling anstream v0.6.5
[INFO] [stderr]    Compiling clap_derive v4.4.7
[INFO] [stderr]    Compiling clap_builder v4.4.12
[INFO] [stderr]    Compiling is-terminal v0.4.10
[INFO] [stderr]    Compiling concolor v0.1.1
[INFO] [stderr]    Compiling ariadne v0.3.0
[INFO] [stderr]    Compiling regex v1.10.2
[INFO] [stderr]    Compiling clap v4.4.13
[INFO] [stderr]    Compiling env_logger v0.10.1
[INFO] [stderr]    Compiling atlas-core v0.1.0 (/opt/rustwide/workdir)
[INFO] [stderr]     Finished dev [unoptimized + debuginfo] target(s) in 2.94s
[INFO] running `Command { std: "docker" "inspect" "978a33770cd1d12ae65f4b68b4d544d1d55ac05cd6680cd08abd1a1935d7f633", kill_on_drop: false }`
[INFO] running `Command { std: "docker" "rm" "-f" "978a33770cd1d12ae65f4b68b4d544d1d55ac05cd6680cd08abd1a1935d7f633", kill_on_drop: false }`
[INFO] [stdout] 978a33770cd1d12ae65f4b68b4d544d1d55ac05cd6680cd08abd1a1935d7f633
[INFO] running `Command { std: "docker" "create" "-v" "/var/lib/crater-agent-workspace/builds/worker-2-tc1/target:/opt/rustwide/target:rw,Z" "-v" "/var/lib/crater-agent-workspace/builds/worker-2-tc1/source:/opt/rustwide/workdir:ro,Z" "-v" "/var/lib/crater-agent-workspace/cargo-home:/opt/rustwide/cargo-home:ro,Z" "-v" "/var/lib/crater-agent-workspace/rustup-home:/opt/rustwide/rustup-home:ro,Z" "-e" "SOURCE_DIR=/opt/rustwide/workdir" "-e" "CARGO_TARGET_DIR=/opt/rustwide/target" "-e" "CARGO_INCREMENTAL=0" "-e" "RUST_BACKTRACE=full" "-e" "RUSTFLAGS=--cap-lints=warn" "-e" "RUSTDOCFLAGS=--cap-lints=warn" "-e" "CARGO_HOME=/opt/rustwide/cargo-home" "-e" "RUSTUP_HOME=/opt/rustwide/rustup-home" "-w" "/opt/rustwide/workdir" "-m" "1610612736" "--user" "0:0" "--network" "none" "ghcr.io/rust-lang/crates-build-env/linux@sha256:2788e3201cd34a07e3172128adcd8b3090168a8e3bcc40d7c032b9dda1df7d1c" "/opt/rustwide/cargo-home/bin/cargo" "+1.75.0" "test" "--frozen" "--no-run" "--message-format=json", kill_on_drop: false }`
[INFO] [stdout] 6b6c5ea6bd71318609f5639fa50ec556d2b0166a648a70f96d4c1ecf6b5ecb31
[INFO] running `Command { std: "docker" "start" "-a" "6b6c5ea6bd71318609f5639fa50ec556d2b0166a648a70f96d4c1ecf6b5ecb31", kill_on_drop: false }`
[INFO] [stderr]    Compiling atlas-core v0.1.0 (/opt/rustwide/workdir)
[INFO] [stderr]     Finished test [unoptimized + debuginfo] target(s) in 0.33s
[INFO] running `Command { std: "docker" "inspect" "6b6c5ea6bd71318609f5639fa50ec556d2b0166a648a70f96d4c1ecf6b5ecb31", kill_on_drop: false }`
[INFO] running `Command { std: "docker" "rm" "-f" "6b6c5ea6bd71318609f5639fa50ec556d2b0166a648a70f96d4c1ecf6b5ecb31", kill_on_drop: false }`
[INFO] [stdout] 6b6c5ea6bd71318609f5639fa50ec556d2b0166a648a70f96d4c1ecf6b5ecb31
[INFO] running `Command { std: "docker" "create" "-v" "/var/lib/crater-agent-workspace/builds/worker-2-tc1/target:/opt/rustwide/target:rw,Z" "-v" "/var/lib/crater-agent-workspace/builds/worker-2-tc1/source:/opt/rustwide/workdir:ro,Z" "-v" "/var/lib/crater-agent-workspace/cargo-home:/opt/rustwide/cargo-home:ro,Z" "-v" "/var/lib/crater-agent-workspace/rustup-home:/opt/rustwide/rustup-home:ro,Z" "-e" "SOURCE_DIR=/opt/rustwide/workdir" "-e" "CARGO_TARGET_DIR=/opt/rustwide/target" "-e" "CARGO_INCREMENTAL=0" "-e" "RUST_BACKTRACE=full" "-e" "RUSTFLAGS=--cap-lints=warn" "-e" "RUSTDOCFLAGS=--cap-lints=warn" "-e" "CARGO_HOME=/opt/rustwide/cargo-home" "-e" "RUSTUP_HOME=/opt/rustwide/rustup-home" "-w" "/opt/rustwide/workdir" "-m" "1610612736" "--user" "0:0" "--network" "none" "ghcr.io/rust-lang/crates-build-env/linux@sha256:2788e3201cd34a07e3172128adcd8b3090168a8e3bcc40d7c032b9dda1df7d1c" "/opt/rustwide/cargo-home/bin/cargo" "+1.75.0" "test" "--frozen", kill_on_drop: false }`
[INFO] [stdout] cc673a33f35a2d826bb3d518a5a108696f5301e5bf1cbffe304f6e18539aef76
[INFO] running `Command { std: "docker" "start" "-a" "cc673a33f35a2d826bb3d518a5a108696f5301e5bf1cbffe304f6e18539aef76", kill_on_drop: false }`
[INFO] [stderr]     Finished test [unoptimized + debuginfo] target(s) in 0.04s
[INFO] [stderr]      Running unittests src/lib.rs (/opt/rustwide/target/debug/deps/atlas_core-aff9e80e529d5f4b)
[INFO] [stdout] 
[INFO] [stdout] running 0 tests
[INFO] [stdout] 
[INFO] [stdout] test result: ok. 0 passed; 0 failed; 0 ignored; 0 measured; 0 filtered out; finished in 0.00s
[INFO] [stdout] 
[INFO] [stderr]    Doc-tests atlas_core
[INFO] [stdout] 
[INFO] [stdout] running 2 tests
[INFO] [stdout] test src/interfaces/lexer/mod.rs - interfaces::lexer::Lexer::check (line 41) ... FAILED
[INFO] [stdout] test src/interfaces/parser/mod.rs - interfaces::parser::Parser::check (line 54) ... FAILED
[INFO] [stdout] 
[INFO] [stdout] failures:
[INFO] [stdout] 
[INFO] [stdout] ---- src/interfaces/lexer/mod.rs - interfaces::lexer::Lexer::check (line 41) stdout ----
[INFO] [stdout] error[E0432]: unresolved import `my_lexer`
[INFO] [stdout]  --> src/interfaces/lexer/mod.rs:42:5
[INFO] [stdout]   |
[INFO] [stdout] 3 | use my_lexer::MyLexer;
[INFO] [stdout]   |     ^^^^^^^^ use of undeclared crate or module `my_lexer`
[INFO] [stdout] 
[INFO] [stdout] error: aborting due to previous error
[INFO] [stdout] 
[INFO] [stdout] For more information about this error, try `rustc --explain E0432`.
[INFO] [stdout] Couldn't compile the test.
[INFO] [stdout] ---- src/interfaces/parser/mod.rs - interfaces::parser::Parser::check (line 54) stdout ----
[INFO] [stdout] error: expected expression, found `;`
[INFO] [stdout]  --> src/interfaces/parser/mod.rs:58:51
[INFO] [stdout]   |
[INFO] [stdout] 6 | let tokens = /* Lex tokens from the source file */;
[INFO] [stdout]   |                                                   ^ expected expression
[INFO] [stdout] 
[INFO] [stdout] error[E0432]: unresolved import `my_parser`
[INFO] [stdout]  --> src/interfaces/parser/mod.rs:55:5
[INFO] [stdout]   |
[INFO] [stdout] 3 | use my_parser::Parser;
[INFO] [stdout]   |     ^^^^^^^^^ use of undeclared crate or module `my_parser`
[INFO] [stdout] 
[INFO] [stdout] error[E0433]: failed to resolve: use of undeclared type `MyParser`
[INFO] [stdout]  --> src/interfaces/parser/mod.rs:57:21
[INFO] [stdout]   |
[INFO] [stdout] 5 | let mut my_parser = MyParser::new("source_file.txt".to_string()).unwrap();
[INFO] [stdout]   |                     ^^^^^^^^ use of undeclared type `MyParser`
[INFO] [stdout] 
[INFO] [stdout] error: aborting due to 3 previous errors
[INFO] [stdout] 
[INFO] [stdout] Some errors have detailed explanations: E0432, E0433.
[INFO] [stdout] For more information about an error, try `rustc --explain E0432`.
[INFO] [stdout] Couldn't compile the test.
[INFO] [stdout] 
[INFO] [stdout] failures:
[INFO] [stdout]     src/interfaces/lexer/mod.rs - interfaces::lexer::Lexer::check (line 41)
[INFO] [stdout]     src/interfaces/parser/mod.rs - interfaces::parser::Parser::check (line 54)
[INFO] [stdout] 
[INFO] [stdout] test result: FAILED. 0 passed; 2 failed; 0 ignored; 0 measured; 0 filtered out; finished in 0.11s
[INFO] [stdout] 
[INFO] [stderr] error: doctest failed, to rerun pass `--doc`
[INFO] running `Command { std: "docker" "inspect" "cc673a33f35a2d826bb3d518a5a108696f5301e5bf1cbffe304f6e18539aef76", kill_on_drop: false }`
[INFO] running `Command { std: "docker" "rm" "-f" "cc673a33f35a2d826bb3d518a5a108696f5301e5bf1cbffe304f6e18539aef76", kill_on_drop: false }`
[INFO] [stdout] cc673a33f35a2d826bb3d518a5a108696f5301e5bf1cbffe304f6e18539aef76
