[INFO] fetching crate async_load 1.0.3...
[INFO] testing async_load-1.0.3 against 1.75.0 for beta-1.76-1
[INFO] extracting crate async_load 1.0.3 into /workspace/builds/worker-5-tc1/source
[INFO] validating manifest of crates.io crate async_load 1.0.3 on toolchain 1.75.0
[INFO] running `Command { std: CARGO_HOME="/workspace/cargo-home" RUSTUP_HOME="/workspace/rustup-home" "/workspace/cargo-home/bin/cargo" "+1.75.0" "metadata" "--manifest-path" "Cargo.toml" "--no-deps", kill_on_drop: false }`
[INFO] started tweaking crates.io crate async_load 1.0.3
[INFO] finished tweaking crates.io crate async_load 1.0.3
[INFO] tweaked toml for crates.io crate async_load 1.0.3 written to /workspace/builds/worker-5-tc1/source/Cargo.toml
[INFO] running `Command { std: CARGO_HOME="/workspace/cargo-home" RUSTUP_HOME="/workspace/rustup-home" "/workspace/cargo-home/bin/cargo" "+1.75.0" "generate-lockfile" "--manifest-path" "Cargo.toml", kill_on_drop: false }`
[INFO] [stderr]     Updating crates.io index
[INFO] running `Command { std: CARGO_HOME="/workspace/cargo-home" RUSTUP_HOME="/workspace/rustup-home" "/workspace/cargo-home/bin/cargo" "+1.75.0" "fetch" "--manifest-path" "Cargo.toml", kill_on_drop: false }`
[INFO] running `Command { std: "docker" "create" "-v" "/var/lib/crater-agent-workspace/builds/worker-5-tc1/target:/opt/rustwide/target:rw,Z" "-v" "/var/lib/crater-agent-workspace/builds/worker-5-tc1/source:/opt/rustwide/workdir:ro,Z" "-v" "/var/lib/crater-agent-workspace/cargo-home:/opt/rustwide/cargo-home:ro,Z" "-v" "/var/lib/crater-agent-workspace/rustup-home:/opt/rustwide/rustup-home:ro,Z" "-e" "SOURCE_DIR=/opt/rustwide/workdir" "-e" "CARGO_TARGET_DIR=/opt/rustwide/target" "-e" "CARGO_HOME=/opt/rustwide/cargo-home" "-e" "RUSTUP_HOME=/opt/rustwide/rustup-home" "-w" "/opt/rustwide/workdir" "-m" "1610612736" "--user" "0:0" "--network" "none" "ghcr.io/rust-lang/crates-build-env/linux@sha256:2788e3201cd34a07e3172128adcd8b3090168a8e3bcc40d7c032b9dda1df7d1c" "/opt/rustwide/cargo-home/bin/cargo" "+1.75.0" "metadata" "--no-deps" "--format-version=1", kill_on_drop: false }`
[INFO] [stdout] 4f403c16ded4e12477f24e22ba8bd8dc1638d2f665639e2f8927286e39618c2e
[INFO] running `Command { std: "docker" "start" "-a" "4f403c16ded4e12477f24e22ba8bd8dc1638d2f665639e2f8927286e39618c2e", kill_on_drop: false }`
[INFO] running `Command { std: "docker" "inspect" "4f403c16ded4e12477f24e22ba8bd8dc1638d2f665639e2f8927286e39618c2e", kill_on_drop: false }`
[INFO] running `Command { std: "docker" "rm" "-f" "4f403c16ded4e12477f24e22ba8bd8dc1638d2f665639e2f8927286e39618c2e", kill_on_drop: false }`
[INFO] [stdout] 4f403c16ded4e12477f24e22ba8bd8dc1638d2f665639e2f8927286e39618c2e
[INFO] running `Command { std: "docker" "create" "-v" "/var/lib/crater-agent-workspace/builds/worker-5-tc1/target:/opt/rustwide/target:rw,Z" "-v" "/var/lib/crater-agent-workspace/builds/worker-5-tc1/source:/opt/rustwide/workdir:ro,Z" "-v" "/var/lib/crater-agent-workspace/cargo-home:/opt/rustwide/cargo-home:ro,Z" "-v" "/var/lib/crater-agent-workspace/rustup-home:/opt/rustwide/rustup-home:ro,Z" "-e" "SOURCE_DIR=/opt/rustwide/workdir" "-e" "CARGO_TARGET_DIR=/opt/rustwide/target" "-e" "CARGO_INCREMENTAL=0" "-e" "RUST_BACKTRACE=full" "-e" "RUSTFLAGS=--cap-lints=warn" "-e" "RUSTDOCFLAGS=--cap-lints=warn" "-e" "CARGO_HOME=/opt/rustwide/cargo-home" "-e" "RUSTUP_HOME=/opt/rustwide/rustup-home" "-w" "/opt/rustwide/workdir" "-m" "1610612736" "--user" "0:0" "--network" "none" "ghcr.io/rust-lang/crates-build-env/linux@sha256:2788e3201cd34a07e3172128adcd8b3090168a8e3bcc40d7c032b9dda1df7d1c" "/opt/rustwide/cargo-home/bin/cargo" "+1.75.0" "build" "--frozen" "--message-format=json", kill_on_drop: false }`
[INFO] [stdout] ad38edad7828b8b16e243457c69b67ba6e76d2b77b98c92c46b054efa29c2762
[INFO] running `Command { std: "docker" "start" "-a" "ad38edad7828b8b16e243457c69b67ba6e76d2b77b98c92c46b054efa29c2762", kill_on_drop: false }`
[INFO] [stderr]    Compiling async_load v1.0.3 (/opt/rustwide/workdir)
[INFO] [stderr]     Finished dev [unoptimized + debuginfo] target(s) in 0.09s
[INFO] running `Command { std: "docker" "inspect" "ad38edad7828b8b16e243457c69b67ba6e76d2b77b98c92c46b054efa29c2762", kill_on_drop: false }`
[INFO] running `Command { std: "docker" "rm" "-f" "ad38edad7828b8b16e243457c69b67ba6e76d2b77b98c92c46b054efa29c2762", kill_on_drop: false }`
[INFO] [stdout] ad38edad7828b8b16e243457c69b67ba6e76d2b77b98c92c46b054efa29c2762
[INFO] running `Command { std: "docker" "create" "-v" "/var/lib/crater-agent-workspace/builds/worker-5-tc1/target:/opt/rustwide/target:rw,Z" "-v" "/var/lib/crater-agent-workspace/builds/worker-5-tc1/source:/opt/rustwide/workdir:ro,Z" "-v" "/var/lib/crater-agent-workspace/cargo-home:/opt/rustwide/cargo-home:ro,Z" "-v" "/var/lib/crater-agent-workspace/rustup-home:/opt/rustwide/rustup-home:ro,Z" "-e" "SOURCE_DIR=/opt/rustwide/workdir" "-e" "CARGO_TARGET_DIR=/opt/rustwide/target" "-e" "CARGO_INCREMENTAL=0" "-e" "RUST_BACKTRACE=full" "-e" "RUSTFLAGS=--cap-lints=warn" "-e" "RUSTDOCFLAGS=--cap-lints=warn" "-e" "CARGO_HOME=/opt/rustwide/cargo-home" "-e" "RUSTUP_HOME=/opt/rustwide/rustup-home" "-w" "/opt/rustwide/workdir" "-m" "1610612736" "--user" "0:0" "--network" "none" "ghcr.io/rust-lang/crates-build-env/linux@sha256:2788e3201cd34a07e3172128adcd8b3090168a8e3bcc40d7c032b9dda1df7d1c" "/opt/rustwide/cargo-home/bin/cargo" "+1.75.0" "test" "--frozen" "--no-run" "--message-format=json", kill_on_drop: false }`
[INFO] [stdout] 4c7351ddda470212d7b764d3254fa1f4928d9f613e0747ed07f0db21ce8dea69
[INFO] running `Command { std: "docker" "start" "-a" "4c7351ddda470212d7b764d3254fa1f4928d9f613e0747ed07f0db21ce8dea69", kill_on_drop: false }`
[INFO] [stderr]    Compiling async_load v1.0.3 (/opt/rustwide/workdir)
[INFO] [stderr]     Finished test [unoptimized + debuginfo] target(s) in 0.26s
[INFO] running `Command { std: "docker" "inspect" "4c7351ddda470212d7b764d3254fa1f4928d9f613e0747ed07f0db21ce8dea69", kill_on_drop: false }`
[INFO] running `Command { std: "docker" "rm" "-f" "4c7351ddda470212d7b764d3254fa1f4928d9f613e0747ed07f0db21ce8dea69", kill_on_drop: false }`
[INFO] [stdout] 4c7351ddda470212d7b764d3254fa1f4928d9f613e0747ed07f0db21ce8dea69
[INFO] running `Command { std: "docker" "create" "-v" "/var/lib/crater-agent-workspace/builds/worker-5-tc1/target:/opt/rustwide/target:rw,Z" "-v" "/var/lib/crater-agent-workspace/builds/worker-5-tc1/source:/opt/rustwide/workdir:ro,Z" "-v" "/var/lib/crater-agent-workspace/cargo-home:/opt/rustwide/cargo-home:ro,Z" "-v" "/var/lib/crater-agent-workspace/rustup-home:/opt/rustwide/rustup-home:ro,Z" "-e" "SOURCE_DIR=/opt/rustwide/workdir" "-e" "CARGO_TARGET_DIR=/opt/rustwide/target" "-e" "CARGO_INCREMENTAL=0" "-e" "RUST_BACKTRACE=full" "-e" "RUSTFLAGS=--cap-lints=warn" "-e" "RUSTDOCFLAGS=--cap-lints=warn" "-e" "CARGO_HOME=/opt/rustwide/cargo-home" "-e" "RUSTUP_HOME=/opt/rustwide/rustup-home" "-w" "/opt/rustwide/workdir" "-m" "1610612736" "--user" "0:0" "--network" "none" "ghcr.io/rust-lang/crates-build-env/linux@sha256:2788e3201cd34a07e3172128adcd8b3090168a8e3bcc40d7c032b9dda1df7d1c" "/opt/rustwide/cargo-home/bin/cargo" "+1.75.0" "test" "--frozen", kill_on_drop: false }`
[INFO] [stdout] cdd02a8c382d546e2ae72b3d8076c976d790830613f01d22338f7a343a54c620
[INFO] running `Command { std: "docker" "start" "-a" "cdd02a8c382d546e2ae72b3d8076c976d790830613f01d22338f7a343a54c620", kill_on_drop: false }`
[INFO] [stderr]     Finished test [unoptimized + debuginfo] target(s) in 0.00s
[INFO] [stderr]      Running unittests src/lib.rs (/opt/rustwide/target/debug/deps/async_load-4cb99050531c0429)
[INFO] [stdout] 
[INFO] [stdout] running 5 tests
[INFO] [stdout] test tests::event_type_conversion ... ok
[INFO] [stdout] test tests::gml_string_build ... ok
[INFO] [stdout] test tests::gml_string_read_ascii ... ok
[INFO] [stdout] test tests::gml_string_safety ... ok
[INFO] [stdout] test tests::gml_string_read_utf8 ... ok
[INFO] [stdout] 
[INFO] [stdout] test result: ok. 5 passed; 0 failed; 0 ignored; 0 measured; 0 filtered out; finished in 0.00s
[INFO] [stdout] 
[INFO] [stderr]    Doc-tests async_load
[INFO] [stdout] 
[INFO] [stdout] running 1 test
[INFO] [stdout] test src/lib.rs - (line 9) ... FAILED
[INFO] [stdout] 
[INFO] [stdout] failures:
[INFO] [stdout] 
[INFO] [stdout] ---- src/lib.rs - (line 9) stdout ----
[INFO] [stdout] error[E0412]: cannot find type `GMLDouble` in this scope
[INFO] [stdout]  --> src/lib.rs:12:42
[INFO] [stdout]   |
[INFO] [stdout] 5 | pub unsafe extern "C" fn MyFunction() -> GMLDouble {
[INFO] [stdout]   |                                          ^^^^^^^^^ not found in this scope
[INFO] [stdout]   |
[INFO] [stdout] help: consider importing this type alias
[INFO] [stdout]   |
[INFO] [stdout] 2 + use async_load::types::GMLDouble;
[INFO] [stdout]   |
[INFO] [stdout] 
[INFO] [stdout] error[E0433]: failed to resolve: use of undeclared type `DSMap`
[INFO] [stdout]   --> src/lib.rs:22:23
[INFO] [stdout]    |
[INFO] [stdout] 15 |         let mut map = DSMap::new();
[INFO] [stdout]    |                       ^^^^^ use of undeclared type `DSMap`
[INFO] [stdout]    |
[INFO] [stdout] help: consider importing this struct
[INFO] [stdout]    |
[INFO] [stdout] 2  + use async_load::ds_map::DSMap;
[INFO] [stdout]    |
[INFO] [stdout] 
[INFO] [stdout] error[E0433]: failed to resolve: use of undeclared type `EventType`
[INFO] [stdout]   --> src/lib.rs:25:22
[INFO] [stdout]    |
[INFO] [stdout] 18 |         map.dispatch(EventType::Social);
[INFO] [stdout]    |                      ^^^^^^^^^ use of undeclared type `EventType`
[INFO] [stdout]    |
[INFO] [stdout] help: consider importing this enum
[INFO] [stdout]    |
[INFO] [stdout] 2  + use async_load::ds_map::EventType;
[INFO] [stdout]    |
[INFO] [stdout] 
[INFO] [stdout] error[E0433]: failed to resolve: use of undeclared type `GMLDouble`
[INFO] [stdout]   --> src/lib.rs:28:5
[INFO] [stdout]    |
[INFO] [stdout] 21 |     GMLDouble::none()
[INFO] [stdout]    |     ^^^^^^^^^ use of undeclared type `GMLDouble`
[INFO] [stdout]    |
[INFO] [stdout] help: consider importing this type alias
[INFO] [stdout]    |
[INFO] [stdout] 2  + use async_load::types::GMLDouble;
[INFO] [stdout]    |
[INFO] [stdout] 
[INFO] [stdout] error: aborting due to 4 previous errors
[INFO] [stdout] 
[INFO] [stdout] Some errors have detailed explanations: E0412, E0433.
[INFO] [stdout] For more information about an error, try `rustc --explain E0412`.
[INFO] [stdout] Couldn't compile the test.
[INFO] [stdout] 
[INFO] [stdout] failures:
[INFO] [stdout]     src/lib.rs - (line 9)
[INFO] [stdout] 
[INFO] [stdout] test result: FAILED. 0 passed; 1 failed; 0 ignored; 0 measured; 0 filtered out; finished in 0.04s
[INFO] [stdout] 
[INFO] [stderr] error: doctest failed, to rerun pass `--doc`
[INFO] running `Command { std: "docker" "inspect" "cdd02a8c382d546e2ae72b3d8076c976d790830613f01d22338f7a343a54c620", kill_on_drop: false }`
[INFO] running `Command { std: "docker" "rm" "-f" "cdd02a8c382d546e2ae72b3d8076c976d790830613f01d22338f7a343a54c620", kill_on_drop: false }`
[INFO] [stdout] cdd02a8c382d546e2ae72b3d8076c976d790830613f01d22338f7a343a54c620
