[INFO] fetching crate async-tls 0.12.0...
[INFO] testing async-tls-0.12.0 against 1.75.0 for beta-1.76-1
[INFO] extracting crate async-tls 0.12.0 into /workspace/builds/worker-2-tc1/source
[INFO] validating manifest of crates.io crate async-tls 0.12.0 on toolchain 1.75.0
[INFO] running `Command { std: CARGO_HOME="/workspace/cargo-home" RUSTUP_HOME="/workspace/rustup-home" "/workspace/cargo-home/bin/cargo" "+1.75.0" "metadata" "--manifest-path" "Cargo.toml" "--no-deps", kill_on_drop: false }`
[INFO] started tweaking crates.io crate async-tls 0.12.0
[INFO] removed 0 missing tests
[INFO] finished tweaking crates.io crate async-tls 0.12.0
[INFO] tweaked toml for crates.io crate async-tls 0.12.0 written to /workspace/builds/worker-2-tc1/source/Cargo.toml
[INFO] running `Command { std: CARGO_HOME="/workspace/cargo-home" RUSTUP_HOME="/workspace/rustup-home" "/workspace/cargo-home/bin/cargo" "+1.75.0" "generate-lockfile" "--manifest-path" "Cargo.toml", kill_on_drop: false }`
[INFO] [stderr]     Updating crates.io index
[INFO] running `Command { std: CARGO_HOME="/workspace/cargo-home" RUSTUP_HOME="/workspace/rustup-home" "/workspace/cargo-home/bin/cargo" "+1.75.0" "fetch" "--manifest-path" "Cargo.toml", kill_on_drop: false }`
[INFO] [stderr]  Downloading crates ...
[INFO] [stderr]   Downloaded async-channel v2.1.1
[INFO] [stderr]   Downloaded value-bag v1.4.3
[INFO] [stderr]   Downloaded event-listener v3.1.0
[INFO] [stderr]   Downloaded async-process v1.8.1
[INFO] [stderr]   Downloaded blocking v1.5.1
[INFO] [stderr]   Downloaded atomic-waker v1.1.2
[INFO] [stderr]   Downloaded piper v0.2.1
[INFO] [stderr]   Downloaded async-global-executor v2.4.1
[INFO] [stderr]   Downloaded async-signal v0.2.5
[INFO] running `Command { std: "docker" "create" "-v" "/var/lib/crater-agent-workspace/builds/worker-2-tc1/target:/opt/rustwide/target:rw,Z" "-v" "/var/lib/crater-agent-workspace/builds/worker-2-tc1/source:/opt/rustwide/workdir:ro,Z" "-v" "/var/lib/crater-agent-workspace/cargo-home:/opt/rustwide/cargo-home:ro,Z" "-v" "/var/lib/crater-agent-workspace/rustup-home:/opt/rustwide/rustup-home:ro,Z" "-e" "SOURCE_DIR=/opt/rustwide/workdir" "-e" "CARGO_TARGET_DIR=/opt/rustwide/target" "-e" "CARGO_HOME=/opt/rustwide/cargo-home" "-e" "RUSTUP_HOME=/opt/rustwide/rustup-home" "-w" "/opt/rustwide/workdir" "-m" "1610612736" "--user" "0:0" "--network" "none" "ghcr.io/rust-lang/crates-build-env/linux@sha256:2788e3201cd34a07e3172128adcd8b3090168a8e3bcc40d7c032b9dda1df7d1c" "/opt/rustwide/cargo-home/bin/cargo" "+1.75.0" "metadata" "--no-deps" "--format-version=1", kill_on_drop: false }`
[INFO] [stdout] 146fb885788364b68561837aebdf7c099fd90265b7a6da9bdfe4fb8210ac1307
[INFO] running `Command { std: "docker" "start" "-a" "146fb885788364b68561837aebdf7c099fd90265b7a6da9bdfe4fb8210ac1307", kill_on_drop: false }`
[INFO] running `Command { std: "docker" "inspect" "146fb885788364b68561837aebdf7c099fd90265b7a6da9bdfe4fb8210ac1307", kill_on_drop: false }`
[INFO] running `Command { std: "docker" "rm" "-f" "146fb885788364b68561837aebdf7c099fd90265b7a6da9bdfe4fb8210ac1307", kill_on_drop: false }`
[INFO] [stdout] 146fb885788364b68561837aebdf7c099fd90265b7a6da9bdfe4fb8210ac1307
[INFO] running `Command { std: "docker" "create" "-v" "/var/lib/crater-agent-workspace/builds/worker-2-tc1/target:/opt/rustwide/target:rw,Z" "-v" "/var/lib/crater-agent-workspace/builds/worker-2-tc1/source:/opt/rustwide/workdir:ro,Z" "-v" "/var/lib/crater-agent-workspace/cargo-home:/opt/rustwide/cargo-home:ro,Z" "-v" "/var/lib/crater-agent-workspace/rustup-home:/opt/rustwide/rustup-home:ro,Z" "-e" "SOURCE_DIR=/opt/rustwide/workdir" "-e" "CARGO_TARGET_DIR=/opt/rustwide/target" "-e" "CARGO_INCREMENTAL=0" "-e" "RUST_BACKTRACE=full" "-e" "RUSTFLAGS=--cap-lints=warn" "-e" "RUSTDOCFLAGS=--cap-lints=warn" "-e" "CARGO_HOME=/opt/rustwide/cargo-home" "-e" "RUSTUP_HOME=/opt/rustwide/rustup-home" "-w" "/opt/rustwide/workdir" "-m" "1610612736" "--user" "0:0" "--network" "none" "ghcr.io/rust-lang/crates-build-env/linux@sha256:2788e3201cd34a07e3172128adcd8b3090168a8e3bcc40d7c032b9dda1df7d1c" "/opt/rustwide/cargo-home/bin/cargo" "+1.75.0" "build" "--frozen" "--message-format=json", kill_on_drop: false }`
[INFO] [stdout] 371c03a401dc111b748eac57a91fb5e4fc285bbfe0cf3a1b2791fea67ca493b1
[INFO] running `Command { std: "docker" "start" "-a" "371c03a401dc111b748eac57a91fb5e4fc285bbfe0cf3a1b2791fea67ca493b1", kill_on_drop: false }`
[INFO] [stderr]    Compiling rustls v0.20.9
[INFO] [stderr]    Compiling value-bag v1.4.3
[INFO] [stderr]    Compiling getrandom v0.2.11
[INFO] [stderr]    Compiling ring v0.17.7
[INFO] [stderr]    Compiling ring v0.16.20
[INFO] [stderr]    Compiling log v0.4.20
[INFO] [stderr]    Compiling webpki v0.22.4
[INFO] [stderr]    Compiling sct v0.7.1
[INFO] [stderr]    Compiling webpki-roots v0.22.6
[INFO] [stderr]    Compiling async-tls v0.12.0 (/opt/rustwide/workdir)
[INFO] [stderr]     Finished dev [unoptimized + debuginfo] target(s) in 9.88s
[INFO] running `Command { std: "docker" "inspect" "371c03a401dc111b748eac57a91fb5e4fc285bbfe0cf3a1b2791fea67ca493b1", kill_on_drop: false }`
[INFO] running `Command { std: "docker" "rm" "-f" "371c03a401dc111b748eac57a91fb5e4fc285bbfe0cf3a1b2791fea67ca493b1", kill_on_drop: false }`
[INFO] [stdout] 371c03a401dc111b748eac57a91fb5e4fc285bbfe0cf3a1b2791fea67ca493b1
[INFO] running `Command { std: "docker" "create" "-v" "/var/lib/crater-agent-workspace/builds/worker-2-tc1/target:/opt/rustwide/target:rw,Z" "-v" "/var/lib/crater-agent-workspace/builds/worker-2-tc1/source:/opt/rustwide/workdir:ro,Z" "-v" "/var/lib/crater-agent-workspace/cargo-home:/opt/rustwide/cargo-home:ro,Z" "-v" "/var/lib/crater-agent-workspace/rustup-home:/opt/rustwide/rustup-home:ro,Z" "-e" "SOURCE_DIR=/opt/rustwide/workdir" "-e" "CARGO_TARGET_DIR=/opt/rustwide/target" "-e" "CARGO_INCREMENTAL=0" "-e" "RUST_BACKTRACE=full" "-e" "RUSTFLAGS=--cap-lints=warn" "-e" "RUSTDOCFLAGS=--cap-lints=warn" "-e" "CARGO_HOME=/opt/rustwide/cargo-home" "-e" "RUSTUP_HOME=/opt/rustwide/rustup-home" "-w" "/opt/rustwide/workdir" "-m" "1610612736" "--user" "0:0" "--network" "none" "ghcr.io/rust-lang/crates-build-env/linux@sha256:2788e3201cd34a07e3172128adcd8b3090168a8e3bcc40d7c032b9dda1df7d1c" "/opt/rustwide/cargo-home/bin/cargo" "+1.75.0" "test" "--frozen" "--no-run" "--message-format=json", kill_on_drop: false }`
[INFO] [stdout] b9b415f06492de5934602bf06c8fbf6ff2ac0c80a8541fc609739786c2fe0578
[INFO] running `Command { std: "docker" "start" "-a" "b9b415f06492de5934602bf06c8fbf6ff2ac0c80a8541fc609739786c2fe0578", kill_on_drop: false }`
[INFO] [stderr]    Compiling rustix v0.38.28
[INFO] [stderr]    Compiling linux-raw-sys v0.4.12
[INFO] [stderr]    Compiling io-lifetimes v1.0.11
[INFO] [stderr]    Compiling futures-lite v2.1.0
[INFO] [stderr]    Compiling polling v2.8.0
[INFO] [stderr]    Compiling rustix v0.37.27
[INFO] [stderr]    Compiling concurrent-queue v2.4.0
[INFO] [stderr]    Compiling async-io v1.13.0
[INFO] [stderr]    Compiling linux-raw-sys v0.3.8
[INFO] [stderr]    Compiling atomic-waker v1.1.2
[INFO] [stderr]    Compiling futures-lite v1.13.0
[INFO] [stderr]    Compiling socket2 v0.4.10
[INFO] [stderr]    Compiling syn v2.0.48
[INFO] [stderr]    Compiling signal-hook-registry v1.4.1
[INFO] [stderr]    Compiling kv-log-macro v1.0.7
[INFO] [stderr]    Compiling piper v0.2.1
[INFO] [stderr]    Compiling event-listener v4.0.2
[INFO] [stderr]    Compiling event-listener v3.1.0
[INFO] [stderr]    Compiling async-channel v1.9.0
[INFO] [stderr]    Compiling event-listener-strategy v0.4.0
[INFO] [stderr]    Compiling async-lock v3.2.0
[INFO] [stderr]    Compiling async-channel v2.1.1
[INFO] [stderr]    Compiling blocking v1.5.1
[INFO] [stderr]    Compiling async-executor v1.8.0
[INFO] [stderr]    Compiling futures-macro v0.3.30
[INFO] [stderr]    Compiling futures-util v0.3.30
[INFO] [stderr]    Compiling polling v3.3.1
[INFO] [stderr]    Compiling async-io v2.2.2
[INFO] [stderr]    Compiling async-signal v0.2.5
[INFO] [stderr]    Compiling async-global-executor v2.4.1
[INFO] [stderr]    Compiling async-process v1.8.1
[INFO] [stderr]    Compiling async-std v1.12.0
[INFO] [stderr]    Compiling futures-executor v0.3.30
[INFO] [stderr]    Compiling async-tls v0.12.0 (/opt/rustwide/workdir)
[INFO] [stderr]     Finished test [unoptimized + debuginfo] target(s) in 14.91s
[INFO] running `Command { std: "docker" "inspect" "b9b415f06492de5934602bf06c8fbf6ff2ac0c80a8541fc609739786c2fe0578", kill_on_drop: false }`
[INFO] running `Command { std: "docker" "rm" "-f" "b9b415f06492de5934602bf06c8fbf6ff2ac0c80a8541fc609739786c2fe0578", kill_on_drop: false }`
[INFO] [stdout] b9b415f06492de5934602bf06c8fbf6ff2ac0c80a8541fc609739786c2fe0578
[INFO] running `Command { std: "docker" "create" "-v" "/var/lib/crater-agent-workspace/builds/worker-2-tc1/target:/opt/rustwide/target:rw,Z" "-v" "/var/lib/crater-agent-workspace/builds/worker-2-tc1/source:/opt/rustwide/workdir:ro,Z" "-v" "/var/lib/crater-agent-workspace/cargo-home:/opt/rustwide/cargo-home:ro,Z" "-v" "/var/lib/crater-agent-workspace/rustup-home:/opt/rustwide/rustup-home:ro,Z" "-e" "SOURCE_DIR=/opt/rustwide/workdir" "-e" "CARGO_TARGET_DIR=/opt/rustwide/target" "-e" "CARGO_INCREMENTAL=0" "-e" "RUST_BACKTRACE=full" "-e" "RUSTFLAGS=--cap-lints=warn" "-e" "RUSTDOCFLAGS=--cap-lints=warn" "-e" "CARGO_HOME=/opt/rustwide/cargo-home" "-e" "RUSTUP_HOME=/opt/rustwide/rustup-home" "-w" "/opt/rustwide/workdir" "-m" "1610612736" "--user" "0:0" "--network" "none" "ghcr.io/rust-lang/crates-build-env/linux@sha256:2788e3201cd34a07e3172128adcd8b3090168a8e3bcc40d7c032b9dda1df7d1c" "/opt/rustwide/cargo-home/bin/cargo" "+1.75.0" "test" "--frozen", kill_on_drop: false }`
[INFO] [stdout] 6ee11baaf454643e2c5db7bfbe51e4aca8c19d7fcfd463493499ec33d2174628
[INFO] running `Command { std: "docker" "start" "-a" "6ee11baaf454643e2c5db7bfbe51e4aca8c19d7fcfd463493499ec33d2174628", kill_on_drop: false }`
[INFO] [stderr]     Finished test [unoptimized + debuginfo] target(s) in 0.08s
[INFO] [stderr]      Running unittests src/lib.rs (/opt/rustwide/target/debug/deps/async_tls-431c5cccee7c434f)
[INFO] [stdout] 
[INFO] [stdout] running 5 tests
[INFO] [stdout] test rusttls::stream::test_stream::stream_handshake_eof ... ok
[INFO] [stdout] test rusttls::stream::test_stream::stream_handshake ... ok
[INFO] [stdout] test rusttls::stream::test_stream::stream_bad ... ok
[INFO] [stdout] test rusttls::stream::test_stream::stream_good ... ok
[INFO] [stdout] test rusttls::stream::test_stream::stream_eof ... ok
[INFO] [stdout] 
[INFO] [stdout] test result: ok. 5 passed; 0 failed; 0 ignored; 0 measured; 0 filtered out; finished in 0.01s
[INFO] [stdout] 
[INFO] [stderr]      Running tests/google.rs (/opt/rustwide/target/debug/deps/google-09248cbb67eb127d)
[INFO] [stdout] 
[INFO] [stdout] running 1 test
[INFO] [stdout] test fetch_google ... FAILED
[INFO] [stdout] 
[INFO] [stdout] failures:
[INFO] [stdout] 
[INFO] [stdout] ---- fetch_google stdout ----
[INFO] [stdout] Error: Custom { kind: Uncategorized, error: VerboseError { source: Custom { kind: Uncategorized, error: "failed to lookup address information: Temporary failure in name resolution" }, message: "could not resolve address `\"google.com:443\"`" } }
[INFO] [stdout] 
[INFO] [stdout] 
[INFO] [stdout] failures:
[INFO] [stdout]     fetch_google
[INFO] [stdout] 
[INFO] [stdout] test result: FAILED. 0 passed; 1 failed; 0 ignored; 0 measured; 0 filtered out; finished in 0.01s
[INFO] [stdout] 
[INFO] [stderr] error: test failed, to rerun pass `--test google`
[INFO] running `Command { std: "docker" "inspect" "6ee11baaf454643e2c5db7bfbe51e4aca8c19d7fcfd463493499ec33d2174628", kill_on_drop: false }`
[INFO] running `Command { std: "docker" "rm" "-f" "6ee11baaf454643e2c5db7bfbe51e4aca8c19d7fcfd463493499ec33d2174628", kill_on_drop: false }`
[INFO] [stdout] 6ee11baaf454643e2c5db7bfbe51e4aca8c19d7fcfd463493499ec33d2174628
[INFO] testing async-tls-0.12.0 against beta-2023-12-22 for beta-1.76-1
[INFO] extracting crate async-tls 0.12.0 into /workspace/builds/worker-2-tc2/source
[INFO] validating manifest of crates.io crate async-tls 0.12.0 on toolchain beta-2023-12-22
[INFO] running `Command { std: CARGO_HOME="/workspace/cargo-home" RUSTUP_HOME="/workspace/rustup-home" "/workspace/cargo-home/bin/cargo" "+beta-2023-12-22" "metadata" "--manifest-path" "Cargo.toml" "--no-deps", kill_on_drop: false }`
[INFO] started tweaking crates.io crate async-tls 0.12.0
[INFO] removed 0 missing tests
[INFO] finished tweaking crates.io crate async-tls 0.12.0
[INFO] tweaked toml for crates.io crate async-tls 0.12.0 written to /workspace/builds/worker-2-tc2/source/Cargo.toml
[INFO] running `Command { std: CARGO_HOME="/workspace/cargo-home" RUSTUP_HOME="/workspace/rustup-home" "/workspace/cargo-home/bin/cargo" "+beta-2023-12-22" "generate-lockfile" "--manifest-path" "Cargo.toml", kill_on_drop: false }`
[INFO] [stderr]     Updating crates.io index
[INFO] running `Command { std: CARGO_HOME="/workspace/cargo-home" RUSTUP_HOME="/workspace/rustup-home" "/workspace/cargo-home/bin/cargo" "+beta-2023-12-22" "fetch" "--manifest-path" "Cargo.toml", kill_on_drop: false }`
[INFO] running `Command { std: "docker" "create" "-v" "/var/lib/crater-agent-workspace/builds/worker-2-tc2/target:/opt/rustwide/target:rw,Z" "-v" "/var/lib/crater-agent-workspace/builds/worker-2-tc2/source:/opt/rustwide/workdir:ro,Z" "-v" "/var/lib/crater-agent-workspace/cargo-home:/opt/rustwide/cargo-home:ro,Z" "-v" "/var/lib/crater-agent-workspace/rustup-home:/opt/rustwide/rustup-home:ro,Z" "-e" "SOURCE_DIR=/opt/rustwide/workdir" "-e" "CARGO_TARGET_DIR=/opt/rustwide/target" "-e" "CARGO_HOME=/opt/rustwide/cargo-home" "-e" "RUSTUP_HOME=/opt/rustwide/rustup-home" "-w" "/opt/rustwide/workdir" "-m" "1610612736" "--user" "0:0" "--network" "none" "ghcr.io/rust-lang/crates-build-env/linux@sha256:2788e3201cd34a07e3172128adcd8b3090168a8e3bcc40d7c032b9dda1df7d1c" "/opt/rustwide/cargo-home/bin/cargo" "+beta-2023-12-22" "metadata" "--no-deps" "--format-version=1", kill_on_drop: false }`
[INFO] [stdout] 7584625d29cf966b532449e4993887f83dbfa99b10cf871f6a3f8ac3d087e32a
[INFO] running `Command { std: "docker" "start" "-a" "7584625d29cf966b532449e4993887f83dbfa99b10cf871f6a3f8ac3d087e32a", kill_on_drop: false }`
[INFO] running `Command { std: "docker" "inspect" "7584625d29cf966b532449e4993887f83dbfa99b10cf871f6a3f8ac3d087e32a", kill_on_drop: false }`
[INFO] running `Command { std: "docker" "rm" "-f" "7584625d29cf966b532449e4993887f83dbfa99b10cf871f6a3f8ac3d087e32a", kill_on_drop: false }`
[INFO] [stdout] 7584625d29cf966b532449e4993887f83dbfa99b10cf871f6a3f8ac3d087e32a
[INFO] running `Command { std: "docker" "create" "-v" "/var/lib/crater-agent-workspace/builds/worker-2-tc2/target:/opt/rustwide/target:rw,Z" "-v" "/var/lib/crater-agent-workspace/builds/worker-2-tc2/source:/opt/rustwide/workdir:ro,Z" "-v" "/var/lib/crater-agent-workspace/cargo-home:/opt/rustwide/cargo-home:ro,Z" "-v" "/var/lib/crater-agent-workspace/rustup-home:/opt/rustwide/rustup-home:ro,Z" "-e" "SOURCE_DIR=/opt/rustwide/workdir" "-e" "CARGO_TARGET_DIR=/opt/rustwide/target" "-e" "CARGO_INCREMENTAL=0" "-e" "RUST_BACKTRACE=full" "-e" "RUSTFLAGS=--cap-lints=warn" "-e" "RUSTDOCFLAGS=--cap-lints=warn" "-e" "CARGO_HOME=/opt/rustwide/cargo-home" "-e" "RUSTUP_HOME=/opt/rustwide/rustup-home" "-w" "/opt/rustwide/workdir" "-m" "1610612736" "--user" "0:0" "--network" "none" "ghcr.io/rust-lang/crates-build-env/linux@sha256:2788e3201cd34a07e3172128adcd8b3090168a8e3bcc40d7c032b9dda1df7d1c" "/opt/rustwide/cargo-home/bin/cargo" "+beta-2023-12-22" "build" "--frozen" "--message-format=json", kill_on_drop: false }`
[INFO] [stdout] 206d2c5033fed12d47ba19989241933e914a81bb894a75ad9d87f25537c198c2
[INFO] running `Command { std: "docker" "start" "-a" "206d2c5033fed12d47ba19989241933e914a81bb894a75ad9d87f25537c198c2", kill_on_drop: false }`
[INFO] [stderr]    Compiling ring v0.17.7
[INFO] [stderr]    Compiling getrandom v0.2.11
[INFO] [stderr]    Compiling ring v0.16.20
[INFO] [stderr]    Compiling value-bag v1.4.3
[INFO] [stderr]    Compiling rustls v0.20.9
[INFO] [stderr]    Compiling log v0.4.20
[INFO] [stderr]    Compiling webpki v0.22.4
[INFO] [stderr]    Compiling sct v0.7.1
[INFO] [stderr]    Compiling webpki-roots v0.22.6
[INFO] [stderr]    Compiling async-tls v0.12.0 (/opt/rustwide/workdir)
[INFO] [stderr]     Finished dev [unoptimized + debuginfo] target(s) in 8.03s
[INFO] running `Command { std: "docker" "inspect" "206d2c5033fed12d47ba19989241933e914a81bb894a75ad9d87f25537c198c2", kill_on_drop: false }`
[INFO] running `Command { std: "docker" "rm" "-f" "206d2c5033fed12d47ba19989241933e914a81bb894a75ad9d87f25537c198c2", kill_on_drop: false }`
[INFO] [stdout] 206d2c5033fed12d47ba19989241933e914a81bb894a75ad9d87f25537c198c2
[INFO] running `Command { std: "docker" "create" "-v" "/var/lib/crater-agent-workspace/builds/worker-2-tc2/target:/opt/rustwide/target:rw,Z" "-v" "/var/lib/crater-agent-workspace/builds/worker-2-tc2/source:/opt/rustwide/workdir:ro,Z" "-v" "/var/lib/crater-agent-workspace/cargo-home:/opt/rustwide/cargo-home:ro,Z" "-v" "/var/lib/crater-agent-workspace/rustup-home:/opt/rustwide/rustup-home:ro,Z" "-e" "SOURCE_DIR=/opt/rustwide/workdir" "-e" "CARGO_TARGET_DIR=/opt/rustwide/target" "-e" "CARGO_INCREMENTAL=0" "-e" "RUST_BACKTRACE=full" "-e" "RUSTFLAGS=--cap-lints=warn" "-e" "RUSTDOCFLAGS=--cap-lints=warn" "-e" "CARGO_HOME=/opt/rustwide/cargo-home" "-e" "RUSTUP_HOME=/opt/rustwide/rustup-home" "-w" "/opt/rustwide/workdir" "-m" "1610612736" "--user" "0:0" "--network" "none" "ghcr.io/rust-lang/crates-build-env/linux@sha256:2788e3201cd34a07e3172128adcd8b3090168a8e3bcc40d7c032b9dda1df7d1c" "/opt/rustwide/cargo-home/bin/cargo" "+beta-2023-12-22" "test" "--frozen" "--no-run" "--message-format=json", kill_on_drop: false }`
[INFO] [stdout] 47d8e2323a6786857e8066adbc02261dac96c802158425278a0ff901b5ce8ebf
[INFO] running `Command { std: "docker" "start" "-a" "47d8e2323a6786857e8066adbc02261dac96c802158425278a0ff901b5ce8ebf", kill_on_drop: false }`
[INFO] [stderr]    Compiling rustix v0.38.28
[INFO] [stderr]    Compiling linux-raw-sys v0.4.12
[INFO] [stderr]    Compiling io-lifetimes v1.0.11
[INFO] [stderr]    Compiling futures-lite v2.1.0
[INFO] [stderr]    Compiling polling v2.8.0
[INFO] [stderr]    Compiling rustix v0.37.27
[INFO] [stderr]    Compiling concurrent-queue v2.4.0
[INFO] [stderr]    Compiling async-io v1.13.0
[INFO] [stderr]    Compiling atomic-waker v1.1.2
[INFO] [stderr]    Compiling linux-raw-sys v0.3.8
[INFO] [stderr]    Compiling futures-lite v1.13.0
[INFO] [stderr]    Compiling syn v2.0.48
[INFO] [stderr]    Compiling signal-hook-registry v1.4.1
[INFO] [stderr]    Compiling socket2 v0.4.10
[INFO] [stderr]    Compiling kv-log-macro v1.0.7
[INFO] [stderr]    Compiling piper v0.2.1
[INFO] [stderr]    Compiling event-listener v4.0.2
[INFO] [stderr]    Compiling event-listener v3.1.0
[INFO] [stderr]    Compiling async-channel v1.9.0
[INFO] [stderr]    Compiling event-listener-strategy v0.4.0
[INFO] [stderr]    Compiling async-lock v3.2.0
[INFO] [stderr]    Compiling async-channel v2.1.1
[INFO] [stderr]    Compiling async-executor v1.8.0
[INFO] [stderr]    Compiling blocking v1.5.1
[INFO] [stderr]    Compiling futures-macro v0.3.30
[INFO] [stderr]    Compiling futures-util v0.3.30
[INFO] [stderr]    Compiling polling v3.3.1
[INFO] [stderr]    Compiling async-io v2.2.2
[INFO] [stderr]    Compiling async-signal v0.2.5
[INFO] [stderr]    Compiling async-global-executor v2.4.1
[INFO] [stderr]    Compiling async-process v1.8.1
[INFO] [stderr]    Compiling async-std v1.12.0
[INFO] [stderr]    Compiling futures-executor v0.3.30
[INFO] [stderr]    Compiling async-tls v0.12.0 (/opt/rustwide/workdir)
[INFO] [stderr]     Finished test [unoptimized + debuginfo] target(s) in 12.07s
[INFO] running `Command { std: "docker" "inspect" "47d8e2323a6786857e8066adbc02261dac96c802158425278a0ff901b5ce8ebf", kill_on_drop: false }`
[INFO] running `Command { std: "docker" "rm" "-f" "47d8e2323a6786857e8066adbc02261dac96c802158425278a0ff901b5ce8ebf", kill_on_drop: false }`
[INFO] [stdout] 47d8e2323a6786857e8066adbc02261dac96c802158425278a0ff901b5ce8ebf
[INFO] running `Command { std: "docker" "create" "-v" "/var/lib/crater-agent-workspace/builds/worker-2-tc2/target:/opt/rustwide/target:rw,Z" "-v" "/var/lib/crater-agent-workspace/builds/worker-2-tc2/source:/opt/rustwide/workdir:ro,Z" "-v" "/var/lib/crater-agent-workspace/cargo-home:/opt/rustwide/cargo-home:ro,Z" "-v" "/var/lib/crater-agent-workspace/rustup-home:/opt/rustwide/rustup-home:ro,Z" "-e" "SOURCE_DIR=/opt/rustwide/workdir" "-e" "CARGO_TARGET_DIR=/opt/rustwide/target" "-e" "CARGO_INCREMENTAL=0" "-e" "RUST_BACKTRACE=full" "-e" "RUSTFLAGS=--cap-lints=warn" "-e" "RUSTDOCFLAGS=--cap-lints=warn" "-e" "CARGO_HOME=/opt/rustwide/cargo-home" "-e" "RUSTUP_HOME=/opt/rustwide/rustup-home" "-w" "/opt/rustwide/workdir" "-m" "1610612736" "--user" "0:0" "--network" "none" "ghcr.io/rust-lang/crates-build-env/linux@sha256:2788e3201cd34a07e3172128adcd8b3090168a8e3bcc40d7c032b9dda1df7d1c" "/opt/rustwide/cargo-home/bin/cargo" "+beta-2023-12-22" "test" "--frozen", kill_on_drop: false }`
[INFO] [stdout] 36b959c53e2eb36efd9945f8f5cb72d0e3278f6c755ad0f60234ddc802dba14e
[INFO] running `Command { std: "docker" "start" "-a" "36b959c53e2eb36efd9945f8f5cb72d0e3278f6c755ad0f60234ddc802dba14e", kill_on_drop: false }`
[INFO] [stderr]     Finished test [unoptimized + debuginfo] target(s) in 0.15s
[INFO] [stderr]      Running unittests src/lib.rs (/opt/rustwide/target/debug/deps/async_tls-fd94914631596149)
[INFO] [stdout] 
[INFO] [stdout] running 5 tests
[INFO] [stdout] test rusttls::stream::test_stream::stream_handshake_eof ... ok
[INFO] [stdout] test rusttls::stream::test_stream::stream_bad ... ok
[INFO] [stdout] test rusttls::stream::test_stream::stream_handshake ... ok
[INFO] [stdout] test rusttls::stream::test_stream::stream_eof ... ok
[INFO] [stdout] test rusttls::stream::test_stream::stream_good ... ok
[INFO] [stdout] 
[INFO] [stdout] test result: ok. 5 passed; 0 failed; 0 ignored; 0 measured; 0 filtered out; finished in 0.04s
[INFO] [stdout] 
[INFO] [stderr]      Running tests/google.rs (/opt/rustwide/target/debug/deps/google-0a7bbe66e5bc0270)
[INFO] [stdout] 
[INFO] [stdout] running 1 test
[INFO] [stdout] test fetch_google ... FAILED
[INFO] [stdout] 
[INFO] [stdout] failures:
[INFO] [stdout] 
[INFO] [stdout] ---- fetch_google stdout ----
[INFO] [stdout] Error: Custom { kind: Uncategorized, error: VerboseError { source: Custom { kind: Uncategorized, error: "failed to lookup address information: Temporary failure in name resolution" }, message: "could not resolve address `\"google.com:443\"`" } }
[INFO] [stdout] 
[INFO] [stdout] 
[INFO] [stdout] failures:
[INFO] [stdout]     fetch_google
[INFO] [stdout] 
[INFO] [stdout] test result: FAILED. 0 passed; 1 failed; 0 ignored; 0 measured; 0 filtered out; finished in 0.10s
[INFO] [stdout] 
[INFO] [stderr] error: test failed, to rerun pass `--test google`
[INFO] running `Command { std: "docker" "inspect" "36b959c53e2eb36efd9945f8f5cb72d0e3278f6c755ad0f60234ddc802dba14e", kill_on_drop: false }`
[INFO] running `Command { std: "docker" "rm" "-f" "36b959c53e2eb36efd9945f8f5cb72d0e3278f6c755ad0f60234ddc802dba14e", kill_on_drop: false }`
[INFO] [stdout] 36b959c53e2eb36efd9945f8f5cb72d0e3278f6c755ad0f60234ddc802dba14e
