[INFO] fetching crate async-time-mock-tokio 0.1.0...
[INFO] testing async-time-mock-tokio-0.1.0 against 1.75.0 for beta-1.76-1
[INFO] extracting crate async-time-mock-tokio 0.1.0 into /workspace/builds/worker-1-tc1/source
[INFO] validating manifest of crates.io crate async-time-mock-tokio 0.1.0 on toolchain 1.75.0
[INFO] running `Command { std: CARGO_HOME="/workspace/cargo-home" RUSTUP_HOME="/workspace/rustup-home" "/workspace/cargo-home/bin/cargo" "+1.75.0" "metadata" "--manifest-path" "Cargo.toml" "--no-deps", kill_on_drop: false }`
[INFO] started tweaking crates.io crate async-time-mock-tokio 0.1.0
[INFO] finished tweaking crates.io crate async-time-mock-tokio 0.1.0
[INFO] tweaked toml for crates.io crate async-time-mock-tokio 0.1.0 written to /workspace/builds/worker-1-tc1/source/Cargo.toml
[INFO] running `Command { std: CARGO_HOME="/workspace/cargo-home" RUSTUP_HOME="/workspace/rustup-home" "/workspace/cargo-home/bin/cargo" "+1.75.0" "generate-lockfile" "--manifest-path" "Cargo.toml", kill_on_drop: false }`
[INFO] [stderr]     Updating crates.io index
[INFO] running `Command { std: CARGO_HOME="/workspace/cargo-home" RUSTUP_HOME="/workspace/rustup-home" "/workspace/cargo-home/bin/cargo" "+1.75.0" "fetch" "--manifest-path" "Cargo.toml", kill_on_drop: false }`
[INFO] [stderr]  Downloading crates ...
[INFO] [stderr]   Downloaded async-time-mock-core v0.1.1
[INFO] running `Command { std: "docker" "create" "-v" "/var/lib/crater-agent-workspace/builds/worker-1-tc1/target:/opt/rustwide/target:rw,Z" "-v" "/var/lib/crater-agent-workspace/builds/worker-1-tc1/source:/opt/rustwide/workdir:ro,Z" "-v" "/var/lib/crater-agent-workspace/cargo-home:/opt/rustwide/cargo-home:ro,Z" "-v" "/var/lib/crater-agent-workspace/rustup-home:/opt/rustwide/rustup-home:ro,Z" "-e" "SOURCE_DIR=/opt/rustwide/workdir" "-e" "CARGO_TARGET_DIR=/opt/rustwide/target" "-e" "CARGO_HOME=/opt/rustwide/cargo-home" "-e" "RUSTUP_HOME=/opt/rustwide/rustup-home" "-w" "/opt/rustwide/workdir" "-m" "1610612736" "--user" "0:0" "--network" "none" "ghcr.io/rust-lang/crates-build-env/linux@sha256:2788e3201cd34a07e3172128adcd8b3090168a8e3bcc40d7c032b9dda1df7d1c" "/opt/rustwide/cargo-home/bin/cargo" "+1.75.0" "metadata" "--no-deps" "--format-version=1", kill_on_drop: false }`
[INFO] [stdout] e543d9a5978976408fc328f35c18ba4622ac0d9bf2a05c9978c155796be18dfc
[INFO] running `Command { std: "docker" "start" "-a" "e543d9a5978976408fc328f35c18ba4622ac0d9bf2a05c9978c155796be18dfc", kill_on_drop: false }`
[INFO] running `Command { std: "docker" "inspect" "e543d9a5978976408fc328f35c18ba4622ac0d9bf2a05c9978c155796be18dfc", kill_on_drop: false }`
[INFO] running `Command { std: "docker" "rm" "-f" "e543d9a5978976408fc328f35c18ba4622ac0d9bf2a05c9978c155796be18dfc", kill_on_drop: false }`
[INFO] [stdout] e543d9a5978976408fc328f35c18ba4622ac0d9bf2a05c9978c155796be18dfc
[INFO] running `Command { std: "docker" "create" "-v" "/var/lib/crater-agent-workspace/builds/worker-1-tc1/target:/opt/rustwide/target:rw,Z" "-v" "/var/lib/crater-agent-workspace/builds/worker-1-tc1/source:/opt/rustwide/workdir:ro,Z" "-v" "/var/lib/crater-agent-workspace/cargo-home:/opt/rustwide/cargo-home:ro,Z" "-v" "/var/lib/crater-agent-workspace/rustup-home:/opt/rustwide/rustup-home:ro,Z" "-e" "SOURCE_DIR=/opt/rustwide/workdir" "-e" "CARGO_TARGET_DIR=/opt/rustwide/target" "-e" "CARGO_INCREMENTAL=0" "-e" "RUST_BACKTRACE=full" "-e" "RUSTFLAGS=--cap-lints=warn" "-e" "RUSTDOCFLAGS=--cap-lints=warn" "-e" "CARGO_HOME=/opt/rustwide/cargo-home" "-e" "RUSTUP_HOME=/opt/rustwide/rustup-home" "-w" "/opt/rustwide/workdir" "-m" "1610612736" "--user" "0:0" "--network" "none" "ghcr.io/rust-lang/crates-build-env/linux@sha256:2788e3201cd34a07e3172128adcd8b3090168a8e3bcc40d7c032b9dda1df7d1c" "/opt/rustwide/cargo-home/bin/cargo" "+1.75.0" "build" "--frozen" "--message-format=json", kill_on_drop: false }`
[INFO] [stdout] b81b9185ae96f3fb911578d3eae0c8c5c3a957a5df50298da9bc5a75c5af55f3
[INFO] running `Command { std: "docker" "start" "-a" "b81b9185ae96f3fb911578d3eae0c8c5c3a957a5df50298da9bc5a75c5af55f3", kill_on_drop: false }`
[INFO] [stderr]    Compiling pin-project-internal v1.1.3
[INFO] [stderr]    Compiling tokio v1.35.1
[INFO] [stderr]    Compiling pin-project v1.1.3
[INFO] [stderr]    Compiling async-time-mock-tokio v0.1.0 (/opt/rustwide/workdir)
[INFO] [stderr]     Finished dev [unoptimized + debuginfo] target(s) in 1.65s
[INFO] running `Command { std: "docker" "inspect" "b81b9185ae96f3fb911578d3eae0c8c5c3a957a5df50298da9bc5a75c5af55f3", kill_on_drop: false }`
[INFO] running `Command { std: "docker" "rm" "-f" "b81b9185ae96f3fb911578d3eae0c8c5c3a957a5df50298da9bc5a75c5af55f3", kill_on_drop: false }`
[INFO] [stdout] b81b9185ae96f3fb911578d3eae0c8c5c3a957a5df50298da9bc5a75c5af55f3
[INFO] running `Command { std: "docker" "create" "-v" "/var/lib/crater-agent-workspace/builds/worker-1-tc1/target:/opt/rustwide/target:rw,Z" "-v" "/var/lib/crater-agent-workspace/builds/worker-1-tc1/source:/opt/rustwide/workdir:ro,Z" "-v" "/var/lib/crater-agent-workspace/cargo-home:/opt/rustwide/cargo-home:ro,Z" "-v" "/var/lib/crater-agent-workspace/rustup-home:/opt/rustwide/rustup-home:ro,Z" "-e" "SOURCE_DIR=/opt/rustwide/workdir" "-e" "CARGO_TARGET_DIR=/opt/rustwide/target" "-e" "CARGO_INCREMENTAL=0" "-e" "RUST_BACKTRACE=full" "-e" "RUSTFLAGS=--cap-lints=warn" "-e" "RUSTDOCFLAGS=--cap-lints=warn" "-e" "CARGO_HOME=/opt/rustwide/cargo-home" "-e" "RUSTUP_HOME=/opt/rustwide/rustup-home" "-w" "/opt/rustwide/workdir" "-m" "1610612736" "--user" "0:0" "--network" "none" "ghcr.io/rust-lang/crates-build-env/linux@sha256:2788e3201cd34a07e3172128adcd8b3090168a8e3bcc40d7c032b9dda1df7d1c" "/opt/rustwide/cargo-home/bin/cargo" "+1.75.0" "test" "--frozen" "--no-run" "--message-format=json", kill_on_drop: false }`
[INFO] [stdout] d088839fc44cfb9a80042e7a0e4e7dcecb4b1109a9401aacb1eb435f6501de59
[INFO] running `Command { std: "docker" "start" "-a" "d088839fc44cfb9a80042e7a0e4e7dcecb4b1109a9401aacb1eb435f6501de59", kill_on_drop: false }`
[INFO] [stderr]    Compiling async-time-mock-tokio v0.1.0 (/opt/rustwide/workdir)
[INFO] [stderr]     Finished test [unoptimized + debuginfo] target(s) in 0.22s
[INFO] running `Command { std: "docker" "inspect" "d088839fc44cfb9a80042e7a0e4e7dcecb4b1109a9401aacb1eb435f6501de59", kill_on_drop: false }`
[INFO] running `Command { std: "docker" "rm" "-f" "d088839fc44cfb9a80042e7a0e4e7dcecb4b1109a9401aacb1eb435f6501de59", kill_on_drop: false }`
[INFO] [stdout] d088839fc44cfb9a80042e7a0e4e7dcecb4b1109a9401aacb1eb435f6501de59
[INFO] running `Command { std: "docker" "create" "-v" "/var/lib/crater-agent-workspace/builds/worker-1-tc1/target:/opt/rustwide/target:rw,Z" "-v" "/var/lib/crater-agent-workspace/builds/worker-1-tc1/source:/opt/rustwide/workdir:ro,Z" "-v" "/var/lib/crater-agent-workspace/cargo-home:/opt/rustwide/cargo-home:ro,Z" "-v" "/var/lib/crater-agent-workspace/rustup-home:/opt/rustwide/rustup-home:ro,Z" "-e" "SOURCE_DIR=/opt/rustwide/workdir" "-e" "CARGO_TARGET_DIR=/opt/rustwide/target" "-e" "CARGO_INCREMENTAL=0" "-e" "RUST_BACKTRACE=full" "-e" "RUSTFLAGS=--cap-lints=warn" "-e" "RUSTDOCFLAGS=--cap-lints=warn" "-e" "CARGO_HOME=/opt/rustwide/cargo-home" "-e" "RUSTUP_HOME=/opt/rustwide/rustup-home" "-w" "/opt/rustwide/workdir" "-m" "1610612736" "--user" "0:0" "--network" "none" "ghcr.io/rust-lang/crates-build-env/linux@sha256:2788e3201cd34a07e3172128adcd8b3090168a8e3bcc40d7c032b9dda1df7d1c" "/opt/rustwide/cargo-home/bin/cargo" "+1.75.0" "test" "--frozen", kill_on_drop: false }`
[INFO] [stdout] 2fdf0b45ba28afadd555745c71a40933e3939e33bcdf0fd41e5ef8323e667b52
[INFO] running `Command { std: "docker" "start" "-a" "2fdf0b45ba28afadd555745c71a40933e3939e33bcdf0fd41e5ef8323e667b52", kill_on_drop: false }`
[INFO] [stderr]     Finished test [unoptimized + debuginfo] target(s) in 0.01s
[INFO] [stderr]      Running unittests src/lib.rs (/opt/rustwide/target/debug/deps/async_time_mock_tokio-fbc60a0859f15c96)
[INFO] [stdout] 
[INFO] [stdout] running 0 tests
[INFO] [stdout] 
[INFO] [stdout] test result: ok. 0 passed; 0 failed; 0 ignored; 0 measured; 0 filtered out; finished in 0.00s
[INFO] [stdout] 
[INFO] [stderr]    Doc-tests async-time-mock-tokio
[INFO] [stdout] 
[INFO] [stdout] running 1 test
[INFO] [stdout] test src/lib.rs - (line 12) ... FAILED
[INFO] [stdout] 
[INFO] [stdout] failures:
[INFO] [stdout] 
[INFO] [stdout] ---- src/lib.rs - (line 12) stdout ----
[INFO] [stdout] error[E0599]: no variant or associated item named `mock` found for enum `MockableClock` in the current scope
[INFO] [stdout]   --> src/lib.rs:34:43
[INFO] [stdout]    |
[INFO] [stdout] 24 |     let (clock, controller) = MockableClock::mock(); // In production, you can use MockableClock::Real instead
[INFO] [stdout]    |                                              ^^^^ variant or associated item not found in `MockableClock`
[INFO] [stdout] 
[INFO] [stdout] error: aborting due to previous error
[INFO] [stdout] 
[INFO] [stdout] For more information about this error, try `rustc --explain E0599`.
[INFO] [stdout] Couldn't compile the test.
[INFO] [stdout] 
[INFO] [stdout] failures:
[INFO] [stdout]     src/lib.rs - (line 12)
[INFO] [stdout] 
[INFO] [stdout] test result: FAILED. 0 passed; 1 failed; 0 ignored; 0 measured; 0 filtered out; finished in 0.06s
[INFO] [stdout] 
[INFO] [stderr] error: doctest failed, to rerun pass `--doc`
[INFO] running `Command { std: "docker" "inspect" "2fdf0b45ba28afadd555745c71a40933e3939e33bcdf0fd41e5ef8323e667b52", kill_on_drop: false }`
[INFO] running `Command { std: "docker" "rm" "-f" "2fdf0b45ba28afadd555745c71a40933e3939e33bcdf0fd41e5ef8323e667b52", kill_on_drop: false }`
[INFO] [stdout] 2fdf0b45ba28afadd555745c71a40933e3939e33bcdf0fd41e5ef8323e667b52
[INFO] testing async-time-mock-tokio-0.1.0 against beta-2023-12-22 for beta-1.76-1
[INFO] extracting crate async-time-mock-tokio 0.1.0 into /workspace/builds/worker-1-tc2/source
[INFO] validating manifest of crates.io crate async-time-mock-tokio 0.1.0 on toolchain beta-2023-12-22
[INFO] running `Command { std: CARGO_HOME="/workspace/cargo-home" RUSTUP_HOME="/workspace/rustup-home" "/workspace/cargo-home/bin/cargo" "+beta-2023-12-22" "metadata" "--manifest-path" "Cargo.toml" "--no-deps", kill_on_drop: false }`
[INFO] started tweaking crates.io crate async-time-mock-tokio 0.1.0
[INFO] finished tweaking crates.io crate async-time-mock-tokio 0.1.0
[INFO] tweaked toml for crates.io crate async-time-mock-tokio 0.1.0 written to /workspace/builds/worker-1-tc2/source/Cargo.toml
[INFO] running `Command { std: CARGO_HOME="/workspace/cargo-home" RUSTUP_HOME="/workspace/rustup-home" "/workspace/cargo-home/bin/cargo" "+beta-2023-12-22" "generate-lockfile" "--manifest-path" "Cargo.toml", kill_on_drop: false }`
[INFO] [stderr]     Updating crates.io index
[INFO] running `Command { std: CARGO_HOME="/workspace/cargo-home" RUSTUP_HOME="/workspace/rustup-home" "/workspace/cargo-home/bin/cargo" "+beta-2023-12-22" "fetch" "--manifest-path" "Cargo.toml", kill_on_drop: false }`
[INFO] running `Command { std: "docker" "create" "-v" "/var/lib/crater-agent-workspace/builds/worker-1-tc2/target:/opt/rustwide/target:rw,Z" "-v" "/var/lib/crater-agent-workspace/builds/worker-1-tc2/source:/opt/rustwide/workdir:ro,Z" "-v" "/var/lib/crater-agent-workspace/cargo-home:/opt/rustwide/cargo-home:ro,Z" "-v" "/var/lib/crater-agent-workspace/rustup-home:/opt/rustwide/rustup-home:ro,Z" "-e" "SOURCE_DIR=/opt/rustwide/workdir" "-e" "CARGO_TARGET_DIR=/opt/rustwide/target" "-e" "CARGO_HOME=/opt/rustwide/cargo-home" "-e" "RUSTUP_HOME=/opt/rustwide/rustup-home" "-w" "/opt/rustwide/workdir" "-m" "1610612736" "--user" "0:0" "--network" "none" "ghcr.io/rust-lang/crates-build-env/linux@sha256:2788e3201cd34a07e3172128adcd8b3090168a8e3bcc40d7c032b9dda1df7d1c" "/opt/rustwide/cargo-home/bin/cargo" "+beta-2023-12-22" "metadata" "--no-deps" "--format-version=1", kill_on_drop: false }`
[INFO] [stdout] a00e8309d61962a8d2f538ed8bde7f28bfdb13e155ca66a8f455e1c995ad5f35
[INFO] running `Command { std: "docker" "start" "-a" "a00e8309d61962a8d2f538ed8bde7f28bfdb13e155ca66a8f455e1c995ad5f35", kill_on_drop: false }`
[INFO] running `Command { std: "docker" "inspect" "a00e8309d61962a8d2f538ed8bde7f28bfdb13e155ca66a8f455e1c995ad5f35", kill_on_drop: false }`
[INFO] running `Command { std: "docker" "rm" "-f" "a00e8309d61962a8d2f538ed8bde7f28bfdb13e155ca66a8f455e1c995ad5f35", kill_on_drop: false }`
[INFO] [stdout] a00e8309d61962a8d2f538ed8bde7f28bfdb13e155ca66a8f455e1c995ad5f35
[INFO] running `Command { std: "docker" "create" "-v" "/var/lib/crater-agent-workspace/builds/worker-1-tc2/target:/opt/rustwide/target:rw,Z" "-v" "/var/lib/crater-agent-workspace/builds/worker-1-tc2/source:/opt/rustwide/workdir:ro,Z" "-v" "/var/lib/crater-agent-workspace/cargo-home:/opt/rustwide/cargo-home:ro,Z" "-v" "/var/lib/crater-agent-workspace/rustup-home:/opt/rustwide/rustup-home:ro,Z" "-e" "SOURCE_DIR=/opt/rustwide/workdir" "-e" "CARGO_TARGET_DIR=/opt/rustwide/target" "-e" "CARGO_INCREMENTAL=0" "-e" "RUST_BACKTRACE=full" "-e" "RUSTFLAGS=--cap-lints=warn" "-e" "RUSTDOCFLAGS=--cap-lints=warn" "-e" "CARGO_HOME=/opt/rustwide/cargo-home" "-e" "RUSTUP_HOME=/opt/rustwide/rustup-home" "-w" "/opt/rustwide/workdir" "-m" "1610612736" "--user" "0:0" "--network" "none" "ghcr.io/rust-lang/crates-build-env/linux@sha256:2788e3201cd34a07e3172128adcd8b3090168a8e3bcc40d7c032b9dda1df7d1c" "/opt/rustwide/cargo-home/bin/cargo" "+beta-2023-12-22" "build" "--frozen" "--message-format=json", kill_on_drop: false }`
[INFO] [stdout] 6b44cb75339cdf399b863d1c6b827dba34a3a2131f0b54b237aaad2db90ea548
[INFO] running `Command { std: "docker" "start" "-a" "6b44cb75339cdf399b863d1c6b827dba34a3a2131f0b54b237aaad2db90ea548", kill_on_drop: false }`
[INFO] [stderr]    Compiling pin-project-internal v1.1.3
[INFO] [stderr]    Compiling tokio v1.35.1
[INFO] [stderr]    Compiling pin-project v1.1.3
[INFO] [stderr]    Compiling async-time-mock-tokio v0.1.0 (/opt/rustwide/workdir)
[INFO] [stderr]     Finished dev [unoptimized + debuginfo] target(s) in 1.28s
[INFO] running `Command { std: "docker" "inspect" "6b44cb75339cdf399b863d1c6b827dba34a3a2131f0b54b237aaad2db90ea548", kill_on_drop: false }`
[INFO] running `Command { std: "docker" "rm" "-f" "6b44cb75339cdf399b863d1c6b827dba34a3a2131f0b54b237aaad2db90ea548", kill_on_drop: false }`
[INFO] [stdout] 6b44cb75339cdf399b863d1c6b827dba34a3a2131f0b54b237aaad2db90ea548
[INFO] running `Command { std: "docker" "create" "-v" "/var/lib/crater-agent-workspace/builds/worker-1-tc2/target:/opt/rustwide/target:rw,Z" "-v" "/var/lib/crater-agent-workspace/builds/worker-1-tc2/source:/opt/rustwide/workdir:ro,Z" "-v" "/var/lib/crater-agent-workspace/cargo-home:/opt/rustwide/cargo-home:ro,Z" "-v" "/var/lib/crater-agent-workspace/rustup-home:/opt/rustwide/rustup-home:ro,Z" "-e" "SOURCE_DIR=/opt/rustwide/workdir" "-e" "CARGO_TARGET_DIR=/opt/rustwide/target" "-e" "CARGO_INCREMENTAL=0" "-e" "RUST_BACKTRACE=full" "-e" "RUSTFLAGS=--cap-lints=warn" "-e" "RUSTDOCFLAGS=--cap-lints=warn" "-e" "CARGO_HOME=/opt/rustwide/cargo-home" "-e" "RUSTUP_HOME=/opt/rustwide/rustup-home" "-w" "/opt/rustwide/workdir" "-m" "1610612736" "--user" "0:0" "--network" "none" "ghcr.io/rust-lang/crates-build-env/linux@sha256:2788e3201cd34a07e3172128adcd8b3090168a8e3bcc40d7c032b9dda1df7d1c" "/opt/rustwide/cargo-home/bin/cargo" "+beta-2023-12-22" "test" "--frozen" "--no-run" "--message-format=json", kill_on_drop: false }`
[INFO] [stdout] cf718ad20a0cd370716ea7b9f9ed601d9c3e0d13778290a0be0d76cfb1c14590
[INFO] running `Command { std: "docker" "start" "-a" "cf718ad20a0cd370716ea7b9f9ed601d9c3e0d13778290a0be0d76cfb1c14590", kill_on_drop: false }`
[INFO] [stderr]    Compiling async-time-mock-tokio v0.1.0 (/opt/rustwide/workdir)
[INFO] [stderr]     Finished test [unoptimized + debuginfo] target(s) in 0.22s
[INFO] running `Command { std: "docker" "inspect" "cf718ad20a0cd370716ea7b9f9ed601d9c3e0d13778290a0be0d76cfb1c14590", kill_on_drop: false }`
[INFO] running `Command { std: "docker" "rm" "-f" "cf718ad20a0cd370716ea7b9f9ed601d9c3e0d13778290a0be0d76cfb1c14590", kill_on_drop: false }`
[INFO] [stdout] cf718ad20a0cd370716ea7b9f9ed601d9c3e0d13778290a0be0d76cfb1c14590
[INFO] running `Command { std: "docker" "create" "-v" "/var/lib/crater-agent-workspace/builds/worker-1-tc2/target:/opt/rustwide/target:rw,Z" "-v" "/var/lib/crater-agent-workspace/builds/worker-1-tc2/source:/opt/rustwide/workdir:ro,Z" "-v" "/var/lib/crater-agent-workspace/cargo-home:/opt/rustwide/cargo-home:ro,Z" "-v" "/var/lib/crater-agent-workspace/rustup-home:/opt/rustwide/rustup-home:ro,Z" "-e" "SOURCE_DIR=/opt/rustwide/workdir" "-e" "CARGO_TARGET_DIR=/opt/rustwide/target" "-e" "CARGO_INCREMENTAL=0" "-e" "RUST_BACKTRACE=full" "-e" "RUSTFLAGS=--cap-lints=warn" "-e" "RUSTDOCFLAGS=--cap-lints=warn" "-e" "CARGO_HOME=/opt/rustwide/cargo-home" "-e" "RUSTUP_HOME=/opt/rustwide/rustup-home" "-w" "/opt/rustwide/workdir" "-m" "1610612736" "--user" "0:0" "--network" "none" "ghcr.io/rust-lang/crates-build-env/linux@sha256:2788e3201cd34a07e3172128adcd8b3090168a8e3bcc40d7c032b9dda1df7d1c" "/opt/rustwide/cargo-home/bin/cargo" "+beta-2023-12-22" "test" "--frozen", kill_on_drop: false }`
[INFO] [stdout] 512b8adc2fd804838e10d7ff25a52b3fcb276a46841f2fbeed141b3ebd71991d
[INFO] running `Command { std: "docker" "start" "-a" "512b8adc2fd804838e10d7ff25a52b3fcb276a46841f2fbeed141b3ebd71991d", kill_on_drop: false }`
[INFO] [stderr]     Finished test [unoptimized + debuginfo] target(s) in 0.01s
[INFO] [stderr]      Running unittests src/lib.rs (/opt/rustwide/target/debug/deps/async_time_mock_tokio-ae195059713e171e)
[INFO] [stdout] 
[INFO] [stdout] running 0 tests
[INFO] [stdout] 
[INFO] [stdout] test result: ok. 0 passed; 0 failed; 0 ignored; 0 measured; 0 filtered out; finished in 0.00s
[INFO] [stdout] 
[INFO] [stderr]    Doc-tests async-time-mock-tokio
[INFO] [stdout] 
[INFO] [stdout] running 1 test
[INFO] [stdout] test src/lib.rs - (line 12) ... FAILED
[INFO] [stdout] 
[INFO] [stdout] failures:
[INFO] [stdout] 
[INFO] [stdout] ---- src/lib.rs - (line 12) stdout ----
[INFO] [stdout] error[E0599]: no variant or associated item named `mock` found for enum `MockableClock` in the current scope
[INFO] [stdout]   --> src/lib.rs:34:43
[INFO] [stdout]    |
[INFO] [stdout] 24 |     let (clock, controller) = MockableClock::mock(); // In production, you can use MockableClock::Real instead
[INFO] [stdout]    |                                              ^^^^ variant or associated item not found in `MockableClock`
[INFO] [stdout] 
[INFO] [stdout] error: aborting due to 1 previous error
[INFO] [stdout] 
[INFO] [stdout] For more information about this error, try `rustc --explain E0599`.
[INFO] [stdout] Couldn't compile the test.
[INFO] [stdout] 
[INFO] [stdout] failures:
[INFO] [stdout]     src/lib.rs - (line 12)
[INFO] [stdout] 
[INFO] [stdout] test result: FAILED. 0 passed; 1 failed; 0 ignored; 0 measured; 0 filtered out; finished in 0.06s
[INFO] [stdout] 
[INFO] [stderr] error: doctest failed, to rerun pass `--doc`
[INFO] running `Command { std: "docker" "inspect" "512b8adc2fd804838e10d7ff25a52b3fcb276a46841f2fbeed141b3ebd71991d", kill_on_drop: false }`
[INFO] running `Command { std: "docker" "rm" "-f" "512b8adc2fd804838e10d7ff25a52b3fcb276a46841f2fbeed141b3ebd71991d", kill_on_drop: false }`
[INFO] [stdout] 512b8adc2fd804838e10d7ff25a52b3fcb276a46841f2fbeed141b3ebd71991d
