[INFO] fetching crate async-postgres 0.5.1...
[INFO] testing async-postgres-0.5.1 against 1.75.0 for beta-1.76-1
[INFO] extracting crate async-postgres 0.5.1 into /workspace/builds/worker-3-tc1/source
[INFO] validating manifest of crates.io crate async-postgres 0.5.1 on toolchain 1.75.0
[INFO] running `Command { std: CARGO_HOME="/workspace/cargo-home" RUSTUP_HOME="/workspace/rustup-home" "/workspace/cargo-home/bin/cargo" "+1.75.0" "metadata" "--manifest-path" "Cargo.toml" "--no-deps", kill_on_drop: false }`
[INFO] started tweaking crates.io crate async-postgres 0.5.1
[INFO] finished tweaking crates.io crate async-postgres 0.5.1
[INFO] tweaked toml for crates.io crate async-postgres 0.5.1 written to /workspace/builds/worker-3-tc1/source/Cargo.toml
[INFO] running `Command { std: CARGO_HOME="/workspace/cargo-home" RUSTUP_HOME="/workspace/rustup-home" "/workspace/cargo-home/bin/cargo" "+1.75.0" "generate-lockfile" "--manifest-path" "Cargo.toml", kill_on_drop: false }`
[INFO] [stderr]     Updating crates.io index
[INFO] running `Command { std: CARGO_HOME="/workspace/cargo-home" RUSTUP_HOME="/workspace/rustup-home" "/workspace/cargo-home/bin/cargo" "+1.75.0" "fetch" "--manifest-path" "Cargo.toml", kill_on_drop: false }`
[INFO] [stderr]  Downloading crates ...
[INFO] [stderr]   Downloaded hmac v0.9.0
[INFO] [stderr]   Downloaded time-macros v0.1.1
[INFO] [stderr]   Downloaded socket2 v0.4.10
[INFO] [stderr]   Downloaded phf_shared v0.8.0
[INFO] [stderr]   Downloaded crypto-mac v0.9.1
[INFO] [stderr]   Downloaded rustc-serialize v0.3.25
[INFO] [stderr]   Downloaded md5 v0.7.0
[INFO] [stderr]   Downloaded postgres-native-tls v0.3.0
[INFO] [stderr]   Downloaded phf v0.8.0
[INFO] [stderr]   Downloaded time-macros-impl v0.1.2
[INFO] [stderr]   Downloaded postgres-types v0.1.3
[INFO] [stderr]   Downloaded const_fn v0.4.9
[INFO] [stderr]   Downloaded async-global-executor v2.4.1
[INFO] [stderr]   Downloaded stringprep v0.1.4
[INFO] [stderr]   Downloaded fallible-iterator v0.2.0
[INFO] [stderr]   Downloaded time v0.2.27
[INFO] [stderr]   Downloaded tokio-postgres v0.5.5
[INFO] [stderr]   Downloaded finl_unicode v1.2.0
[INFO] [stderr]   Downloaded rustix v0.37.27
[INFO] [stderr]   Downloaded async-io v2.2.2
[INFO] [stderr]   Downloaded postgres-protocol v0.5.3
[INFO] [stderr]   Downloaded async-executor v1.8.0
[INFO] [stderr]   Downloaded value-bag v1.4.3
[INFO] [stderr]   Downloaded standback v0.2.17
[INFO] [stderr]   Downloaded mio-named-pipes v0.1.7
[INFO] [stderr]   Downloaded tokio-macros v0.2.6
[INFO] [stderr]   Downloaded geo-types v0.4.3
[INFO] [stderr]   Downloaded eui48 v0.4.6
[INFO] running `Command { std: "docker" "create" "-v" "/var/lib/crater-agent-workspace/builds/worker-3-tc1/target:/opt/rustwide/target:rw,Z" "-v" "/var/lib/crater-agent-workspace/builds/worker-3-tc1/source:/opt/rustwide/workdir:ro,Z" "-v" "/var/lib/crater-agent-workspace/cargo-home:/opt/rustwide/cargo-home:ro,Z" "-v" "/var/lib/crater-agent-workspace/rustup-home:/opt/rustwide/rustup-home:ro,Z" "-e" "SOURCE_DIR=/opt/rustwide/workdir" "-e" "CARGO_TARGET_DIR=/opt/rustwide/target" "-e" "CARGO_HOME=/opt/rustwide/cargo-home" "-e" "RUSTUP_HOME=/opt/rustwide/rustup-home" "-w" "/opt/rustwide/workdir" "-m" "1610612736" "--user" "0:0" "--network" "none" "ghcr.io/rust-lang/crates-build-env/linux@sha256:2788e3201cd34a07e3172128adcd8b3090168a8e3bcc40d7c032b9dda1df7d1c" "/opt/rustwide/cargo-home/bin/cargo" "+1.75.0" "metadata" "--no-deps" "--format-version=1", kill_on_drop: false }`
[INFO] [stdout] 9d6621962415369a489bd86fcd9c9f1d31888f644a918c4ca8e8b2bad32af6ea
[INFO] running `Command { std: "docker" "start" "-a" "9d6621962415369a489bd86fcd9c9f1d31888f644a918c4ca8e8b2bad32af6ea", kill_on_drop: false }`
[INFO] running `Command { std: "docker" "inspect" "9d6621962415369a489bd86fcd9c9f1d31888f644a918c4ca8e8b2bad32af6ea", kill_on_drop: false }`
[INFO] running `Command { std: "docker" "rm" "-f" "9d6621962415369a489bd86fcd9c9f1d31888f644a918c4ca8e8b2bad32af6ea", kill_on_drop: false }`
[INFO] [stdout] 9d6621962415369a489bd86fcd9c9f1d31888f644a918c4ca8e8b2bad32af6ea
[INFO] running `Command { std: "docker" "create" "-v" "/var/lib/crater-agent-workspace/builds/worker-3-tc1/target:/opt/rustwide/target:rw,Z" "-v" "/var/lib/crater-agent-workspace/builds/worker-3-tc1/source:/opt/rustwide/workdir:ro,Z" "-v" "/var/lib/crater-agent-workspace/cargo-home:/opt/rustwide/cargo-home:ro,Z" "-v" "/var/lib/crater-agent-workspace/rustup-home:/opt/rustwide/rustup-home:ro,Z" "-e" "SOURCE_DIR=/opt/rustwide/workdir" "-e" "CARGO_TARGET_DIR=/opt/rustwide/target" "-e" "CARGO_INCREMENTAL=0" "-e" "RUST_BACKTRACE=full" "-e" "RUSTFLAGS=--cap-lints=warn" "-e" "RUSTDOCFLAGS=--cap-lints=warn" "-e" "CARGO_HOME=/opt/rustwide/cargo-home" "-e" "RUSTUP_HOME=/opt/rustwide/rustup-home" "-w" "/opt/rustwide/workdir" "-m" "1610612736" "--user" "0:0" "--network" "none" "ghcr.io/rust-lang/crates-build-env/linux@sha256:2788e3201cd34a07e3172128adcd8b3090168a8e3bcc40d7c032b9dda1df7d1c" "/opt/rustwide/cargo-home/bin/cargo" "+1.75.0" "build" "--frozen" "--message-format=json", kill_on_drop: false }`
[INFO] [stdout] ee21c2f33c83421e990f20e08053c293018709e0942c0fd5dc70271e7f02248f
[INFO] running `Command { std: "docker" "start" "-a" "ee21c2f33c83421e990f20e08053c293018709e0942c0fd5dc70271e7f02248f", kill_on_drop: false }`
[INFO] [stderr]    Compiling libc v0.2.151
[INFO] [stderr]    Compiling futures-io v0.3.30
[INFO] [stderr]    Compiling parking v2.2.0
[INFO] [stderr]    Compiling value-bag v1.4.3
[INFO] [stderr]    Compiling syn v1.0.109
[INFO] [stderr]    Compiling fastrand v2.0.1
[INFO] [stderr]    Compiling generic-array v0.14.7
[INFO] [stderr]    Compiling rustix v0.38.28
[INFO] [stderr]    Compiling bytes v0.5.6
[INFO] [stderr]    Compiling concurrent-queue v2.4.0
[INFO] [stderr]    Compiling linux-raw-sys v0.4.12
[INFO] [stderr]    Compiling bitflags v2.4.1
[INFO] [stderr]    Compiling subtle v2.5.0
[INFO] [stderr]    Compiling syn v2.0.48
[INFO] [stderr]    Compiling io-lifetimes v1.0.11
[INFO] [stderr]    Compiling unicode-normalization v0.1.22
[INFO] [stderr]    Compiling futures-channel v0.3.30
[INFO] [stderr]    Compiling polling v2.8.0
[INFO] [stderr]    Compiling parking_lot_core v0.8.6
[INFO] [stderr]    Compiling event-listener v4.0.2
[INFO] [stderr]    Compiling log v0.4.20
[INFO] [stderr]    Compiling futures-lite v2.1.0
[INFO] [stderr]    Compiling event-listener v2.5.3
[INFO] [stderr]    Compiling finl_unicode v1.2.0
[INFO] [stderr]    Compiling futures-task v0.3.30
[INFO] [stderr]    Compiling event-listener-strategy v0.4.0
[INFO] [stderr]    Compiling async-lock v3.2.0
[INFO] [stderr]    Compiling async-task v4.7.0
[INFO] [stderr]    Compiling rustix v0.37.27
[INFO] [stderr]    Compiling opaque-debug v0.3.0
[INFO] [stderr]    Compiling unicode-bidi v0.3.14
[INFO] [stderr]    Compiling atomic-waker v1.1.2
[INFO] [stderr]    Compiling async-channel v2.1.1
[INFO] [stderr]    Compiling piper v0.2.1
[INFO] [stderr]    Compiling async-io v1.13.0
[INFO] [stderr]    Compiling instant v0.1.12
[INFO] [stderr]    Compiling digest v0.9.0
[INFO] [stderr]    Compiling block-buffer v0.9.0
[INFO] [stderr]    Compiling crypto-mac v0.9.1
[INFO] [stderr]    Compiling fastrand v1.9.0
[INFO] [stderr]    Compiling fallible-iterator v0.2.0
[INFO] [stderr]    Compiling async-trait v0.1.77
[INFO] [stderr]    Compiling md5 v0.7.0
[INFO] [stderr]    Compiling sha2 v0.9.9
[INFO] [stderr]    Compiling hmac v0.9.0
[INFO] [stderr]    Compiling waker-fn v1.1.1
[INFO] [stderr]    Compiling linux-raw-sys v0.3.8
[INFO] [stderr]    Compiling pin-project-lite v0.1.12
[INFO] [stderr]    Compiling base64 v0.13.1
[INFO] [stderr]    Compiling stringprep v0.1.4
[INFO] [stderr]    Compiling futures-lite v1.13.0
[INFO] [stderr]    Compiling phf_shared v0.8.0
[INFO] [stderr]    Compiling async-lock v2.8.0
[INFO] [stderr]    Compiling phf v0.8.0
[INFO] [stderr]    Compiling kv-log-macro v1.0.7
[INFO] [stderr]    Compiling async-channel v1.9.0
[INFO] [stderr]    Compiling blocking v1.5.1
[INFO] [stderr]    Compiling async-executor v1.8.0
[INFO] [stderr]    Compiling getrandom v0.1.16
[INFO] [stderr]    Compiling net2 v0.2.39
[INFO] [stderr]    Compiling iovec v0.1.4
[INFO] [stderr]    Compiling num_cpus v1.16.0
[INFO] [stderr]    Compiling signal-hook-registry v1.4.1
[INFO] [stderr]    Compiling socket2 v0.4.10
[INFO] [stderr]    Compiling rand_core v0.5.1
[INFO] [stderr]    Compiling parking_lot v0.11.2
[INFO] [stderr]    Compiling rand_chacha v0.2.2
[INFO] [stderr]    Compiling mio v0.6.23
[INFO] [stderr]    Compiling rand v0.7.3
[INFO] [stderr]    Compiling mio-uds v0.6.8
[INFO] [stderr]    Compiling postgres-protocol v0.5.3
[INFO] [stderr]    Compiling postgres-types v0.1.3
[INFO] [stderr]    Compiling tokio-macros v0.2.6
[INFO] [stderr]    Compiling async-attributes v1.1.2
[INFO] [stderr]    Compiling futures-macro v0.3.30
[INFO] [stderr]    Compiling tokio v0.2.25
[INFO] [stderr]    Compiling futures-util v0.3.30
[INFO] [stderr]    Compiling polling v3.3.1
[INFO] [stderr]    Compiling async-io v2.2.2
[INFO] [stderr]    Compiling async-global-executor v2.4.1
[INFO] [stderr]    Compiling async-std v1.12.0
[INFO] [stderr]    Compiling futures-executor v0.3.30
[INFO] [stderr]    Compiling tokio-util v0.3.1
[INFO] [stderr]    Compiling futures v0.3.30
[INFO] [stderr]    Compiling tokio-postgres v0.5.5
[INFO] [stderr]    Compiling async-postgres v0.5.1 (/opt/rustwide/workdir)
[INFO] [stdout] warning: private item shadows public glob re-export
[INFO] [stdout]   --> src/lib.rs:13:27
[INFO] [stdout]    |
[INFO] [stdout] 13 | use tokio_postgres::tls::{NoTls, NoTlsStream};
[INFO] [stdout]    |                           ^^^^^
[INFO] [stdout]    |
[INFO] [stdout] note: the name `NoTls` in the type namespace is supposed to be publicly re-exported here
[INFO] [stdout]   --> src/lib.rs:10:9
[INFO] [stdout]    |
[INFO] [stdout] 10 | pub use tokio_postgres::*;
[INFO] [stdout]    |         ^^^^^^^^^^^^^^^^^
[INFO] [stdout] note: but the private item here shadows it
[INFO] [stdout]   --> src/lib.rs:13:27
[INFO] [stdout]    |
[INFO] [stdout] 13 | use tokio_postgres::tls::{NoTls, NoTlsStream};
[INFO] [stdout]    |                           ^^^^^
[INFO] [stdout]    = note: `#[warn(hidden_glob_reexports)]` on by default
[INFO] [stdout] 
[INFO] [stdout] 
[INFO] [stdout] warning: private item shadows public glob re-export
[INFO] [stdout]   --> src/lib.rs:14:22
[INFO] [stdout]    |
[INFO] [stdout] 14 | use tokio_postgres::{Client, Connection};
[INFO] [stdout]    |                      ^^^^^^
[INFO] [stdout]    |
[INFO] [stdout] note: the name `Client` in the type namespace is supposed to be publicly re-exported here
[INFO] [stdout]   --> src/lib.rs:10:9
[INFO] [stdout]    |
[INFO] [stdout] 10 | pub use tokio_postgres::*;
[INFO] [stdout]    |         ^^^^^^^^^^^^^^^^^
[INFO] [stdout] note: but the private item here shadows it
[INFO] [stdout]   --> src/lib.rs:14:22
[INFO] [stdout]    |
[INFO] [stdout] 14 | use tokio_postgres::{Client, Connection};
[INFO] [stdout]    |                      ^^^^^^
[INFO] [stdout] 
[INFO] [stdout] 
[INFO] [stdout] warning: private item shadows public glob re-export
[INFO] [stdout]   --> src/lib.rs:14:30
[INFO] [stdout]    |
[INFO] [stdout] 14 | use tokio_postgres::{Client, Connection};
[INFO] [stdout]    |                              ^^^^^^^^^^
[INFO] [stdout]    |
[INFO] [stdout] note: the name `Connection` in the type namespace is supposed to be publicly re-exported here
[INFO] [stdout]   --> src/lib.rs:10:9
[INFO] [stdout]    |
[INFO] [stdout] 10 | pub use tokio_postgres::*;
[INFO] [stdout]    |         ^^^^^^^^^^^^^^^^^
[INFO] [stdout] note: but the private item here shadows it
[INFO] [stdout]   --> src/lib.rs:14:30
[INFO] [stdout]    |
[INFO] [stdout] 14 | use tokio_postgres::{Client, Connection};
[INFO] [stdout]    |                              ^^^^^^^^^^
[INFO] [stdout] 
[INFO] [stdout] 
[INFO] [stdout] warning: 3 warnings emitted
[INFO] [stdout] 
[INFO] [stdout] 
[INFO] [stderr]     Finished dev [unoptimized + debuginfo] target(s) in 9.50s
[INFO] running `Command { std: "docker" "inspect" "ee21c2f33c83421e990f20e08053c293018709e0942c0fd5dc70271e7f02248f", kill_on_drop: false }`
[INFO] running `Command { std: "docker" "rm" "-f" "ee21c2f33c83421e990f20e08053c293018709e0942c0fd5dc70271e7f02248f", kill_on_drop: false }`
[INFO] [stdout] ee21c2f33c83421e990f20e08053c293018709e0942c0fd5dc70271e7f02248f
[INFO] running `Command { std: "docker" "create" "-v" "/var/lib/crater-agent-workspace/builds/worker-3-tc1/target:/opt/rustwide/target:rw,Z" "-v" "/var/lib/crater-agent-workspace/builds/worker-3-tc1/source:/opt/rustwide/workdir:ro,Z" "-v" "/var/lib/crater-agent-workspace/cargo-home:/opt/rustwide/cargo-home:ro,Z" "-v" "/var/lib/crater-agent-workspace/rustup-home:/opt/rustwide/rustup-home:ro,Z" "-e" "SOURCE_DIR=/opt/rustwide/workdir" "-e" "CARGO_TARGET_DIR=/opt/rustwide/target" "-e" "CARGO_INCREMENTAL=0" "-e" "RUST_BACKTRACE=full" "-e" "RUSTFLAGS=--cap-lints=warn" "-e" "RUSTDOCFLAGS=--cap-lints=warn" "-e" "CARGO_HOME=/opt/rustwide/cargo-home" "-e" "RUSTUP_HOME=/opt/rustwide/rustup-home" "-w" "/opt/rustwide/workdir" "-m" "1610612736" "--user" "0:0" "--network" "none" "ghcr.io/rust-lang/crates-build-env/linux@sha256:2788e3201cd34a07e3172128adcd8b3090168a8e3bcc40d7c032b9dda1df7d1c" "/opt/rustwide/cargo-home/bin/cargo" "+1.75.0" "test" "--frozen" "--no-run" "--message-format=json", kill_on_drop: false }`
[INFO] [stdout] 3cc3f99e0665548a57dfc88b4cf99802d89b3020dbcfc58bc6fd00c958cbb83a
[INFO] running `Command { std: "docker" "start" "-a" "3cc3f99e0665548a57dfc88b4cf99802d89b3020dbcfc58bc6fd00c958cbb83a", kill_on_drop: false }`
[INFO] [stderr]    Compiling cc v1.0.83
[INFO] [stderr]    Compiling openssl-macros v0.1.1
[INFO] [stdout] warning: private item shadows public glob re-export
[INFO] [stdout]   --> src/lib.rs:13:27
[INFO] [stdout]    |
[INFO] [stdout] 13 | use tokio_postgres::tls::{NoTls, NoTlsStream};
[INFO] [stdout]    |                           ^^^^^
[INFO] [stdout]    |
[INFO] [stdout] note: the name `NoTls` in the type namespace is supposed to be publicly re-exported here
[INFO] [stdout]   --> src/lib.rs:10:9
[INFO] [stdout]    |
[INFO] [stdout] 10 | pub use tokio_postgres::*;
[INFO] [stdout]    |         ^^^^^^^^^^^^^^^^^
[INFO] [stdout] note: but the private item here shadows it
[INFO] [stdout]   --> src/lib.rs:13:27
[INFO] [stdout]    |
[INFO] [stdout] 13 | use tokio_postgres::tls::{NoTls, NoTlsStream};
[INFO] [stdout]    |                           ^^^^^
[INFO] [stdout]    = note: `#[warn(hidden_glob_reexports)]` on by default
[INFO] [stdout] 
[INFO] [stdout] 
[INFO] [stdout] warning: private item shadows public glob re-export
[INFO] [stdout]   --> src/lib.rs:14:22
[INFO] [stdout]    |
[INFO] [stdout] 14 | use tokio_postgres::{Client, Connection};
[INFO] [stdout]    |                      ^^^^^^
[INFO] [stdout]    |
[INFO] [stdout] note: the name `Client` in the type namespace is supposed to be publicly re-exported here
[INFO] [stdout]   --> src/lib.rs:10:9
[INFO] [stdout]    |
[INFO] [stdout] 10 | pub use tokio_postgres::*;
[INFO] [stdout]    |         ^^^^^^^^^^^^^^^^^
[INFO] [stdout] note: but the private item here shadows it
[INFO] [stdout]   --> src/lib.rs:14:22
[INFO] [stdout]    |
[INFO] [stdout] 14 | use tokio_postgres::{Client, Connection};
[INFO] [stdout]    |                      ^^^^^^
[INFO] [stdout] 
[INFO] [stdout] 
[INFO] [stdout] warning: private item shadows public glob re-export
[INFO] [stdout]   --> src/lib.rs:14:30
[INFO] [stdout]    |
[INFO] [stdout] 14 | use tokio_postgres::{Client, Connection};
[INFO] [stdout]    |                              ^^^^^^^^^^
[INFO] [stdout]    |
[INFO] [stdout] note: the name `Connection` in the type namespace is supposed to be publicly re-exported here
[INFO] [stdout]   --> src/lib.rs:10:9
[INFO] [stdout]    |
[INFO] [stdout] 10 | pub use tokio_postgres::*;
[INFO] [stdout]    |         ^^^^^^^^^^^^^^^^^
[INFO] [stdout] note: but the private item here shadows it
[INFO] [stdout]   --> src/lib.rs:14:30
[INFO] [stdout]    |
[INFO] [stdout] 14 | use tokio_postgres::{Client, Connection};
[INFO] [stdout]    |                              ^^^^^^^^^^
[INFO] [stdout] 
[INFO] [stdout] 
[INFO] [stdout] warning: 3 warnings emitted
[INFO] [stdout] 
[INFO] [stdout] 
[INFO] [stderr]    Compiling openssl-sys v0.9.98
[INFO] [stderr]    Compiling openssl v0.10.62
[INFO] [stderr]    Compiling native-tls v0.2.11
[INFO] [stderr]    Compiling tokio-tls v0.3.1
[INFO] [stderr]    Compiling postgres-native-tls v0.3.0
[INFO] [stderr]    Compiling async-postgres v0.5.1 (/opt/rustwide/workdir)
[INFO] [stdout] warning: private item shadows public glob re-export
[INFO] [stdout]   --> src/lib.rs:13:27
[INFO] [stdout]    |
[INFO] [stdout] 13 | use tokio_postgres::tls::{NoTls, NoTlsStream};
[INFO] [stdout]    |                           ^^^^^
[INFO] [stdout]    |
[INFO] [stdout] note: the name `NoTls` in the type namespace is supposed to be publicly re-exported here
[INFO] [stdout]   --> src/lib.rs:10:9
[INFO] [stdout]    |
[INFO] [stdout] 10 | pub use tokio_postgres::*;
[INFO] [stdout]    |         ^^^^^^^^^^^^^^^^^
[INFO] [stdout] note: but the private item here shadows it
[INFO] [stdout]   --> src/lib.rs:13:27
[INFO] [stdout]    |
[INFO] [stdout] 13 | use tokio_postgres::tls::{NoTls, NoTlsStream};
[INFO] [stdout]    |                           ^^^^^
[INFO] [stdout]    = note: `#[warn(hidden_glob_reexports)]` on by default
[INFO] [stdout] 
[INFO] [stdout] 
[INFO] [stdout] warning: private item shadows public glob re-export
[INFO] [stdout]   --> src/lib.rs:14:22
[INFO] [stdout]    |
[INFO] [stdout] 14 | use tokio_postgres::{Client, Connection};
[INFO] [stdout]    |                      ^^^^^^
[INFO] [stdout]    |
[INFO] [stdout] note: the name `Client` in the type namespace is supposed to be publicly re-exported here
[INFO] [stdout]   --> src/lib.rs:10:9
[INFO] [stdout]    |
[INFO] [stdout] 10 | pub use tokio_postgres::*;
[INFO] [stdout]    |         ^^^^^^^^^^^^^^^^^
[INFO] [stdout] note: but the private item here shadows it
[INFO] [stdout]   --> src/lib.rs:14:22
[INFO] [stdout]    |
[INFO] [stdout] 14 | use tokio_postgres::{Client, Connection};
[INFO] [stdout]    |                      ^^^^^^
[INFO] [stdout] 
[INFO] [stdout] 
[INFO] [stdout] warning: private item shadows public glob re-export
[INFO] [stdout]   --> src/lib.rs:14:30
[INFO] [stdout]    |
[INFO] [stdout] 14 | use tokio_postgres::{Client, Connection};
[INFO] [stdout]    |                              ^^^^^^^^^^
[INFO] [stdout]    |
[INFO] [stdout] note: the name `Connection` in the type namespace is supposed to be publicly re-exported here
[INFO] [stdout]   --> src/lib.rs:10:9
[INFO] [stdout]    |
[INFO] [stdout] 10 | pub use tokio_postgres::*;
[INFO] [stdout]    |         ^^^^^^^^^^^^^^^^^
[INFO] [stdout] note: but the private item here shadows it
[INFO] [stdout]   --> src/lib.rs:14:30
[INFO] [stdout]    |
[INFO] [stdout] 14 | use tokio_postgres::{Client, Connection};
[INFO] [stdout]    |                              ^^^^^^^^^^
[INFO] [stdout] 
[INFO] [stdout] 
[INFO] [stdout] warning: 3 warnings emitted
[INFO] [stdout] 
[INFO] [stdout] 
[INFO] [stderr]     Finished test [unoptimized + debuginfo] target(s) in 10.65s
[INFO] running `Command { std: "docker" "inspect" "3cc3f99e0665548a57dfc88b4cf99802d89b3020dbcfc58bc6fd00c958cbb83a", kill_on_drop: false }`
[INFO] running `Command { std: "docker" "rm" "-f" "3cc3f99e0665548a57dfc88b4cf99802d89b3020dbcfc58bc6fd00c958cbb83a", kill_on_drop: false }`
[INFO] [stdout] 3cc3f99e0665548a57dfc88b4cf99802d89b3020dbcfc58bc6fd00c958cbb83a
[INFO] running `Command { std: "docker" "create" "-v" "/var/lib/crater-agent-workspace/builds/worker-3-tc1/target:/opt/rustwide/target:rw,Z" "-v" "/var/lib/crater-agent-workspace/builds/worker-3-tc1/source:/opt/rustwide/workdir:ro,Z" "-v" "/var/lib/crater-agent-workspace/cargo-home:/opt/rustwide/cargo-home:ro,Z" "-v" "/var/lib/crater-agent-workspace/rustup-home:/opt/rustwide/rustup-home:ro,Z" "-e" "SOURCE_DIR=/opt/rustwide/workdir" "-e" "CARGO_TARGET_DIR=/opt/rustwide/target" "-e" "CARGO_INCREMENTAL=0" "-e" "RUST_BACKTRACE=full" "-e" "RUSTFLAGS=--cap-lints=warn" "-e" "RUSTDOCFLAGS=--cap-lints=warn" "-e" "CARGO_HOME=/opt/rustwide/cargo-home" "-e" "RUSTUP_HOME=/opt/rustwide/rustup-home" "-w" "/opt/rustwide/workdir" "-m" "1610612736" "--user" "0:0" "--network" "none" "ghcr.io/rust-lang/crates-build-env/linux@sha256:2788e3201cd34a07e3172128adcd8b3090168a8e3bcc40d7c032b9dda1df7d1c" "/opt/rustwide/cargo-home/bin/cargo" "+1.75.0" "test" "--frozen", kill_on_drop: false }`
[INFO] [stdout] b7c8c1ce858c1d62b520c883b3c57c5a7b64b928cad8be68e8832cbb0f20df32
[INFO] running `Command { std: "docker" "start" "-a" "b7c8c1ce858c1d62b520c883b3c57c5a7b64b928cad8be68e8832cbb0f20df32", kill_on_drop: false }`
[INFO] [stderr] warning: private item shadows public glob re-export
[INFO] [stderr]   --> src/lib.rs:13:27
[INFO] [stderr]    |
[INFO] [stderr] 13 | use tokio_postgres::tls::{NoTls, NoTlsStream};
[INFO] [stderr]    |                           ^^^^^
[INFO] [stderr]    |
[INFO] [stderr] note: the name `NoTls` in the type namespace is supposed to be publicly re-exported here
[INFO] [stderr]   --> src/lib.rs:10:9
[INFO] [stderr]    |
[INFO] [stderr] 10 | pub use tokio_postgres::*;
[INFO] [stderr]    |         ^^^^^^^^^^^^^^^^^
[INFO] [stderr] note: but the private item here shadows it
[INFO] [stderr]   --> src/lib.rs:13:27
[INFO] [stderr]    |
[INFO] [stderr] 13 | use tokio_postgres::tls::{NoTls, NoTlsStream};
[INFO] [stderr]    |                           ^^^^^
[INFO] [stderr]    = note: `#[warn(hidden_glob_reexports)]` on by default
[INFO] [stderr] 
[INFO] [stderr] warning: private item shadows public glob re-export
[INFO] [stderr]   --> src/lib.rs:14:22
[INFO] [stderr]    |
[INFO] [stderr] 14 | use tokio_postgres::{Client, Connection};
[INFO] [stderr]    |                      ^^^^^^
[INFO] [stderr]    |
[INFO] [stderr] note: the name `Client` in the type namespace is supposed to be publicly re-exported here
[INFO] [stderr]   --> src/lib.rs:10:9
[INFO] [stderr]    |
[INFO] [stderr] 10 | pub use tokio_postgres::*;
[INFO] [stderr]    |         ^^^^^^^^^^^^^^^^^
[INFO] [stderr] note: but the private item here shadows it
[INFO] [stderr]   --> src/lib.rs:14:22
[INFO] [stderr]    |
[INFO] [stderr] 14 | use tokio_postgres::{Client, Connection};
[INFO] [stderr]    |                      ^^^^^^
[INFO] [stderr] 
[INFO] [stderr] warning: private item shadows public glob re-export
[INFO] [stderr]   --> src/lib.rs:14:30
[INFO] [stderr]    |
[INFO] [stderr] 14 | use tokio_postgres::{Client, Connection};
[INFO] [stderr]    |                              ^^^^^^^^^^
[INFO] [stderr]    |
[INFO] [stderr] note: the name `Connection` in the type namespace is supposed to be publicly re-exported here
[INFO] [stderr]   --> src/lib.rs:10:9
[INFO] [stderr]    |
[INFO] [stderr] 10 | pub use tokio_postgres::*;
[INFO] [stderr]    |         ^^^^^^^^^^^^^^^^^
[INFO] [stderr] note: but the private item here shadows it
[INFO] [stderr]   --> src/lib.rs:14:30
[INFO] [stderr]    |
[INFO] [stderr] 14 | use tokio_postgres::{Client, Connection};
[INFO] [stderr]    |                              ^^^^^^^^^^
[INFO] [stderr] 
[INFO] [stderr] warning: `async-postgres` (lib) generated 3 warnings
[INFO] [stderr] warning: `async-postgres` (lib test) generated 3 warnings (3 duplicates)
[INFO] [stderr]     Finished test [unoptimized + debuginfo] target(s) in 0.16s
[INFO] [stderr]      Running unittests src/lib.rs (/opt/rustwide/target/debug/deps/async_postgres-79764784a22beaee)
[INFO] [stdout] 
[INFO] [stdout] running 0 tests
[INFO] [stdout] 
[INFO] [stdout] test result: ok. 0 passed; 0 failed; 0 ignored; 0 measured; 0 filtered out; finished in 0.00s
[INFO] [stdout] 
[INFO] [stderr]      Running tests/benchmark.rs (/opt/rustwide/target/debug/deps/benchmark-26a358e3be9c3524)
[INFO] [stdout] 
[INFO] [stdout] running 1 test
[INFO] [stdout] test benchmark ... FAILED
[INFO] [stdout] 
[INFO] [stdout] failures:
[INFO] [stdout] 
[INFO] [stdout] ---- benchmark stdout ----
[INFO] [stdout] Error: NotPresent
[INFO] [stdout] 
[INFO] [stdout] 
[INFO] [stdout] failures:
[INFO] [stdout]     benchmark
[INFO] [stdout] 
[INFO] [stdout] test result: FAILED. 0 passed; 1 failed; 0 ignored; 0 measured; 0 filtered out; finished in 0.01s
[INFO] [stdout] 
[INFO] [stderr] error: test failed, to rerun pass `--test benchmark`
[INFO] running `Command { std: "docker" "inspect" "b7c8c1ce858c1d62b520c883b3c57c5a7b64b928cad8be68e8832cbb0f20df32", kill_on_drop: false }`
[INFO] running `Command { std: "docker" "rm" "-f" "b7c8c1ce858c1d62b520c883b3c57c5a7b64b928cad8be68e8832cbb0f20df32", kill_on_drop: false }`
[INFO] [stdout] b7c8c1ce858c1d62b520c883b3c57c5a7b64b928cad8be68e8832cbb0f20df32
[INFO] testing async-postgres-0.5.1 against beta-2023-12-22 for beta-1.76-1
[INFO] extracting crate async-postgres 0.5.1 into /workspace/builds/worker-3-tc2/source
[INFO] validating manifest of crates.io crate async-postgres 0.5.1 on toolchain beta-2023-12-22
[INFO] running `Command { std: CARGO_HOME="/workspace/cargo-home" RUSTUP_HOME="/workspace/rustup-home" "/workspace/cargo-home/bin/cargo" "+beta-2023-12-22" "metadata" "--manifest-path" "Cargo.toml" "--no-deps", kill_on_drop: false }`
[INFO] started tweaking crates.io crate async-postgres 0.5.1
[INFO] finished tweaking crates.io crate async-postgres 0.5.1
[INFO] tweaked toml for crates.io crate async-postgres 0.5.1 written to /workspace/builds/worker-3-tc2/source/Cargo.toml
[INFO] running `Command { std: CARGO_HOME="/workspace/cargo-home" RUSTUP_HOME="/workspace/rustup-home" "/workspace/cargo-home/bin/cargo" "+beta-2023-12-22" "generate-lockfile" "--manifest-path" "Cargo.toml", kill_on_drop: false }`
[INFO] [stderr]     Updating crates.io index
[INFO] running `Command { std: CARGO_HOME="/workspace/cargo-home" RUSTUP_HOME="/workspace/rustup-home" "/workspace/cargo-home/bin/cargo" "+beta-2023-12-22" "fetch" "--manifest-path" "Cargo.toml", kill_on_drop: false }`
[INFO] running `Command { std: "docker" "create" "-v" "/var/lib/crater-agent-workspace/builds/worker-3-tc2/target:/opt/rustwide/target:rw,Z" "-v" "/var/lib/crater-agent-workspace/builds/worker-3-tc2/source:/opt/rustwide/workdir:ro,Z" "-v" "/var/lib/crater-agent-workspace/cargo-home:/opt/rustwide/cargo-home:ro,Z" "-v" "/var/lib/crater-agent-workspace/rustup-home:/opt/rustwide/rustup-home:ro,Z" "-e" "SOURCE_DIR=/opt/rustwide/workdir" "-e" "CARGO_TARGET_DIR=/opt/rustwide/target" "-e" "CARGO_HOME=/opt/rustwide/cargo-home" "-e" "RUSTUP_HOME=/opt/rustwide/rustup-home" "-w" "/opt/rustwide/workdir" "-m" "1610612736" "--user" "0:0" "--network" "none" "ghcr.io/rust-lang/crates-build-env/linux@sha256:2788e3201cd34a07e3172128adcd8b3090168a8e3bcc40d7c032b9dda1df7d1c" "/opt/rustwide/cargo-home/bin/cargo" "+beta-2023-12-22" "metadata" "--no-deps" "--format-version=1", kill_on_drop: false }`
[INFO] [stdout] aa471004ce9972025e934739471d355a1f6059d9864563faa763106247191720
[INFO] running `Command { std: "docker" "start" "-a" "aa471004ce9972025e934739471d355a1f6059d9864563faa763106247191720", kill_on_drop: false }`
[INFO] running `Command { std: "docker" "inspect" "aa471004ce9972025e934739471d355a1f6059d9864563faa763106247191720", kill_on_drop: false }`
[INFO] running `Command { std: "docker" "rm" "-f" "aa471004ce9972025e934739471d355a1f6059d9864563faa763106247191720", kill_on_drop: false }`
[INFO] [stdout] aa471004ce9972025e934739471d355a1f6059d9864563faa763106247191720
[INFO] running `Command { std: "docker" "create" "-v" "/var/lib/crater-agent-workspace/builds/worker-3-tc2/target:/opt/rustwide/target:rw,Z" "-v" "/var/lib/crater-agent-workspace/builds/worker-3-tc2/source:/opt/rustwide/workdir:ro,Z" "-v" "/var/lib/crater-agent-workspace/cargo-home:/opt/rustwide/cargo-home:ro,Z" "-v" "/var/lib/crater-agent-workspace/rustup-home:/opt/rustwide/rustup-home:ro,Z" "-e" "SOURCE_DIR=/opt/rustwide/workdir" "-e" "CARGO_TARGET_DIR=/opt/rustwide/target" "-e" "CARGO_INCREMENTAL=0" "-e" "RUST_BACKTRACE=full" "-e" "RUSTFLAGS=--cap-lints=warn" "-e" "RUSTDOCFLAGS=--cap-lints=warn" "-e" "CARGO_HOME=/opt/rustwide/cargo-home" "-e" "RUSTUP_HOME=/opt/rustwide/rustup-home" "-w" "/opt/rustwide/workdir" "-m" "1610612736" "--user" "0:0" "--network" "none" "ghcr.io/rust-lang/crates-build-env/linux@sha256:2788e3201cd34a07e3172128adcd8b3090168a8e3bcc40d7c032b9dda1df7d1c" "/opt/rustwide/cargo-home/bin/cargo" "+beta-2023-12-22" "build" "--frozen" "--message-format=json", kill_on_drop: false }`
[INFO] [stdout] d1b65cf9e4a0266f53ef77306073f3d323f680439407d8c10e72576c89fd64b6
[INFO] running `Command { std: "docker" "start" "-a" "d1b65cf9e4a0266f53ef77306073f3d323f680439407d8c10e72576c89fd64b6", kill_on_drop: false }`
[INFO] [stderr]    Compiling libc v0.2.151
[INFO] [stderr]    Compiling futures-io v0.3.30
[INFO] [stderr]    Compiling parking v2.2.0
[INFO] [stderr]    Compiling value-bag v1.4.3
[INFO] [stderr]    Compiling syn v1.0.109
[INFO] [stderr]    Compiling fastrand v2.0.1
[INFO] [stderr]    Compiling generic-array v0.14.7
[INFO] [stderr]    Compiling rustix v0.38.28
[INFO] [stderr]    Compiling linux-raw-sys v0.4.12
[INFO] [stderr]    Compiling concurrent-queue v2.4.0
[INFO] [stderr]    Compiling bytes v0.5.6
[INFO] [stderr]    Compiling subtle v2.5.0
[INFO] [stderr]    Compiling bitflags v2.4.1
[INFO] [stderr]    Compiling syn v2.0.48
[INFO] [stderr]    Compiling io-lifetimes v1.0.11
[INFO] [stderr]    Compiling unicode-normalization v0.1.22
[INFO] [stderr]    Compiling futures-channel v0.3.30
[INFO] [stderr]    Compiling polling v2.8.0
[INFO] [stderr]    Compiling async-task v4.7.0
[INFO] [stderr]    Compiling parking_lot_core v0.8.6
[INFO] [stderr]    Compiling futures-lite v2.1.0
[INFO] [stderr]    Compiling log v0.4.20
[INFO] [stderr]    Compiling event-listener v4.0.2
[INFO] [stderr]    Compiling opaque-debug v0.3.0
[INFO] [stderr]    Compiling finl_unicode v1.2.0
[INFO] [stderr]    Compiling event-listener v2.5.3
[INFO] [stderr]    Compiling futures-task v0.3.30
[INFO] [stderr]    Compiling atomic-waker v1.1.2
[INFO] [stderr]    Compiling rustix v0.37.27
[INFO] [stderr]    Compiling unicode-bidi v0.3.14
[INFO] [stderr]    Compiling piper v0.2.1
[INFO] [stderr]    Compiling async-io v1.13.0
[INFO] [stderr]    Compiling event-listener-strategy v0.4.0
[INFO] [stderr]    Compiling instant v0.1.12
[INFO] [stderr]    Compiling waker-fn v1.1.1
[INFO] [stderr]    Compiling md5 v0.7.0
[INFO] [stderr]    Compiling digest v0.9.0
[INFO] [stderr]    Compiling block-buffer v0.9.0
[INFO] [stderr]    Compiling crypto-mac v0.9.1
[INFO] [stderr]    Compiling async-lock v3.2.0
[INFO] [stderr]    Compiling async-channel v2.1.1
[INFO] [stderr]    Compiling async-trait v0.1.77
[INFO] [stderr]    Compiling fastrand v1.9.0
[INFO] [stderr]    Compiling base64 v0.13.1
[INFO] [stderr]    Compiling hmac v0.9.0
[INFO] [stderr]    Compiling sha2 v0.9.9
[INFO] [stderr]    Compiling pin-project-lite v0.1.12
[INFO] [stderr]    Compiling fallible-iterator v0.2.0
[INFO] [stderr]    Compiling linux-raw-sys v0.3.8
[INFO] [stderr]    Compiling phf_shared v0.8.0
[INFO] [stderr]    Compiling stringprep v0.1.4
[INFO] [stderr]    Compiling async-lock v2.8.0
[INFO] [stderr]    Compiling futures-lite v1.13.0
[INFO] [stderr]    Compiling phf v0.8.0
[INFO] [stderr]    Compiling async-channel v1.9.0
[INFO] [stderr]    Compiling blocking v1.5.1
[INFO] [stderr]    Compiling async-executor v1.8.0
[INFO] [stderr]    Compiling kv-log-macro v1.0.7
[INFO] [stderr]    Compiling getrandom v0.1.16
[INFO] [stderr]    Compiling iovec v0.1.4
[INFO] [stderr]    Compiling net2 v0.2.39
[INFO] [stderr]    Compiling signal-hook-registry v1.4.1
[INFO] [stderr]    Compiling num_cpus v1.16.0
[INFO] [stderr]    Compiling socket2 v0.4.10
[INFO] [stderr]    Compiling rand_core v0.5.1
[INFO] [stderr]    Compiling parking_lot v0.11.2
[INFO] [stderr]    Compiling mio v0.6.23
[INFO] [stderr]    Compiling rand_chacha v0.2.2
[INFO] [stderr]    Compiling rand v0.7.3
[INFO] [stderr]    Compiling mio-uds v0.6.8
[INFO] [stderr]    Compiling postgres-protocol v0.5.3
[INFO] [stderr]    Compiling futures-macro v0.3.30
[INFO] [stderr]    Compiling postgres-types v0.1.3
[INFO] [stderr]    Compiling tokio-macros v0.2.6
[INFO] [stderr]    Compiling async-attributes v1.1.2
[INFO] [stderr]    Compiling tokio v0.2.25
[INFO] [stderr]    Compiling futures-util v0.3.30
[INFO] [stderr]    Compiling polling v3.3.1
[INFO] [stderr]    Compiling async-io v2.2.2
[INFO] [stderr]    Compiling async-global-executor v2.4.1
[INFO] [stderr]    Compiling async-std v1.12.0
[INFO] [stderr]    Compiling futures-executor v0.3.30
[INFO] [stderr]    Compiling futures v0.3.30
[INFO] [stderr]    Compiling tokio-util v0.3.1
[INFO] [stderr]    Compiling tokio-postgres v0.5.5
[INFO] [stderr]    Compiling async-postgres v0.5.1 (/opt/rustwide/workdir)
[INFO] [stdout] warning: private item shadows public glob re-export
[INFO] [stdout]   --> src/lib.rs:13:27
[INFO] [stdout]    |
[INFO] [stdout] 13 | use tokio_postgres::tls::{NoTls, NoTlsStream};
[INFO] [stdout]    |                           ^^^^^
[INFO] [stdout]    |
[INFO] [stdout] note: the name `NoTls` in the type namespace is supposed to be publicly re-exported here
[INFO] [stdout]   --> src/lib.rs:10:9
[INFO] [stdout]    |
[INFO] [stdout] 10 | pub use tokio_postgres::*;
[INFO] [stdout]    |         ^^^^^^^^^^^^^^^^^
[INFO] [stdout] note: but the private item here shadows it
[INFO] [stdout]   --> src/lib.rs:13:27
[INFO] [stdout]    |
[INFO] [stdout] 13 | use tokio_postgres::tls::{NoTls, NoTlsStream};
[INFO] [stdout]    |                           ^^^^^
[INFO] [stdout]    = note: `#[warn(hidden_glob_reexports)]` on by default
[INFO] [stdout] 
[INFO] [stdout] 
[INFO] [stdout] warning: private item shadows public glob re-export
[INFO] [stdout]   --> src/lib.rs:14:22
[INFO] [stdout]    |
[INFO] [stdout] 14 | use tokio_postgres::{Client, Connection};
[INFO] [stdout]    |                      ^^^^^^
[INFO] [stdout]    |
[INFO] [stdout] note: the name `Client` in the type namespace is supposed to be publicly re-exported here
[INFO] [stdout]   --> src/lib.rs:10:9
[INFO] [stdout]    |
[INFO] [stdout] 10 | pub use tokio_postgres::*;
[INFO] [stdout]    |         ^^^^^^^^^^^^^^^^^
[INFO] [stdout] note: but the private item here shadows it
[INFO] [stdout]   --> src/lib.rs:14:22
[INFO] [stdout]    |
[INFO] [stdout] 14 | use tokio_postgres::{Client, Connection};
[INFO] [stdout]    |                      ^^^^^^
[INFO] [stdout] 
[INFO] [stdout] 
[INFO] [stdout] warning: private item shadows public glob re-export
[INFO] [stdout]   --> src/lib.rs:14:30
[INFO] [stdout]    |
[INFO] [stdout] 14 | use tokio_postgres::{Client, Connection};
[INFO] [stdout]    |                              ^^^^^^^^^^
[INFO] [stdout]    |
[INFO] [stdout] note: the name `Connection` in the type namespace is supposed to be publicly re-exported here
[INFO] [stdout]   --> src/lib.rs:10:9
[INFO] [stdout]    |
[INFO] [stdout] 10 | pub use tokio_postgres::*;
[INFO] [stdout]    |         ^^^^^^^^^^^^^^^^^
[INFO] [stdout] note: but the private item here shadows it
[INFO] [stdout]   --> src/lib.rs:14:30
[INFO] [stdout]    |
[INFO] [stdout] 14 | use tokio_postgres::{Client, Connection};
[INFO] [stdout]    |                              ^^^^^^^^^^
[INFO] [stdout] 
[INFO] [stdout] 
[INFO] [stdout] warning: 3 warnings emitted
[INFO] [stdout] 
[INFO] [stdout] 
[INFO] [stderr]     Finished dev [unoptimized + debuginfo] target(s) in 16.97s
[INFO] running `Command { std: "docker" "inspect" "d1b65cf9e4a0266f53ef77306073f3d323f680439407d8c10e72576c89fd64b6", kill_on_drop: false }`
[INFO] running `Command { std: "docker" "rm" "-f" "d1b65cf9e4a0266f53ef77306073f3d323f680439407d8c10e72576c89fd64b6", kill_on_drop: false }`
[INFO] [stdout] d1b65cf9e4a0266f53ef77306073f3d323f680439407d8c10e72576c89fd64b6
[INFO] running `Command { std: "docker" "create" "-v" "/var/lib/crater-agent-workspace/builds/worker-3-tc2/target:/opt/rustwide/target:rw,Z" "-v" "/var/lib/crater-agent-workspace/builds/worker-3-tc2/source:/opt/rustwide/workdir:ro,Z" "-v" "/var/lib/crater-agent-workspace/cargo-home:/opt/rustwide/cargo-home:ro,Z" "-v" "/var/lib/crater-agent-workspace/rustup-home:/opt/rustwide/rustup-home:ro,Z" "-e" "SOURCE_DIR=/opt/rustwide/workdir" "-e" "CARGO_TARGET_DIR=/opt/rustwide/target" "-e" "CARGO_INCREMENTAL=0" "-e" "RUST_BACKTRACE=full" "-e" "RUSTFLAGS=--cap-lints=warn" "-e" "RUSTDOCFLAGS=--cap-lints=warn" "-e" "CARGO_HOME=/opt/rustwide/cargo-home" "-e" "RUSTUP_HOME=/opt/rustwide/rustup-home" "-w" "/opt/rustwide/workdir" "-m" "1610612736" "--user" "0:0" "--network" "none" "ghcr.io/rust-lang/crates-build-env/linux@sha256:2788e3201cd34a07e3172128adcd8b3090168a8e3bcc40d7c032b9dda1df7d1c" "/opt/rustwide/cargo-home/bin/cargo" "+beta-2023-12-22" "test" "--frozen" "--no-run" "--message-format=json", kill_on_drop: false }`
[INFO] [stdout] f633b4a3b37d7822bf2cb782fd5c55e154b7777c41031a5cf53ee7cf3325695c
[INFO] running `Command { std: "docker" "start" "-a" "f633b4a3b37d7822bf2cb782fd5c55e154b7777c41031a5cf53ee7cf3325695c", kill_on_drop: false }`
[INFO] [stderr]    Compiling cc v1.0.83
[INFO] [stderr]    Compiling openssl-macros v0.1.1
[INFO] [stdout] warning: private item shadows public glob re-export
[INFO] [stdout]   --> src/lib.rs:13:27
[INFO] [stdout]    |
[INFO] [stdout] 13 | use tokio_postgres::tls::{NoTls, NoTlsStream};
[INFO] [stdout]    |                           ^^^^^
[INFO] [stdout]    |
[INFO] [stdout] note: the name `NoTls` in the type namespace is supposed to be publicly re-exported here
[INFO] [stdout]   --> src/lib.rs:10:9
[INFO] [stdout]    |
[INFO] [stdout] 10 | pub use tokio_postgres::*;
[INFO] [stdout]    |         ^^^^^^^^^^^^^^^^^
[INFO] [stdout] note: but the private item here shadows it
[INFO] [stdout]   --> src/lib.rs:13:27
[INFO] [stdout]    |
[INFO] [stdout] 13 | use tokio_postgres::tls::{NoTls, NoTlsStream};
[INFO] [stdout]    |                           ^^^^^
[INFO] [stdout]    = note: `#[warn(hidden_glob_reexports)]` on by default
[INFO] [stdout] 
[INFO] [stdout] 
[INFO] [stdout] warning: private item shadows public glob re-export
[INFO] [stdout]   --> src/lib.rs:14:22
[INFO] [stdout]    |
[INFO] [stdout] 14 | use tokio_postgres::{Client, Connection};
[INFO] [stdout]    |                      ^^^^^^
[INFO] [stdout]    |
[INFO] [stdout] note: the name `Client` in the type namespace is supposed to be publicly re-exported here
[INFO] [stdout]   --> src/lib.rs:10:9
[INFO] [stdout]    |
[INFO] [stdout] 10 | pub use tokio_postgres::*;
[INFO] [stdout]    |         ^^^^^^^^^^^^^^^^^
[INFO] [stdout] note: but the private item here shadows it
[INFO] [stdout]   --> src/lib.rs:14:22
[INFO] [stdout]    |
[INFO] [stdout] 14 | use tokio_postgres::{Client, Connection};
[INFO] [stdout]    |                      ^^^^^^
[INFO] [stdout] 
[INFO] [stdout] 
[INFO] [stdout] warning: private item shadows public glob re-export
[INFO] [stdout]   --> src/lib.rs:14:30
[INFO] [stdout]    |
[INFO] [stdout] 14 | use tokio_postgres::{Client, Connection};
[INFO] [stdout]    |                              ^^^^^^^^^^
[INFO] [stdout]    |
[INFO] [stdout] note: the name `Connection` in the type namespace is supposed to be publicly re-exported here
[INFO] [stdout]   --> src/lib.rs:10:9
[INFO] [stdout]    |
[INFO] [stdout] 10 | pub use tokio_postgres::*;
[INFO] [stdout]    |         ^^^^^^^^^^^^^^^^^
[INFO] [stdout] note: but the private item here shadows it
[INFO] [stdout]   --> src/lib.rs:14:30
[INFO] [stdout]    |
[INFO] [stdout] 14 | use tokio_postgres::{Client, Connection};
[INFO] [stdout]    |                              ^^^^^^^^^^
[INFO] [stdout] 
[INFO] [stdout] 
[INFO] [stdout] warning: 3 warnings emitted
[INFO] [stdout] 
[INFO] [stdout] 
[INFO] [stderr]    Compiling openssl-sys v0.9.98
[INFO] [stderr]    Compiling openssl v0.10.62
[INFO] [stderr]    Compiling native-tls v0.2.11
[INFO] [stderr]    Compiling tokio-tls v0.3.1
[INFO] [stderr]    Compiling postgres-native-tls v0.3.0
[INFO] [stderr]    Compiling async-postgres v0.5.1 (/opt/rustwide/workdir)
[INFO] [stdout] warning: private item shadows public glob re-export
[INFO] [stdout]   --> src/lib.rs:13:27
[INFO] [stdout]    |
[INFO] [stdout] 13 | use tokio_postgres::tls::{NoTls, NoTlsStream};
[INFO] [stdout]    |                           ^^^^^
[INFO] [stdout]    |
[INFO] [stdout] note: the name `NoTls` in the type namespace is supposed to be publicly re-exported here
[INFO] [stdout]   --> src/lib.rs:10:9
[INFO] [stdout]    |
[INFO] [stdout] 10 | pub use tokio_postgres::*;
[INFO] [stdout]    |         ^^^^^^^^^^^^^^^^^
[INFO] [stdout] note: but the private item here shadows it
[INFO] [stdout]   --> src/lib.rs:13:27
[INFO] [stdout]    |
[INFO] [stdout] 13 | use tokio_postgres::tls::{NoTls, NoTlsStream};
[INFO] [stdout]    |                           ^^^^^
[INFO] [stdout]    = note: `#[warn(hidden_glob_reexports)]` on by default
[INFO] [stdout] 
[INFO] [stdout] 
[INFO] [stdout] warning: private item shadows public glob re-export
[INFO] [stdout]   --> src/lib.rs:14:22
[INFO] [stdout]    |
[INFO] [stdout] 14 | use tokio_postgres::{Client, Connection};
[INFO] [stdout]    |                      ^^^^^^
[INFO] [stdout]    |
[INFO] [stdout] note: the name `Client` in the type namespace is supposed to be publicly re-exported here
[INFO] [stdout]   --> src/lib.rs:10:9
[INFO] [stdout]    |
[INFO] [stdout] 10 | pub use tokio_postgres::*;
[INFO] [stdout]    |         ^^^^^^^^^^^^^^^^^
[INFO] [stdout] note: but the private item here shadows it
[INFO] [stdout]   --> src/lib.rs:14:22
[INFO] [stdout]    |
[INFO] [stdout] 14 | use tokio_postgres::{Client, Connection};
[INFO] [stdout]    |                      ^^^^^^
[INFO] [stdout] 
[INFO] [stdout] 
[INFO] [stdout] warning: private item shadows public glob re-export
[INFO] [stdout]   --> src/lib.rs:14:30
[INFO] [stdout]    |
[INFO] [stdout] 14 | use tokio_postgres::{Client, Connection};
[INFO] [stdout]    |                              ^^^^^^^^^^
[INFO] [stdout]    |
[INFO] [stdout] note: the name `Connection` in the type namespace is supposed to be publicly re-exported here
[INFO] [stdout]   --> src/lib.rs:10:9
[INFO] [stdout]    |
[INFO] [stdout] 10 | pub use tokio_postgres::*;
[INFO] [stdout]    |         ^^^^^^^^^^^^^^^^^
[INFO] [stdout] note: but the private item here shadows it
[INFO] [stdout]   --> src/lib.rs:14:30
[INFO] [stdout]    |
[INFO] [stdout] 14 | use tokio_postgres::{Client, Connection};
[INFO] [stdout]    |                              ^^^^^^^^^^
[INFO] [stdout] 
[INFO] [stdout] 
[INFO] [stdout] warning: 3 warnings emitted
[INFO] [stdout] 
[INFO] [stdout] 
[INFO] [stderr]     Finished test [unoptimized + debuginfo] target(s) in 12.53s
[INFO] running `Command { std: "docker" "inspect" "f633b4a3b37d7822bf2cb782fd5c55e154b7777c41031a5cf53ee7cf3325695c", kill_on_drop: false }`
[INFO] running `Command { std: "docker" "rm" "-f" "f633b4a3b37d7822bf2cb782fd5c55e154b7777c41031a5cf53ee7cf3325695c", kill_on_drop: false }`
[INFO] [stdout] f633b4a3b37d7822bf2cb782fd5c55e154b7777c41031a5cf53ee7cf3325695c
[INFO] running `Command { std: "docker" "create" "-v" "/var/lib/crater-agent-workspace/builds/worker-3-tc2/target:/opt/rustwide/target:rw,Z" "-v" "/var/lib/crater-agent-workspace/builds/worker-3-tc2/source:/opt/rustwide/workdir:ro,Z" "-v" "/var/lib/crater-agent-workspace/cargo-home:/opt/rustwide/cargo-home:ro,Z" "-v" "/var/lib/crater-agent-workspace/rustup-home:/opt/rustwide/rustup-home:ro,Z" "-e" "SOURCE_DIR=/opt/rustwide/workdir" "-e" "CARGO_TARGET_DIR=/opt/rustwide/target" "-e" "CARGO_INCREMENTAL=0" "-e" "RUST_BACKTRACE=full" "-e" "RUSTFLAGS=--cap-lints=warn" "-e" "RUSTDOCFLAGS=--cap-lints=warn" "-e" "CARGO_HOME=/opt/rustwide/cargo-home" "-e" "RUSTUP_HOME=/opt/rustwide/rustup-home" "-w" "/opt/rustwide/workdir" "-m" "1610612736" "--user" "0:0" "--network" "none" "ghcr.io/rust-lang/crates-build-env/linux@sha256:2788e3201cd34a07e3172128adcd8b3090168a8e3bcc40d7c032b9dda1df7d1c" "/opt/rustwide/cargo-home/bin/cargo" "+beta-2023-12-22" "test" "--frozen", kill_on_drop: false }`
[INFO] [stdout] ba5e2651cca4e00ee9ff3576221ad2bd7427705475dfb5238ba4ae5524326a36
[INFO] running `Command { std: "docker" "start" "-a" "ba5e2651cca4e00ee9ff3576221ad2bd7427705475dfb5238ba4ae5524326a36", kill_on_drop: false }`
[INFO] [stderr] warning: private item shadows public glob re-export
[INFO] [stderr]   --> src/lib.rs:13:27
[INFO] [stderr]    |
[INFO] [stderr] 13 | use tokio_postgres::tls::{NoTls, NoTlsStream};
[INFO] [stderr]    |                           ^^^^^
[INFO] [stderr]    |
[INFO] [stderr] note: the name `NoTls` in the type namespace is supposed to be publicly re-exported here
[INFO] [stderr]   --> src/lib.rs:10:9
[INFO] [stderr]    |
[INFO] [stderr] 10 | pub use tokio_postgres::*;
[INFO] [stderr]    |         ^^^^^^^^^^^^^^^^^
[INFO] [stderr] note: but the private item here shadows it
[INFO] [stderr]   --> src/lib.rs:13:27
[INFO] [stderr]    |
[INFO] [stderr] 13 | use tokio_postgres::tls::{NoTls, NoTlsStream};
[INFO] [stderr]    |                           ^^^^^
[INFO] [stderr]    = note: `#[warn(hidden_glob_reexports)]` on by default
[INFO] [stderr] 
[INFO] [stderr] warning: private item shadows public glob re-export
[INFO] [stderr]   --> src/lib.rs:14:22
[INFO] [stderr]    |
[INFO] [stderr] 14 | use tokio_postgres::{Client, Connection};
[INFO] [stderr]    |                      ^^^^^^
[INFO] [stderr]    |
[INFO] [stderr] note: the name `Client` in the type namespace is supposed to be publicly re-exported here
[INFO] [stderr]   --> src/lib.rs:10:9
[INFO] [stderr]    |
[INFO] [stderr] 10 | pub use tokio_postgres::*;
[INFO] [stderr]    |         ^^^^^^^^^^^^^^^^^
[INFO] [stderr] note: but the private item here shadows it
[INFO] [stderr]   --> src/lib.rs:14:22
[INFO] [stderr]    |
[INFO] [stderr] 14 | use tokio_postgres::{Client, Connection};
[INFO] [stderr]    |                      ^^^^^^
[INFO] [stderr] 
[INFO] [stderr] warning: private item shadows public glob re-export
[INFO] [stderr]   --> src/lib.rs:14:30
[INFO] [stderr]    |
[INFO] [stderr] 14 | use tokio_postgres::{Client, Connection};
[INFO] [stderr]    |                              ^^^^^^^^^^
[INFO] [stderr]    |
[INFO] [stderr] note: the name `Connection` in the type namespace is supposed to be publicly re-exported here
[INFO] [stderr]   --> src/lib.rs:10:9
[INFO] [stderr]    |
[INFO] [stderr] 10 | pub use tokio_postgres::*;
[INFO] [stderr]    |         ^^^^^^^^^^^^^^^^^
[INFO] [stderr] note: but the private item here shadows it
[INFO] [stderr]   --> src/lib.rs:14:30
[INFO] [stderr]    |
[INFO] [stderr] 14 | use tokio_postgres::{Client, Connection};
[INFO] [stderr]    |                              ^^^^^^^^^^
[INFO] [stderr] 
[INFO] [stderr] warning: `async-postgres` (lib) generated 3 warnings
[INFO] [stderr] warning: `async-postgres` (lib test) generated 3 warnings (3 duplicates)
[INFO] [stderr]     Finished test [unoptimized + debuginfo] target(s) in 0.19s
[INFO] [stderr]      Running unittests src/lib.rs (/opt/rustwide/target/debug/deps/async_postgres-1d2af02ceb46ee5b)
[INFO] [stdout] 
[INFO] [stdout] running 0 tests
[INFO] [stdout] 
[INFO] [stdout] test result: ok. 0 passed; 0 failed; 0 ignored; 0 measured; 0 filtered out; finished in 0.00s
[INFO] [stdout] 
[INFO] [stderr]      Running tests/benchmark.rs (/opt/rustwide/target/debug/deps/benchmark-b282580fe43cd1bf)
[INFO] [stdout] 
[INFO] [stdout] running 1 test
[INFO] [stdout] test benchmark ... FAILED
[INFO] [stdout] 
[INFO] [stdout] failures:
[INFO] [stdout] 
[INFO] [stdout] ---- benchmark stdout ----
[INFO] [stdout] Error: NotPresent
[INFO] [stdout] 
[INFO] [stdout] 
[INFO] [stdout] failures:
[INFO] [stdout]     benchmark
[INFO] [stdout] 
[INFO] [stdout] test result: FAILED. 0 passed; 1 failed; 0 ignored; 0 measured; 0 filtered out; finished in 0.00s
[INFO] [stdout] 
[INFO] [stderr] error: test failed, to rerun pass `--test benchmark`
[INFO] running `Command { std: "docker" "inspect" "ba5e2651cca4e00ee9ff3576221ad2bd7427705475dfb5238ba4ae5524326a36", kill_on_drop: false }`
[INFO] running `Command { std: "docker" "rm" "-f" "ba5e2651cca4e00ee9ff3576221ad2bd7427705475dfb5238ba4ae5524326a36", kill_on_drop: false }`
[INFO] [stdout] ba5e2651cca4e00ee9ff3576221ad2bd7427705475dfb5238ba4ae5524326a36
