[INFO] fetching crate async-embedded-sdmmc 0.1.3...
[INFO] testing async-embedded-sdmmc-0.1.3 against 1.75.0 for beta-1.76-1
[INFO] extracting crate async-embedded-sdmmc 0.1.3 into /workspace/builds/worker-0-tc1/source
[INFO] validating manifest of crates.io crate async-embedded-sdmmc 0.1.3 on toolchain 1.75.0
[INFO] running `Command { std: CARGO_HOME="/workspace/cargo-home" RUSTUP_HOME="/workspace/rustup-home" "/workspace/cargo-home/bin/cargo" "+1.75.0" "metadata" "--manifest-path" "Cargo.toml" "--no-deps", kill_on_drop: false }`
[INFO] removed /workspace/builds/worker-0-tc1/source/rust-toolchain
[INFO] started tweaking crates.io crate async-embedded-sdmmc 0.1.3
[INFO] finished tweaking crates.io crate async-embedded-sdmmc 0.1.3
[INFO] tweaked toml for crates.io crate async-embedded-sdmmc 0.1.3 written to /workspace/builds/worker-0-tc1/source/Cargo.toml
[INFO] running `Command { std: CARGO_HOME="/workspace/cargo-home" RUSTUP_HOME="/workspace/rustup-home" "/workspace/cargo-home/bin/cargo" "+1.75.0" "generate-lockfile" "--manifest-path" "Cargo.toml", kill_on_drop: false }`
[INFO] [stderr]     Updating crates.io index
[INFO] running `Command { std: CARGO_HOME="/workspace/cargo-home" RUSTUP_HOME="/workspace/rustup-home" "/workspace/cargo-home/bin/cargo" "+1.75.0" "fetch" "--manifest-path" "Cargo.toml", kill_on_drop: false }`
[INFO] [stderr]  Downloading crates ...
[INFO] [stderr]   Downloaded gpio v0.4.1
[INFO] [stderr]   Downloaded fugit v0.3.7
[INFO] [stderr]   Downloaded gcd v2.3.0
[INFO] [stderr]   Downloaded hex-literal v0.3.4
[INFO] [stderr]   Downloaded spidev v0.5.2
[INFO] [stderr]   Downloaded deasync v0.1.0
[INFO] running `Command { std: "docker" "create" "-v" "/var/lib/crater-agent-workspace/builds/worker-0-tc1/target:/opt/rustwide/target:rw,Z" "-v" "/var/lib/crater-agent-workspace/builds/worker-0-tc1/source:/opt/rustwide/workdir:ro,Z" "-v" "/var/lib/crater-agent-workspace/cargo-home:/opt/rustwide/cargo-home:ro,Z" "-v" "/var/lib/crater-agent-workspace/rustup-home:/opt/rustwide/rustup-home:ro,Z" "-e" "SOURCE_DIR=/opt/rustwide/workdir" "-e" "CARGO_TARGET_DIR=/opt/rustwide/target" "-e" "CARGO_HOME=/opt/rustwide/cargo-home" "-e" "RUSTUP_HOME=/opt/rustwide/rustup-home" "-w" "/opt/rustwide/workdir" "-m" "1610612736" "--user" "0:0" "--network" "none" "ghcr.io/rust-lang/crates-build-env/linux@sha256:2788e3201cd34a07e3172128adcd8b3090168a8e3bcc40d7c032b9dda1df7d1c" "/opt/rustwide/cargo-home/bin/cargo" "+1.75.0" "metadata" "--no-deps" "--format-version=1", kill_on_drop: false }`
[INFO] [stdout] 5fe034abc24fb32850425d2802562b8289d96165ed05c87de40b7c79a36ad1bf
[INFO] running `Command { std: "docker" "start" "-a" "5fe034abc24fb32850425d2802562b8289d96165ed05c87de40b7c79a36ad1bf", kill_on_drop: false }`
[INFO] running `Command { std: "docker" "inspect" "5fe034abc24fb32850425d2802562b8289d96165ed05c87de40b7c79a36ad1bf", kill_on_drop: false }`
[INFO] running `Command { std: "docker" "rm" "-f" "5fe034abc24fb32850425d2802562b8289d96165ed05c87de40b7c79a36ad1bf", kill_on_drop: false }`
[INFO] [stdout] 5fe034abc24fb32850425d2802562b8289d96165ed05c87de40b7c79a36ad1bf
[INFO] running `Command { std: "docker" "create" "-v" "/var/lib/crater-agent-workspace/builds/worker-0-tc1/target:/opt/rustwide/target:rw,Z" "-v" "/var/lib/crater-agent-workspace/builds/worker-0-tc1/source:/opt/rustwide/workdir:ro,Z" "-v" "/var/lib/crater-agent-workspace/cargo-home:/opt/rustwide/cargo-home:ro,Z" "-v" "/var/lib/crater-agent-workspace/rustup-home:/opt/rustwide/rustup-home:ro,Z" "-e" "SOURCE_DIR=/opt/rustwide/workdir" "-e" "CARGO_TARGET_DIR=/opt/rustwide/target" "-e" "CARGO_INCREMENTAL=0" "-e" "RUST_BACKTRACE=full" "-e" "RUSTFLAGS=--cap-lints=warn" "-e" "RUSTDOCFLAGS=--cap-lints=warn" "-e" "CARGO_HOME=/opt/rustwide/cargo-home" "-e" "RUSTUP_HOME=/opt/rustwide/rustup-home" "-w" "/opt/rustwide/workdir" "-m" "1610612736" "--user" "0:0" "--network" "none" "ghcr.io/rust-lang/crates-build-env/linux@sha256:2788e3201cd34a07e3172128adcd8b3090168a8e3bcc40d7c032b9dda1df7d1c" "/opt/rustwide/cargo-home/bin/cargo" "+1.75.0" "build" "--frozen" "--message-format=json", kill_on_drop: false }`
[INFO] [stdout] f76389cfd82dd02f6cd728f96d50a039e0fb9936ceb29c7162dece03acd642a0
[INFO] running `Command { std: "docker" "start" "-a" "f76389cfd82dd02f6cd728f96d50a039e0fb9936ceb29c7162dece03acd642a0", kill_on_drop: false }`
[INFO] [stderr]    Compiling syn v1.0.109
[INFO] [stderr]    Compiling nb v1.1.0
[INFO] [stderr]    Compiling void v1.0.2
[INFO] [stderr]    Compiling bitfield v0.13.2
[INFO] [stderr]    Compiling async-trait v0.1.77
[INFO] [stderr]    Compiling nb v0.1.3
[INFO] [stderr]    Compiling embedded-hal v0.2.7
[INFO] [stderr]    Compiling deasync v0.1.0
[INFO] [stderr]    Compiling async-embedded-sdmmc v0.1.3 (/opt/rustwide/workdir)
[INFO] [stderr]     Finished dev [unoptimized + debuginfo] target(s) in 5.39s
[INFO] running `Command { std: "docker" "inspect" "f76389cfd82dd02f6cd728f96d50a039e0fb9936ceb29c7162dece03acd642a0", kill_on_drop: false }`
[INFO] running `Command { std: "docker" "rm" "-f" "f76389cfd82dd02f6cd728f96d50a039e0fb9936ceb29c7162dece03acd642a0", kill_on_drop: false }`
[INFO] [stdout] f76389cfd82dd02f6cd728f96d50a039e0fb9936ceb29c7162dece03acd642a0
[INFO] running `Command { std: "docker" "create" "-v" "/var/lib/crater-agent-workspace/builds/worker-0-tc1/target:/opt/rustwide/target:rw,Z" "-v" "/var/lib/crater-agent-workspace/builds/worker-0-tc1/source:/opt/rustwide/workdir:ro,Z" "-v" "/var/lib/crater-agent-workspace/cargo-home:/opt/rustwide/cargo-home:ro,Z" "-v" "/var/lib/crater-agent-workspace/rustup-home:/opt/rustwide/rustup-home:ro,Z" "-e" "SOURCE_DIR=/opt/rustwide/workdir" "-e" "CARGO_TARGET_DIR=/opt/rustwide/target" "-e" "CARGO_INCREMENTAL=0" "-e" "RUST_BACKTRACE=full" "-e" "RUSTFLAGS=--cap-lints=warn" "-e" "RUSTDOCFLAGS=--cap-lints=warn" "-e" "CARGO_HOME=/opt/rustwide/cargo-home" "-e" "RUSTUP_HOME=/opt/rustwide/rustup-home" "-w" "/opt/rustwide/workdir" "-m" "1610612736" "--user" "0:0" "--network" "none" "ghcr.io/rust-lang/crates-build-env/linux@sha256:2788e3201cd34a07e3172128adcd8b3090168a8e3bcc40d7c032b9dda1df7d1c" "/opt/rustwide/cargo-home/bin/cargo" "+1.75.0" "test" "--frozen" "--no-run" "--message-format=json", kill_on_drop: false }`
[INFO] [stdout] a58e1eb368cbe1f8bbd4a30176e0df9a71db5a19685fcab1431187d18f173974
[INFO] running `Command { std: "docker" "start" "-a" "a58e1eb368cbe1f8bbd4a30176e0df9a71db5a19685fcab1431187d18f173974", kill_on_drop: false }`
[INFO] [stderr]    Compiling hex-literal v0.3.4
[INFO] [stderr]    Compiling async-embedded-sdmmc v0.1.3 (/opt/rustwide/workdir)
[INFO] [stderr]     Finished test [unoptimized + debuginfo] target(s) in 0.84s
[INFO] running `Command { std: "docker" "inspect" "a58e1eb368cbe1f8bbd4a30176e0df9a71db5a19685fcab1431187d18f173974", kill_on_drop: false }`
[INFO] running `Command { std: "docker" "rm" "-f" "a58e1eb368cbe1f8bbd4a30176e0df9a71db5a19685fcab1431187d18f173974", kill_on_drop: false }`
[INFO] [stdout] a58e1eb368cbe1f8bbd4a30176e0df9a71db5a19685fcab1431187d18f173974
[INFO] running `Command { std: "docker" "create" "-v" "/var/lib/crater-agent-workspace/builds/worker-0-tc1/target:/opt/rustwide/target:rw,Z" "-v" "/var/lib/crater-agent-workspace/builds/worker-0-tc1/source:/opt/rustwide/workdir:ro,Z" "-v" "/var/lib/crater-agent-workspace/cargo-home:/opt/rustwide/cargo-home:ro,Z" "-v" "/var/lib/crater-agent-workspace/rustup-home:/opt/rustwide/rustup-home:ro,Z" "-e" "SOURCE_DIR=/opt/rustwide/workdir" "-e" "CARGO_TARGET_DIR=/opt/rustwide/target" "-e" "CARGO_INCREMENTAL=0" "-e" "RUST_BACKTRACE=full" "-e" "RUSTFLAGS=--cap-lints=warn" "-e" "RUSTDOCFLAGS=--cap-lints=warn" "-e" "CARGO_HOME=/opt/rustwide/cargo-home" "-e" "RUSTUP_HOME=/opt/rustwide/rustup-home" "-w" "/opt/rustwide/workdir" "-m" "1610612736" "--user" "0:0" "--network" "none" "ghcr.io/rust-lang/crates-build-env/linux@sha256:2788e3201cd34a07e3172128adcd8b3090168a8e3bcc40d7c032b9dda1df7d1c" "/opt/rustwide/cargo-home/bin/cargo" "+1.75.0" "test" "--frozen", kill_on_drop: false }`
[INFO] [stdout] 684c55baf116afc2cde2f17d142823b994f34009c47ea9073aa5a6311491ca48
[INFO] running `Command { std: "docker" "start" "-a" "684c55baf116afc2cde2f17d142823b994f34009c47ea9073aa5a6311491ca48", kill_on_drop: false }`
[INFO] [stderr]     Finished test [unoptimized + debuginfo] target(s) in 0.02s
[INFO] [stderr]      Running unittests src/lib.rs (/opt/rustwide/target/debug/deps/sdmmc-671218166710c593)
[INFO] [stdout] 
[INFO] [stdout] running 1 test
[INFO] [stdout] test sd::command::test::test_command_to_bytes ... ok
[INFO] [stdout] 
[INFO] [stdout] test result: ok. 1 passed; 0 failed; 0 ignored; 0 measured; 0 filtered out; finished in 0.00s
[INFO] [stdout] 
[INFO] [stderr]    Doc-tests sdmmc
[INFO] [stdout] 
[INFO] [stdout] running 1 test
[INFO] [stdout] test src/lib.rs - (line 9) ... FAILED
[INFO] [stdout] 
[INFO] [stdout] failures:
[INFO] [stdout] 
[INFO] [stdout] ---- src/lib.rs - (line 9) stdout ----
[INFO] [stdout] error: cannot find macro `debug` in this scope
[INFO] [stdout]  --> src/lib.rs:13:1
[INFO] [stdout]   |
[INFO] [stdout] 7 | debug!("Card: {:?}", card);
[INFO] [stdout]   | ^^^^^
[INFO] [stdout]   |
[INFO] [stdout] help: consider importing this macro
[INFO] [stdout]   |
[INFO] [stdout] 2 + use log::debug;
[INFO] [stdout]   |
[INFO] [stdout] 
[INFO] [stdout] error: cannot find macro `debug` in this scope
[INFO] [stdout]   --> src/lib.rs:16:1
[INFO] [stdout]    |
[INFO] [stdout] 10 | debug!("Size {}", size);
[INFO] [stdout]    | ^^^^^
[INFO] [stdout]    |
[INFO] [stdout] help: consider importing this macro
[INFO] [stdout]    |
[INFO] [stdout] 2  + use log::debug;
[INFO] [stdout]    |
[INFO] [stdout] 
[INFO] [stdout] error[E0433]: failed to resolve: could not find `linux` in `bus`
[INFO] [stdout]  --> src/lib.rs:11:27
[INFO] [stdout]   |
[INFO] [stdout] 5 | let mut bus = sdmmc::bus::linux::spi(&args.spi, args.cs).map_err(|e| format!("{:?}", e))?;
[INFO] [stdout]   |                           ^^^^^ could not find `linux` in `bus`
[INFO] [stdout] 
[INFO] [stdout] error[E0425]: cannot find value `args` in this scope
[INFO] [stdout]  --> src/lib.rs:11:39
[INFO] [stdout]   |
[INFO] [stdout] 5 | let mut bus = sdmmc::bus::linux::spi(&args.spi, args.cs).map_err(|e| format!("{:?}", e))?;
[INFO] [stdout]   |                                       ^^^^ not found in this scope
[INFO] [stdout]   |
[INFO] [stdout] help: consider importing this function
[INFO] [stdout]   |
[INFO] [stdout] 2 + use std::env::args;
[INFO] [stdout]   |
[INFO] [stdout] 
[INFO] [stdout] error[E0425]: cannot find value `args` in this scope
[INFO] [stdout]  --> src/lib.rs:11:49
[INFO] [stdout]   |
[INFO] [stdout] 5 | let mut bus = sdmmc::bus::linux::spi(&args.spi, args.cs).map_err(|e| format!("{:?}", e))?;
[INFO] [stdout]   |                                                 ^^^^ not found in this scope
[INFO] [stdout]   |
[INFO] [stdout] help: consider importing this function
[INFO] [stdout]   |
[INFO] [stdout] 2 + use std::env::args;
[INFO] [stdout]   |
[INFO] [stdout] 
[INFO] [stdout] error[E0425]: cannot find value `Delay` in this scope
[INFO] [stdout]  --> src/lib.rs:12:21
[INFO] [stdout]   |
[INFO] [stdout] 6 | let card = bus.init(Delay).await.map_err(|e| format!("{:?}", e))?;
[INFO] [stdout]   |                     ^^^^^ not found in this scope
[INFO] [stdout] 
[INFO] [stdout] error[E0433]: failed to resolve: use of undeclared type `SD`
[INFO] [stdout]  --> src/lib.rs:14:14
[INFO] [stdout]   |
[INFO] [stdout] 8 | let mut sd = SD::init(spi, card).await.map_err(|e| format!("{:?}", e))?;
[INFO] [stdout]   |              ^^ use of undeclared type `SD`
[INFO] [stdout]   |
[INFO] [stdout] help: consider importing this struct
[INFO] [stdout]   |
[INFO] [stdout] 2 + use sdmmc::SD;
[INFO] [stdout]   |
[INFO] [stdout] 
[INFO] [stdout] error[E0425]: cannot find value `spi` in this scope
[INFO] [stdout]  --> src/lib.rs:14:23
[INFO] [stdout]   |
[INFO] [stdout] 8 | let mut sd = SD::init(spi, card).await.map_err(|e| format!("{:?}", e))?;
[INFO] [stdout]   |                       ^^^ not found in this scope
[INFO] [stdout] 
[INFO] [stdout] error[E0422]: cannot find struct, variant or union type `SpidevOptions` in this scope
[INFO] [stdout]   --> src/lib.rs:18:15
[INFO] [stdout]    |
[INFO] [stdout] 12 | let options = SpidevOptions { max_speed_hz: Some(2_000_000), ..Default::default() };
[INFO] [stdout]    |               ^^^^^^^^^^^^^ not found in this scope
[INFO] [stdout] 
[INFO] [stdout] error[E0433]: failed to resolve: use of undeclared crate or module `slice`
[INFO] [stdout]   --> src/lib.rs:22:12
[INFO] [stdout]    |
[INFO] [stdout] 16 | sd.read(0, slice::from_mut(&mut buffer).iter_mut()).await.map_err(|e| format!("{:?}", e))?;
[INFO] [stdout]    |            ^^^^^ use of undeclared crate or module `slice`
[INFO] [stdout]    |
[INFO] [stdout] help: consider importing one of these items
[INFO] [stdout]    |
[INFO] [stdout] 2  + use core::slice;
[INFO] [stdout]    |
[INFO] [stdout] 2  + use std::slice;
[INFO] [stdout]    |
[INFO] [stdout] 
[INFO] [stdout] error[E0728]: `await` is only allowed inside `async` functions and blocks
[INFO] [stdout]  --> src/lib.rs:12:28
[INFO] [stdout]   |
[INFO] [stdout] 4 | fn main() { #[allow(non_snake_case)] fn _doctest_main_src_lib_rs_9_0() -> Result<(), impl core::fmt::Debug> {
[INFO] [stdout]   |                                         ---------------------------- this is not `async`
[INFO] [stdout] 5 | let mut bus = sdmmc::bus::linux::spi(&args.spi, args.cs).map_err(|e| format!("{:?}", e))?;
[INFO] [stdout] 6 | let card = bus.init(Delay).await.map_err(|e| format!("{:?}", e))?;
[INFO] [stdout]   |                            ^^^^^ only allowed inside `async` functions and blocks
[INFO] [stdout] 
[INFO] [stdout] error[E0728]: `await` is only allowed inside `async` functions and blocks
[INFO] [stdout]  --> src/lib.rs:14:34
[INFO] [stdout]   |
[INFO] [stdout] 4 | fn main() { #[allow(non_snake_case)] fn _doctest_main_src_lib_rs_9_0() -> Result<(), impl core::fmt::Debug> {
[INFO] [stdout]   |                                         ---------------------------- this is not `async`
[INFO] [stdout] ...
[INFO] [stdout] 8 | let mut sd = SD::init(spi, card).await.map_err(|e| format!("{:?}", e))?;
[INFO] [stdout]   |                                  ^^^^^ only allowed inside `async` functions and blocks
[INFO] [stdout] 
[INFO] [stdout] error[E0728]: `await` is only allowed inside `async` functions and blocks
[INFO] [stdout]   --> src/lib.rs:22:53
[INFO] [stdout]    |
[INFO] [stdout] 4  | fn main() { #[allow(non_snake_case)] fn _doctest_main_src_lib_rs_9_0() -> Result<(), impl core::fmt::Debug> {
[INFO] [stdout]    |                                         ---------------------------- this is not `async`
[INFO] [stdout] ...
[INFO] [stdout] 16 | sd.read(0, slice::from_mut(&mut buffer).iter_mut()).await.map_err(|e| format!("{:?}", e))?;
[INFO] [stdout]    |                                                     ^^^^^ only allowed inside `async` functions and blocks
[INFO] [stdout] 
[INFO] [stdout] error[E0433]: failed to resolve: use of undeclared type `Size`
[INFO] [stdout]  --> src/lib.rs:15:12
[INFO] [stdout]   |
[INFO] [stdout] 9 | let size = Size::from_bytes(sd.num_blocks() as u64 * sd.block_size() as u64);
[INFO] [stdout]   |            ^^^^
[INFO] [stdout]   |            |
[INFO] [stdout]   |            use of undeclared type `Size`
[INFO] [stdout]   |            help: a trait with a similar name exists: `Sized`
[INFO] [stdout] 
[INFO] [stdout] error[E0433]: failed to resolve: use of undeclared type `MasterBootRecord`
[INFO] [stdout]   --> src/lib.rs:23:11
[INFO] [stdout]    |
[INFO] [stdout] 17 | let mbr = MasterBootRecord::from_bytes(&buffer).map_err(|e| format!("{:?}", e))?;
[INFO] [stdout]    |           ^^^^^^^^^^^^^^^^ use of undeclared type `MasterBootRecord`
[INFO] [stdout] 
[INFO] [stdout] error: aborting due to 15 previous errors
[INFO] [stdout] 
[INFO] [stdout] Some errors have detailed explanations: E0422, E0425, E0433, E0728.
[INFO] [stdout] For more information about an error, try `rustc --explain E0422`.
[INFO] [stdout] Couldn't compile the test.
[INFO] [stdout] 
[INFO] [stdout] failures:
[INFO] [stdout]     src/lib.rs - (line 9)
[INFO] [stdout] 
[INFO] [stdout] test result: FAILED. 0 passed; 1 failed; 0 ignored; 0 measured; 0 filtered out; finished in 0.08s
[INFO] [stdout] 
[INFO] [stderr] error: doctest failed, to rerun pass `--doc`
[INFO] running `Command { std: "docker" "inspect" "684c55baf116afc2cde2f17d142823b994f34009c47ea9073aa5a6311491ca48", kill_on_drop: false }`
[INFO] running `Command { std: "docker" "rm" "-f" "684c55baf116afc2cde2f17d142823b994f34009c47ea9073aa5a6311491ca48", kill_on_drop: false }`
[INFO] [stdout] 684c55baf116afc2cde2f17d142823b994f34009c47ea9073aa5a6311491ca48
