[INFO] fetching crate async-backtrace 0.2.6...
[INFO] testing async-backtrace-0.2.6 against 1.75.0 for beta-1.76-1
[INFO] extracting crate async-backtrace 0.2.6 into /workspace/builds/worker-7-tc1/source
[INFO] validating manifest of crates.io crate async-backtrace 0.2.6 on toolchain 1.75.0
[INFO] running `Command { std: CARGO_HOME="/workspace/cargo-home" RUSTUP_HOME="/workspace/rustup-home" "/workspace/cargo-home/bin/cargo" "+1.75.0" "metadata" "--manifest-path" "Cargo.toml" "--no-deps", kill_on_drop: false }`
[INFO] started tweaking crates.io crate async-backtrace 0.2.6
[INFO] finished tweaking crates.io crate async-backtrace 0.2.6
[INFO] tweaked toml for crates.io crate async-backtrace 0.2.6 written to /workspace/builds/worker-7-tc1/source/Cargo.toml
[INFO] crate crates.io crate async-backtrace 0.2.6 already has a lockfile, it will not be regenerated
[INFO] running `Command { std: CARGO_HOME="/workspace/cargo-home" RUSTUP_HOME="/workspace/rustup-home" "/workspace/cargo-home/bin/cargo" "+1.75.0" "fetch" "--manifest-path" "Cargo.toml", kill_on_drop: false }`
[INFO] [stderr]     Updating crates.io index
[INFO] [stderr]  Downloading crates ...
[INFO] [stderr]   Downloaded serde v1.0.164
[INFO] [stderr]   Downloaded async-backtrace-attributes v0.2.6
[INFO] [stderr]   Downloaded core_affinity v0.5.10
[INFO] [stderr]   Downloaded loom v0.5.6
[INFO] [stderr]   Downloaded log v0.4.19
[INFO] [stderr]   Downloaded generator v0.7.4
[INFO] [stderr]   Downloaded aho-corasick v1.0.2
[INFO] [stderr]   Downloaded tokio v1.28.2
[INFO] [stderr]   Downloaded syn v2.0.18
[INFO] [stderr]   Downloaded regex v1.8.4
[INFO] [stderr]   Downloaded regex-syntax v0.7.2
[INFO] [stderr]   Downloaded csv v1.2.2
[INFO] [stderr]   Downloaded libc v0.2.146
[INFO] [stderr]   Downloaded serde_json v1.0.97
[INFO] [stderr]   Downloaded proc-macro2 v1.0.60
[INFO] [stderr]   Downloaded unicode-ident v1.0.9
[INFO] [stderr]   Downloaded quote v1.0.28
[INFO] [stderr]   Downloaded serde_derive v1.0.164
[INFO] [stderr]   Downloaded tracing-attributes v0.1.25
[INFO] [stderr]   Downloaded walkdir v2.3.3
[INFO] running `Command { std: "docker" "create" "-v" "/var/lib/crater-agent-workspace/builds/worker-7-tc1/target:/opt/rustwide/target:rw,Z" "-v" "/var/lib/crater-agent-workspace/builds/worker-7-tc1/source:/opt/rustwide/workdir:ro,Z" "-v" "/var/lib/crater-agent-workspace/cargo-home:/opt/rustwide/cargo-home:ro,Z" "-v" "/var/lib/crater-agent-workspace/rustup-home:/opt/rustwide/rustup-home:ro,Z" "-e" "SOURCE_DIR=/opt/rustwide/workdir" "-e" "CARGO_TARGET_DIR=/opt/rustwide/target" "-e" "CARGO_HOME=/opt/rustwide/cargo-home" "-e" "RUSTUP_HOME=/opt/rustwide/rustup-home" "-w" "/opt/rustwide/workdir" "-m" "1610612736" "--user" "0:0" "--network" "none" "ghcr.io/rust-lang/crates-build-env/linux@sha256:2788e3201cd34a07e3172128adcd8b3090168a8e3bcc40d7c032b9dda1df7d1c" "/opt/rustwide/cargo-home/bin/cargo" "+1.75.0" "metadata" "--no-deps" "--format-version=1", kill_on_drop: false }`
[INFO] [stdout] ad3584683aebd2219dea749fbfa7d3ca0b005043608f4a06d37e197474af60a7
[INFO] running `Command { std: "docker" "start" "-a" "ad3584683aebd2219dea749fbfa7d3ca0b005043608f4a06d37e197474af60a7", kill_on_drop: false }`
[INFO] running `Command { std: "docker" "inspect" "ad3584683aebd2219dea749fbfa7d3ca0b005043608f4a06d37e197474af60a7", kill_on_drop: false }`
[INFO] running `Command { std: "docker" "rm" "-f" "ad3584683aebd2219dea749fbfa7d3ca0b005043608f4a06d37e197474af60a7", kill_on_drop: false }`
[INFO] [stdout] ad3584683aebd2219dea749fbfa7d3ca0b005043608f4a06d37e197474af60a7
[INFO] running `Command { std: "docker" "create" "-v" "/var/lib/crater-agent-workspace/builds/worker-7-tc1/target:/opt/rustwide/target:rw,Z" "-v" "/var/lib/crater-agent-workspace/builds/worker-7-tc1/source:/opt/rustwide/workdir:ro,Z" "-v" "/var/lib/crater-agent-workspace/cargo-home:/opt/rustwide/cargo-home:ro,Z" "-v" "/var/lib/crater-agent-workspace/rustup-home:/opt/rustwide/rustup-home:ro,Z" "-e" "SOURCE_DIR=/opt/rustwide/workdir" "-e" "CARGO_TARGET_DIR=/opt/rustwide/target" "-e" "CARGO_INCREMENTAL=0" "-e" "RUST_BACKTRACE=full" "-e" "RUSTFLAGS=--cap-lints=warn" "-e" "RUSTDOCFLAGS=--cap-lints=warn" "-e" "CARGO_HOME=/opt/rustwide/cargo-home" "-e" "RUSTUP_HOME=/opt/rustwide/rustup-home" "-w" "/opt/rustwide/workdir" "-m" "1610612736" "--user" "0:0" "--network" "none" "ghcr.io/rust-lang/crates-build-env/linux@sha256:2788e3201cd34a07e3172128adcd8b3090168a8e3bcc40d7c032b9dda1df7d1c" "/opt/rustwide/cargo-home/bin/cargo" "+1.75.0" "build" "--frozen" "--message-format=json", kill_on_drop: false }`
[INFO] [stdout] 5fb085e27fa23d9622f3c3d120dae0f54fd427f77a76e526cf2d81c8bf4e26f7
[INFO] running `Command { std: "docker" "start" "-a" "5fb085e27fa23d9622f3c3d120dae0f54fd427f77a76e526cf2d81c8bf4e26f7", kill_on_drop: false }`
[INFO] [stderr]    Compiling proc-macro2 v1.0.60
[INFO] [stderr]    Compiling quote v1.0.28
[INFO] [stderr]    Compiling unicode-ident v1.0.9
[INFO] [stderr]    Compiling futures-core v0.3.28
[INFO] [stderr]    Compiling slab v0.4.8
[INFO] [stderr]    Compiling futures-task v0.3.28
[INFO] [stderr]    Compiling futures-channel v0.3.28
[INFO] [stderr]    Compiling memchr v2.5.0
[INFO] [stderr]    Compiling futures-sink v0.3.28
[INFO] [stderr]    Compiling libc v0.2.146
[INFO] [stderr]    Compiling futures-util v0.3.28
[INFO] [stderr]    Compiling lock_api v0.4.10
[INFO] [stderr]    Compiling futures-io v0.3.28
[INFO] [stderr]    Compiling parking_lot_core v0.9.8
[INFO] [stderr]    Compiling pin-project-lite v0.2.9
[INFO] [stderr]    Compiling smallvec v1.10.0
[INFO] [stderr]    Compiling either v1.8.1
[INFO] [stderr]    Compiling hashbrown v0.12.3
[INFO] [stderr]    Compiling once_cell v1.18.0
[INFO] [stderr]    Compiling rustc-hash v1.1.0
[INFO] [stderr]    Compiling itertools v0.10.5
[INFO] [stderr]    Compiling static_assertions v1.1.0
[INFO] [stderr]    Compiling syn v2.0.18
[INFO] [stderr]    Compiling dashmap v5.4.0
[INFO] [stderr]    Compiling futures-macro v0.3.28
[INFO] [stderr]    Compiling async-backtrace-attributes v0.2.6
[INFO] [stderr]    Compiling futures-executor v0.3.28
[INFO] [stderr]    Compiling futures v0.3.28
[INFO] [stderr]    Compiling async-backtrace v0.2.6 (/opt/rustwide/workdir)
[INFO] [stderr]     Finished dev [unoptimized + debuginfo] target(s) in 6.68s
[INFO] running `Command { std: "docker" "inspect" "5fb085e27fa23d9622f3c3d120dae0f54fd427f77a76e526cf2d81c8bf4e26f7", kill_on_drop: false }`
[INFO] running `Command { std: "docker" "rm" "-f" "5fb085e27fa23d9622f3c3d120dae0f54fd427f77a76e526cf2d81c8bf4e26f7", kill_on_drop: false }`
[INFO] [stdout] 5fb085e27fa23d9622f3c3d120dae0f54fd427f77a76e526cf2d81c8bf4e26f7
[INFO] running `Command { std: "docker" "create" "-v" "/var/lib/crater-agent-workspace/builds/worker-7-tc1/target:/opt/rustwide/target:rw,Z" "-v" "/var/lib/crater-agent-workspace/builds/worker-7-tc1/source:/opt/rustwide/workdir:ro,Z" "-v" "/var/lib/crater-agent-workspace/cargo-home:/opt/rustwide/cargo-home:ro,Z" "-v" "/var/lib/crater-agent-workspace/rustup-home:/opt/rustwide/rustup-home:ro,Z" "-e" "SOURCE_DIR=/opt/rustwide/workdir" "-e" "CARGO_TARGET_DIR=/opt/rustwide/target" "-e" "CARGO_INCREMENTAL=0" "-e" "RUST_BACKTRACE=full" "-e" "RUSTFLAGS=--cap-lints=warn" "-e" "RUSTDOCFLAGS=--cap-lints=warn" "-e" "CARGO_HOME=/opt/rustwide/cargo-home" "-e" "RUSTUP_HOME=/opt/rustwide/rustup-home" "-w" "/opt/rustwide/workdir" "-m" "1610612736" "--user" "0:0" "--network" "none" "ghcr.io/rust-lang/crates-build-env/linux@sha256:2788e3201cd34a07e3172128adcd8b3090168a8e3bcc40d7c032b9dda1df7d1c" "/opt/rustwide/cargo-home/bin/cargo" "+1.75.0" "test" "--frozen" "--no-run" "--message-format=json", kill_on_drop: false }`
[INFO] [stdout] 9b26dfb1cd14168415044808b6dd359559eb10ed779c17599cc752ac19411e83
[INFO] running `Command { std: "docker" "start" "-a" "9b26dfb1cd14168415044808b6dd359559eb10ed779c17599cc752ac19411e83", kill_on_drop: false }`
[INFO] [stderr]    Compiling crossbeam-utils v0.8.16
[INFO] [stderr]    Compiling memoffset v0.9.0
[INFO] [stderr]    Compiling serde v1.0.164
[INFO] [stderr]    Compiling crossbeam-epoch v0.9.15
[INFO] [stderr]    Compiling num-traits v0.2.15
[INFO] [stderr]    Compiling rayon-core v1.11.0
[INFO] [stderr]    Compiling ryu v1.0.13
[INFO] [stderr]    Compiling itoa v1.0.6
[INFO] [stderr]    Compiling num_cpus v1.15.0
[INFO] [stderr]    Compiling serde_json v1.0.97
[INFO] [stderr]    Compiling unicode-width v0.1.10
[INFO] [stderr]    Compiling plotters-backend v0.3.5
[INFO] [stderr]    Compiling aho-corasick v1.0.2
[INFO] [stderr]    Compiling csv-core v0.1.10
[INFO] [stderr]    Compiling tokio v1.28.2
[INFO] [stderr]    Compiling cast v0.3.0
[INFO] [stderr]    Compiling textwrap v0.11.0
[INFO] [stderr]    Compiling bitflags v1.3.2
[INFO] [stderr]    Compiling regex-syntax v0.7.2
[INFO] [stderr]    Compiling plotters-svg v0.3.5
[INFO] [stderr]    Compiling clap v2.34.0
[INFO] [stderr]    Compiling criterion-plot v0.4.5
[INFO] [stderr]    Compiling walkdir v2.3.3
[INFO] [stderr]    Compiling tokio-macros v2.1.0
[INFO] [stderr]    Compiling serde_derive v1.0.164
[INFO] [stderr]    Compiling atty v0.2.14
[INFO] [stderr]    Compiling oorandom v11.1.3
[INFO] [stderr]    Compiling diff v0.1.13
[INFO] [stderr]    Compiling yansi v0.5.1
[INFO] [stderr]    Compiling core_affinity v0.5.10
[INFO] [stderr]    Compiling pretty_assertions v1.3.0
[INFO] [stderr]    Compiling crossbeam-channel v0.5.8
[INFO] [stderr]    Compiling crossbeam-deque v0.8.3
[INFO] [stderr]    Compiling plotters v0.3.5
[INFO] [stderr]    Compiling rayon v1.7.0
[INFO] [stderr]    Compiling regex v1.8.4
[INFO] [stderr]    Compiling serde_cbor v0.11.2
[INFO] [stderr]    Compiling csv v1.2.2
[INFO] [stderr]    Compiling tinytemplate v1.2.1
[INFO] [stderr]    Compiling criterion v0.3.6
[INFO] [stderr]    Compiling async-backtrace v0.2.6 (/opt/rustwide/workdir)
[INFO] [stderr]     Finished test [unoptimized + debuginfo] target(s) in 11.02s
[INFO] running `Command { std: "docker" "inspect" "9b26dfb1cd14168415044808b6dd359559eb10ed779c17599cc752ac19411e83", kill_on_drop: false }`
[INFO] running `Command { std: "docker" "rm" "-f" "9b26dfb1cd14168415044808b6dd359559eb10ed779c17599cc752ac19411e83", kill_on_drop: false }`
[INFO] [stdout] 9b26dfb1cd14168415044808b6dd359559eb10ed779c17599cc752ac19411e83
[INFO] running `Command { std: "docker" "create" "-v" "/var/lib/crater-agent-workspace/builds/worker-7-tc1/target:/opt/rustwide/target:rw,Z" "-v" "/var/lib/crater-agent-workspace/builds/worker-7-tc1/source:/opt/rustwide/workdir:ro,Z" "-v" "/var/lib/crater-agent-workspace/cargo-home:/opt/rustwide/cargo-home:ro,Z" "-v" "/var/lib/crater-agent-workspace/rustup-home:/opt/rustwide/rustup-home:ro,Z" "-e" "SOURCE_DIR=/opt/rustwide/workdir" "-e" "CARGO_TARGET_DIR=/opt/rustwide/target" "-e" "CARGO_INCREMENTAL=0" "-e" "RUST_BACKTRACE=full" "-e" "RUSTFLAGS=--cap-lints=warn" "-e" "RUSTDOCFLAGS=--cap-lints=warn" "-e" "CARGO_HOME=/opt/rustwide/cargo-home" "-e" "RUSTUP_HOME=/opt/rustwide/rustup-home" "-w" "/opt/rustwide/workdir" "-m" "1610612736" "--user" "0:0" "--network" "none" "ghcr.io/rust-lang/crates-build-env/linux@sha256:2788e3201cd34a07e3172128adcd8b3090168a8e3bcc40d7c032b9dda1df7d1c" "/opt/rustwide/cargo-home/bin/cargo" "+1.75.0" "test" "--frozen", kill_on_drop: false }`
[INFO] [stdout] caaaf268b6f106252576d8993e4c82802520468224364739a65ee7f66a000adf
[INFO] running `Command { std: "docker" "start" "-a" "caaaf268b6f106252576d8993e4c82802520468224364739a65ee7f66a000adf", kill_on_drop: false }`
[INFO] [stderr]     Finished test [unoptimized + debuginfo] target(s) in 0.07s
[INFO] [stderr]      Running unittests src/lib.rs (/opt/rustwide/target/debug/deps/async_backtrace-dbc17a5fbf541ad7)
[INFO] [stdout] 
[INFO] [stdout] running 0 tests
[INFO] [stdout] 
[INFO] [stdout] test result: ok. 0 passed; 0 failed; 0 ignored; 0 measured; 0 filtered out; finished in 0.00s
[INFO] [stdout] 
[INFO] [stderr]      Running tests/consolidate.rs (/opt/rustwide/target/debug/deps/consolidate-7ad43f1ac6874037)
[INFO] [stdout] 
[INFO] [stdout] running 1 test
[INFO] [stdout] test consolidate ... FAILED
[INFO] [stdout] 
[INFO] [stdout] failures:
[INFO] [stdout] 
[INFO] [stdout] ---- consolidate stdout ----
[INFO] [stdout] thread 'consolidate' panicked at tests/consolidate.rs:33:5:
[INFO] [stdout] assertion failed: `(left == right)`
[INFO] [stdout] 
[INFO] [stdout] [1mDiff[0m [31m< left[0m / [32mright >[0m :
[INFO] [stdout] [31m<╼ consolidate::selecting::{{closure}} at tests/consolidate.rs:LINE:COL[0m
[INFO] [stderr] error: test failed, to rerun pass `--test consolidate`
[INFO] [stdout] [31m<  ├╼ consolidate::ready::{{closure}} at tests/consolidate.rs:LINE:COL[0m
[INFO] [stdout] [31m<  └╼ 2x consolidate::yielding_outer::{{closure}} at tests/consolidate.rs:LINE:COL[0m
[INFO] [stdout] [31m<     └╼ consolidate::yielding_inner::{{closure}} at tests/consolidate.rs:LINE:COL[0m
[INFO] [stdout] [32m>╼ consolidate::selecting::{{closure}} at backtrace/tests/consolidate.rs:LINE:COL[0m
[INFO] [stdout] [32m>  ├╼ consolidate::ready::{{closure}} at backtrace/tests/consolidate.rs:LINE:COL[0m
[INFO] [stdout] [32m>  └╼ 2x consolidate::yielding_outer::{{closure}} at backtrace/tests/consolidate.rs:LINE:COL[0m
[INFO] [stdout] [32m>     └╼ consolidate::yielding_inner::{{closure}} at backtrace/tests/consolidate.rs:LINE:COL[0m
[INFO] [stdout] 
[INFO] [stdout] 
[INFO] [stdout] stack backtrace:
[INFO] [stdout]    0:     0x55efb5180ddc - std::backtrace_rs::backtrace::libunwind::trace::ha637c64ce894333a
[INFO] [stdout]                                at /rustc/82e1608dfa6e0b5569232559e3d385fea5a93112/library/std/src/../../backtrace/src/backtrace/libunwind.rs:104:5
[INFO] [stdout]    1:     0x55efb5180ddc - std::backtrace_rs::backtrace::trace_unsynchronized::h47f62dea28e0c88d
[INFO] [stdout]                                at /rustc/82e1608dfa6e0b5569232559e3d385fea5a93112/library/std/src/../../backtrace/src/backtrace/mod.rs:66:5
[INFO] [stdout]    2:     0x55efb5180ddc - std::sys_common::backtrace::_print_fmt::h9eef0abe20ede486
[INFO] [stdout]                                at /rustc/82e1608dfa6e0b5569232559e3d385fea5a93112/library/std/src/sys_common/backtrace.rs:67:5
[INFO] [stdout]    3:     0x55efb5180ddc - <std::sys_common::backtrace::_print::DisplayBacktrace as core::fmt::Display>::fmt::hed7f999df88cc644
[INFO] [stdout]                                at /rustc/82e1608dfa6e0b5569232559e3d385fea5a93112/library/std/src/sys_common/backtrace.rs:44:22
[INFO] [stdout]    4:     0x55efb51aab50 - core::fmt::rt::Argument::fmt::h1539a9308b8d058d
[INFO] [stdout]                                at /rustc/82e1608dfa6e0b5569232559e3d385fea5a93112/library/core/src/fmt/rt.rs:142:9
[INFO] [stdout]    5:     0x55efb51aab50 - core::fmt::write::h3a39390d8560d9c9
[INFO] [stdout]                                at /rustc/82e1608dfa6e0b5569232559e3d385fea5a93112/library/core/src/fmt/mod.rs:1120:17
[INFO] [stdout]    6:     0x55efb517e78f - std::io::Write::write_fmt::h040b369f3a0f9cbc
[INFO] [stdout]                                at /rustc/82e1608dfa6e0b5569232559e3d385fea5a93112/library/std/src/io/mod.rs:1762:15
[INFO] [stdout]    7:     0x55efb5180bc4 - std::sys_common::backtrace::_print::h894006fb5c6f3d45
[INFO] [stdout]                                at /rustc/82e1608dfa6e0b5569232559e3d385fea5a93112/library/std/src/sys_common/backtrace.rs:47:5
[INFO] [stdout]    8:     0x55efb5180bc4 - std::sys_common::backtrace::print::h23a2d212c6fff936
[INFO] [stdout]                                at /rustc/82e1608dfa6e0b5569232559e3d385fea5a93112/library/std/src/sys_common/backtrace.rs:34:9
[INFO] [stdout]    9:     0x55efb5182887 - std::panicking::default_hook::{{closure}}::h8a1d2ee00185001a
[INFO] [stdout]   10:     0x55efb5182573 - std::panicking::default_hook::h6038f2eba384e475
[INFO] [stdout]                                at /rustc/82e1608dfa6e0b5569232559e3d385fea5a93112/library/std/src/panicking.rs:289:9
[INFO] [stdout]   11:     0x55efb5152f87 - <alloc::boxed::Box<F,A> as core::ops::function::Fn<Args>>::call::h0ad024c9bdc6d768
[INFO] [stdout]                                at /rustc/82e1608dfa6e0b5569232559e3d385fea5a93112/library/alloc/src/boxed.rs:2021:9
[INFO] [stdout]   12:     0x55efb5152f87 - test::test_main::{{closure}}::h7500b54257359db6
[INFO] [stdout]                                at /rustc/82e1608dfa6e0b5569232559e3d385fea5a93112/library/test/src/lib.rs:138:21
[INFO] [stdout]   13:     0x55efb5182e98 - <alloc::boxed::Box<F,A> as core::ops::function::Fn<Args>>::call::h1f8f335eaa9cfaee
[INFO] [stdout]                                at /rustc/82e1608dfa6e0b5569232559e3d385fea5a93112/library/alloc/src/boxed.rs:2021:9
[INFO] [stdout]   14:     0x55efb5182e98 - std::panicking::rust_panic_with_hook::h2b5517d590cab22e
[INFO] [stdout]                                at /rustc/82e1608dfa6e0b5569232559e3d385fea5a93112/library/std/src/panicking.rs:783:13
[INFO] [stdout]   15:     0x55efb5182bee - std::panicking::begin_panic_handler::{{closure}}::h233112c06e0ef43e
[INFO] [stdout]                                at /rustc/82e1608dfa6e0b5569232559e3d385fea5a93112/library/std/src/panicking.rs:657:13
[INFO] [stdout]   16:     0x55efb51812a6 - std::sys_common::backtrace::__rust_end_short_backtrace::h6e893f24d7ebbff8
[INFO] [stdout]                                at /rustc/82e1608dfa6e0b5569232559e3d385fea5a93112/library/std/src/sys_common/backtrace.rs:170:18
[INFO] [stdout]   17:     0x55efb5182952 - rust_begin_unwind
[INFO] [stdout]                                at /rustc/82e1608dfa6e0b5569232559e3d385fea5a93112/library/std/src/panicking.rs:645:5
[INFO] [stdout]   18:     0x55efb4edb2a5 - core::panicking::panic_fmt::hbf0e066aabfa482c
[INFO] [stdout]                                at /rustc/82e1608dfa6e0b5569232559e3d385fea5a93112/library/core/src/panicking.rs:72:14
[INFO] [stdout]   19:     0x55efb4ee55ba - consolidate::ready::{{closure}}::{{closure}}::h1cc559e7c83e6afa
[INFO] [stdout]                                at /opt/rustwide/workdir/tests/consolidate.rs:33:5
[INFO] [stdout]   20:     0x55efb4ee32b0 - <async_backtrace::framed::Framed<F> as core::future::future::Future>::poll::{{closure}}::h33e0e9b3951de2da
[INFO] [stdout]                                at /opt/rustwide/workdir/src/framed.rs:49:27
[INFO] [stdout]   21:     0x55efb4edc95e - async_backtrace::frame::Frame::in_scope::{{closure}}::h707892be2bfe15c6
[INFO] [stdout]                                at /opt/rustwide/workdir/src/frame.rs:184:17
[INFO] [stdout]   22:     0x55efb4edf6de - std::thread::local::LocalKey<T>::try_with::h989a490550a9287a
[INFO] [stdout]                                at /rustc/82e1608dfa6e0b5569232559e3d385fea5a93112/library/std/src/thread/local.rs:270:16
[INFO] [stdout]   23:     0x55efb4edf26a - std::thread::local::LocalKey<T>::with::h0dbdade439b0d945
[INFO] [stdout]                                at /rustc/82e1608dfa6e0b5569232559e3d385fea5a93112/library/std/src/thread/local.rs:246:9
[INFO] [stdout]   24:     0x55efb4edc7d0 - async_backtrace::frame::active_frame::with::hcb2623029494f458
[INFO] [stdout]                                at /opt/rustwide/workdir/src/frame.rs:81:9
[INFO] [stdout]   25:     0x55efb4edc82c - async_backtrace::frame::Frame::in_scope::h05239d96035c532d
[INFO] [stdout]                                at /opt/rustwide/workdir/src/frame.rs:180:13
[INFO] [stdout]   26:     0x55efb4ee315d - <async_backtrace::framed::Framed<F> as core::future::future::Future>::poll::h12972816023f8592
[INFO] [stdout]                                at /opt/rustwide/workdir/src/framed.rs:49:9
[INFO] [stdout]   27:     0x55efb4ee5327 - consolidate::ready::{{closure}}::h5c295158a34ca933
[INFO] [stdout]                                at /opt/rustwide/workdir/tests/consolidate.rs:29:1
[INFO] [stdout]   28:     0x55efb4ee4697 - consolidate::selecting::{{closure}}::{{closure}}::{{closure}}::h820b61039439a2b1
[INFO] [stdout]                                at /opt/rustwide/cargo-home/registry/src/index.crates.io-6f17d22bba15001f/tokio-1.28.2/src/macros/select.rs:524:49
[INFO] [stdout]   29:     0x55efb4ee3105 - <tokio::future::poll_fn::PollFn<F> as core::future::future::Future>::poll::hf97e3b76f0403770
[INFO] [stdout]                                at /opt/rustwide/cargo-home/registry/src/index.crates.io-6f17d22bba15001f/tokio-1.28.2/src/future/poll_fn.rs:58:9
[INFO] [stdout]   30:     0x55efb4ee41b3 - consolidate::selecting::{{closure}}::{{closure}}::h678ea6691ade4ed4
[INFO] [stdout]                                at /opt/rustwide/workdir/tests/consolidate.rs:11:5
[INFO] [stdout]   31:     0x55efb4ee3310 - <async_backtrace::framed::Framed<F> as core::future::future::Future>::poll::{{closure}}::hc910bb756a208658
[INFO] [stdout]                                at /opt/rustwide/workdir/src/framed.rs:49:27
[INFO] [stdout]   32:     0x55efb4edcb9e - async_backtrace::frame::Frame::in_scope::{{closure}}::he71f1997b4cd3317
[INFO] [stdout]                                at /opt/rustwide/workdir/src/frame.rs:184:17
[INFO] [stdout]   33:     0x55efb4edf58e - std::thread::local::LocalKey<T>::try_with::h2d68572bbebc0683
[INFO] [stdout]                                at /rustc/82e1608dfa6e0b5569232559e3d385fea5a93112/library/std/src/thread/local.rs:270:16
[INFO] [stdout]   34:     0x55efb4edf2ca - std::thread::local::LocalKey<T>::with::h625ec55652f4cb09
[INFO] [stdout]                                at /rustc/82e1608dfa6e0b5569232559e3d385fea5a93112/library/std/src/thread/local.rs:246:9
[INFO] [stdout]   35:     0x55efb4edc7f0 - async_backtrace::frame::active_frame::with::he337f055f0110069
[INFO] [stdout]                                at /opt/rustwide/workdir/src/frame.rs:81:9
[INFO] [stdout]   36:     0x55efb4edc8ec - async_backtrace::frame::Frame::in_scope::hf4d67e3d85882b18
[INFO] [stdout]                                at /opt/rustwide/workdir/src/frame.rs:180:13
[INFO] [stdout]   37:     0x55efb4ee31bd - <async_backtrace::framed::Framed<F> as core::future::future::Future>::poll::h62ddf0d1bb21b2b5
[INFO] [stdout]                                at /opt/rustwide/workdir/src/framed.rs:49:9
[INFO] [stdout]   38:     0x55efb4ee3d9d - consolidate::selecting::{{closure}}::h18b2559080107a44
[INFO] [stdout]                                at /opt/rustwide/workdir/tests/consolidate.rs:9:1
[INFO] [stdout]   39:     0x55efb4ee38a2 - consolidate::util::run::h40693a8b9b1301db
[INFO] [stdout]                                at /opt/rustwide/workdir/tests/util/mod.rs:29:15
[INFO] [stdout]   40:     0x55efb4ee3b1f - consolidate::consolidate::{{closure}}::h023484b68c336c9a
[INFO] [stdout]                                at /opt/rustwide/workdir/tests/consolidate.rs:6:20
[INFO] [stdout]   41:     0x55efb4ee370e - consolidate::util::model::h8b6da470363f1b3d
[INFO] [stdout]                                at /opt/rustwide/workdir/tests/util/mod.rs:10:5
[INFO] [stdout]   42:     0x55efb4ee3af6 - consolidate::consolidate::hff7d78d6e6eff1a1
[INFO] [stdout]                                at /opt/rustwide/workdir/tests/consolidate.rs:6:5
[INFO] [stdout]   43:     0x55efb4ee3ad7 - consolidate::consolidate::{{closure}}::h3118e73877b653f9
[INFO] [stdout]                                at /opt/rustwide/workdir/tests/consolidate.rs:5:17
[INFO] [stdout]   44:     0x55efb4edfb46 - core::ops::function::FnOnce::call_once::h35b8ae0e68184e77
[INFO] [stdout]                                at /rustc/82e1608dfa6e0b5569232559e3d385fea5a93112/library/core/src/ops/function.rs:250:5
[INFO] [stdout]   45:     0x55efb51585df - core::ops::function::FnOnce::call_once::h2b5d431d5046312d
[INFO] [stdout]                                at /rustc/82e1608dfa6e0b5569232559e3d385fea5a93112/library/core/src/ops/function.rs:250:5
[INFO] [stdout]   46:     0x55efb51585df - test::__rust_begin_short_backtrace::h7714669af176e207
[INFO] [stdout]                                at /rustc/82e1608dfa6e0b5569232559e3d385fea5a93112/library/test/src/lib.rs:628:18
[INFO] [stdout]   47:     0x55efb51575f5 - test::run_test_in_process::{{closure}}::h85218797dcbcec12
[INFO] [stdout]                                at /rustc/82e1608dfa6e0b5569232559e3d385fea5a93112/library/test/src/lib.rs:651:60
[INFO] [stdout]   48:     0x55efb51575f5 - <core::panic::unwind_safe::AssertUnwindSafe<F> as core::ops::function::FnOnce<()>>::call_once::h76c106ea31c14d7b
[INFO] [stdout]                                at /rustc/82e1608dfa6e0b5569232559e3d385fea5a93112/library/core/src/panic/unwind_safe.rs:272:9
[INFO] [stdout]   49:     0x55efb51575f5 - std::panicking::try::do_call::h3bd5d0f6620ee946
[INFO] [stdout]                                at /rustc/82e1608dfa6e0b5569232559e3d385fea5a93112/library/std/src/panicking.rs:552:40
[INFO] [stdout]   50:     0x55efb51575f5 - std::panicking::try::h232e535e4744fe31
[INFO] [stdout]                                at /rustc/82e1608dfa6e0b5569232559e3d385fea5a93112/library/std/src/panicking.rs:516:19
[INFO] [stdout]   51:     0x55efb51575f5 - std::panic::catch_unwind::h3ce3bd6ca8dbac68
[INFO] [stdout]                                at /rustc/82e1608dfa6e0b5569232559e3d385fea5a93112/library/std/src/panic.rs:142:14
[INFO] [stdout]   52:     0x55efb51575f5 - test::run_test_in_process::hc97b257c9621286a
[INFO] [stdout]                                at /rustc/82e1608dfa6e0b5569232559e3d385fea5a93112/library/test/src/lib.rs:651:27
[INFO] [stdout]   53:     0x55efb51575f5 - test::run_test::{{closure}}::h2aa798823a438d38
[INFO] [stdout]                                at /rustc/82e1608dfa6e0b5569232559e3d385fea5a93112/library/test/src/lib.rs:574:43
[INFO] [stdout]   54:     0x55efb511f8b6 - test::run_test::{{closure}}::h87d231c78fb59832
[INFO] [stdout]                                at /rustc/82e1608dfa6e0b5569232559e3d385fea5a93112/library/test/src/lib.rs:602:41
[INFO] [stdout]   55:     0x55efb511f8b6 - std::sys_common::backtrace::__rust_begin_short_backtrace::he6df152596625789
[INFO] [stdout]                                at /rustc/82e1608dfa6e0b5569232559e3d385fea5a93112/library/std/src/sys_common/backtrace.rs:154:18
[INFO] [stdout]   56:     0x55efb5124967 - std::thread::Builder::spawn_unchecked_::{{closure}}::{{closure}}::ha94be15d1e0acf36
[INFO] [stdout]                                at /rustc/82e1608dfa6e0b5569232559e3d385fea5a93112/library/std/src/thread/mod.rs:529:17
[INFO] [stdout]   57:     0x55efb5124967 - <core::panic::unwind_safe::AssertUnwindSafe<F> as core::ops::function::FnOnce<()>>::call_once::h9dc6bd6372f16606
[INFO] [stdout]                                at /rustc/82e1608dfa6e0b5569232559e3d385fea5a93112/library/core/src/panic/unwind_safe.rs:272:9
[INFO] [stdout]   58:     0x55efb5124967 - std::panicking::try::do_call::h9057517f80303cd4
[INFO] [stdout]                                at /rustc/82e1608dfa6e0b5569232559e3d385fea5a93112/library/std/src/panicking.rs:552:40
[INFO] [stdout]   59:     0x55efb5124967 - std::panicking::try::he3a30b11ee45340c
[INFO] [stdout]                                at /rustc/82e1608dfa6e0b5569232559e3d385fea5a93112/library/std/src/panicking.rs:516:19
[INFO] [stdout]   60:     0x55efb5124967 - std::panic::catch_unwind::h410458cfd3528b8b
[INFO] [stdout]                                at /rustc/82e1608dfa6e0b5569232559e3d385fea5a93112/library/std/src/panic.rs:142:14
[INFO] [stdout]   61:     0x55efb5124967 - std::thread::Builder::spawn_unchecked_::{{closure}}::h72ac3bdb567b737b
[INFO] [stdout]                                at /rustc/82e1608dfa6e0b5569232559e3d385fea5a93112/library/std/src/thread/mod.rs:528:30
[INFO] [stdout]   62:     0x55efb5124967 - core::ops::function::FnOnce::call_once{{vtable.shim}}::h38f34da3654a8344
[INFO] [stdout]                                at /rustc/82e1608dfa6e0b5569232559e3d385fea5a93112/library/core/src/ops/function.rs:250:5
[INFO] [stdout]   63:     0x55efb5187925 - <alloc::boxed::Box<F,A> as core::ops::function::FnOnce<Args>>::call_once::hc7eafaff61e32df9
[INFO] [stdout]                                at /rustc/82e1608dfa6e0b5569232559e3d385fea5a93112/library/alloc/src/boxed.rs:2007:9
[INFO] [stdout]   64:     0x55efb5187925 - <alloc::boxed::Box<F,A> as core::ops::function::FnOnce<Args>>::call_once::h6ba4a5de48dd2304
[INFO] [stdout]                                at /rustc/82e1608dfa6e0b5569232559e3d385fea5a93112/library/alloc/src/boxed.rs:2007:9
[INFO] [stdout]   65:     0x55efb5187925 - std::sys::unix::thread::Thread::new::thread_start::he469335aef763e45
[INFO] [stdout]                                at /rustc/82e1608dfa6e0b5569232559e3d385fea5a93112/library/std/src/sys/unix/thread.rs:108:17
[INFO] [stdout]   66:     0x7fab6be62ac3 - <unknown>
[INFO] [stdout]   67:     0x7fab6bef3bf4 - __clone
[INFO] [stdout]   68:                0x0 - <unknown>
[INFO] [stdout] 
[INFO] [stdout] 
[INFO] [stdout] failures:
[INFO] [stdout]     consolidate
[INFO] [stdout] 
[INFO] [stdout] test result: FAILED. 0 passed; 1 failed; 0 ignored; 0 measured; 0 filtered out; finished in 0.02s
[INFO] [stdout] 
[INFO] running `Command { std: "docker" "inspect" "caaaf268b6f106252576d8993e4c82802520468224364739a65ee7f66a000adf", kill_on_drop: false }`
[INFO] running `Command { std: "docker" "rm" "-f" "caaaf268b6f106252576d8993e4c82802520468224364739a65ee7f66a000adf", kill_on_drop: false }`
[INFO] [stdout] caaaf268b6f106252576d8993e4c82802520468224364739a65ee7f66a000adf
