[INFO] fetching crate astarte-message-hub-proto 0.5.1...
[INFO] testing astarte-message-hub-proto-0.5.1 against 1.75.0 for beta-1.76-1
[INFO] extracting crate astarte-message-hub-proto 0.5.1 into /workspace/builds/worker-1-tc1/source
[INFO] validating manifest of crates.io crate astarte-message-hub-proto 0.5.1 on toolchain 1.75.0
[INFO] running `Command { std: CARGO_HOME="/workspace/cargo-home" RUSTUP_HOME="/workspace/rustup-home" "/workspace/cargo-home/bin/cargo" "+1.75.0" "metadata" "--manifest-path" "Cargo.toml" "--no-deps", kill_on_drop: false }`
[INFO] started tweaking crates.io crate astarte-message-hub-proto 0.5.1
[INFO] finished tweaking crates.io crate astarte-message-hub-proto 0.5.1
[INFO] tweaked toml for crates.io crate astarte-message-hub-proto 0.5.1 written to /workspace/builds/worker-1-tc1/source/Cargo.toml
[INFO] running `Command { std: CARGO_HOME="/workspace/cargo-home" RUSTUP_HOME="/workspace/rustup-home" "/workspace/cargo-home/bin/cargo" "+1.75.0" "generate-lockfile" "--manifest-path" "Cargo.toml", kill_on_drop: false }`
[INFO] [stderr]     Updating crates.io index
[INFO] running `Command { std: CARGO_HOME="/workspace/cargo-home" RUSTUP_HOME="/workspace/rustup-home" "/workspace/cargo-home/bin/cargo" "+1.75.0" "fetch" "--manifest-path" "Cargo.toml", kill_on_drop: false }`
[INFO] [stderr]  Downloading crates ...
[INFO] [stderr]   Downloaded prettyplease v0.1.25
[INFO] [stderr]   Downloaded prost-types v0.11.2
[INFO] [stderr]   Downloaded pbjson v0.5.1
[INFO] [stderr]   Downloaded matchit v0.5.0
[INFO] [stderr]   Downloaded multimap v0.8.3
[INFO] [stderr]   Downloaded prost-build v0.11.4
[INFO] [stderr]   Downloaded uuid v1.6.1
[INFO] [stderr]   Downloaded petgraph v0.6.4
[INFO] [stderr]   Downloaded axum v0.5.17
[INFO] [stderr]   Downloaded tower-http v0.3.5
[INFO] [stderr]   Downloaded pbjson-types v0.5.1
[INFO] [stderr]   Downloaded tonic v0.8.2
[INFO] [stderr]   Downloaded prost v0.11.3
[INFO] [stderr]   Downloaded axum-core v0.2.9
[INFO] [stderr]   Downloaded http-range-header v0.3.1
[INFO] [stderr]   Downloaded pbjson-build v0.5.1
[INFO] running `Command { std: "docker" "create" "-v" "/var/lib/crater-agent-workspace/builds/worker-1-tc1/target:/opt/rustwide/target:rw,Z" "-v" "/var/lib/crater-agent-workspace/builds/worker-1-tc1/source:/opt/rustwide/workdir:ro,Z" "-v" "/var/lib/crater-agent-workspace/cargo-home:/opt/rustwide/cargo-home:ro,Z" "-v" "/var/lib/crater-agent-workspace/rustup-home:/opt/rustwide/rustup-home:ro,Z" "-e" "SOURCE_DIR=/opt/rustwide/workdir" "-e" "CARGO_TARGET_DIR=/opt/rustwide/target" "-e" "CARGO_HOME=/opt/rustwide/cargo-home" "-e" "RUSTUP_HOME=/opt/rustwide/rustup-home" "-w" "/opt/rustwide/workdir" "-m" "1610612736" "--user" "0:0" "--network" "none" "ghcr.io/rust-lang/crates-build-env/linux@sha256:2788e3201cd34a07e3172128adcd8b3090168a8e3bcc40d7c032b9dda1df7d1c" "/opt/rustwide/cargo-home/bin/cargo" "+1.75.0" "metadata" "--no-deps" "--format-version=1", kill_on_drop: false }`
[INFO] [stdout] 1e5d5ab7c86a203a3d6776021e6a23ac4100e8135a90d13a85d083386b3e94af
[INFO] running `Command { std: "docker" "start" "-a" "1e5d5ab7c86a203a3d6776021e6a23ac4100e8135a90d13a85d083386b3e94af", kill_on_drop: false }`
[INFO] running `Command { std: "docker" "inspect" "1e5d5ab7c86a203a3d6776021e6a23ac4100e8135a90d13a85d083386b3e94af", kill_on_drop: false }`
[INFO] running `Command { std: "docker" "rm" "-f" "1e5d5ab7c86a203a3d6776021e6a23ac4100e8135a90d13a85d083386b3e94af", kill_on_drop: false }`
[INFO] [stdout] 1e5d5ab7c86a203a3d6776021e6a23ac4100e8135a90d13a85d083386b3e94af
[INFO] running `Command { std: "docker" "create" "-v" "/var/lib/crater-agent-workspace/builds/worker-1-tc1/target:/opt/rustwide/target:rw,Z" "-v" "/var/lib/crater-agent-workspace/builds/worker-1-tc1/source:/opt/rustwide/workdir:ro,Z" "-v" "/var/lib/crater-agent-workspace/cargo-home:/opt/rustwide/cargo-home:ro,Z" "-v" "/var/lib/crater-agent-workspace/rustup-home:/opt/rustwide/rustup-home:ro,Z" "-e" "SOURCE_DIR=/opt/rustwide/workdir" "-e" "CARGO_TARGET_DIR=/opt/rustwide/target" "-e" "CARGO_INCREMENTAL=0" "-e" "RUST_BACKTRACE=full" "-e" "RUSTFLAGS=--cap-lints=warn" "-e" "RUSTDOCFLAGS=--cap-lints=warn" "-e" "CARGO_HOME=/opt/rustwide/cargo-home" "-e" "RUSTUP_HOME=/opt/rustwide/rustup-home" "-w" "/opt/rustwide/workdir" "-m" "1610612736" "--user" "0:0" "--network" "none" "ghcr.io/rust-lang/crates-build-env/linux@sha256:2788e3201cd34a07e3172128adcd8b3090168a8e3bcc40d7c032b9dda1df7d1c" "/opt/rustwide/cargo-home/bin/cargo" "+1.75.0" "build" "--frozen" "--message-format=json", kill_on_drop: false }`
[INFO] [stdout] 274d649a4a24006b2e2e6e88c99b5aca54fefb9dbebf02205df43752f822227c
[INFO] running `Command { std: "docker" "start" "-a" "274d649a4a24006b2e2e6e88c99b5aca54fefb9dbebf02205df43752f822227c", kill_on_drop: false }`
[INFO] [stderr]    Compiling bytes v1.5.0
[INFO] [stderr]    Compiling syn v1.0.109
[INFO] [stderr]    Compiling futures-core v0.3.30
[INFO] [stderr]    Compiling either v1.9.0
[INFO] [stderr]    Compiling anyhow v1.0.79
[INFO] [stderr]    Compiling hashbrown v0.14.3
[INFO] [stderr]    Compiling syn v2.0.48
[INFO] [stderr]    Compiling mio v0.8.10
[INFO] [stderr]    Compiling socket2 v0.5.5
[INFO] [stderr]    Compiling equivalent v1.0.1
[INFO] [stderr]    Compiling itertools v0.10.5
[INFO] [stderr]    Compiling indexmap v2.1.0
[INFO] [stderr]    Compiling tracing-core v0.1.32
[INFO] [stderr]    Compiling futures-task v0.3.30
[INFO] [stderr]    Compiling http v0.2.11
[INFO] [stderr]    Compiling futures-util v0.3.30
[INFO] [stderr]    Compiling getrandom v0.2.11
[INFO] [stderr]    Compiling futures-sink v0.3.30
[INFO] [stderr]    Compiling rustix v0.38.28
[INFO] [stderr]    Compiling tower-service v0.3.2
[INFO] [stderr]    Compiling linux-raw-sys v0.4.12
[INFO] [stderr]    Compiling bitflags v2.4.1
[INFO] [stderr]    Compiling rand_core v0.6.4
[INFO] [stderr]    Compiling http-body v0.4.6
[INFO] [stderr]    Compiling indexmap v1.9.3
[INFO] [stderr]    Compiling regex-syntax v0.8.2
[INFO] [stderr]    Compiling httparse v1.8.0
[INFO] [stderr]    Compiling prettyplease v0.1.25
[INFO] [stderr]    Compiling rand_chacha v0.3.1
[INFO] [stderr]    Compiling tower-layer v0.3.2
[INFO] [stderr]    Compiling fastrand v2.0.1
[INFO] [stderr]    Compiling try-lock v0.2.5
[INFO] [stderr]    Compiling home v0.5.9
[INFO] [stderr]    Compiling async-trait v0.1.77
[INFO] [stderr]    Compiling fixedbitset v0.4.2
[INFO] [stderr]    Compiling hashbrown v0.12.3
[INFO] [stderr]    Compiling petgraph v0.6.4
[INFO] [stderr]    Compiling want v0.3.1
[INFO] [stderr]    Compiling rand v0.8.5
[INFO] [stderr]    Compiling tempfile v3.9.0
[INFO] [stderr]    Compiling regex-automata v0.4.3
[INFO] [stderr]    Compiling which v4.4.2
[INFO] [stderr]    Compiling futures-channel v0.3.30
[INFO] [stderr]    Compiling num-traits v0.2.17
[INFO] [stderr]    Compiling multimap v0.8.3
[INFO] [stderr]    Compiling lazy_static v1.4.0
[INFO] [stderr]    Compiling httpdate v1.0.3
[INFO] [stderr]    Compiling mime v0.3.17
[INFO] [stderr]    Compiling base64 v0.13.1
[INFO] [stderr]    Compiling http-range-header v0.3.1
[INFO] [stderr]    Compiling percent-encoding v2.3.1
[INFO] [stderr]    Compiling sync_wrapper v0.1.2
[INFO] [stderr]    Compiling iana-time-zone v0.1.59
[INFO] [stderr]    Compiling matchit v0.5.0
[INFO] [stderr]    Compiling uuid v1.6.1
[INFO] [stderr]    Compiling regex v1.10.2
[INFO] [stderr]    Compiling tokio-macros v2.2.0
[INFO] [stderr]    Compiling tracing-attributes v0.1.27
[INFO] [stderr]    Compiling pin-project-internal v1.1.3
[INFO] [stderr]    Compiling prost-derive v0.11.9
[INFO] [stderr]    Compiling serde_derive v1.0.194
[INFO] [stderr]    Compiling async-stream-impl v0.3.5
[INFO] [stderr]    Compiling chrono v0.4.31
[INFO] [stderr]    Compiling tokio v1.35.1
[INFO] [stderr]    Compiling async-stream v0.3.5
[INFO] [stderr]    Compiling axum-core v0.2.9
[INFO] [stderr]    Compiling thiserror-impl v1.0.56
[INFO] [stderr]    Compiling pin-project v1.1.3
[INFO] [stderr]    Compiling prost v0.11.3
[INFO] [stderr]    Compiling tracing v0.1.40
[INFO] [stderr]    Compiling tracing-futures v0.2.5
[INFO] [stderr]    Compiling prost-types v0.11.2
[INFO] [stderr]    Compiling thiserror v1.0.56
[INFO] [stderr]    Compiling prost-build v0.11.4
[INFO] [stderr]    Compiling pbjson-build v0.5.1
[INFO] [stderr]    Compiling serde v1.0.194
[INFO] [stderr]    Compiling tokio-util v0.7.10
[INFO] [stderr]    Compiling tokio-io-timeout v1.2.0
[INFO] [stderr]    Compiling tokio-stream v0.1.14
[INFO] [stderr]    Compiling h2 v0.3.22
[INFO] [stderr]    Compiling tower v0.4.13
[INFO] [stderr]    Compiling pbjson-types v0.5.1
[INFO] [stderr]    Compiling tower-http v0.3.5
[INFO] [stderr]    Compiling pbjson v0.5.1
[INFO] [stderr]    Compiling hyper v0.14.28
[INFO] [stderr]    Compiling hyper-timeout v0.4.1
[INFO] [stderr]    Compiling axum v0.5.17
[INFO] [stderr]    Compiling tonic v0.8.2
[INFO] [stderr]    Compiling astarte-message-hub-proto v0.5.1 (/opt/rustwide/workdir)
[INFO] [stderr]     Finished dev [unoptimized + debuginfo] target(s) in 35.75s
[INFO] running `Command { std: "docker" "inspect" "274d649a4a24006b2e2e6e88c99b5aca54fefb9dbebf02205df43752f822227c", kill_on_drop: false }`
[INFO] running `Command { std: "docker" "rm" "-f" "274d649a4a24006b2e2e6e88c99b5aca54fefb9dbebf02205df43752f822227c", kill_on_drop: false }`
[INFO] [stdout] 274d649a4a24006b2e2e6e88c99b5aca54fefb9dbebf02205df43752f822227c
[INFO] running `Command { std: "docker" "create" "-v" "/var/lib/crater-agent-workspace/builds/worker-1-tc1/target:/opt/rustwide/target:rw,Z" "-v" "/var/lib/crater-agent-workspace/builds/worker-1-tc1/source:/opt/rustwide/workdir:ro,Z" "-v" "/var/lib/crater-agent-workspace/cargo-home:/opt/rustwide/cargo-home:ro,Z" "-v" "/var/lib/crater-agent-workspace/rustup-home:/opt/rustwide/rustup-home:ro,Z" "-e" "SOURCE_DIR=/opt/rustwide/workdir" "-e" "CARGO_TARGET_DIR=/opt/rustwide/target" "-e" "CARGO_INCREMENTAL=0" "-e" "RUST_BACKTRACE=full" "-e" "RUSTFLAGS=--cap-lints=warn" "-e" "RUSTDOCFLAGS=--cap-lints=warn" "-e" "CARGO_HOME=/opt/rustwide/cargo-home" "-e" "RUSTUP_HOME=/opt/rustwide/rustup-home" "-w" "/opt/rustwide/workdir" "-m" "1610612736" "--user" "0:0" "--network" "none" "ghcr.io/rust-lang/crates-build-env/linux@sha256:2788e3201cd34a07e3172128adcd8b3090168a8e3bcc40d7c032b9dda1df7d1c" "/opt/rustwide/cargo-home/bin/cargo" "+1.75.0" "test" "--frozen" "--no-run" "--message-format=json", kill_on_drop: false }`
[INFO] [stdout] 122c057c1e7ed0c8248f4948156bb3670081cdf4b630777b10d2c1b4fc1fc7e1
[INFO] running `Command { std: "docker" "start" "-a" "122c057c1e7ed0c8248f4948156bb3670081cdf4b630777b10d2c1b4fc1fc7e1", kill_on_drop: false }`
[INFO] [stderr]    Compiling astarte-message-hub-proto v0.5.1 (/opt/rustwide/workdir)
[INFO] [stderr]     Finished test [unoptimized + debuginfo] target(s) in 1.64s
[INFO] running `Command { std: "docker" "inspect" "122c057c1e7ed0c8248f4948156bb3670081cdf4b630777b10d2c1b4fc1fc7e1", kill_on_drop: false }`
[INFO] running `Command { std: "docker" "rm" "-f" "122c057c1e7ed0c8248f4948156bb3670081cdf4b630777b10d2c1b4fc1fc7e1", kill_on_drop: false }`
[INFO] [stdout] 122c057c1e7ed0c8248f4948156bb3670081cdf4b630777b10d2c1b4fc1fc7e1
[INFO] running `Command { std: "docker" "create" "-v" "/var/lib/crater-agent-workspace/builds/worker-1-tc1/target:/opt/rustwide/target:rw,Z" "-v" "/var/lib/crater-agent-workspace/builds/worker-1-tc1/source:/opt/rustwide/workdir:ro,Z" "-v" "/var/lib/crater-agent-workspace/cargo-home:/opt/rustwide/cargo-home:ro,Z" "-v" "/var/lib/crater-agent-workspace/rustup-home:/opt/rustwide/rustup-home:ro,Z" "-e" "SOURCE_DIR=/opt/rustwide/workdir" "-e" "CARGO_TARGET_DIR=/opt/rustwide/target" "-e" "CARGO_INCREMENTAL=0" "-e" "RUST_BACKTRACE=full" "-e" "RUSTFLAGS=--cap-lints=warn" "-e" "RUSTDOCFLAGS=--cap-lints=warn" "-e" "CARGO_HOME=/opt/rustwide/cargo-home" "-e" "RUSTUP_HOME=/opt/rustwide/rustup-home" "-w" "/opt/rustwide/workdir" "-m" "1610612736" "--user" "0:0" "--network" "none" "ghcr.io/rust-lang/crates-build-env/linux@sha256:2788e3201cd34a07e3172128adcd8b3090168a8e3bcc40d7c032b9dda1df7d1c" "/opt/rustwide/cargo-home/bin/cargo" "+1.75.0" "test" "--frozen", kill_on_drop: false }`
[INFO] [stdout] 4a6b2633278510205dfcb77baf92bff45acb7b740b8c4f01b30e693bf39e12c4
[INFO] running `Command { std: "docker" "start" "-a" "4a6b2633278510205dfcb77baf92bff45acb7b740b8c4f01b30e693bf39e12c4", kill_on_drop: false }`
[INFO] [stderr]     Finished test [unoptimized + debuginfo] target(s) in 0.06s
[INFO] [stderr]      Running unittests src/lib.rs (/opt/rustwide/target/debug/deps/astarte_message_hub_proto-172b3b7e886fc5f3)
[INFO] [stdout] 
[INFO] [stdout] running 30 tests
[INFO] [stdout] test proto_message_hub::test::create_note_from_interface_files ... ok
[INFO] [stdout] test proto_message_hub::test::test_astarte_data_type_object ... ok
[INFO] [stdout] test proto_message_hub::test::test_astarte_message_unset ... ok
[INFO] [stdout] test proto_message_hub::test::test_astarte_data_type_individual ... ok
[INFO] [stdout] test types::test::bool_array_into_astarte_data_type_success ... ok
[INFO] [stdout] test proto_message_hub::test::test_astarte_message_data ... ok
[INFO] [stdout] test types::test::binary_blob_array_into_astarte_data_type_success ... ok
[INFO] [stdout] test types::test::bool_into_astarte_data_type_success ... ok
[INFO] [stdout] test types::test::bool_into_astarte_individual_type_success ... ok
[INFO] [stdout] test types::test::datetime_array_into_astarte_data_type_success ... ok
[INFO] [stdout] test types::test::datetime_array_into_astarte_type_individual_success ... ok
[INFO] [stdout] test types::test::double_array_into_astarte_data_type_success ... ok
[INFO] [stdout] test types::test::datetime_into_astarte_data_type_success ... ok
[INFO] [stdout] test types::test::double_array_into_individual_type_success ... ok
[INFO] [stdout] test types::test::double_into_astarte_individual_type_success ... ok
[INFO] [stdout] test types::test::double_into_astarte_data_type_success ... ok
[INFO] [stdout] test types::test::from_double_by_ref_to_astarte_individual_type_success ... ok
[INFO] [stdout] test types::test::from_double_to_astarte_individual_type_success ... ok
[INFO] [stdout] test types::test::integer_into_astarte_data_type_success ... ok
[INFO] [stdout] test types::test::integer_into_astarte_individual_type_success ... ok
[INFO] [stdout] test types::test::integer_array_into_astarte_data_type_success ... ok
[INFO] [stdout] test types::test::long_integer_array_into_astarte_data_type_success ... ok
[INFO] [stdout] test types::test::longinteger_into_astarte_data_type_success ... ok
[INFO] [stdout] test types::test::string_array_into_individual_type_success ... ok
[INFO] [stdout] test types::test::string_array_into_astarte_data_type_success ... ok
[INFO] [stdout] test types::test::strings_slice_into_astarte_data_type_success ... ok
[INFO] [stdout] test types::test::u8_array_into_astarte_data_type_success ... ok
[INFO] [stdout] test types::test::string_into_astarte_data_type_success ... ok
[INFO] [stdout] test types::test::u8_array_into_individual_type_success ... ok
[INFO] [stdout] test types::test::map_into_astarte_data_type_success ... ok
[INFO] [stdout] 
[INFO] [stdout] test result: ok. 30 passed; 0 failed; 0 ignored; 0 measured; 0 filtered out; finished in 0.00s
[INFO] [stdout] 
[INFO] [stderr]    Doc-tests astarte-message-hub-proto
[INFO] [stdout] 
[INFO] [stdout] running 1 test
[INFO] [stdout] test src/lib.rs - (line 42) ... FAILED
[INFO] [stdout] 
[INFO] [stdout] failures:
[INFO] [stdout] 
[INFO] [stdout] ---- src/lib.rs - (line 42) stdout ----
[INFO] [stdout] error: couldn't read src/./interfaces/org.astarte-platform.rust.examples.datastream.DeviceDatastream.json: No such file or directory (os error 2)
[INFO] [stdout]   --> src/lib.rs:80:9
[INFO] [stdout]    |
[INFO] [stdout] 40 | /         include_str!(
[INFO] [stdout] 41 | |             "./interfaces/org.astarte-platform.rust.examples.datastream.DeviceDatastream.json"
[INFO] [stdout] 42 | |         ),
[INFO] [stdout]    | |_________^
[INFO] [stdout]    |
[INFO] [stdout]    = note: this error originates in the macro `include_str` (in Nightly builds, run with -Z macro-backtrace for more info)
[INFO] [stdout] 
[INFO] [stdout] error: couldn't read src/./interfaces/org.astarte-platform.rust.examples.datastream.ServerDatastream.json: No such file or directory (os error 2)
[INFO] [stdout]   --> src/lib.rs:83:9
[INFO] [stdout]    |
[INFO] [stdout] 43 | /         include_str!(
[INFO] [stdout] 44 | |             "./interfaces/org.astarte-platform.rust.examples.datastream.ServerDatastream.json"
[INFO] [stdout] 45 | |         ),
[INFO] [stdout]    | |_________^
[INFO] [stdout]    |
[INFO] [stdout]    = note: this error originates in the macro `include_str` (in Nightly builds, run with -Z macro-backtrace for more info)
[INFO] [stdout] 
[INFO] [stdout] error[E0432]: unresolved import `clap`
[INFO] [stdout]  --> src/lib.rs:46:5
[INFO] [stdout]   |
[INFO] [stdout] 6 | use clap::Parser;
[INFO] [stdout]   |     ^^^^ use of undeclared crate or module `clap`
[INFO] [stdout] 
[INFO] [stdout] error[E0432]: unresolved import `log`
[INFO] [stdout]   --> src/lib.rs:52:5
[INFO] [stdout]    |
[INFO] [stdout] 12 | use log::info;
[INFO] [stdout]    |     ^^^ use of undeclared crate or module `log`
[INFO] [stdout] 
[INFO] [stdout] error[E0433]: failed to resolve: use of undeclared crate or module `tokio`
[INFO] [stdout]   --> src/lib.rs:70:3
[INFO] [stdout]    |
[INFO] [stdout] 30 | #[tokio::main]
[INFO] [stdout]    |   ^^^^^ use of undeclared crate or module `tokio`
[INFO] [stdout] 
[INFO] [stdout] error[E0433]: failed to resolve: use of undeclared crate or module `tokio`
[INFO] [stdout]   --> src/lib.rs:135:15
[INFO] [stdout]    |
[INFO] [stdout] 95 |     let res = tokio::join!(reply_handle, send_handle);
[INFO] [stdout]    |               ^^^^^ use of undeclared crate or module `tokio`
[INFO] [stdout] 
[INFO] [stdout] error: cannot determine resolution for the macro `info`
[INFO] [stdout]   --> src/lib.rs:94:9
[INFO] [stdout]    |
[INFO] [stdout] 54 |         info!("Waiting for messages from the message hub.");
[INFO] [stdout]    |         ^^^^
[INFO] [stdout]    |
[INFO] [stdout]    = note: import resolution is stuck, try simplifying macro imports
[INFO] [stdout] 
[INFO] [stdout] error: cannot determine resolution for the macro `info`
[INFO] [stdout]   --> src/lib.rs:100:9
[INFO] [stdout]    |
[INFO] [stdout] 60 |         info!("Done receiving messages, closing the connection.");
[INFO] [stdout]    |         ^^^^
[INFO] [stdout]    |
[INFO] [stdout]    = note: import resolution is stuck, try simplifying macro imports
[INFO] [stdout] 
[INFO] [stdout] error: cannot determine resolution for the macro `info`
[INFO] [stdout]   --> src/lib.rs:131:9
[INFO] [stdout]    |
[INFO] [stdout] 91 |         info!("Done sending messages, closing the connection.");
[INFO] [stdout]    |         ^^^^
[INFO] [stdout]    |
[INFO] [stdout]    = note: import resolution is stuck, try simplifying macro imports
[INFO] [stdout] 
[INFO] [stdout] error: cannot determine resolution for the derive macro `Parser`
[INFO] [stdout]   --> src/lib.rs:55:10
[INFO] [stdout]    |
[INFO] [stdout] 15 | #[derive(Parser, Debug)]
[INFO] [stdout]    |          ^^^^^^
[INFO] [stdout]    |
[INFO] [stdout]    = note: import resolution is stuck, try simplifying macro imports
[INFO] [stdout] 
[INFO] [stdout] error: cannot find attribute `clap` in this scope
[INFO] [stdout]   --> src/lib.rs:56:3
[INFO] [stdout]    |
[INFO] [stdout] 16 | #[clap(version, about)]
[INFO] [stdout]    |   ^^^^
[INFO] [stdout] 
[INFO] [stdout] error: cannot find attribute `clap` in this scope
[INFO] [stdout]   --> src/lib.rs:62:7
[INFO] [stdout]    |
[INFO] [stdout] 22 |     #[clap(short, long)]
[INFO] [stdout]    |       ^^^^
[INFO] [stdout] 
[INFO] [stdout] error: cannot find attribute `clap` in this scope
[INFO] [stdout]   --> src/lib.rs:66:7
[INFO] [stdout]    |
[INFO] [stdout] 26 |     #[clap(short, long, default_value = "3000")]
[INFO] [stdout]    |       ^^^^
[INFO] [stdout] 
[INFO] [stdout] error[E0433]: failed to resolve: use of undeclared crate or module `tokio`
[INFO] [stdout]   --> src/lib.rs:108:28
[INFO] [stdout]    |
[INFO] [stdout] 68 |         let mut interval = tokio::time::interval(std::time::Duration::from_millis(args.time));
[INFO] [stdout]    |                            ^^^^^ use of undeclared crate or module `tokio`
[INFO] [stdout] 
[INFO] [stdout] error[E0433]: failed to resolve: use of undeclared crate or module `env_logger`
[INFO] [stdout]   --> src/lib.rs:72:5
[INFO] [stdout]    |
[INFO] [stdout] 32 |     env_logger::init();
[INFO] [stdout]    |     ^^^^^^^^^^ use of undeclared crate or module `env_logger`
[INFO] [stdout] 
[INFO] [stdout] error[E0599]: no function or associated item named `parse` found for struct `Cli` in the current scope
[INFO] [stdout]   --> src/lib.rs:73:21
[INFO] [stdout]    |
[INFO] [stdout] 17 | struct Cli {
[INFO] [stdout]    | ---------- function or associated item `parse` not found for this struct
[INFO] [stdout] ...
[INFO] [stdout] 33 |     let args = Cli::parse();
[INFO] [stdout]    |                     ^^^^^ function or associated item not found in `Cli`
[INFO] [stdout] 
[INFO] [stdout] error[E0433]: failed to resolve: use of undeclared crate or module `tokio`
[INFO] [stdout]   --> src/lib.rs:93:24
[INFO] [stdout]    |
[INFO] [stdout] 53 |     let reply_handle = tokio::spawn(async move {
[INFO] [stdout]    |                        ^^^^^ use of undeclared crate or module `tokio`
[INFO] [stdout] 
[INFO] [stdout] error[E0433]: failed to resolve: use of undeclared crate or module `tokio`
[INFO] [stdout]   --> src/lib.rs:104:23
[INFO] [stdout]    |
[INFO] [stdout] 64 |     let send_handle = tokio::spawn(async move {
[INFO] [stdout]    |                       ^^^^^ use of undeclared crate or module `tokio`
[INFO] [stdout] 
[INFO] [stdout] error[E0752]: `main` function is not allowed to be `async`
[INFO] [stdout]   --> src/lib.rs:71:1
[INFO] [stdout]    |
[INFO] [stdout] 31 | async fn main() {
[INFO] [stdout]    | ^^^^^^^^^^^^^^^ `main` function is not allowed to be `async`
[INFO] [stdout] 
[INFO] [stdout] error: aborting due to 19 previous errors
[INFO] [stdout] 
[INFO] [stdout] Some errors have detailed explanations: E0432, E0433, E0599, E0752.
[INFO] [stdout] For more information about an error, try `rustc --explain E0432`.
[INFO] [stdout] Couldn't compile the test.
[INFO] [stdout] 
[INFO] [stdout] failures:
[INFO] [stdout]     src/lib.rs - (line 42)
[INFO] [stdout] 
[INFO] [stdout] test result: FAILED. 0 passed; 1 failed; 0 ignored; 0 measured; 0 filtered out; finished in 0.10s
[INFO] [stdout] 
[INFO] [stderr] error: doctest failed, to rerun pass `--doc`
[INFO] running `Command { std: "docker" "inspect" "4a6b2633278510205dfcb77baf92bff45acb7b740b8c4f01b30e693bf39e12c4", kill_on_drop: false }`
[INFO] running `Command { std: "docker" "rm" "-f" "4a6b2633278510205dfcb77baf92bff45acb7b740b8c4f01b30e693bf39e12c4", kill_on_drop: false }`
[INFO] [stdout] 4a6b2633278510205dfcb77baf92bff45acb7b740b8c4f01b30e693bf39e12c4
[INFO] testing astarte-message-hub-proto-0.5.1 against beta-2023-12-22 for beta-1.76-1
[INFO] extracting crate astarte-message-hub-proto 0.5.1 into /workspace/builds/worker-1-tc2/source
[INFO] validating manifest of crates.io crate astarte-message-hub-proto 0.5.1 on toolchain beta-2023-12-22
[INFO] running `Command { std: CARGO_HOME="/workspace/cargo-home" RUSTUP_HOME="/workspace/rustup-home" "/workspace/cargo-home/bin/cargo" "+beta-2023-12-22" "metadata" "--manifest-path" "Cargo.toml" "--no-deps", kill_on_drop: false }`
[INFO] started tweaking crates.io crate astarte-message-hub-proto 0.5.1
[INFO] finished tweaking crates.io crate astarte-message-hub-proto 0.5.1
[INFO] tweaked toml for crates.io crate astarte-message-hub-proto 0.5.1 written to /workspace/builds/worker-1-tc2/source/Cargo.toml
[INFO] running `Command { std: CARGO_HOME="/workspace/cargo-home" RUSTUP_HOME="/workspace/rustup-home" "/workspace/cargo-home/bin/cargo" "+beta-2023-12-22" "generate-lockfile" "--manifest-path" "Cargo.toml", kill_on_drop: false }`
[INFO] [stderr]     Updating crates.io index
[INFO] running `Command { std: CARGO_HOME="/workspace/cargo-home" RUSTUP_HOME="/workspace/rustup-home" "/workspace/cargo-home/bin/cargo" "+beta-2023-12-22" "fetch" "--manifest-path" "Cargo.toml", kill_on_drop: false }`
[INFO] running `Command { std: "docker" "create" "-v" "/var/lib/crater-agent-workspace/builds/worker-1-tc2/target:/opt/rustwide/target:rw,Z" "-v" "/var/lib/crater-agent-workspace/builds/worker-1-tc2/source:/opt/rustwide/workdir:ro,Z" "-v" "/var/lib/crater-agent-workspace/cargo-home:/opt/rustwide/cargo-home:ro,Z" "-v" "/var/lib/crater-agent-workspace/rustup-home:/opt/rustwide/rustup-home:ro,Z" "-e" "SOURCE_DIR=/opt/rustwide/workdir" "-e" "CARGO_TARGET_DIR=/opt/rustwide/target" "-e" "CARGO_HOME=/opt/rustwide/cargo-home" "-e" "RUSTUP_HOME=/opt/rustwide/rustup-home" "-w" "/opt/rustwide/workdir" "-m" "1610612736" "--user" "0:0" "--network" "none" "ghcr.io/rust-lang/crates-build-env/linux@sha256:2788e3201cd34a07e3172128adcd8b3090168a8e3bcc40d7c032b9dda1df7d1c" "/opt/rustwide/cargo-home/bin/cargo" "+beta-2023-12-22" "metadata" "--no-deps" "--format-version=1", kill_on_drop: false }`
[INFO] [stdout] cc9239c7ade5da3661b79d61143eb165c6bf645cb9d98ff0ce6ef8af2cf85b4a
[INFO] running `Command { std: "docker" "start" "-a" "cc9239c7ade5da3661b79d61143eb165c6bf645cb9d98ff0ce6ef8af2cf85b4a", kill_on_drop: false }`
[INFO] running `Command { std: "docker" "inspect" "cc9239c7ade5da3661b79d61143eb165c6bf645cb9d98ff0ce6ef8af2cf85b4a", kill_on_drop: false }`
[INFO] running `Command { std: "docker" "rm" "-f" "cc9239c7ade5da3661b79d61143eb165c6bf645cb9d98ff0ce6ef8af2cf85b4a", kill_on_drop: false }`
[INFO] [stdout] cc9239c7ade5da3661b79d61143eb165c6bf645cb9d98ff0ce6ef8af2cf85b4a
[INFO] running `Command { std: "docker" "create" "-v" "/var/lib/crater-agent-workspace/builds/worker-1-tc2/target:/opt/rustwide/target:rw,Z" "-v" "/var/lib/crater-agent-workspace/builds/worker-1-tc2/source:/opt/rustwide/workdir:ro,Z" "-v" "/var/lib/crater-agent-workspace/cargo-home:/opt/rustwide/cargo-home:ro,Z" "-v" "/var/lib/crater-agent-workspace/rustup-home:/opt/rustwide/rustup-home:ro,Z" "-e" "SOURCE_DIR=/opt/rustwide/workdir" "-e" "CARGO_TARGET_DIR=/opt/rustwide/target" "-e" "CARGO_INCREMENTAL=0" "-e" "RUST_BACKTRACE=full" "-e" "RUSTFLAGS=--cap-lints=warn" "-e" "RUSTDOCFLAGS=--cap-lints=warn" "-e" "CARGO_HOME=/opt/rustwide/cargo-home" "-e" "RUSTUP_HOME=/opt/rustwide/rustup-home" "-w" "/opt/rustwide/workdir" "-m" "1610612736" "--user" "0:0" "--network" "none" "ghcr.io/rust-lang/crates-build-env/linux@sha256:2788e3201cd34a07e3172128adcd8b3090168a8e3bcc40d7c032b9dda1df7d1c" "/opt/rustwide/cargo-home/bin/cargo" "+beta-2023-12-22" "build" "--frozen" "--message-format=json", kill_on_drop: false }`
[INFO] [stdout] 8c049cc39055f1133365d15e0fb857e8bb3f65db3d7fbd6969d0413f0191fc37
[INFO] running `Command { std: "docker" "start" "-a" "8c049cc39055f1133365d15e0fb857e8bb3f65db3d7fbd6969d0413f0191fc37", kill_on_drop: false }`
[INFO] [stderr]    Compiling bytes v1.5.0
[INFO] [stderr]    Compiling syn v1.0.109
[INFO] [stderr]    Compiling futures-core v0.3.30
[INFO] [stderr]    Compiling either v1.9.0
[INFO] [stderr]    Compiling anyhow v1.0.79
[INFO] [stderr]    Compiling hashbrown v0.14.3
[INFO] [stderr]    Compiling syn v2.0.48
[INFO] [stderr]    Compiling mio v0.8.10
[INFO] [stderr]    Compiling socket2 v0.5.5
[INFO] [stderr]    Compiling equivalent v1.0.1
[INFO] [stderr]    Compiling tracing-core v0.1.32
[INFO] [stderr]    Compiling indexmap v2.1.0
[INFO] [stderr]    Compiling itertools v0.10.5
[INFO] [stderr]    Compiling futures-task v0.3.30
[INFO] [stderr]    Compiling http v0.2.11
[INFO] [stderr]    Compiling getrandom v0.2.11
[INFO] [stderr]    Compiling futures-util v0.3.30
[INFO] [stderr]    Compiling futures-sink v0.3.30
[INFO] [stderr]    Compiling rustix v0.38.28
[INFO] [stderr]    Compiling bitflags v2.4.1
[INFO] [stderr]    Compiling linux-raw-sys v0.4.12
[INFO] [stderr]    Compiling tower-service v0.3.2
[INFO] [stderr]    Compiling rand_core v0.6.4
[INFO] [stderr]    Compiling http-body v0.4.6
[INFO] [stderr]    Compiling indexmap v1.9.3
[INFO] [stderr]    Compiling httparse v1.8.0
[INFO] [stderr]    Compiling regex-syntax v0.8.2
[INFO] [stderr]    Compiling prettyplease v0.1.25
[INFO] [stderr]    Compiling rand_chacha v0.3.1
[INFO] [stderr]    Compiling fastrand v2.0.1
[INFO] [stderr]    Compiling async-trait v0.1.77
[INFO] [stderr]    Compiling tower-layer v0.3.2
[INFO] [stderr]    Compiling hashbrown v0.12.3
[INFO] [stderr]    Compiling try-lock v0.2.5
[INFO] [stderr]    Compiling fixedbitset v0.4.2
[INFO] [stderr]    Compiling home v0.5.9
[INFO] [stderr]    Compiling petgraph v0.6.4
[INFO] [stderr]    Compiling want v0.3.1
[INFO] [stderr]    Compiling rand v0.8.5
[INFO] [stderr]    Compiling which v4.4.2
[INFO] [stderr]    Compiling regex-automata v0.4.3
[INFO] [stderr]    Compiling tempfile v3.9.0
[INFO] [stderr]    Compiling futures-channel v0.3.30
[INFO] [stderr]    Compiling num-traits v0.2.17
[INFO] [stderr]    Compiling httpdate v1.0.3
[INFO] [stderr]    Compiling multimap v0.8.3
[INFO] [stderr]    Compiling lazy_static v1.4.0
[INFO] [stderr]    Compiling mime v0.3.17
[INFO] [stderr]    Compiling http-range-header v0.3.1
[INFO] [stderr]    Compiling base64 v0.13.1
[INFO] [stderr]    Compiling matchit v0.5.0
[INFO] [stderr]    Compiling percent-encoding v2.3.1
[INFO] [stderr]    Compiling sync_wrapper v0.1.2
[INFO] [stderr]    Compiling iana-time-zone v0.1.59
[INFO] [stderr]    Compiling uuid v1.6.1
[INFO] [stderr]    Compiling regex v1.10.2
[INFO] [stderr]    Compiling chrono v0.4.31
[INFO] [stderr]    Compiling tokio-macros v2.2.0
[INFO] [stderr]    Compiling tracing-attributes v0.1.27
[INFO] [stderr]    Compiling pin-project-internal v1.1.3
[INFO] [stderr]    Compiling serde_derive v1.0.194
[INFO] [stderr]    Compiling prost-derive v0.11.9
[INFO] [stderr]    Compiling async-stream-impl v0.3.5
[INFO] [stderr]    Compiling tokio v1.35.1
[INFO] [stderr]    Compiling async-stream v0.3.5
[INFO] [stderr]    Compiling thiserror-impl v1.0.56
[INFO] [stderr]    Compiling axum-core v0.2.9
[INFO] [stderr]    Compiling pin-project v1.1.3
[INFO] [stderr]    Compiling tracing v0.1.40
[INFO] [stderr]    Compiling tracing-futures v0.2.5
[INFO] [stderr]    Compiling prost v0.11.3
[INFO] [stderr]    Compiling prost-types v0.11.2
[INFO] [stderr]    Compiling thiserror v1.0.56
[INFO] [stderr]    Compiling serde v1.0.194
[INFO] [stderr]    Compiling prost-build v0.11.4
[INFO] [stderr]    Compiling pbjson-build v0.5.1
[INFO] [stderr]    Compiling pbjson-types v0.5.1
[INFO] [stderr]    Compiling tokio-util v0.7.10
[INFO] [stderr]    Compiling tokio-io-timeout v1.2.0
[INFO] [stderr]    Compiling tokio-stream v0.1.14
[INFO] [stderr]    Compiling h2 v0.3.22
[INFO] [stderr]    Compiling tower v0.4.13
[INFO] [stderr]    Compiling pbjson v0.5.1
[INFO] [stderr]    Compiling tower-http v0.3.5
[INFO] [stderr]    Compiling hyper v0.14.28
[INFO] [stderr]    Compiling axum v0.5.17
[INFO] [stderr]    Compiling hyper-timeout v0.4.1
[INFO] [stderr]    Compiling tonic v0.8.2
[INFO] [stderr]    Compiling astarte-message-hub-proto v0.5.1 (/opt/rustwide/workdir)
[INFO] [stderr]     Finished dev [unoptimized + debuginfo] target(s) in 18.25s
[INFO] running `Command { std: "docker" "inspect" "8c049cc39055f1133365d15e0fb857e8bb3f65db3d7fbd6969d0413f0191fc37", kill_on_drop: false }`
[INFO] running `Command { std: "docker" "rm" "-f" "8c049cc39055f1133365d15e0fb857e8bb3f65db3d7fbd6969d0413f0191fc37", kill_on_drop: false }`
[INFO] [stdout] 8c049cc39055f1133365d15e0fb857e8bb3f65db3d7fbd6969d0413f0191fc37
[INFO] running `Command { std: "docker" "create" "-v" "/var/lib/crater-agent-workspace/builds/worker-1-tc2/target:/opt/rustwide/target:rw,Z" "-v" "/var/lib/crater-agent-workspace/builds/worker-1-tc2/source:/opt/rustwide/workdir:ro,Z" "-v" "/var/lib/crater-agent-workspace/cargo-home:/opt/rustwide/cargo-home:ro,Z" "-v" "/var/lib/crater-agent-workspace/rustup-home:/opt/rustwide/rustup-home:ro,Z" "-e" "SOURCE_DIR=/opt/rustwide/workdir" "-e" "CARGO_TARGET_DIR=/opt/rustwide/target" "-e" "CARGO_INCREMENTAL=0" "-e" "RUST_BACKTRACE=full" "-e" "RUSTFLAGS=--cap-lints=warn" "-e" "RUSTDOCFLAGS=--cap-lints=warn" "-e" "CARGO_HOME=/opt/rustwide/cargo-home" "-e" "RUSTUP_HOME=/opt/rustwide/rustup-home" "-w" "/opt/rustwide/workdir" "-m" "1610612736" "--user" "0:0" "--network" "none" "ghcr.io/rust-lang/crates-build-env/linux@sha256:2788e3201cd34a07e3172128adcd8b3090168a8e3bcc40d7c032b9dda1df7d1c" "/opt/rustwide/cargo-home/bin/cargo" "+beta-2023-12-22" "test" "--frozen" "--no-run" "--message-format=json", kill_on_drop: false }`
[INFO] [stdout] 82cc7054749f3f319804bff19af7e540639a5a9394743bcbb63952a3c402dd10
[INFO] running `Command { std: "docker" "start" "-a" "82cc7054749f3f319804bff19af7e540639a5a9394743bcbb63952a3c402dd10", kill_on_drop: false }`
[INFO] [stderr]    Compiling astarte-message-hub-proto v0.5.1 (/opt/rustwide/workdir)
[INFO] [stderr]     Finished test [unoptimized + debuginfo] target(s) in 1.35s
[INFO] running `Command { std: "docker" "inspect" "82cc7054749f3f319804bff19af7e540639a5a9394743bcbb63952a3c402dd10", kill_on_drop: false }`
[INFO] running `Command { std: "docker" "rm" "-f" "82cc7054749f3f319804bff19af7e540639a5a9394743bcbb63952a3c402dd10", kill_on_drop: false }`
[INFO] [stdout] 82cc7054749f3f319804bff19af7e540639a5a9394743bcbb63952a3c402dd10
[INFO] running `Command { std: "docker" "create" "-v" "/var/lib/crater-agent-workspace/builds/worker-1-tc2/target:/opt/rustwide/target:rw,Z" "-v" "/var/lib/crater-agent-workspace/builds/worker-1-tc2/source:/opt/rustwide/workdir:ro,Z" "-v" "/var/lib/crater-agent-workspace/cargo-home:/opt/rustwide/cargo-home:ro,Z" "-v" "/var/lib/crater-agent-workspace/rustup-home:/opt/rustwide/rustup-home:ro,Z" "-e" "SOURCE_DIR=/opt/rustwide/workdir" "-e" "CARGO_TARGET_DIR=/opt/rustwide/target" "-e" "CARGO_INCREMENTAL=0" "-e" "RUST_BACKTRACE=full" "-e" "RUSTFLAGS=--cap-lints=warn" "-e" "RUSTDOCFLAGS=--cap-lints=warn" "-e" "CARGO_HOME=/opt/rustwide/cargo-home" "-e" "RUSTUP_HOME=/opt/rustwide/rustup-home" "-w" "/opt/rustwide/workdir" "-m" "1610612736" "--user" "0:0" "--network" "none" "ghcr.io/rust-lang/crates-build-env/linux@sha256:2788e3201cd34a07e3172128adcd8b3090168a8e3bcc40d7c032b9dda1df7d1c" "/opt/rustwide/cargo-home/bin/cargo" "+beta-2023-12-22" "test" "--frozen", kill_on_drop: false }`
[INFO] [stdout] 2c5fd72740259bfea2f8862d481b4435e2d765b4706013c929ebbe04f7b4bdcd
[INFO] running `Command { std: "docker" "start" "-a" "2c5fd72740259bfea2f8862d481b4435e2d765b4706013c929ebbe04f7b4bdcd", kill_on_drop: false }`
[INFO] [stderr]     Finished test [unoptimized + debuginfo] target(s) in 0.09s
[INFO] [stderr]      Running unittests src/lib.rs (/opt/rustwide/target/debug/deps/astarte_message_hub_proto-33ffd60db2daee78)
[INFO] [stdout] 
[INFO] [stdout] running 30 tests
[INFO] [stdout] test proto_message_hub::test::create_note_from_interface_files ... ok
[INFO] [stdout] test proto_message_hub::test::test_astarte_message_data ... ok
[INFO] [stdout] test proto_message_hub::test::test_astarte_data_type_object ... ok
[INFO] [stdout] test proto_message_hub::test::test_astarte_data_type_individual ... ok
[INFO] [stdout] test proto_message_hub::test::test_astarte_message_unset ... ok
[INFO] [stdout] test types::test::binary_blob_array_into_astarte_data_type_success ... ok
[INFO] [stdout] test types::test::bool_array_into_astarte_data_type_success ... ok
[INFO] [stdout] test types::test::bool_into_astarte_data_type_success ... ok
[INFO] [stdout] test types::test::bool_into_astarte_individual_type_success ... ok
[INFO] [stdout] test types::test::datetime_array_into_astarte_data_type_success ... ok
[INFO] [stdout] test types::test::datetime_array_into_astarte_type_individual_success ... ok
[INFO] [stdout] test types::test::double_array_into_astarte_data_type_success ... ok
[INFO] [stdout] test types::test::double_into_astarte_data_type_success ... ok
[INFO] [stdout] test types::test::double_into_astarte_individual_type_success ... ok
[INFO] [stdout] test types::test::datetime_into_astarte_data_type_success ... ok
[INFO] [stdout] test types::test::from_double_by_ref_to_astarte_individual_type_success ... ok
[INFO] [stdout] test types::test::integer_into_astarte_individual_type_success ... ok
[INFO] [stdout] test types::test::long_integer_array_into_astarte_data_type_success ... ok
[INFO] [stdout] test types::test::string_array_into_astarte_data_type_success ... ok
[INFO] [stdout] test types::test::string_array_into_individual_type_success ... ok
[INFO] [stdout] test types::test::integer_array_into_astarte_data_type_success ... ok
[INFO] [stdout] test types::test::string_into_astarte_data_type_success ... ok
[INFO] [stdout] test types::test::strings_slice_into_astarte_data_type_success ... ok
[INFO] [stdout] test types::test::u8_array_into_individual_type_success ... ok
[INFO] [stdout] test types::test::u8_array_into_astarte_data_type_success ... ok
[INFO] [stdout] test types::test::longinteger_into_astarte_data_type_success ... ok
[INFO] [stdout] test types::test::from_double_to_astarte_individual_type_success ... ok
[INFO] [stdout] test types::test::integer_into_astarte_data_type_success ... ok
[INFO] [stdout] test types::test::double_array_into_individual_type_success ... ok
[INFO] [stderr]    Doc-tests astarte-message-hub-proto
[INFO] [stdout] test types::test::map_into_astarte_data_type_success ... ok
[INFO] [stdout] 
[INFO] [stdout] test result: ok. 30 passed; 0 failed; 0 ignored; 0 measured; 0 filtered out; finished in 0.00s
[INFO] [stdout] 
[INFO] [stdout] 
[INFO] [stdout] running 1 test
[INFO] [stdout] test src/lib.rs - (line 42) ... FAILED
[INFO] [stdout] 
[INFO] [stdout] failures:
[INFO] [stdout] 
[INFO] [stdout] ---- src/lib.rs - (line 42) stdout ----
[INFO] [stdout] error: couldn't read src/./interfaces/org.astarte-platform.rust.examples.datastream.DeviceDatastream.json: No such file or directory (os error 2)
[INFO] [stdout]   --> src/lib.rs:80:9
[INFO] [stdout]    |
[INFO] [stdout] 40 | /         include_str!(
[INFO] [stdout] 41 | |             "./interfaces/org.astarte-platform.rust.examples.datastream.DeviceDatastream.json"
[INFO] [stdout] 42 | |         ),
[INFO] [stdout]    | |_________^
[INFO] [stdout]    |
[INFO] [stdout]    = note: this error originates in the macro `include_str` (in Nightly builds, run with -Z macro-backtrace for more info)
[INFO] [stdout] 
[INFO] [stdout] error: couldn't read src/./interfaces/org.astarte-platform.rust.examples.datastream.ServerDatastream.json: No such file or directory (os error 2)
[INFO] [stdout]   --> src/lib.rs:83:9
[INFO] [stdout]    |
[INFO] [stdout] 43 | /         include_str!(
[INFO] [stdout] 44 | |             "./interfaces/org.astarte-platform.rust.examples.datastream.ServerDatastream.json"
[INFO] [stdout] 45 | |         ),
[INFO] [stdout]    | |_________^
[INFO] [stdout]    |
[INFO] [stdout]    = note: this error originates in the macro `include_str` (in Nightly builds, run with -Z macro-backtrace for more info)
[INFO] [stdout] 
[INFO] [stdout] error[E0432]: unresolved import `clap`
[INFO] [stdout]  --> src/lib.rs:46:5
[INFO] [stdout]   |
[INFO] [stdout] 6 | use clap::Parser;
[INFO] [stdout]   |     ^^^^ use of undeclared crate or module `clap`
[INFO] [stdout] 
[INFO] [stdout] error[E0432]: unresolved import `log`
[INFO] [stdout]   --> src/lib.rs:52:5
[INFO] [stdout]    |
[INFO] [stdout] 12 | use log::info;
[INFO] [stdout]    |     ^^^ use of undeclared crate or module `log`
[INFO] [stdout] 
[INFO] [stdout] error[E0433]: failed to resolve: use of undeclared crate or module `tokio`
[INFO] [stdout]   --> src/lib.rs:70:3
[INFO] [stdout]    |
[INFO] [stdout] 30 | #[tokio::main]
[INFO] [stdout]    |   ^^^^^ use of undeclared crate or module `tokio`
[INFO] [stdout] 
[INFO] [stdout] error[E0433]: failed to resolve: use of undeclared crate or module `tokio`
[INFO] [stdout]   --> src/lib.rs:135:15
[INFO] [stdout]    |
[INFO] [stdout] 95 |     let res = tokio::join!(reply_handle, send_handle);
[INFO] [stdout]    |               ^^^^^ use of undeclared crate or module `tokio`
[INFO] [stdout] 
[INFO] [stdout] error: cannot determine resolution for the macro `info`
[INFO] [stdout]   --> src/lib.rs:94:9
[INFO] [stdout]    |
[INFO] [stdout] 54 |         info!("Waiting for messages from the message hub.");
[INFO] [stdout]    |         ^^^^
[INFO] [stdout]    |
[INFO] [stdout]    = note: import resolution is stuck, try simplifying macro imports
[INFO] [stdout] 
[INFO] [stdout] error: cannot determine resolution for the macro `info`
[INFO] [stdout]   --> src/lib.rs:100:9
[INFO] [stdout]    |
[INFO] [stdout] 60 |         info!("Done receiving messages, closing the connection.");
[INFO] [stdout]    |         ^^^^
[INFO] [stdout]    |
[INFO] [stdout]    = note: import resolution is stuck, try simplifying macro imports
[INFO] [stdout] 
[INFO] [stdout] error: cannot determine resolution for the macro `info`
[INFO] [stdout]   --> src/lib.rs:131:9
[INFO] [stdout]    |
[INFO] [stdout] 91 |         info!("Done sending messages, closing the connection.");
[INFO] [stdout]    |         ^^^^
[INFO] [stdout]    |
[INFO] [stdout]    = note: import resolution is stuck, try simplifying macro imports
[INFO] [stdout] 
[INFO] [stdout] error: cannot determine resolution for the derive macro `Parser`
[INFO] [stdout]   --> src/lib.rs:55:10
[INFO] [stdout]    |
[INFO] [stdout] 15 | #[derive(Parser, Debug)]
[INFO] [stdout]    |          ^^^^^^
[INFO] [stdout]    |
[INFO] [stdout]    = note: import resolution is stuck, try simplifying macro imports
[INFO] [stdout] 
[INFO] [stdout] error: cannot find attribute `clap` in this scope
[INFO] [stdout]   --> src/lib.rs:56:3
[INFO] [stdout]    |
[INFO] [stdout] 16 | #[clap(version, about)]
[INFO] [stdout]    |   ^^^^
[INFO] [stdout] 
[INFO] [stdout] error: cannot find attribute `clap` in this scope
[INFO] [stdout]   --> src/lib.rs:62:7
[INFO] [stdout]    |
[INFO] [stdout] 22 |     #[clap(short, long)]
[INFO] [stdout]    |       ^^^^
[INFO] [stdout] 
[INFO] [stdout] error: cannot find attribute `clap` in this scope
[INFO] [stdout]   --> src/lib.rs:66:7
[INFO] [stdout]    |
[INFO] [stdout] 26 |     #[clap(short, long, default_value = "3000")]
[INFO] [stdout]    |       ^^^^
[INFO] [stdout] 
[INFO] [stdout] error[E0433]: failed to resolve: use of undeclared crate or module `tokio`
[INFO] [stdout]   --> src/lib.rs:108:28
[INFO] [stdout]    |
[INFO] [stdout] 68 |         let mut interval = tokio::time::interval(std::time::Duration::from_millis(args.time));
[INFO] [stdout]    |                            ^^^^^ use of undeclared crate or module `tokio`
[INFO] [stdout] 
[INFO] [stdout] error[E0433]: failed to resolve: use of undeclared crate or module `env_logger`
[INFO] [stdout]   --> src/lib.rs:72:5
[INFO] [stdout]    |
[INFO] [stdout] 32 |     env_logger::init();
[INFO] [stdout]    |     ^^^^^^^^^^ use of undeclared crate or module `env_logger`
[INFO] [stdout] 
[INFO] [stdout] error[E0599]: no function or associated item named `parse` found for struct `Cli` in the current scope
[INFO] [stdout]   --> src/lib.rs:73:21
[INFO] [stdout]    |
[INFO] [stdout] 17 | struct Cli {
[INFO] [stdout]    | ---------- function or associated item `parse` not found for this struct
[INFO] [stdout] ...
[INFO] [stdout] 33 |     let args = Cli::parse();
[INFO] [stdout]    |                     ^^^^^ function or associated item not found in `Cli`
[INFO] [stdout] 
[INFO] [stdout] error[E0433]: failed to resolve: use of undeclared crate or module `tokio`
[INFO] [stdout]   --> src/lib.rs:93:24
[INFO] [stdout]    |
[INFO] [stdout] 53 |     let reply_handle = tokio::spawn(async move {
[INFO] [stdout]    |                        ^^^^^ use of undeclared crate or module `tokio`
[INFO] [stdout] 
[INFO] [stdout] error[E0433]: failed to resolve: use of undeclared crate or module `tokio`
[INFO] [stdout]   --> src/lib.rs:104:23
[INFO] [stdout]    |
[INFO] [stdout] 64 |     let send_handle = tokio::spawn(async move {
[INFO] [stdout]    |                       ^^^^^ use of undeclared crate or module `tokio`
[INFO] [stdout] 
[INFO] [stdout] error[E0752]: `main` function is not allowed to be `async`
[INFO] [stdout]   --> src/lib.rs:71:1
[INFO] [stdout]    |
[INFO] [stdout] 31 | async fn main() {
[INFO] [stdout]    | ^^^^^^^^^^^^^^^ `main` function is not allowed to be `async`
[INFO] [stdout] 
[INFO] [stdout] error: aborting due to 19 previous errors
[INFO] [stdout] 
[INFO] [stdout] Some errors have detailed explanations: E0432, E0433, E0599, E0752.
[INFO] [stdout] For more information about an error, try `rustc --explain E0432`.
[INFO] [stdout] Couldn't compile the test.
[INFO] [stdout] 
[INFO] [stdout] failures:
[INFO] [stdout]     src/lib.rs - (line 42)
[INFO] [stdout] 
[INFO] [stdout] test result: FAILED. 0 passed; 1 failed; 0 ignored; 0 measured; 0 filtered out; finished in 0.11s
[INFO] [stdout] 
[INFO] [stderr] error: doctest failed, to rerun pass `--doc`
[INFO] running `Command { std: "docker" "inspect" "2c5fd72740259bfea2f8862d481b4435e2d765b4706013c929ebbe04f7b4bdcd", kill_on_drop: false }`
[INFO] running `Command { std: "docker" "rm" "-f" "2c5fd72740259bfea2f8862d481b4435e2d765b4706013c929ebbe04f7b4bdcd", kill_on_drop: false }`
[INFO] [stdout] 2c5fd72740259bfea2f8862d481b4435e2d765b4706013c929ebbe04f7b4bdcd
