[INFO] fetching crate ast-grep-language 0.14.1...
[INFO] testing ast-grep-language-0.14.1 against 1.75.0 for beta-1.76-1
[INFO] extracting crate ast-grep-language 0.14.1 into /workspace/builds/worker-0-tc1/source
[INFO] validating manifest of crates.io crate ast-grep-language 0.14.1 on toolchain 1.75.0
[INFO] running `Command { std: CARGO_HOME="/workspace/cargo-home" RUSTUP_HOME="/workspace/rustup-home" "/workspace/cargo-home/bin/cargo" "+1.75.0" "metadata" "--manifest-path" "Cargo.toml" "--no-deps", kill_on_drop: false }`
[INFO] started tweaking crates.io crate ast-grep-language 0.14.1
[INFO] finished tweaking crates.io crate ast-grep-language 0.14.1
[INFO] tweaked toml for crates.io crate ast-grep-language 0.14.1 written to /workspace/builds/worker-0-tc1/source/Cargo.toml
[INFO] running `Command { std: CARGO_HOME="/workspace/cargo-home" RUSTUP_HOME="/workspace/rustup-home" "/workspace/cargo-home/bin/cargo" "+1.75.0" "generate-lockfile" "--manifest-path" "Cargo.toml", kill_on_drop: false }`
[INFO] [stderr]     Updating crates.io index
[INFO] running `Command { std: CARGO_HOME="/workspace/cargo-home" RUSTUP_HOME="/workspace/rustup-home" "/workspace/cargo-home/bin/cargo" "+1.75.0" "fetch" "--manifest-path" "Cargo.toml", kill_on_drop: false }`
[INFO] [stderr]  Downloading crates ...
[INFO] [stderr]   Downloaded ignore v0.4.21
[INFO] [stderr]   Downloaded tree-sitter-python v0.20.4
[INFO] [stderr]   Downloaded tree-sitter-javascript v0.20.1
[INFO] [stderr]   Downloaded tree-sitter-facade-sg v0.9.2
[INFO] [stderr]   Downloaded web-tree-sitter-sg v1.3.4
[INFO] [stderr]   Downloaded bstr v1.9.0
[INFO] [stderr]   Downloaded tree-sitter-swift v0.3.6
[INFO] [stderr]   Downloaded tree-sitter-rust v0.20.4
[INFO] [stderr]   Downloaded tree-sitter-cpp v0.20.3
[INFO] [stderr]   Downloaded tree-sitter-typescript v0.20.3
[INFO] [stderr]   Downloaded ast-grep-core v0.14.4
[INFO] [stderr]   Downloaded tree-sitter-json v0.20.1
[INFO] [stderr]   Downloaded tree-sitter-lua v0.0.19
[INFO] [stderr]   Downloaded ast-grep-tree-sitter-c-sharp v0.20.0
[INFO] [stderr]   Downloaded tree-sitter-scala v0.20.2
[INFO] [stderr]   Downloaded tree-sitter-dart v0.0.3
[INFO] [stderr]   Downloaded tree-sitter-thrift v0.5.0
[INFO] [stderr]   Downloaded tree-sitter-html v0.19.0
[INFO] [stderr]   Downloaded tree-sitter-java v0.20.2
[INFO] [stderr]   Downloaded globset v0.4.14
[INFO] [stderr]   Downloaded tree-sitter-c v0.20.6
[INFO] [stderr]   Downloaded tree-sitter v0.20.10
[INFO] [stderr]   Downloaded tree-sitter-css v0.19.0
[INFO] [stderr]   Downloaded tree-sitter-go v0.19.1
[INFO] [stderr]   Downloaded tree-sitter-ruby v0.20.0
[INFO] [stderr]   Downloaded tree-sitter-kotlin v0.3.1
[INFO] running `Command { std: "docker" "create" "-v" "/var/lib/crater-agent-workspace/builds/worker-0-tc1/target:/opt/rustwide/target:rw,Z" "-v" "/var/lib/crater-agent-workspace/builds/worker-0-tc1/source:/opt/rustwide/workdir:ro,Z" "-v" "/var/lib/crater-agent-workspace/cargo-home:/opt/rustwide/cargo-home:ro,Z" "-v" "/var/lib/crater-agent-workspace/rustup-home:/opt/rustwide/rustup-home:ro,Z" "-e" "SOURCE_DIR=/opt/rustwide/workdir" "-e" "CARGO_TARGET_DIR=/opt/rustwide/target" "-e" "CARGO_HOME=/opt/rustwide/cargo-home" "-e" "RUSTUP_HOME=/opt/rustwide/rustup-home" "-w" "/opt/rustwide/workdir" "-m" "1610612736" "--user" "0:0" "--network" "none" "ghcr.io/rust-lang/crates-build-env/linux@sha256:2788e3201cd34a07e3172128adcd8b3090168a8e3bcc40d7c032b9dda1df7d1c" "/opt/rustwide/cargo-home/bin/cargo" "+1.75.0" "metadata" "--no-deps" "--format-version=1", kill_on_drop: false }`
[INFO] [stdout] 91da437cf16c4568827ec2a9ee43c9655b336fd80987624778dde53b4a7c2847
[INFO] running `Command { std: "docker" "start" "-a" "91da437cf16c4568827ec2a9ee43c9655b336fd80987624778dde53b4a7c2847", kill_on_drop: false }`
[INFO] running `Command { std: "docker" "inspect" "91da437cf16c4568827ec2a9ee43c9655b336fd80987624778dde53b4a7c2847", kill_on_drop: false }`
[INFO] running `Command { std: "docker" "rm" "-f" "91da437cf16c4568827ec2a9ee43c9655b336fd80987624778dde53b4a7c2847", kill_on_drop: false }`
[INFO] [stdout] 91da437cf16c4568827ec2a9ee43c9655b336fd80987624778dde53b4a7c2847
[INFO] running `Command { std: "docker" "create" "-v" "/var/lib/crater-agent-workspace/builds/worker-0-tc1/target:/opt/rustwide/target:rw,Z" "-v" "/var/lib/crater-agent-workspace/builds/worker-0-tc1/source:/opt/rustwide/workdir:ro,Z" "-v" "/var/lib/crater-agent-workspace/cargo-home:/opt/rustwide/cargo-home:ro,Z" "-v" "/var/lib/crater-agent-workspace/rustup-home:/opt/rustwide/rustup-home:ro,Z" "-e" "SOURCE_DIR=/opt/rustwide/workdir" "-e" "CARGO_TARGET_DIR=/opt/rustwide/target" "-e" "CARGO_INCREMENTAL=0" "-e" "RUST_BACKTRACE=full" "-e" "RUSTFLAGS=--cap-lints=warn" "-e" "RUSTDOCFLAGS=--cap-lints=warn" "-e" "CARGO_HOME=/opt/rustwide/cargo-home" "-e" "RUSTUP_HOME=/opt/rustwide/rustup-home" "-w" "/opt/rustwide/workdir" "-m" "1610612736" "--user" "0:0" "--network" "none" "ghcr.io/rust-lang/crates-build-env/linux@sha256:2788e3201cd34a07e3172128adcd8b3090168a8e3bcc40d7c032b9dda1df7d1c" "/opt/rustwide/cargo-home/bin/cargo" "+1.75.0" "build" "--frozen" "--message-format=json", kill_on_drop: false }`
[INFO] [stdout] de574b4568155fee4434cd8a460eb05c8f3c447169d2b38eb9ba5d709680b11e
[INFO] running `Command { std: "docker" "start" "-a" "de574b4568155fee4434cd8a460eb05c8f3c447169d2b38eb9ba5d709680b11e", kill_on_drop: false }`
[INFO] [stderr]    Compiling libc v0.2.151
[INFO] [stderr]    Compiling regex-automata v0.4.3
[INFO] [stderr]    Compiling syn v2.0.48
[INFO] [stderr]    Compiling once_cell v1.19.0
[INFO] [stderr]    Compiling crossbeam-utils v0.8.18
[INFO] [stderr]    Compiling bstr v1.9.0
[INFO] [stderr]    Compiling bit-vec v0.6.3
[INFO] [stderr]    Compiling same-file v1.0.6
[INFO] [stderr]    Compiling walkdir v2.4.0
[INFO] [stderr]    Compiling bit-set v0.5.3
[INFO] [stderr]    Compiling crossbeam-epoch v0.9.17
[INFO] [stderr]    Compiling crossbeam-deque v0.8.4
[INFO] [stderr]    Compiling cc v1.0.83
[INFO] [stderr]    Compiling tree-sitter v0.20.10
[INFO] [stderr]    Compiling tree-sitter-java v0.20.2
[INFO] [stderr]    Compiling tree-sitter-scala v0.20.2
[INFO] [stderr]    Compiling tree-sitter-ruby v0.20.0
[INFO] [stderr]    Compiling tree-sitter-typescript v0.20.3
[INFO] [stderr]    Compiling tree-sitter-json v0.20.1
[INFO] [stderr]    Compiling regex v1.10.2
[INFO] [stderr]    Compiling tree-sitter-c v0.20.6
[INFO] [stderr]    Compiling tree-sitter-cpp v0.20.3
[INFO] [stderr]    Compiling tree-sitter-lua v0.0.19
[INFO] [stderr]    Compiling tree-sitter-dart v0.0.3
[INFO] [stderr]    Compiling wasm-bindgen-backend v0.2.89
[INFO] [stderr]    Compiling tree-sitter-swift v0.3.6
[INFO] [stderr]    Compiling tree-sitter-rust v0.20.4
[INFO] [stderr]    Compiling tree-sitter-go v0.19.1
[INFO] [stderr]    Compiling tree-sitter-kotlin v0.3.1
[INFO] [stderr]    Compiling tree-sitter-javascript v0.20.1
[INFO] [stderr]    Compiling tree-sitter-css v0.19.0
[INFO] [stderr]    Compiling tree-sitter-python v0.20.4
[INFO] [stderr]    Compiling tree-sitter-thrift v0.5.0
[INFO] [stderr]    Compiling ast-grep-tree-sitter-c-sharp v0.20.0
[INFO] [stderr]    Compiling tree-sitter-html v0.19.0
[INFO] [stderr]    Compiling wasm-bindgen-macro-support v0.2.89
[INFO] [stderr]    Compiling wasm-bindgen-macro v0.2.89
[INFO] [stderr]    Compiling thiserror-impl v1.0.56
[INFO] [stderr]    Compiling serde_derive v1.0.194
[INFO] [stderr]    Compiling wasm-bindgen v0.2.89
[INFO] [stderr]    Compiling tree-sitter-facade-sg v0.9.2
[INFO] [stderr]    Compiling thiserror v1.0.56
[INFO] [stderr]    Compiling globset v0.4.14
[INFO] [stderr]    Compiling serde v1.0.194
[INFO] [stderr]    Compiling ignore v0.4.21
[INFO] [stderr]    Compiling ast-grep-core v0.14.4
[INFO] [stderr]    Compiling ast-grep-language v0.14.1 (/opt/rustwide/workdir)
[INFO] [stderr]     Finished dev [unoptimized + debuginfo] target(s) in 22.89s
[INFO] running `Command { std: "docker" "inspect" "de574b4568155fee4434cd8a460eb05c8f3c447169d2b38eb9ba5d709680b11e", kill_on_drop: false }`
[INFO] running `Command { std: "docker" "rm" "-f" "de574b4568155fee4434cd8a460eb05c8f3c447169d2b38eb9ba5d709680b11e", kill_on_drop: false }`
[INFO] [stdout] de574b4568155fee4434cd8a460eb05c8f3c447169d2b38eb9ba5d709680b11e
[INFO] running `Command { std: "docker" "create" "-v" "/var/lib/crater-agent-workspace/builds/worker-0-tc1/target:/opt/rustwide/target:rw,Z" "-v" "/var/lib/crater-agent-workspace/builds/worker-0-tc1/source:/opt/rustwide/workdir:ro,Z" "-v" "/var/lib/crater-agent-workspace/cargo-home:/opt/rustwide/cargo-home:ro,Z" "-v" "/var/lib/crater-agent-workspace/rustup-home:/opt/rustwide/rustup-home:ro,Z" "-e" "SOURCE_DIR=/opt/rustwide/workdir" "-e" "CARGO_TARGET_DIR=/opt/rustwide/target" "-e" "CARGO_INCREMENTAL=0" "-e" "RUST_BACKTRACE=full" "-e" "RUSTFLAGS=--cap-lints=warn" "-e" "RUSTDOCFLAGS=--cap-lints=warn" "-e" "CARGO_HOME=/opt/rustwide/cargo-home" "-e" "RUSTUP_HOME=/opt/rustwide/rustup-home" "-w" "/opt/rustwide/workdir" "-m" "1610612736" "--user" "0:0" "--network" "none" "ghcr.io/rust-lang/crates-build-env/linux@sha256:2788e3201cd34a07e3172128adcd8b3090168a8e3bcc40d7c032b9dda1df7d1c" "/opt/rustwide/cargo-home/bin/cargo" "+1.75.0" "test" "--frozen" "--no-run" "--message-format=json", kill_on_drop: false }`
[INFO] [stdout] e0cb7dcdb2f229e986e1ce115ec6d1b621a78aa7503f365abebf68882ff5667d
[INFO] running `Command { std: "docker" "start" "-a" "e0cb7dcdb2f229e986e1ce115ec6d1b621a78aa7503f365abebf68882ff5667d", kill_on_drop: false }`
[INFO] [stderr]    Compiling ast-grep-language v0.14.1 (/opt/rustwide/workdir)
[INFO] [stderr]     Finished test [unoptimized + debuginfo] target(s) in 3.35s
[INFO] running `Command { std: "docker" "inspect" "e0cb7dcdb2f229e986e1ce115ec6d1b621a78aa7503f365abebf68882ff5667d", kill_on_drop: false }`
[INFO] running `Command { std: "docker" "rm" "-f" "e0cb7dcdb2f229e986e1ce115ec6d1b621a78aa7503f365abebf68882ff5667d", kill_on_drop: false }`
[INFO] [stdout] e0cb7dcdb2f229e986e1ce115ec6d1b621a78aa7503f365abebf68882ff5667d
[INFO] running `Command { std: "docker" "create" "-v" "/var/lib/crater-agent-workspace/builds/worker-0-tc1/target:/opt/rustwide/target:rw,Z" "-v" "/var/lib/crater-agent-workspace/builds/worker-0-tc1/source:/opt/rustwide/workdir:ro,Z" "-v" "/var/lib/crater-agent-workspace/cargo-home:/opt/rustwide/cargo-home:ro,Z" "-v" "/var/lib/crater-agent-workspace/rustup-home:/opt/rustwide/rustup-home:ro,Z" "-e" "SOURCE_DIR=/opt/rustwide/workdir" "-e" "CARGO_TARGET_DIR=/opt/rustwide/target" "-e" "CARGO_INCREMENTAL=0" "-e" "RUST_BACKTRACE=full" "-e" "RUSTFLAGS=--cap-lints=warn" "-e" "RUSTDOCFLAGS=--cap-lints=warn" "-e" "CARGO_HOME=/opt/rustwide/cargo-home" "-e" "RUSTUP_HOME=/opt/rustwide/rustup-home" "-w" "/opt/rustwide/workdir" "-m" "1610612736" "--user" "0:0" "--network" "none" "ghcr.io/rust-lang/crates-build-env/linux@sha256:2788e3201cd34a07e3172128adcd8b3090168a8e3bcc40d7c032b9dda1df7d1c" "/opt/rustwide/cargo-home/bin/cargo" "+1.75.0" "test" "--frozen", kill_on_drop: false }`
[INFO] [stdout] 9818c94967fe2e648446e9f68cc42d85f69faf003d335eb23757703164d25cfe
[INFO] running `Command { std: "docker" "start" "-a" "9818c94967fe2e648446e9f68cc42d85f69faf003d335eb23757703164d25cfe", kill_on_drop: false }`
[INFO] [stderr]     Finished test [unoptimized + debuginfo] target(s) in 0.06s
[INFO] [stderr]      Running unittests src/lib.rs (/opt/rustwide/target/debug/deps/ast_grep_language-db7d4d4d3d32f31c)
[INFO] [stdout] 
[INFO] [stdout] running 35 tests
[INFO] [stdout] test cpp::test_cpp_replace ... ok
[INFO] [stdout] test css::test_css_replace ... ok
[INFO] [stdout] test cpp::test_cpp_pattern ... ok
[INFO] [stdout] test css::test_css_pattern ... ok
[INFO] [stdout] test go::test_go_str ... ok
[INFO] [stdout] test json::test_json_pattern ... ok
[INFO] [stdout] test go::test_go_pattern ... ok
[INFO] [stdout] test go::test_go_replace ... ok
[INFO] [stdout] test csharp::test_c_sharp_replace ... ok
[INFO] [stdout] test json::test_json_str ... ok
[INFO] [stdout] test lua::test_lua_pattern ... ok
[INFO] [stdout] test json::test_json_replace ... ok
[INFO] [stdout] test csharp::test_c_sharp_pattern ... ok
[INFO] [stdout] test python::test_python_replace ... ok
[INFO] [stdout] test kotlin::test_kotlin_pattern ... ok
[INFO] [stdout] test lua::test_lua_replace ... ok
[INFO] [stdout] test python::test_python_str ... ok
[INFO] [stdout] test ruby::test_ruby_pattern ... ok
[INFO] [stdout] test kotlin::test_kotlin_str ... ok
[INFO] [stdout] test kotlin::test_kotlin_replace ... ok
[INFO] [stdout] test ruby::test_ruby_replace ... ok
[INFO] [stdout] test ruby::test_ruby_tree_sitter_panic ... ok
[INFO] [stdout] test rust::test_rust_pattern ... ok
[INFO] [stdout] test rust::test_rust_wildcard_pattern ... ok
[INFO] [stdout] test rust::test_rust_spread_syntax ... ok
[INFO] [stdout] test rust::test_rust_replace ... ok
[INFO] [stdout] test scala::test_scala_pattern ... ok
[INFO] [stdout] test swift::test_swift_pattern ... ok
[INFO] [stdout] test scala::test_scala_replace ... ok
[INFO] [stdout] test swift::test_swift_str ... ok
[INFO] [stdout] test test::test_guess_by_extension ... ok
[INFO] [stdout] test scala::test_scala_str ... ok
[INFO] [stdout] test swift::test_swift_replace ... ok
[INFO] [stdout] test test::test_js_string ... ok
[INFO] [stdout] test python::test_python_pattern ... FAILED
[INFO] [stdout] 
[INFO] [stdout] failures:
[INFO] [stdout] 
[INFO] [stdout] ---- python::test_python_pattern stdout ----
[INFO] [stdout] thread 'python::test_python_pattern' panicked at src/lib.rs:355:5:
[INFO] [stdout] goal: (match_statement subject: (identifier) body: (block alternative: (case_clause (case_pattern (dotted_name (identifier))) consequence: (block (expression_statement (identifier)))) alternative: (case_clause (case_pattern (list_pattern (case_pattern (class_pattern (dotted_name (identifier)) (case_pattern (integer)) (case_pattern (integer)))))) consequence: (block (expression_statement (identifier)))) alternative: (case_clause (case_pattern (list_pattern (case_pattern (class_pattern (dotted_name (identifier)) (case_pattern (dotted_name (identifier))) (case_pattern (dotted_name (identifier))))))) consequence: (block (expression_statement (identifier)))) alternative: (case_clause (case_pattern (list_pattern (case_pattern (class_pattern (dotted_name (identifier)) (case_pattern (integer)) (case_pattern (dotted_name (identifier))))) (case_pattern (class_pattern (dotted_name (identifier)) (case_pattern (integer)) (case_pattern (dotted_name (identifier))))))) consequence: (block (expression_statement (identifier)))) alternative: (case_clause (case_pattern) consequence: (block (expression_statement (identifier)))))), candidate: (module (match_statement subject: (identifier) body: (block alternative: (case_clause (case_pattern (list_pattern)) consequence: (block (expression_statement (call function: (identifier) arguments: (argument_list (string (string_start) (string_content) (string_end))))))) alternative: (case_clause (case_pattern (list_pattern (case_pattern (class_pattern (dotted_name (identifier)) (case_pattern (integer)) (case_pattern (integer)))))) consequence: (block (expression_statement (call function: (identifier) arguments: (argument_list (string (string_start) (string_content) (string_end))))))) alternative: (case_clause (case_pattern (list_pattern (case_pattern (class_pattern (dotted_name (identifier)) (case_pattern (dotted_name (identifier))) (case_pattern (dotted_name (identifier))))))) consequence: (block (expression_statement (call function: (identifier) arguments: (argument_list (string (string_start) (string_content) (interpolation expression: (identifier)) (string_content) (interpolation expression: (identifier)) (string_end))))))) alternative: (case_clause (case_pattern (list_pattern (case_pattern (class_pattern (dotted_name (identifier)) (case_pattern (integer)) (case_pattern (dotted_name (identifier))))) (case_pattern (class_pattern (dotted_name (identifier)) (case_pattern (integer)) (case_pattern (dotted_name (identifier))))))) consequence: (block (expression_statement (call function: (identifier) arguments: (argument_list (string (string_start) (string_content) (interpolation expression: (identifier)) (string_content) (interpolation expression: (identifier)) (string_end))))))) alternative: (case_clause (case_pattern) consequence: (block (expression_statement (call function: (identifier) arguments: (argument_list (string (string_start) (string_content) (string_end))))))))))
[INFO] [stdout] stack backtrace:
[INFO] [stdout]    0:     0x55ec5037046c - std::backtrace_rs::backtrace::libunwind::trace::ha637c64ce894333a
[INFO] [stdout]                                at /rustc/82e1608dfa6e0b5569232559e3d385fea5a93112/library/std/src/../../backtrace/src/backtrace/libunwind.rs:104:5
[INFO] [stdout]    1:     0x55ec5037046c - std::backtrace_rs::backtrace::trace_unsynchronized::h47f62dea28e0c88d
[INFO] [stdout]                                at /rustc/82e1608dfa6e0b5569232559e3d385fea5a93112/library/std/src/../../backtrace/src/backtrace/mod.rs:66:5
[INFO] [stdout]    2:     0x55ec5037046c - std::sys_common::backtrace::_print_fmt::h9eef0abe20ede486
[INFO] [stdout]                                at /rustc/82e1608dfa6e0b5569232559e3d385fea5a93112/library/std/src/sys_common/backtrace.rs:67:5
[INFO] [stdout]    3:     0x55ec5037046c - <std::sys_common::backtrace::_print::DisplayBacktrace as core::fmt::Display>::fmt::hed7f999df88cc644
[INFO] [stdout]                                at /rustc/82e1608dfa6e0b5569232559e3d385fea5a93112/library/std/src/sys_common/backtrace.rs:44:22
[INFO] [stdout]    4:     0x55ec50399fb0 - core::fmt::rt::Argument::fmt::h1539a9308b8d058d
[INFO] [stdout]                                at /rustc/82e1608dfa6e0b5569232559e3d385fea5a93112/library/core/src/fmt/rt.rs:142:9
[INFO] [stdout]    5:     0x55ec50399fb0 - core::fmt::write::h3a39390d8560d9c9
[INFO] [stdout]                                at /rustc/82e1608dfa6e0b5569232559e3d385fea5a93112/library/core/src/fmt/mod.rs:1120:17
[INFO] [stdout]    6:     0x55ec5036de1f - std::io::Write::write_fmt::h040b369f3a0f9cbc
[INFO] [stdout]                                at /rustc/82e1608dfa6e0b5569232559e3d385fea5a93112/library/std/src/io/mod.rs:1762:15
[INFO] [stdout]    7:     0x55ec50370254 - std::sys_common::backtrace::_print::h894006fb5c6f3d45
[INFO] [stdout]                                at /rustc/82e1608dfa6e0b5569232559e3d385fea5a93112/library/std/src/sys_common/backtrace.rs:47:5
[INFO] [stdout]    8:     0x55ec50370254 - std::sys_common::backtrace::print::h23a2d212c6fff936
[INFO] [stdout]                                at /rustc/82e1608dfa6e0b5569232559e3d385fea5a93112/library/std/src/sys_common/backtrace.rs:34:9
[INFO] [stdout]    9:     0x55ec50371f17 - std::panicking::default_hook::{{closure}}::h8a1d2ee00185001a
[INFO] [stdout]   10:     0x55ec50371c03 - std::panicking::default_hook::h6038f2eba384e475
[INFO] [stdout]                                at /rustc/82e1608dfa6e0b5569232559e3d385fea5a93112/library/std/src/panicking.rs:289:9
[INFO] [stdout]   11:     0x55ec50318807 - <alloc::boxed::Box<F,A> as core::ops::function::Fn<Args>>::call::h0ad024c9bdc6d768
[INFO] [stdout]                                at /rustc/82e1608dfa6e0b5569232559e3d385fea5a93112/library/alloc/src/boxed.rs:2021:9
[INFO] [stdout]   12:     0x55ec50318807 - test::test_main::{{closure}}::h7500b54257359db6
[INFO] [stdout]                                at /rustc/82e1608dfa6e0b5569232559e3d385fea5a93112/library/test/src/lib.rs:138:21
[INFO] [stdout]   13:     0x55ec50372528 - <alloc::boxed::Box<F,A> as core::ops::function::Fn<Args>>::call::h1f8f335eaa9cfaee
[INFO] [stdout]                                at /rustc/82e1608dfa6e0b5569232559e3d385fea5a93112/library/alloc/src/boxed.rs:2021:9
[INFO] [stdout]   14:     0x55ec50372528 - std::panicking::rust_panic_with_hook::h2b5517d590cab22e
[INFO] [stdout]                                at /rustc/82e1608dfa6e0b5569232559e3d385fea5a93112/library/std/src/panicking.rs:783:13
[INFO] [stdout]   15:     0x55ec5037227e - std::panicking::begin_panic_handler::{{closure}}::h233112c06e0ef43e
[INFO] [stdout]                                at /rustc/82e1608dfa6e0b5569232559e3d385fea5a93112/library/std/src/panicking.rs:657:13
[INFO] [stdout]   16:     0x55ec50370936 - std::sys_common::backtrace::__rust_end_short_backtrace::h6e893f24d7ebbff8
[INFO] [stdout]                                at /rustc/82e1608dfa6e0b5569232559e3d385fea5a93112/library/std/src/sys_common/backtrace.rs:170:18
[INFO] [stdout]   17:     0x55ec50371fe2 - rust_begin_unwind
[INFO] [stdout]                                at /rustc/82e1608dfa6e0b5569232559e3d385fea5a93112/library/std/src/panicking.rs:645:5
[INFO] [stdout]   18:     0x55ec4ffb6fa5 - core::panicking::panic_fmt::hbf0e066aabfa482c
[INFO] [stdout]                                at /rustc/82e1608dfa6e0b5569232559e3d385fea5a93112/library/core/src/panicking.rs:72:14
[INFO] [stdout]   19:     0x55ec500c9daf - ast_grep_language::test::test_match_lang::hdcaded20c8a34f52
[INFO] [stdout]                                at /opt/rustwide/workdir/src/lib.rs:355:5
[INFO] [stdout]   20:     0x55ec5007440d - ast_grep_language::python::test_match::ha4567b074a3d708f
[INFO] [stdout]                                at /opt/rustwide/workdir/src/python.rs:8:3
[INFO] [stdout]   21:     0x55ec50074c7b - ast_grep_language::python::test_python_pattern::h0bf8fa0547c81f64
[INFO] [stdout]                                at /opt/rustwide/workdir/src/python.rs:28:3
[INFO] [stdout]   22:     0x55ec50074c27 - ast_grep_language::python::test_python_pattern::{{closure}}::hee4e7028f061a0d0
[INFO] [stdout]                                at /opt/rustwide/workdir/src/python.rs:25:25
[INFO] [stdout]   23:     0x55ec5006b486 - core::ops::function::FnOnce::call_once::hb3ffc7ff52256d95
[INFO] [stdout]                                at /rustc/82e1608dfa6e0b5569232559e3d385fea5a93112/library/core/src/ops/function.rs:250:5
[INFO] [stdout]   24:     0x55ec5031de5f - core::ops::function::FnOnce::call_once::h2b5d431d5046312d
[INFO] [stdout]                                at /rustc/82e1608dfa6e0b5569232559e3d385fea5a93112/library/core/src/ops/function.rs:250:5
[INFO] [stdout]   25:     0x55ec5031de5f - test::__rust_begin_short_backtrace::h7714669af176e207
[INFO] [stdout]                                at /rustc/82e1608dfa6e0b5569232559e3d385fea5a93112/library/test/src/lib.rs:628:18
[INFO] [stdout]   26:     0x55ec5031ce75 - test::run_test_in_process::{{closure}}::h85218797dcbcec12
[INFO] [stdout]                                at /rustc/82e1608dfa6e0b5569232559e3d385fea5a93112/library/test/src/lib.rs:651:60
[INFO] [stdout]   27:     0x55ec5031ce75 - <core::panic::unwind_safe::AssertUnwindSafe<F> as core::ops::function::FnOnce<()>>::call_once::h76c106ea31c14d7b
[INFO] [stdout]                                at /rustc/82e1608dfa6e0b5569232559e3d385fea5a93112/library/core/src/panic/unwind_safe.rs:272:9
[INFO] [stdout]   28:     0x55ec5031ce75 - std::panicking::try::do_call::h3bd5d0f6620ee946
[INFO] [stdout]                                at /rustc/82e1608dfa6e0b5569232559e3d385fea5a93112/library/std/src/panicking.rs:552:40
[INFO] [stdout]   29:     0x55ec5031ce75 - std::panicking::try::h232e535e4744fe31
[INFO] [stdout]                                at /rustc/82e1608dfa6e0b5569232559e3d385fea5a93112/library/std/src/panicking.rs:516:19
[INFO] [stdout]   30:     0x55ec5031ce75 - std::panic::catch_unwind::h3ce3bd6ca8dbac68
[INFO] [stdout]                                at /rustc/82e1608dfa6e0b5569232559e3d385fea5a93112/library/std/src/panic.rs:142:14
[INFO] [stdout]   31:     0x55ec5031ce75 - test::run_test_in_process::hc97b257c9621286a
[INFO] [stdout]                                at /rustc/82e1608dfa6e0b5569232559e3d385fea5a93112/library/test/src/lib.rs:651:27
[INFO] [stdout]   32:     0x55ec5031ce75 - test::run_test::{{closure}}::h2aa798823a438d38
[INFO] [stdout]                                at /rustc/82e1608dfa6e0b5569232559e3d385fea5a93112/library/test/src/lib.rs:574:43
[INFO] [stdout]   33:     0x55ec502e5136 - test::run_test::{{closure}}::h87d231c78fb59832
[INFO] [stdout]                                at /rustc/82e1608dfa6e0b5569232559e3d385fea5a93112/library/test/src/lib.rs:602:41
[INFO] [stdout]   34:     0x55ec502e5136 - std::sys_common::backtrace::__rust_begin_short_backtrace::he6df152596625789
[INFO] [stdout]                                at /rustc/82e1608dfa6e0b5569232559e3d385fea5a93112/library/std/src/sys_common/backtrace.rs:154:18
[INFO] [stdout]   35:     0x55ec502ea1e7 - std::thread::Builder::spawn_unchecked_::{{closure}}::{{closure}}::ha94be15d1e0acf36
[INFO] [stdout]                                at /rustc/82e1608dfa6e0b5569232559e3d385fea5a93112/library/std/src/thread/mod.rs:529:17
[INFO] [stdout]   36:     0x55ec502ea1e7 - <core::panic::unwind_safe::AssertUnwindSafe<F> as core::ops::function::FnOnce<()>>::call_once::h9dc6bd6372f16606
[INFO] [stdout]                                at /rustc/82e1608dfa6e0b5569232559e3d385fea5a93112/library/core/src/panic/unwind_safe.rs:272:9
[INFO] [stdout]   37:     0x55ec502ea1e7 - std::panicking::try::do_call::h9057517f80303cd4
[INFO] [stdout]                                at /rustc/82e1608dfa6e0b5569232559e3d385fea5a93112/library/std/src/panicking.rs:552:40
[INFO] [stdout]   38:     0x55ec502ea1e7 - std::panicking::try::he3a30b11ee45340c
[INFO] [stdout]                                at /rustc/82e1608dfa6e0b5569232559e3d385fea5a93112/library/std/src/panicking.rs:516:19
[INFO] [stdout]   39:     0x55ec502ea1e7 - std::panic::catch_unwind::h410458cfd3528b8b
[INFO] [stdout]                                at /rustc/82e1608dfa6e0b5569232559e3d385fea5a93112/library/std/src/panic.rs:142:14
[INFO] [stdout]   40:     0x55ec502ea1e7 - std::thread::Builder::spawn_unchecked_::{{closure}}::h72ac3bdb567b737b
[INFO] [stdout]                                at /rustc/82e1608dfa6e0b5569232559e3d385fea5a93112/library/std/src/thread/mod.rs:528:30
[INFO] [stdout]   41:     0x55ec502ea1e7 - core::ops::function::FnOnce::call_once{{vtable.shim}}::h38f34da3654a8344
[INFO] [stdout]                                at /rustc/82e1608dfa6e0b5569232559e3d385fea5a93112/library/core/src/ops/function.rs:250:5
[INFO] [stdout]   42:     0x55ec50376fb5 - <alloc::boxed::Box<F,A> as core::ops::function::FnOnce<Args>>::call_once::hc7eafaff61e32df9
[INFO] [stdout]                                at /rustc/82e1608dfa6e0b5569232559e3d385fea5a93112/library/alloc/src/boxed.rs:2007:9
[INFO] [stdout]   43:     0x55ec50376fb5 - <alloc::boxed::Box<F,A> as core::ops::function::FnOnce<Args>>::call_once::h6ba4a5de48dd2304
[INFO] [stdout]                                at /rustc/82e1608dfa6e0b5569232559e3d385fea5a93112/library/alloc/src/boxed.rs:2007:9
[INFO] [stdout]   44:     0x55ec50376fb5 - std::sys::unix::thread::Thread::new::thread_start::he469335aef763e45
[INFO] [stdout]                                at /rustc/82e1608dfa6e0b5569232559e3d385fea5a93112/library/std/src/sys/unix/thread.rs:108:17
[INFO] [stdout]   45:     0x7fca6a713ac3 - <unknown>
[INFO] [stdout]   46:     0x7fca6a7a4bf4 - __clone
[INFO] [stdout]   47:                0x0 - <unknown>
[INFO] [stdout] 
[INFO] [stdout] 
[INFO] [stdout] failures:
[INFO] [stdout]     python::test_python_pattern
[INFO] [stdout] 
[INFO] [stdout] test result: FAILED. 34 passed; 1 failed; 0 ignored; 0 measured; 0 filtered out; finished in 0.18s
[INFO] [stdout] 
[INFO] [stderr] error: test failed, to rerun pass `--lib`
[INFO] running `Command { std: "docker" "inspect" "9818c94967fe2e648446e9f68cc42d85f69faf003d335eb23757703164d25cfe", kill_on_drop: false }`
[INFO] running `Command { std: "docker" "rm" "-f" "9818c94967fe2e648446e9f68cc42d85f69faf003d335eb23757703164d25cfe", kill_on_drop: false }`
[INFO] [stdout] 9818c94967fe2e648446e9f68cc42d85f69faf003d335eb23757703164d25cfe
