[INFO] fetching crate asn1obj 0.1.6...
[INFO] testing asn1obj-0.1.6 against 1.75.0 for beta-1.76-1
[INFO] extracting crate asn1obj 0.1.6 into /workspace/builds/worker-2-tc1/source
[INFO] validating manifest of crates.io crate asn1obj 0.1.6 on toolchain 1.75.0
[INFO] running `Command { std: CARGO_HOME="/workspace/cargo-home" RUSTUP_HOME="/workspace/rustup-home" "/workspace/cargo-home/bin/cargo" "+1.75.0" "metadata" "--manifest-path" "Cargo.toml" "--no-deps", kill_on_drop: false }`
[INFO] started tweaking crates.io crate asn1obj 0.1.6
[INFO] finished tweaking crates.io crate asn1obj 0.1.6
[INFO] tweaked toml for crates.io crate asn1obj 0.1.6 written to /workspace/builds/worker-2-tc1/source/Cargo.toml
[INFO] running `Command { std: CARGO_HOME="/workspace/cargo-home" RUSTUP_HOME="/workspace/rustup-home" "/workspace/cargo-home/bin/cargo" "+1.75.0" "generate-lockfile" "--manifest-path" "Cargo.toml", kill_on_drop: false }`
[INFO] [stderr]     Blocking waiting for file lock on package cache
[INFO] [stderr]     Updating crates.io index
[INFO] running `Command { std: CARGO_HOME="/workspace/cargo-home" RUSTUP_HOME="/workspace/rustup-home" "/workspace/cargo-home/bin/cargo" "+1.75.0" "fetch" "--manifest-path" "Cargo.toml", kill_on_drop: false }`
[INFO] [stderr]  Downloading crates ...
[INFO] [stderr]   Downloaded asn1obj_codegen v0.1.0
[INFO] running `Command { std: "docker" "create" "-v" "/var/lib/crater-agent-workspace/builds/worker-2-tc1/target:/opt/rustwide/target:rw,Z" "-v" "/var/lib/crater-agent-workspace/builds/worker-2-tc1/source:/opt/rustwide/workdir:ro,Z" "-v" "/var/lib/crater-agent-workspace/cargo-home:/opt/rustwide/cargo-home:ro,Z" "-v" "/var/lib/crater-agent-workspace/rustup-home:/opt/rustwide/rustup-home:ro,Z" "-e" "SOURCE_DIR=/opt/rustwide/workdir" "-e" "CARGO_TARGET_DIR=/opt/rustwide/target" "-e" "CARGO_HOME=/opt/rustwide/cargo-home" "-e" "RUSTUP_HOME=/opt/rustwide/rustup-home" "-w" "/opt/rustwide/workdir" "-m" "1610612736" "--user" "0:0" "--network" "none" "ghcr.io/rust-lang/crates-build-env/linux@sha256:2788e3201cd34a07e3172128adcd8b3090168a8e3bcc40d7c032b9dda1df7d1c" "/opt/rustwide/cargo-home/bin/cargo" "+1.75.0" "metadata" "--no-deps" "--format-version=1", kill_on_drop: false }`
[INFO] [stdout] 83e340c906406c22a3a916384c74af703a45f3ab0d094ebe983c92170c8687bc
[INFO] running `Command { std: "docker" "start" "-a" "83e340c906406c22a3a916384c74af703a45f3ab0d094ebe983c92170c8687bc", kill_on_drop: false }`
[INFO] running `Command { std: "docker" "inspect" "83e340c906406c22a3a916384c74af703a45f3ab0d094ebe983c92170c8687bc", kill_on_drop: false }`
[INFO] running `Command { std: "docker" "rm" "-f" "83e340c906406c22a3a916384c74af703a45f3ab0d094ebe983c92170c8687bc", kill_on_drop: false }`
[INFO] [stdout] 83e340c906406c22a3a916384c74af703a45f3ab0d094ebe983c92170c8687bc
[INFO] running `Command { std: "docker" "create" "-v" "/var/lib/crater-agent-workspace/builds/worker-2-tc1/target:/opt/rustwide/target:rw,Z" "-v" "/var/lib/crater-agent-workspace/builds/worker-2-tc1/source:/opt/rustwide/workdir:ro,Z" "-v" "/var/lib/crater-agent-workspace/cargo-home:/opt/rustwide/cargo-home:ro,Z" "-v" "/var/lib/crater-agent-workspace/rustup-home:/opt/rustwide/rustup-home:ro,Z" "-e" "SOURCE_DIR=/opt/rustwide/workdir" "-e" "CARGO_TARGET_DIR=/opt/rustwide/target" "-e" "CARGO_INCREMENTAL=0" "-e" "RUST_BACKTRACE=full" "-e" "RUSTFLAGS=--cap-lints=warn" "-e" "RUSTDOCFLAGS=--cap-lints=warn" "-e" "CARGO_HOME=/opt/rustwide/cargo-home" "-e" "RUSTUP_HOME=/opt/rustwide/rustup-home" "-w" "/opt/rustwide/workdir" "-m" "1610612736" "--user" "0:0" "--network" "none" "ghcr.io/rust-lang/crates-build-env/linux@sha256:2788e3201cd34a07e3172128adcd8b3090168a8e3bcc40d7c032b9dda1df7d1c" "/opt/rustwide/cargo-home/bin/cargo" "+1.75.0" "build" "--frozen" "--message-format=json", kill_on_drop: false }`
[INFO] [stdout] 2f6dd12878ad777ab8ae17ddfebe0d644e515c72047f3bf84c8d87e9ea530ac7
[INFO] running `Command { std: "docker" "start" "-a" "2f6dd12878ad777ab8ae17ddfebe0d644e515c72047f3bf84c8d87e9ea530ac7", kill_on_drop: false }`
[INFO] [stderr]    Compiling num-traits v0.2.17
[INFO] [stderr]    Compiling cfg-if v1.0.0
[INFO] [stderr]    Compiling proc-macro2 v1.0.75
[INFO] [stderr]    Compiling libc v0.2.151
[INFO] [stderr]    Compiling iana-time-zone v0.1.59
[INFO] [stderr]    Compiling serde v1.0.194
[INFO] [stderr]    Compiling syn v1.0.109
[INFO] [stderr]    Compiling ppv-lite86 v0.2.17
[INFO] [stderr]    Compiling num-bigint v0.4.4
[INFO] [stderr]    Compiling bytes v0.5.6
[INFO] [stderr]    Compiling getrandom v0.2.11
[INFO] [stderr]    Compiling rand_core v0.6.4
[INFO] [stderr]    Compiling quote v1.0.35
[INFO] [stderr]    Compiling rand_chacha v0.3.1
[INFO] [stderr]    Compiling rand v0.8.5
[INFO] [stderr]    Compiling chrono v0.4.31
[INFO] [stderr]    Compiling num-integer v0.1.45
[INFO] [stderr]    Compiling serde_json v1.0.111
[INFO] [stderr]    Compiling asn1obj_codegen v0.1.0
[INFO] [stderr]    Compiling asn1obj v0.1.6 (/opt/rustwide/workdir)
[INFO] [stderr]     Finished dev [unoptimized + debuginfo] target(s) in 6.83s
[INFO] running `Command { std: "docker" "inspect" "2f6dd12878ad777ab8ae17ddfebe0d644e515c72047f3bf84c8d87e9ea530ac7", kill_on_drop: false }`
[INFO] running `Command { std: "docker" "rm" "-f" "2f6dd12878ad777ab8ae17ddfebe0d644e515c72047f3bf84c8d87e9ea530ac7", kill_on_drop: false }`
[INFO] [stdout] 2f6dd12878ad777ab8ae17ddfebe0d644e515c72047f3bf84c8d87e9ea530ac7
[INFO] running `Command { std: "docker" "create" "-v" "/var/lib/crater-agent-workspace/builds/worker-2-tc1/target:/opt/rustwide/target:rw,Z" "-v" "/var/lib/crater-agent-workspace/builds/worker-2-tc1/source:/opt/rustwide/workdir:ro,Z" "-v" "/var/lib/crater-agent-workspace/cargo-home:/opt/rustwide/cargo-home:ro,Z" "-v" "/var/lib/crater-agent-workspace/rustup-home:/opt/rustwide/rustup-home:ro,Z" "-e" "SOURCE_DIR=/opt/rustwide/workdir" "-e" "CARGO_TARGET_DIR=/opt/rustwide/target" "-e" "CARGO_INCREMENTAL=0" "-e" "RUST_BACKTRACE=full" "-e" "RUSTFLAGS=--cap-lints=warn" "-e" "RUSTDOCFLAGS=--cap-lints=warn" "-e" "CARGO_HOME=/opt/rustwide/cargo-home" "-e" "RUSTUP_HOME=/opt/rustwide/rustup-home" "-w" "/opt/rustwide/workdir" "-m" "1610612736" "--user" "0:0" "--network" "none" "ghcr.io/rust-lang/crates-build-env/linux@sha256:2788e3201cd34a07e3172128adcd8b3090168a8e3bcc40d7c032b9dda1df7d1c" "/opt/rustwide/cargo-home/bin/cargo" "+1.75.0" "test" "--frozen" "--no-run" "--message-format=json", kill_on_drop: false }`
[INFO] [stdout] 636de91e047bc5901b6a25be952be772839e14be44bfcd7ec1b4819b8cdaf21c
[INFO] running `Command { std: "docker" "start" "-a" "636de91e047bc5901b6a25be952be772839e14be44bfcd7ec1b4819b8cdaf21c", kill_on_drop: false }`
[INFO] [stderr]    Compiling asn1obj v0.1.6 (/opt/rustwide/workdir)
[INFO] [stderr]     Finished test [unoptimized + debuginfo] target(s) in 2.28s
[INFO] running `Command { std: "docker" "inspect" "636de91e047bc5901b6a25be952be772839e14be44bfcd7ec1b4819b8cdaf21c", kill_on_drop: false }`
[INFO] running `Command { std: "docker" "rm" "-f" "636de91e047bc5901b6a25be952be772839e14be44bfcd7ec1b4819b8cdaf21c", kill_on_drop: false }`
[INFO] [stdout] 636de91e047bc5901b6a25be952be772839e14be44bfcd7ec1b4819b8cdaf21c
[INFO] running `Command { std: "docker" "create" "-v" "/var/lib/crater-agent-workspace/builds/worker-2-tc1/target:/opt/rustwide/target:rw,Z" "-v" "/var/lib/crater-agent-workspace/builds/worker-2-tc1/source:/opt/rustwide/workdir:ro,Z" "-v" "/var/lib/crater-agent-workspace/cargo-home:/opt/rustwide/cargo-home:ro,Z" "-v" "/var/lib/crater-agent-workspace/rustup-home:/opt/rustwide/rustup-home:ro,Z" "-e" "SOURCE_DIR=/opt/rustwide/workdir" "-e" "CARGO_TARGET_DIR=/opt/rustwide/target" "-e" "CARGO_INCREMENTAL=0" "-e" "RUST_BACKTRACE=full" "-e" "RUSTFLAGS=--cap-lints=warn" "-e" "RUSTDOCFLAGS=--cap-lints=warn" "-e" "CARGO_HOME=/opt/rustwide/cargo-home" "-e" "RUSTUP_HOME=/opt/rustwide/rustup-home" "-w" "/opt/rustwide/workdir" "-m" "1610612736" "--user" "0:0" "--network" "none" "ghcr.io/rust-lang/crates-build-env/linux@sha256:2788e3201cd34a07e3172128adcd8b3090168a8e3bcc40d7c032b9dda1df7d1c" "/opt/rustwide/cargo-home/bin/cargo" "+1.75.0" "test" "--frozen", kill_on_drop: false }`
[INFO] [stdout] bec328cc8cbb29bfb6088eb9c1f87c7f288ff18cfd40f8efd7c3c828b0929d6a
[INFO] running `Command { std: "docker" "start" "-a" "bec328cc8cbb29bfb6088eb9c1f87c7f288ff18cfd40f8efd7c3c828b0929d6a", kill_on_drop: false }`
[INFO] [stderr]     Finished test [unoptimized + debuginfo] target(s) in 0.02s
[INFO] [stderr]      Running unittests src/lib.rs (/opt/rustwide/target/debug/deps/asn1obj-008a3a1bcdfd6f9a)
[INFO] [stdout] 
[INFO] [stdout] running 52 tests
[INFO] [stdout] test tests::test_a002 ... ok
[INFO] [stdout] test tests::test_a005 ... ok
[INFO] [stdout] test tests::test_a004 ... ok
[INFO] [stdout] test tests::test_a003 ... ok
[INFO] [stdout] test tests::test_a008 ... ok
[INFO] [stdout] test tests::test_a009 ... ok
[INFO] [stdout] test tests::test_a001 ... ok
[INFO] [stdout] test tests::test_a014 ... ok
[INFO] [stdout] test tests::test_a007 ... ok
[INFO] [stdout] test tests::test_a013 ... ok
[INFO] [stdout] test tests::test_a010 ... ok
[INFO] [stdout] test tests::test_a016 ... ok
[INFO] [stdout] test tests::test_a015 ... ok
[INFO] [stdout] test tests::test_a018 ... ok
[INFO] [stdout] test tests::test_a017 ... ok
[INFO] [stdout] test tests::test_a011 ... ok
[INFO] [stdout] test tests::test_a019 ... ok
[INFO] [stdout] test tests::test_a021 ... ok
[INFO] [stdout] test tests::test_a024 ... ok
[INFO] [stdout] test tests::test_a023 ... ok
[INFO] [stdout] test tests::test_a025 ... ok
[INFO] [stdout] test tests::test_a027 ... ok
[INFO] [stdout] test tests::test_a026 ... ok
[INFO] [stdout] test tests::test_a029 ... ok
[INFO] [stdout] test tests::test_a030 ... ok
[INFO] [stdout] test tests::test_a032 ... ok
[INFO] [stdout] test tests::test_a035 ... ok
[INFO] [stdout] test tests::test_a036 ... ok
[INFO] [stdout] test tests::test_a037 ... ok
[INFO] [stdout] test tests::test_a038 ... ok
[INFO] [stdout] test tests::test_a012 ... ok
[INFO] [stdout] test tests::test_a031 ... ok
[INFO] [stdout] test tests::test_a028 ... ok
[INFO] [stdout] test tests::test_a006 ... ok
[INFO] [stdout] test tests::test_a033 ... ok
[INFO] [stdout] test tests::test_a040 ... ok
[INFO] [stdout] test tests::test_a042 ... ok
[INFO] [stdout] test tests::test_a041 ... ok
[INFO] [stdout] test tests::test_a044 ... ok
[INFO] [stdout] test tests::test_a045 ... ok
[INFO] [stdout] test tests::test_a046 ... ok
[INFO] [stdout] test tests::test_a047 ... ok
[INFO] [stdout] test tests::test_a034 ... ok
[INFO] [stdout] test tests::test_a043 ... ok
[INFO] [stdout] test tests::test_a048 ... ok
[INFO] [stdout] test tests::test_a051 ... ok
[INFO] [stdout] test tests::test_a053 ... ok
[INFO] [stdout] test tests::test_a050 ... ok
[INFO] [stdout] test tests::test_a039 ... ok
[INFO] [stdout] test tests::test_a049 ... ok
[INFO] [stdout] test tests::test_a052 ... ok
[INFO] [stdout] test tests::test_a022 ... ok
[INFO] [stdout] 
[INFO] [stdout] test result: ok. 52 passed; 0 failed; 0 ignored; 0 measured; 0 filtered out; finished in 0.02s
[INFO] [stdout] 
[INFO] [stderr]    Doc-tests asn1obj
[INFO] [stdout] 
[INFO] [stdout] running 1 test
[INFO] [stdout] test src/lib.rs - (line 12) ... FAILED
[INFO] [stdout] 
[INFO] [stdout] failures:
[INFO] [stdout] 
[INFO] [stdout] ---- src/lib.rs - (line 12) stdout ----
[INFO] [stdout] error[E0432]: unresolved import `hex`
[INFO] [stdout]   --> src/lib.rs:22:5
[INFO] [stdout]    |
[INFO] [stdout] 12 | use hex::FromHex;
[INFO] [stdout]    |     ^^^ use of undeclared crate or module `hex`
[INFO] [stdout] 
[INFO] [stdout] error[E0599]: no function or associated item named `from_hex` found for struct `Vec<_, _>` in the current scope
[INFO] [stdout]   --> src/lib.rs:95:25
[INFO] [stdout]    |
[INFO] [stdout] 85 |     let nv :Vec<u8> = Vec::from_hex("df45f6d9925fe470dcb55c26afe0dfd6a0307cf9287342749b7341b342f87fa2b5238245ac73788b0016015834c59fd0481c...
[INFO] [stdout]    |                            ^^^^^^^^ function or associated item not found in `Vec<_, _>`
[INFO] [stdout]    |
[INFO] [stdout] note: if you're trying to build a new `Vec<_, _>` consider using one of the following associated functions:
[INFO] [stdout]       Vec::<T>::new
[INFO] [stdout]       Vec::<T>::with_capacity
[INFO] [stdout]       Vec::<T>::from_raw_parts
[INFO] [stdout]       Vec::<T, A>::new_in
[INFO] [stdout]       and 2 others
[INFO] [stdout]   --> /rustc/82e1608dfa6e0b5569232559e3d385fea5a93112/library/alloc/src/vec/mod.rs:420:5
[INFO] [stdout] 
[INFO] [stdout] error[E0599]: no function or associated item named `from_hex` found for struct `Vec<_, _>` in the current scope
[INFO] [stdout]   --> src/lib.rs:96:25
[INFO] [stdout]    |
[INFO] [stdout] 86 |     let ne :Vec<u8> = Vec::from_hex("010001")?;
[INFO] [stdout]    |                            ^^^^^^^^ function or associated item not found in `Vec<_, _>`
[INFO] [stdout]    |
[INFO] [stdout] note: if you're trying to build a new `Vec<_, _>` consider using one of the following associated functions:
[INFO] [stdout]       Vec::<T>::new
[INFO] [stdout]       Vec::<T>::with_capacity
[INFO] [stdout]       Vec::<T>::from_raw_parts
[INFO] [stdout]       Vec::<T, A>::new_in
[INFO] [stdout]       and 2 others
[INFO] [stdout]   --> /rustc/82e1608dfa6e0b5569232559e3d385fea5a93112/library/alloc/src/vec/mod.rs:420:5
[INFO] [stdout] 
[INFO] [stdout] error: aborting due to 3 previous errors
[INFO] [stdout] 
[INFO] [stdout] Some errors have detailed explanations: E0432, E0599.
[INFO] [stdout] For more information about an error, try `rustc --explain E0432`.
[INFO] [stdout] Couldn't compile the test.
[INFO] [stdout] 
[INFO] [stdout] failures:
[INFO] [stdout]     src/lib.rs - (line 12)
[INFO] [stdout] 
[INFO] [stdout] test result: FAILED. 0 passed; 1 failed; 0 ignored; 0 measured; 0 filtered out; finished in 0.08s
[INFO] [stdout] 
[INFO] [stderr] error: doctest failed, to rerun pass `--doc`
[INFO] running `Command { std: "docker" "inspect" "bec328cc8cbb29bfb6088eb9c1f87c7f288ff18cfd40f8efd7c3c828b0929d6a", kill_on_drop: false }`
[INFO] running `Command { std: "docker" "rm" "-f" "bec328cc8cbb29bfb6088eb9c1f87c7f288ff18cfd40f8efd7c3c828b0929d6a", kill_on_drop: false }`
[INFO] [stdout] bec328cc8cbb29bfb6088eb9c1f87c7f288ff18cfd40f8efd7c3c828b0929d6a
