[INFO] fetching crate ash_shader_creator 1.4.1...
[INFO] testing ash_shader_creator-1.4.1 against 1.75.0 for beta-1.76-1
[INFO] extracting crate ash_shader_creator 1.4.1 into /workspace/builds/worker-1-tc1/source
[INFO] validating manifest of crates.io crate ash_shader_creator 1.4.1 on toolchain 1.75.0
[INFO] running `Command { std: CARGO_HOME="/workspace/cargo-home" RUSTUP_HOME="/workspace/rustup-home" "/workspace/cargo-home/bin/cargo" "+1.75.0" "metadata" "--manifest-path" "Cargo.toml" "--no-deps", kill_on_drop: false }`
[INFO] started tweaking crates.io crate ash_shader_creator 1.4.1
[INFO] finished tweaking crates.io crate ash_shader_creator 1.4.1
[INFO] tweaked toml for crates.io crate ash_shader_creator 1.4.1 written to /workspace/builds/worker-1-tc1/source/Cargo.toml
[INFO] running `Command { std: CARGO_HOME="/workspace/cargo-home" RUSTUP_HOME="/workspace/rustup-home" "/workspace/cargo-home/bin/cargo" "+1.75.0" "generate-lockfile" "--manifest-path" "Cargo.toml", kill_on_drop: false }`
[INFO] [stderr]     Updating crates.io index
[INFO] running `Command { std: CARGO_HOME="/workspace/cargo-home" RUSTUP_HOME="/workspace/rustup-home" "/workspace/cargo-home/bin/cargo" "+1.75.0" "fetch" "--manifest-path" "Cargo.toml", kill_on_drop: false }`
[INFO] [stderr] warning: version requirement `0.33.0+1.2.186` for dependency `ash` includes semver metadata which will be ignored, removing the metadata is recommended to avoid confusion
[INFO] [stderr]  Downloading crates ...
[INFO] [stderr]   Downloaded ash v0.33.3+1.2.191
[INFO] running `Command { std: "docker" "create" "-v" "/var/lib/crater-agent-workspace/builds/worker-1-tc1/target:/opt/rustwide/target:rw,Z" "-v" "/var/lib/crater-agent-workspace/builds/worker-1-tc1/source:/opt/rustwide/workdir:ro,Z" "-v" "/var/lib/crater-agent-workspace/cargo-home:/opt/rustwide/cargo-home:ro,Z" "-v" "/var/lib/crater-agent-workspace/rustup-home:/opt/rustwide/rustup-home:ro,Z" "-e" "SOURCE_DIR=/opt/rustwide/workdir" "-e" "CARGO_TARGET_DIR=/opt/rustwide/target" "-e" "CARGO_HOME=/opt/rustwide/cargo-home" "-e" "RUSTUP_HOME=/opt/rustwide/rustup-home" "-w" "/opt/rustwide/workdir" "-m" "1610612736" "--user" "0:0" "--network" "none" "ghcr.io/rust-lang/crates-build-env/linux@sha256:2788e3201cd34a07e3172128adcd8b3090168a8e3bcc40d7c032b9dda1df7d1c" "/opt/rustwide/cargo-home/bin/cargo" "+1.75.0" "metadata" "--no-deps" "--format-version=1", kill_on_drop: false }`
[INFO] [stdout] 7514ce095fcdee706cbb0102a226531645e0c5479feffdbd29207d8a5182b25d
[INFO] running `Command { std: "docker" "start" "-a" "7514ce095fcdee706cbb0102a226531645e0c5479feffdbd29207d8a5182b25d", kill_on_drop: false }`
[INFO] running `Command { std: "docker" "inspect" "7514ce095fcdee706cbb0102a226531645e0c5479feffdbd29207d8a5182b25d", kill_on_drop: false }`
[INFO] running `Command { std: "docker" "rm" "-f" "7514ce095fcdee706cbb0102a226531645e0c5479feffdbd29207d8a5182b25d", kill_on_drop: false }`
[INFO] [stdout] 7514ce095fcdee706cbb0102a226531645e0c5479feffdbd29207d8a5182b25d
[INFO] running `Command { std: "docker" "create" "-v" "/var/lib/crater-agent-workspace/builds/worker-1-tc1/target:/opt/rustwide/target:rw,Z" "-v" "/var/lib/crater-agent-workspace/builds/worker-1-tc1/source:/opt/rustwide/workdir:ro,Z" "-v" "/var/lib/crater-agent-workspace/cargo-home:/opt/rustwide/cargo-home:ro,Z" "-v" "/var/lib/crater-agent-workspace/rustup-home:/opt/rustwide/rustup-home:ro,Z" "-e" "SOURCE_DIR=/opt/rustwide/workdir" "-e" "CARGO_TARGET_DIR=/opt/rustwide/target" "-e" "CARGO_INCREMENTAL=0" "-e" "RUST_BACKTRACE=full" "-e" "RUSTFLAGS=--cap-lints=warn" "-e" "RUSTDOCFLAGS=--cap-lints=warn" "-e" "CARGO_HOME=/opt/rustwide/cargo-home" "-e" "RUSTUP_HOME=/opt/rustwide/rustup-home" "-w" "/opt/rustwide/workdir" "-m" "1610612736" "--user" "0:0" "--network" "none" "ghcr.io/rust-lang/crates-build-env/linux@sha256:2788e3201cd34a07e3172128adcd8b3090168a8e3bcc40d7c032b9dda1df7d1c" "/opt/rustwide/cargo-home/bin/cargo" "+1.75.0" "build" "--frozen" "--message-format=json", kill_on_drop: false }`
[INFO] [stdout] 328b26dbf549f11f631cb6897f13dc4f91e342cc0bd0cf9c1fd397f76997f490
[INFO] running `Command { std: "docker" "start" "-a" "328b26dbf549f11f631cb6897f13dc4f91e342cc0bd0cf9c1fd397f76997f490", kill_on_drop: false }`
[INFO] [stderr] warning: version requirement `0.33.0+1.2.186` for dependency `ash` includes semver metadata which will be ignored, removing the metadata is recommended to avoid confusion
[INFO] [stderr]    Compiling libloading v0.7.4
[INFO] [stderr]    Compiling ash v0.33.3+1.2.191
[INFO] [stderr]    Compiling ash_shader_creator v1.4.1 (/opt/rustwide/workdir)
[INFO] [stderr]     Finished dev [unoptimized + debuginfo] target(s) in 7.57s
[INFO] running `Command { std: "docker" "inspect" "328b26dbf549f11f631cb6897f13dc4f91e342cc0bd0cf9c1fd397f76997f490", kill_on_drop: false }`
[INFO] running `Command { std: "docker" "rm" "-f" "328b26dbf549f11f631cb6897f13dc4f91e342cc0bd0cf9c1fd397f76997f490", kill_on_drop: false }`
[INFO] [stdout] 328b26dbf549f11f631cb6897f13dc4f91e342cc0bd0cf9c1fd397f76997f490
[INFO] running `Command { std: "docker" "create" "-v" "/var/lib/crater-agent-workspace/builds/worker-1-tc1/target:/opt/rustwide/target:rw,Z" "-v" "/var/lib/crater-agent-workspace/builds/worker-1-tc1/source:/opt/rustwide/workdir:ro,Z" "-v" "/var/lib/crater-agent-workspace/cargo-home:/opt/rustwide/cargo-home:ro,Z" "-v" "/var/lib/crater-agent-workspace/rustup-home:/opt/rustwide/rustup-home:ro,Z" "-e" "SOURCE_DIR=/opt/rustwide/workdir" "-e" "CARGO_TARGET_DIR=/opt/rustwide/target" "-e" "CARGO_INCREMENTAL=0" "-e" "RUST_BACKTRACE=full" "-e" "RUSTFLAGS=--cap-lints=warn" "-e" "RUSTDOCFLAGS=--cap-lints=warn" "-e" "CARGO_HOME=/opt/rustwide/cargo-home" "-e" "RUSTUP_HOME=/opt/rustwide/rustup-home" "-w" "/opt/rustwide/workdir" "-m" "1610612736" "--user" "0:0" "--network" "none" "ghcr.io/rust-lang/crates-build-env/linux@sha256:2788e3201cd34a07e3172128adcd8b3090168a8e3bcc40d7c032b9dda1df7d1c" "/opt/rustwide/cargo-home/bin/cargo" "+1.75.0" "test" "--frozen" "--no-run" "--message-format=json", kill_on_drop: false }`
[INFO] [stdout] ba77d81e627c47d16afd70a36788152d84c7fbaa35558595da9ff09e1c91f691
[INFO] running `Command { std: "docker" "start" "-a" "ba77d81e627c47d16afd70a36788152d84c7fbaa35558595da9ff09e1c91f691", kill_on_drop: false }`
[INFO] [stderr] warning: version requirement `0.33.0+1.2.186` for dependency `ash` includes semver metadata which will be ignored, removing the metadata is recommended to avoid confusion
[INFO] [stderr]    Compiling ash_shader_creator v1.4.1 (/opt/rustwide/workdir)
[INFO] [stderr]     Finished test [unoptimized + debuginfo] target(s) in 0.24s
[INFO] running `Command { std: "docker" "inspect" "ba77d81e627c47d16afd70a36788152d84c7fbaa35558595da9ff09e1c91f691", kill_on_drop: false }`
[INFO] running `Command { std: "docker" "rm" "-f" "ba77d81e627c47d16afd70a36788152d84c7fbaa35558595da9ff09e1c91f691", kill_on_drop: false }`
[INFO] [stdout] ba77d81e627c47d16afd70a36788152d84c7fbaa35558595da9ff09e1c91f691
[INFO] running `Command { std: "docker" "create" "-v" "/var/lib/crater-agent-workspace/builds/worker-1-tc1/target:/opt/rustwide/target:rw,Z" "-v" "/var/lib/crater-agent-workspace/builds/worker-1-tc1/source:/opt/rustwide/workdir:ro,Z" "-v" "/var/lib/crater-agent-workspace/cargo-home:/opt/rustwide/cargo-home:ro,Z" "-v" "/var/lib/crater-agent-workspace/rustup-home:/opt/rustwide/rustup-home:ro,Z" "-e" "SOURCE_DIR=/opt/rustwide/workdir" "-e" "CARGO_TARGET_DIR=/opt/rustwide/target" "-e" "CARGO_INCREMENTAL=0" "-e" "RUST_BACKTRACE=full" "-e" "RUSTFLAGS=--cap-lints=warn" "-e" "RUSTDOCFLAGS=--cap-lints=warn" "-e" "CARGO_HOME=/opt/rustwide/cargo-home" "-e" "RUSTUP_HOME=/opt/rustwide/rustup-home" "-w" "/opt/rustwide/workdir" "-m" "1610612736" "--user" "0:0" "--network" "none" "ghcr.io/rust-lang/crates-build-env/linux@sha256:2788e3201cd34a07e3172128adcd8b3090168a8e3bcc40d7c032b9dda1df7d1c" "/opt/rustwide/cargo-home/bin/cargo" "+1.75.0" "test" "--frozen", kill_on_drop: false }`
[INFO] [stdout] 2bd89e8f724a98e6123b116770062c1a2352835d6c9252a9d458ec200527ca09
[INFO] running `Command { std: "docker" "start" "-a" "2bd89e8f724a98e6123b116770062c1a2352835d6c9252a9d458ec200527ca09", kill_on_drop: false }`
[INFO] [stderr] warning: version requirement `0.33.0+1.2.186` for dependency `ash` includes semver metadata which will be ignored, removing the metadata is recommended to avoid confusion
[INFO] [stderr]     Finished test [unoptimized + debuginfo] target(s) in 0.06s
[INFO] [stderr]      Running unittests src/lib.rs (/opt/rustwide/target/debug/deps/ash_shader_creator-4538143ed0ba7e3a)
[INFO] [stdout] 
[INFO] [stdout] running 0 tests
[INFO] [stdout] 
[INFO] [stdout] test result: ok. 0 passed; 0 failed; 0 ignored; 0 measured; 0 filtered out; finished in 0.00s
[INFO] [stdout] 
[INFO] [stderr]    Doc-tests ash_shader_creator
[INFO] [stdout] 
[INFO] [stdout] running 5 tests
[INFO] [stdout] test src/lib.rs - ShaderStage<'a>::with_main_function_name (line 116) ... FAILED
[INFO] [stdout] test src/lib.rs - ShaderStage<'a>::with_shader_stage_flags (line 89) ... FAILED
[INFO] [stdout] test src/lib.rs - ShaderStage<'a>::build (line 140) ... FAILED
[INFO] [stdout] test src/lib.rs - ShaderStage<'a>::with_shader_flags (line 67) ... FAILED
[INFO] [stderr] error: doctest failed, to rerun pass `--doc`
[INFO] [stdout] test src/lib.rs - ShaderStage<'a>::new (line 40) ... FAILED
[INFO] [stdout] 
[INFO] [stdout] failures:
[INFO] [stdout] 
[INFO] [stdout] ---- src/lib.rs - ShaderStage<'a>::with_main_function_name (line 116) stdout ----
[INFO] [stdout] error[E0432]: unresolved import `ash::PipelineShaderStageCreateInfo`
[INFO] [stdout]  --> src/lib.rs:117:19
[INFO] [stdout]   |
[INFO] [stdout] 3 | use ash::{Device, PipelineShaderStageCreateInfo};
[INFO] [stdout]   |                   ^^^^^^^^^^^^^^^^^^^^^^^^^^^^^ no `PipelineShaderStageCreateInfo` in the root
[INFO] [stdout]   |
[INFO] [stdout]   = help: consider importing this struct instead:
[INFO] [stdout]           ash::vk::PipelineShaderStageCreateInfo
[INFO] [stdout] 
[INFO] [stdout] error[E0433]: failed to resolve: use of undeclared type `ShaderStage`
[INFO] [stdout]  --> src/lib.rs:121:4
[INFO] [stdout]   |
[INFO] [stdout] 7 |    ShaderStage::new(&device, &Path::new("example_path/compiled_shaders"))
[INFO] [stdout]   |    ^^^^^^^^^^^ use of undeclared type `ShaderStage`
[INFO] [stdout]   |
[INFO] [stdout] help: consider importing this struct
[INFO] [stdout]   |
[INFO] [stdout] 2 + use ash_shader_creator::ShaderStage;
[INFO] [stdout]   |
[INFO] [stdout] 
[INFO] [stdout] error[E0425]: cannot find value `device` in this scope
[INFO] [stdout]  --> src/lib.rs:121:22
[INFO] [stdout]   |
[INFO] [stdout] 7 |    ShaderStage::new(&device, &Path::new("example_path/compiled_shaders"))
[INFO] [stdout]   |                      ^^^^^^ not found in this scope
[INFO] [stdout] 
[INFO] [stdout] error: aborting due to 3 previous errors
[INFO] [stdout] 
[INFO] [stdout] Some errors have detailed explanations: E0425, E0432, E0433.
[INFO] [stdout] For more information about an error, try `rustc --explain E0425`.
[INFO] [stdout] Couldn't compile the test.
[INFO] [stdout] ---- src/lib.rs - ShaderStage<'a>::with_shader_stage_flags (line 89) stdout ----
[INFO] [stdout] error[E0432]: unresolved imports `ash::PipelineShaderStageCreateFlags`, `ash::PipelineShaderStageCreateInfo`
[INFO] [stdout]  --> src/lib.rs:90:19
[INFO] [stdout]   |
[INFO] [stdout] 3 | use ash::{Device, PipelineShaderStageCreateFlags, PipelineShaderStageCreateInfo};
[INFO] [stdout]   |                   ^^^^^^^^^^^^^^^^^^^^^^^^^^^^^^  ^^^^^^^^^^^^^^^^^^^^^^^^^^^^^ no `PipelineShaderStageCreateInfo` in the root
[INFO] [stdout]   |                   |
[INFO] [stdout]   |                   no `PipelineShaderStageCreateFlags` in the root
[INFO] [stdout]   |
[INFO] [stdout]   = help: consider importing this struct instead:
[INFO] [stdout]           ash::vk::PipelineShaderStageCreateFlags
[INFO] [stdout]   = help: consider importing this struct instead:
[INFO] [stdout]           ash::vk::PipelineShaderStageCreateInfo
[INFO] [stdout] 
[INFO] [stdout] error[E0433]: failed to resolve: use of undeclared type `ShaderStage`
[INFO] [stdout]  --> src/lib.rs:95:4
[INFO] [stdout]   |
[INFO] [stdout] 8 |    ShaderStage::new(&device, &Path::new("example_path/compiled_shaders"))
[INFO] [stdout]   |    ^^^^^^^^^^^ use of undeclared type `ShaderStage`
[INFO] [stdout]   |
[INFO] [stdout] help: consider importing this struct
[INFO] [stdout]   |
[INFO] [stdout] 2 + use ash_shader_creator::ShaderStage;
[INFO] [stdout]   |
[INFO] [stdout] 
[INFO] [stdout] error[E0425]: cannot find value `device` in this scope
[INFO] [stdout]  --> src/lib.rs:95:22
[INFO] [stdout]   |
[INFO] [stdout] 8 |    ShaderStage::new(&device, &Path::new("example_path/compiled_shaders"))
[INFO] [stdout]   |                      ^^^^^^ not found in this scope
[INFO] [stdout] 
[INFO] [stdout] error: aborting due to 3 previous errors
[INFO] [stdout] 
[INFO] [stdout] Some errors have detailed explanations: E0425, E0432, E0433.
[INFO] [stdout] For more information about an error, try `rustc --explain E0425`.
[INFO] [stdout] Couldn't compile the test.
[INFO] [stdout] ---- src/lib.rs - ShaderStage<'a>::build (line 140) stdout ----
[INFO] [stdout] error[E0432]: unresolved imports `ash::PipelineShaderStageCreateFlags`, `ash::PipelineShaderStageCreateInfo`
[INFO] [stdout]  --> src/lib.rs:141:19
[INFO] [stdout]   |
[INFO] [stdout] 3 | use ash::{Device, PipelineShaderStageCreateFlags, PipelineShaderStageCreateInfo};
[INFO] [stdout]   |                   ^^^^^^^^^^^^^^^^^^^^^^^^^^^^^^  ^^^^^^^^^^^^^^^^^^^^^^^^^^^^^ no `PipelineShaderStageCreateInfo` in the root
[INFO] [stdout]   |                   |
[INFO] [stdout]   |                   no `PipelineShaderStageCreateFlags` in the root
[INFO] [stdout]   |
[INFO] [stdout]   = help: consider importing this struct instead:
[INFO] [stdout]           ash::vk::PipelineShaderStageCreateFlags
[INFO] [stdout]   = help: consider importing this struct instead:
[INFO] [stdout]           ash::vk::PipelineShaderStageCreateInfo
[INFO] [stdout] 
[INFO] [stdout] error[E0433]: failed to resolve: use of undeclared type `ShaderStage`
[INFO] [stdout]  --> src/lib.rs:145:4
[INFO] [stdout]   |
[INFO] [stdout] 7 |    ShaderStage::new(&device, &Path::new("example_path/compiled_shaders"))
[INFO] [stdout]   |    ^^^^^^^^^^^ use of undeclared type `ShaderStage`
[INFO] [stdout]   |
[INFO] [stdout] help: consider importing this struct
[INFO] [stdout]   |
[INFO] [stdout] 2 + use ash_shader_creator::ShaderStage;
[INFO] [stdout]   |
[INFO] [stdout] 
[INFO] [stdout] error[E0425]: cannot find value `device` in this scope
[INFO] [stdout]  --> src/lib.rs:145:22
[INFO] [stdout]   |
[INFO] [stdout] 7 |    ShaderStage::new(&device, &Path::new("example_path/compiled_shaders"))
[INFO] [stdout]   |                      ^^^^^^ not found in this scope
[INFO] [stdout] 
[INFO] [stdout] error: aborting due to 3 previous errors
[INFO] [stdout] 
[INFO] [stdout] Some errors have detailed explanations: E0425, E0432, E0433.
[INFO] [stdout] For more information about an error, try `rustc --explain E0425`.
[INFO] [stdout] Couldn't compile the test.
[INFO] [stdout] ---- src/lib.rs - ShaderStage<'a>::with_shader_flags (line 67) stdout ----
[INFO] [stdout] error[E0432]: unresolved imports `ash::ShaderModuleCreateFlags`, `ash::PipelineShaderStageCreateInfo`
[INFO] [stdout]  --> src/lib.rs:68:19
[INFO] [stdout]   |
[INFO] [stdout] 3 | use ash::{Device, ShaderModuleCreateFlags, PipelineShaderStageCreateInfo};
[INFO] [stdout]   |                   ^^^^^^^^^^^^^^^^^^^^^^^  ^^^^^^^^^^^^^^^^^^^^^^^^^^^^^ no `PipelineShaderStageCreateInfo` in the root
[INFO] [stdout]   |                   |
[INFO] [stdout]   |                   no `ShaderModuleCreateFlags` in the root
[INFO] [stdout]   |
[INFO] [stdout]   = help: consider importing this struct instead:
[INFO] [stdout]           ash::vk::ShaderModuleCreateFlags
[INFO] [stdout]   = help: consider importing this struct instead:
[INFO] [stdout]           ash::vk::PipelineShaderStageCreateInfo
[INFO] [stdout] 
[INFO] [stdout] error[E0433]: failed to resolve: use of undeclared type `ShaderStage`
[INFO] [stdout]  --> src/lib.rs:73:4
[INFO] [stdout]   |
[INFO] [stdout] 8 |    ShaderStage::new(&device, &Path::new("example_path/compiled_shaders"))
[INFO] [stdout]   |    ^^^^^^^^^^^ use of undeclared type `ShaderStage`
[INFO] [stdout]   |
[INFO] [stdout] help: consider importing this struct
[INFO] [stdout]   |
[INFO] [stdout] 2 + use ash_shader_creator::ShaderStage;
[INFO] [stdout]   |
[INFO] [stdout] 
[INFO] [stdout] error[E0425]: cannot find value `device` in this scope
[INFO] [stdout]  --> src/lib.rs:73:22
[INFO] [stdout]   |
[INFO] [stdout] 8 |    ShaderStage::new(&device, &Path::new("example_path/compiled_shaders"))
[INFO] [stdout]   |                      ^^^^^^ not found in this scope
[INFO] [stdout] 
[INFO] [stdout] error: aborting due to 3 previous errors
[INFO] [stdout] 
[INFO] [stdout] Some errors have detailed explanations: E0425, E0432, E0433.
[INFO] [stdout] For more information about an error, try `rustc --explain E0425`.
[INFO] [stdout] Couldn't compile the test.
[INFO] [stdout] ---- src/lib.rs - ShaderStage<'a>::new (line 40) stdout ----
[INFO] [stdout] error[E0432]: unresolved imports `ash::PipelineShaderStageCreateFlags`, `ash::PipelineShaderStageCreateInfo`
[INFO] [stdout]  --> src/lib.rs:41:19
[INFO] [stdout]   |
[INFO] [stdout] 3 | use ash::{Device, PipelineShaderStageCreateFlags, PipelineShaderStageCreateInfo};
[INFO] [stdout]   |                   ^^^^^^^^^^^^^^^^^^^^^^^^^^^^^^  ^^^^^^^^^^^^^^^^^^^^^^^^^^^^^ no `PipelineShaderStageCreateInfo` in the root
[INFO] [stdout]   |                   |
[INFO] [stdout]   |                   no `PipelineShaderStageCreateFlags` in the root
[INFO] [stdout]   |
[INFO] [stdout]   = help: consider importing this struct instead:
[INFO] [stdout]           ash::vk::PipelineShaderStageCreateFlags
[INFO] [stdout]   = help: consider importing this struct instead:
[INFO] [stdout]           ash::vk::PipelineShaderStageCreateInfo
[INFO] [stdout] 
[INFO] [stdout] error[E0433]: failed to resolve: use of undeclared type `ShaderStage`
[INFO] [stdout]  --> src/lib.rs:46:4
[INFO] [stdout]   |
[INFO] [stdout] 8 |    ShaderStage::new(&device, &Path::new("example_path/compiled_shaders"))
[INFO] [stdout]   |    ^^^^^^^^^^^ use of undeclared type `ShaderStage`
[INFO] [stdout]   |
[INFO] [stdout] help: consider importing this struct
[INFO] [stdout]   |
[INFO] [stdout] 2 + use ash_shader_creator::ShaderStage;
[INFO] [stdout]   |
[INFO] [stdout] 
[INFO] [stdout] error[E0425]: cannot find value `device` in this scope
[INFO] [stdout]  --> src/lib.rs:46:22
[INFO] [stdout]   |
[INFO] [stdout] 8 |    ShaderStage::new(&device, &Path::new("example_path/compiled_shaders"))
[INFO] [stdout]   |                      ^^^^^^ not found in this scope
[INFO] [stdout] 
[INFO] [stdout] error: aborting due to 3 previous errors
[INFO] [stdout] 
[INFO] [stdout] Some errors have detailed explanations: E0425, E0432, E0433.
[INFO] [stdout] For more information about an error, try `rustc --explain E0425`.
[INFO] [stdout] Couldn't compile the test.
[INFO] [stdout] 
[INFO] [stdout] failures:
[INFO] [stdout]     src/lib.rs - ShaderStage<'a>::build (line 140)
[INFO] [stdout]     src/lib.rs - ShaderStage<'a>::new (line 40)
[INFO] [stdout]     src/lib.rs - ShaderStage<'a>::with_main_function_name (line 116)
[INFO] [stdout]     src/lib.rs - ShaderStage<'a>::with_shader_flags (line 67)
[INFO] [stdout]     src/lib.rs - ShaderStage<'a>::with_shader_stage_flags (line 89)
[INFO] [stdout] 
[INFO] [stdout] test result: FAILED. 0 passed; 5 failed; 0 ignored; 0 measured; 0 filtered out; finished in 0.10s
[INFO] [stdout] 
[INFO] running `Command { std: "docker" "inspect" "2bd89e8f724a98e6123b116770062c1a2352835d6c9252a9d458ec200527ca09", kill_on_drop: false }`
[INFO] running `Command { std: "docker" "rm" "-f" "2bd89e8f724a98e6123b116770062c1a2352835d6c9252a9d458ec200527ca09", kill_on_drop: false }`
[INFO] [stdout] 2bd89e8f724a98e6123b116770062c1a2352835d6c9252a9d458ec200527ca09
[INFO] testing ash_shader_creator-1.4.1 against beta-2023-12-22 for beta-1.76-1
[INFO] extracting crate ash_shader_creator 1.4.1 into /workspace/builds/worker-1-tc2/source
[INFO] validating manifest of crates.io crate ash_shader_creator 1.4.1 on toolchain beta-2023-12-22
[INFO] running `Command { std: CARGO_HOME="/workspace/cargo-home" RUSTUP_HOME="/workspace/rustup-home" "/workspace/cargo-home/bin/cargo" "+beta-2023-12-22" "metadata" "--manifest-path" "Cargo.toml" "--no-deps", kill_on_drop: false }`
[INFO] started tweaking crates.io crate ash_shader_creator 1.4.1
[INFO] finished tweaking crates.io crate ash_shader_creator 1.4.1
[INFO] tweaked toml for crates.io crate ash_shader_creator 1.4.1 written to /workspace/builds/worker-1-tc2/source/Cargo.toml
[INFO] running `Command { std: CARGO_HOME="/workspace/cargo-home" RUSTUP_HOME="/workspace/rustup-home" "/workspace/cargo-home/bin/cargo" "+beta-2023-12-22" "generate-lockfile" "--manifest-path" "Cargo.toml", kill_on_drop: false }`
[INFO] [stderr]     Updating crates.io index
[INFO] running `Command { std: CARGO_HOME="/workspace/cargo-home" RUSTUP_HOME="/workspace/rustup-home" "/workspace/cargo-home/bin/cargo" "+beta-2023-12-22" "fetch" "--manifest-path" "Cargo.toml", kill_on_drop: false }`
[INFO] [stderr] warning: version requirement `0.33.0+1.2.186` for dependency `ash` includes semver metadata which will be ignored, removing the metadata is recommended to avoid confusion
[INFO] running `Command { std: "docker" "create" "-v" "/var/lib/crater-agent-workspace/builds/worker-1-tc2/target:/opt/rustwide/target:rw,Z" "-v" "/var/lib/crater-agent-workspace/builds/worker-1-tc2/source:/opt/rustwide/workdir:ro,Z" "-v" "/var/lib/crater-agent-workspace/cargo-home:/opt/rustwide/cargo-home:ro,Z" "-v" "/var/lib/crater-agent-workspace/rustup-home:/opt/rustwide/rustup-home:ro,Z" "-e" "SOURCE_DIR=/opt/rustwide/workdir" "-e" "CARGO_TARGET_DIR=/opt/rustwide/target" "-e" "CARGO_HOME=/opt/rustwide/cargo-home" "-e" "RUSTUP_HOME=/opt/rustwide/rustup-home" "-w" "/opt/rustwide/workdir" "-m" "1610612736" "--user" "0:0" "--network" "none" "ghcr.io/rust-lang/crates-build-env/linux@sha256:2788e3201cd34a07e3172128adcd8b3090168a8e3bcc40d7c032b9dda1df7d1c" "/opt/rustwide/cargo-home/bin/cargo" "+beta-2023-12-22" "metadata" "--no-deps" "--format-version=1", kill_on_drop: false }`
[INFO] [stdout] ec3b417ed1737a8ea14177d53fdf0233397a4a521f9c1527b26e5ebe6a80b068
[INFO] running `Command { std: "docker" "start" "-a" "ec3b417ed1737a8ea14177d53fdf0233397a4a521f9c1527b26e5ebe6a80b068", kill_on_drop: false }`
[INFO] running `Command { std: "docker" "inspect" "ec3b417ed1737a8ea14177d53fdf0233397a4a521f9c1527b26e5ebe6a80b068", kill_on_drop: false }`
[INFO] running `Command { std: "docker" "rm" "-f" "ec3b417ed1737a8ea14177d53fdf0233397a4a521f9c1527b26e5ebe6a80b068", kill_on_drop: false }`
[INFO] [stdout] ec3b417ed1737a8ea14177d53fdf0233397a4a521f9c1527b26e5ebe6a80b068
[INFO] running `Command { std: "docker" "create" "-v" "/var/lib/crater-agent-workspace/builds/worker-1-tc2/target:/opt/rustwide/target:rw,Z" "-v" "/var/lib/crater-agent-workspace/builds/worker-1-tc2/source:/opt/rustwide/workdir:ro,Z" "-v" "/var/lib/crater-agent-workspace/cargo-home:/opt/rustwide/cargo-home:ro,Z" "-v" "/var/lib/crater-agent-workspace/rustup-home:/opt/rustwide/rustup-home:ro,Z" "-e" "SOURCE_DIR=/opt/rustwide/workdir" "-e" "CARGO_TARGET_DIR=/opt/rustwide/target" "-e" "CARGO_INCREMENTAL=0" "-e" "RUST_BACKTRACE=full" "-e" "RUSTFLAGS=--cap-lints=warn" "-e" "RUSTDOCFLAGS=--cap-lints=warn" "-e" "CARGO_HOME=/opt/rustwide/cargo-home" "-e" "RUSTUP_HOME=/opt/rustwide/rustup-home" "-w" "/opt/rustwide/workdir" "-m" "1610612736" "--user" "0:0" "--network" "none" "ghcr.io/rust-lang/crates-build-env/linux@sha256:2788e3201cd34a07e3172128adcd8b3090168a8e3bcc40d7c032b9dda1df7d1c" "/opt/rustwide/cargo-home/bin/cargo" "+beta-2023-12-22" "build" "--frozen" "--message-format=json", kill_on_drop: false }`
[INFO] [stdout] 72973a1989097ba67d05f99be7e15857957d6a979ed513be2012372470dec891
[INFO] running `Command { std: "docker" "start" "-a" "72973a1989097ba67d05f99be7e15857957d6a979ed513be2012372470dec891", kill_on_drop: false }`
[INFO] [stderr] warning: version requirement `0.33.0+1.2.186` for dependency `ash` includes semver metadata which will be ignored, removing the metadata is recommended to avoid confusion
[INFO] [stderr]    Compiling libloading v0.7.4
[INFO] [stderr]    Compiling ash v0.33.3+1.2.191
[INFO] [stderr]    Compiling ash_shader_creator v1.4.1 (/opt/rustwide/workdir)
[INFO] [stderr]     Finished dev [unoptimized + debuginfo] target(s) in 9.68s
[INFO] running `Command { std: "docker" "inspect" "72973a1989097ba67d05f99be7e15857957d6a979ed513be2012372470dec891", kill_on_drop: false }`
[INFO] running `Command { std: "docker" "rm" "-f" "72973a1989097ba67d05f99be7e15857957d6a979ed513be2012372470dec891", kill_on_drop: false }`
[INFO] [stdout] 72973a1989097ba67d05f99be7e15857957d6a979ed513be2012372470dec891
[INFO] running `Command { std: "docker" "create" "-v" "/var/lib/crater-agent-workspace/builds/worker-1-tc2/target:/opt/rustwide/target:rw,Z" "-v" "/var/lib/crater-agent-workspace/builds/worker-1-tc2/source:/opt/rustwide/workdir:ro,Z" "-v" "/var/lib/crater-agent-workspace/cargo-home:/opt/rustwide/cargo-home:ro,Z" "-v" "/var/lib/crater-agent-workspace/rustup-home:/opt/rustwide/rustup-home:ro,Z" "-e" "SOURCE_DIR=/opt/rustwide/workdir" "-e" "CARGO_TARGET_DIR=/opt/rustwide/target" "-e" "CARGO_INCREMENTAL=0" "-e" "RUST_BACKTRACE=full" "-e" "RUSTFLAGS=--cap-lints=warn" "-e" "RUSTDOCFLAGS=--cap-lints=warn" "-e" "CARGO_HOME=/opt/rustwide/cargo-home" "-e" "RUSTUP_HOME=/opt/rustwide/rustup-home" "-w" "/opt/rustwide/workdir" "-m" "1610612736" "--user" "0:0" "--network" "none" "ghcr.io/rust-lang/crates-build-env/linux@sha256:2788e3201cd34a07e3172128adcd8b3090168a8e3bcc40d7c032b9dda1df7d1c" "/opt/rustwide/cargo-home/bin/cargo" "+beta-2023-12-22" "test" "--frozen" "--no-run" "--message-format=json", kill_on_drop: false }`
[INFO] [stdout] 5db9666ba2d905d393b8ddf72333499e178687f11df6b7c1abd659e79200787f
[INFO] running `Command { std: "docker" "start" "-a" "5db9666ba2d905d393b8ddf72333499e178687f11df6b7c1abd659e79200787f", kill_on_drop: false }`
[INFO] [stderr] warning: version requirement `0.33.0+1.2.186` for dependency `ash` includes semver metadata which will be ignored, removing the metadata is recommended to avoid confusion
[INFO] [stderr]    Compiling ash_shader_creator v1.4.1 (/opt/rustwide/workdir)
[INFO] [stderr]     Finished test [unoptimized + debuginfo] target(s) in 0.35s
[INFO] running `Command { std: "docker" "inspect" "5db9666ba2d905d393b8ddf72333499e178687f11df6b7c1abd659e79200787f", kill_on_drop: false }`
[INFO] running `Command { std: "docker" "rm" "-f" "5db9666ba2d905d393b8ddf72333499e178687f11df6b7c1abd659e79200787f", kill_on_drop: false }`
[INFO] [stdout] 5db9666ba2d905d393b8ddf72333499e178687f11df6b7c1abd659e79200787f
[INFO] running `Command { std: "docker" "create" "-v" "/var/lib/crater-agent-workspace/builds/worker-1-tc2/target:/opt/rustwide/target:rw,Z" "-v" "/var/lib/crater-agent-workspace/builds/worker-1-tc2/source:/opt/rustwide/workdir:ro,Z" "-v" "/var/lib/crater-agent-workspace/cargo-home:/opt/rustwide/cargo-home:ro,Z" "-v" "/var/lib/crater-agent-workspace/rustup-home:/opt/rustwide/rustup-home:ro,Z" "-e" "SOURCE_DIR=/opt/rustwide/workdir" "-e" "CARGO_TARGET_DIR=/opt/rustwide/target" "-e" "CARGO_INCREMENTAL=0" "-e" "RUST_BACKTRACE=full" "-e" "RUSTFLAGS=--cap-lints=warn" "-e" "RUSTDOCFLAGS=--cap-lints=warn" "-e" "CARGO_HOME=/opt/rustwide/cargo-home" "-e" "RUSTUP_HOME=/opt/rustwide/rustup-home" "-w" "/opt/rustwide/workdir" "-m" "1610612736" "--user" "0:0" "--network" "none" "ghcr.io/rust-lang/crates-build-env/linux@sha256:2788e3201cd34a07e3172128adcd8b3090168a8e3bcc40d7c032b9dda1df7d1c" "/opt/rustwide/cargo-home/bin/cargo" "+beta-2023-12-22" "test" "--frozen", kill_on_drop: false }`
[INFO] [stdout] 341700f514b6ad5212f96e041248d5e6ef56fb3764c8be79469eb7faf7f4b35e
[INFO] running `Command { std: "docker" "start" "-a" "341700f514b6ad5212f96e041248d5e6ef56fb3764c8be79469eb7faf7f4b35e", kill_on_drop: false }`
[INFO] [stderr] warning: version requirement `0.33.0+1.2.186` for dependency `ash` includes semver metadata which will be ignored, removing the metadata is recommended to avoid confusion
[INFO] [stderr]     Finished test [unoptimized + debuginfo] target(s) in 0.01s
[INFO] [stderr]      Running unittests src/lib.rs (/opt/rustwide/target/debug/deps/ash_shader_creator-4222be40b1bc6a24)
[INFO] [stderr]    Doc-tests ash_shader_creator
[INFO] [stdout] 
[INFO] [stdout] running 0 tests
[INFO] [stdout] 
[INFO] [stdout] test result: ok. 0 passed; 0 failed; 0 ignored; 0 measured; 0 filtered out; finished in 0.00s
[INFO] [stdout] 
[INFO] [stdout] 
[INFO] [stdout] running 5 tests
[INFO] [stdout] test src/lib.rs - ShaderStage<'a>::with_shader_stage_flags (line 89) ... FAILED
[INFO] [stdout] test src/lib.rs - ShaderStage<'a>::build (line 140) ... FAILED
[INFO] [stdout] test src/lib.rs - ShaderStage<'a>::with_main_function_name (line 116) ... FAILED
[INFO] [stdout] test src/lib.rs - ShaderStage<'a>::with_shader_flags (line 67) ... FAILED
[INFO] [stdout] test src/lib.rs - ShaderStage<'a>::new (line 40) ... FAILED
[INFO] [stdout] 
[INFO] [stdout] failures:
[INFO] [stdout] 
[INFO] [stdout] ---- src/lib.rs - ShaderStage<'a>::with_shader_stage_flags (line 89) stdout ----
[INFO] [stdout] error[E0432]: unresolved imports `ash::PipelineShaderStageCreateFlags`, `ash::PipelineShaderStageCreateInfo`
[INFO] [stdout]  --> src/lib.rs:90:19
[INFO] [stdout]   |
[INFO] [stdout] 3 | use ash::{Device, PipelineShaderStageCreateFlags, PipelineShaderStageCreateInfo};
[INFO] [stdout]   |                   ^^^^^^^^^^^^^^^^^^^^^^^^^^^^^^  ^^^^^^^^^^^^^^^^^^^^^^^^^^^^^ no `PipelineShaderStageCreateInfo` in the root
[INFO] [stdout]   |                   |
[INFO] [stdout]   |                   no `PipelineShaderStageCreateFlags` in the root
[INFO] [stdout]   |
[INFO] [stdout]   = help: consider importing this struct instead:
[INFO] [stdout]           ash::vk::PipelineShaderStageCreateFlags
[INFO] [stdout]   = help: consider importing this struct instead:
[INFO] [stdout]           ash::vk::PipelineShaderStageCreateInfo
[INFO] [stdout] 
[INFO] [stdout] error[E0433]: failed to resolve: use of undeclared type `ShaderStage`
[INFO] [stdout]  --> src/lib.rs:95:4
[INFO] [stdout]   |
[INFO] [stdout] 8 |    ShaderStage::new(&device, &Path::new("example_path/compiled_shaders"))
[INFO] [stdout]   |    ^^^^^^^^^^^ use of undeclared type `ShaderStage`
[INFO] [stdout]   |
[INFO] [stdout] help: consider importing this struct
[INFO] [stdout]   |
[INFO] [stdout] 2 + use ash_shader_creator::ShaderStage;
[INFO] [stdout]   |
[INFO] [stdout] 
[INFO] [stdout] error[E0425]: cannot find value `device` in this scope
[INFO] [stdout]  --> src/lib.rs:95:22
[INFO] [stdout]   |
[INFO] [stdout] 8 |    ShaderStage::new(&device, &Path::new("example_path/compiled_shaders"))
[INFO] [stdout]   |                      ^^^^^^ not found in this scope
[INFO] [stdout] 
[INFO] [stdout] error: aborting due to 3 previous errors
[INFO] [stdout] 
[INFO] [stdout] Some errors have detailed explanations: E0425, E0432, E0433.
[INFO] [stdout] For more information about an error, try `rustc --explain E0425`.
[INFO] [stdout] Couldn't compile the test.
[INFO] [stdout] ---- src/lib.rs - ShaderStage<'a>::build (line 140) stdout ----
[INFO] [stdout] error[E0432]: unresolved imports `ash::PipelineShaderStageCreateFlags`, `ash::PipelineShaderStageCreateInfo`
[INFO] [stdout]  --> src/lib.rs:141:19
[INFO] [stdout]   |
[INFO] [stdout] 3 | use ash::{Device, PipelineShaderStageCreateFlags, PipelineShaderStageCreateInfo};
[INFO] [stdout]   |                   ^^^^^^^^^^^^^^^^^^^^^^^^^^^^^^  ^^^^^^^^^^^^^^^^^^^^^^^^^^^^^ no `PipelineShaderStageCreateInfo` in the root
[INFO] [stdout]   |                   |
[INFO] [stdout]   |                   no `PipelineShaderStageCreateFlags` in the root
[INFO] [stdout]   |
[INFO] [stdout]   = help: consider importing this struct instead:
[INFO] [stdout]           ash::vk::PipelineShaderStageCreateFlags
[INFO] [stdout]   = help: consider importing this struct instead:
[INFO] [stdout]           ash::vk::PipelineShaderStageCreateInfo
[INFO] [stdout] 
[INFO] [stdout] error[E0433]: failed to resolve: use of undeclared type `ShaderStage`
[INFO] [stdout]  --> src/lib.rs:145:4
[INFO] [stdout]   |
[INFO] [stdout] 7 |    ShaderStage::new(&device, &Path::new("example_path/compiled_shaders"))
[INFO] [stdout]   |    ^^^^^^^^^^^ use of undeclared type `ShaderStage`
[INFO] [stdout]   |
[INFO] [stdout] help: consider importing this struct
[INFO] [stdout]   |
[INFO] [stdout] 2 + use ash_shader_creator::ShaderStage;
[INFO] [stdout]   |
[INFO] [stdout] 
[INFO] [stdout] error[E0425]: cannot find value `device` in this scope
[INFO] [stdout]  --> src/lib.rs:145:22
[INFO] [stdout]   |
[INFO] [stdout] 7 |    ShaderStage::new(&device, &Path::new("example_path/compiled_shaders"))
[INFO] [stdout]   |                      ^^^^^^ not found in this scope
[INFO] [stdout] 
[INFO] [stdout] error: aborting due to 3 previous errors
[INFO] [stdout] 
[INFO] [stdout] Some errors have detailed explanations: E0425, E0432, E0433.
[INFO] [stdout] For more information about an error, try `rustc --explain E0425`.
[INFO] [stdout] Couldn't compile the test.
[INFO] [stdout] ---- src/lib.rs - ShaderStage<'a>::with_main_function_name (line 116) stdout ----
[INFO] [stdout] error[E0432]: unresolved import `ash::PipelineShaderStageCreateInfo`
[INFO] [stdout]  --> src/lib.rs:117:19
[INFO] [stdout]   |
[INFO] [stdout] 3 | use ash::{Device, PipelineShaderStageCreateInfo};
[INFO] [stdout]   |                   ^^^^^^^^^^^^^^^^^^^^^^^^^^^^^ no `PipelineShaderStageCreateInfo` in the root
[INFO] [stdout]   |
[INFO] [stdout]   = help: consider importing this struct instead:
[INFO] [stdout]           ash::vk::PipelineShaderStageCreateInfo
[INFO] [stdout] 
[INFO] [stdout] error[E0433]: failed to resolve: use of undeclared type `ShaderStage`
[INFO] [stdout]  --> src/lib.rs:121:4
[INFO] [stdout]   |
[INFO] [stdout] 7 |    ShaderStage::new(&device, &Path::new("example_path/compiled_shaders"))
[INFO] [stdout]   |    ^^^^^^^^^^^ use of undeclared type `ShaderStage`
[INFO] [stdout]   |
[INFO] [stdout] help: consider importing this struct
[INFO] [stdout]   |
[INFO] [stdout] 2 + use ash_shader_creator::ShaderStage;
[INFO] [stdout]   |
[INFO] [stdout] 
[INFO] [stdout] error[E0425]: cannot find value `device` in this scope
[INFO] [stdout]  --> src/lib.rs:121:22
[INFO] [stdout]   |
[INFO] [stdout] 7 |    ShaderStage::new(&device, &Path::new("example_path/compiled_shaders"))
[INFO] [stdout]   |                      ^^^^^^ not found in this scope
[INFO] [stdout] 
[INFO] [stdout] error: aborting due to 3 previous errors
[INFO] [stdout] 
[INFO] [stdout] Some errors have detailed explanations: E0425, E0432, E0433.
[INFO] [stdout] For more information about an error, try `rustc --explain E0425`.
[INFO] [stdout] Couldn't compile the test.
[INFO] [stdout] ---- src/lib.rs - ShaderStage<'a>::with_shader_flags (line 67) stdout ----
[INFO] [stdout] error[E0432]: unresolved imports `ash::ShaderModuleCreateFlags`, `ash::PipelineShaderStageCreateInfo`
[INFO] [stdout]  --> src/lib.rs:68:19
[INFO] [stdout]   |
[INFO] [stdout] 3 | use ash::{Device, ShaderModuleCreateFlags, PipelineShaderStageCreateInfo};
[INFO] [stdout]   |                   ^^^^^^^^^^^^^^^^^^^^^^^  ^^^^^^^^^^^^^^^^^^^^^^^^^^^^^ no `PipelineShaderStageCreateInfo` in the root
[INFO] [stdout]   |                   |
[INFO] [stdout]   |                   no `ShaderModuleCreateFlags` in the root
[INFO] [stdout]   |
[INFO] [stdout]   = help: consider importing this struct instead:
[INFO] [stdout]           ash::vk::ShaderModuleCreateFlags
[INFO] [stdout]   = help: consider importing this struct instead:
[INFO] [stdout]           ash::vk::PipelineShaderStageCreateInfo
[INFO] [stdout] 
[INFO] [stdout] error[E0433]: failed to resolve: use of undeclared type `ShaderStage`
[INFO] [stdout]  --> src/lib.rs:73:4
[INFO] [stdout]   |
[INFO] [stdout] 8 |    ShaderStage::new(&device, &Path::new("example_path/compiled_shaders"))
[INFO] [stdout]   |    ^^^^^^^^^^^ use of undeclared type `ShaderStage`
[INFO] [stdout]   |
[INFO] [stdout] help: consider importing this struct
[INFO] [stdout]   |
[INFO] [stdout] 2 + use ash_shader_creator::ShaderStage;
[INFO] [stdout]   |
[INFO] [stdout] 
[INFO] [stdout] error[E0425]: cannot find value `device` in this scope
[INFO] [stdout]  --> src/lib.rs:73:22
[INFO] [stdout]   |
[INFO] [stdout] 8 |    ShaderStage::new(&device, &Path::new("example_path/compiled_shaders"))
[INFO] [stdout]   |                      ^^^^^^ not found in this scope
[INFO] [stdout] 
[INFO] [stdout] error: aborting due to 3 previous errors
[INFO] [stdout] 
[INFO] [stdout] Some errors have detailed explanations: E0425, E0432, E0433.
[INFO] [stdout] For more information about an error, try `rustc --explain E0425`.
[INFO] [stdout] Couldn't compile the test.
[INFO] [stdout] ---- src/lib.rs - ShaderStage<'a>::new (line 40) stdout ----
[INFO] [stdout] error[E0432]: unresolved imports `ash::PipelineShaderStageCreateFlags`, `ash::PipelineShaderStageCreateInfo`
[INFO] [stdout]  --> src/lib.rs:41:19
[INFO] [stdout]   |
[INFO] [stdout] 3 | use ash::{Device, PipelineShaderStageCreateFlags, PipelineShaderStageCreateInfo};
[INFO] [stdout]   |                   ^^^^^^^^^^^^^^^^^^^^^^^^^^^^^^  ^^^^^^^^^^^^^^^^^^^^^^^^^^^^^ no `PipelineShaderStageCreateInfo` in the root
[INFO] [stdout]   |                   |
[INFO] [stdout]   |                   no `PipelineShaderStageCreateFlags` in the root
[INFO] [stdout]   |
[INFO] [stdout]   = help: consider importing this struct instead:
[INFO] [stdout]           ash::vk::PipelineShaderStageCreateFlags
[INFO] [stdout]   = help: consider importing this struct instead:
[INFO] [stdout]           ash::vk::PipelineShaderStageCreateInfo
[INFO] [stdout] 
[INFO] [stdout] error[E0433]: failed to resolve: use of undeclared type `ShaderStage`
[INFO] [stdout]  --> src/lib.rs:46:4
[INFO] [stdout]   |
[INFO] [stdout] 8 |    ShaderStage::new(&device, &Path::new("example_path/compiled_shaders"))
[INFO] [stdout]   |    ^^^^^^^^^^^ use of undeclared type `ShaderStage`
[INFO] [stdout]   |
[INFO] [stdout] help: consider importing this struct
[INFO] [stdout]   |
[INFO] [stdout] 2 + use ash_shader_creator::ShaderStage;
[INFO] [stdout]   |
[INFO] [stdout] 
[INFO] [stdout] error[E0425]: cannot find value `device` in this scope
[INFO] [stdout]  --> src/lib.rs:46:22
[INFO] [stdout]   |
[INFO] [stdout] 8 |    ShaderStage::new(&device, &Path::new("example_path/compiled_shaders"))
[INFO] [stdout]   |                      ^^^^^^ not found in this scope
[INFO] [stdout] 
[INFO] [stdout] error: aborting due to 3 previous errors
[INFO] [stdout] 
[INFO] [stdout] Some errors have detailed explanations: E0425, E0432, E0433.
[INFO] [stdout] For more information about an error, try `rustc --explain E0425`.
[INFO] [stdout] Couldn't compile the test.
[INFO] [stdout] 
[INFO] [stdout] failures:
[INFO] [stdout]     src/lib.rs - ShaderStage<'a>::build (line 140)
[INFO] [stdout]     src/lib.rs - ShaderStage<'a>::new (line 40)
[INFO] [stdout]     src/lib.rs - ShaderStage<'a>::with_main_function_name (line 116)
[INFO] [stdout]     src/lib.rs - ShaderStage<'a>::with_shader_flags (line 67)
[INFO] [stdout]     src/lib.rs - ShaderStage<'a>::with_shader_stage_flags (line 89)
[INFO] [stdout] 
[INFO] [stdout] test result: FAILED. 0 passed; 5 failed; 0 ignored; 0 measured; 0 filtered out; finished in 0.15s
[INFO] [stdout] 
[INFO] [stderr] error: doctest failed, to rerun pass `--doc`
[INFO] running `Command { std: "docker" "inspect" "341700f514b6ad5212f96e041248d5e6ef56fb3764c8be79469eb7faf7f4b35e", kill_on_drop: false }`
[INFO] running `Command { std: "docker" "rm" "-f" "341700f514b6ad5212f96e041248d5e6ef56fb3764c8be79469eb7faf7f4b35e", kill_on_drop: false }`
[INFO] [stdout] 341700f514b6ad5212f96e041248d5e6ef56fb3764c8be79469eb7faf7f4b35e
