[INFO] fetching crate ash 0.37.3+1.3.251...
[INFO] testing ash-0.37.3+1.3.251 against 1.75.0 for beta-1.76-1
[INFO] extracting crate ash 0.37.3+1.3.251 into /workspace/builds/worker-4-tc1/source
[INFO] validating manifest of crates.io crate ash 0.37.3+1.3.251 on toolchain 1.75.0
[INFO] running `Command { std: CARGO_HOME="/workspace/cargo-home" RUSTUP_HOME="/workspace/rustup-home" "/workspace/cargo-home/bin/cargo" "+1.75.0" "metadata" "--manifest-path" "Cargo.toml" "--no-deps", kill_on_drop: false }`
[INFO] started tweaking crates.io crate ash 0.37.3+1.3.251
[INFO] finished tweaking crates.io crate ash 0.37.3+1.3.251
[INFO] tweaked toml for crates.io crate ash 0.37.3+1.3.251 written to /workspace/builds/worker-4-tc1/source/Cargo.toml
[INFO] running `Command { std: CARGO_HOME="/workspace/cargo-home" RUSTUP_HOME="/workspace/rustup-home" "/workspace/cargo-home/bin/cargo" "+1.75.0" "generate-lockfile" "--manifest-path" "Cargo.toml", kill_on_drop: false }`
[INFO] [stderr]     Updating crates.io index
[INFO] running `Command { std: CARGO_HOME="/workspace/cargo-home" RUSTUP_HOME="/workspace/rustup-home" "/workspace/cargo-home/bin/cargo" "+1.75.0" "fetch" "--manifest-path" "Cargo.toml", kill_on_drop: false }`
[INFO] running `Command { std: "docker" "create" "-v" "/var/lib/crater-agent-workspace/builds/worker-4-tc1/target:/opt/rustwide/target:rw,Z" "-v" "/var/lib/crater-agent-workspace/builds/worker-4-tc1/source:/opt/rustwide/workdir:ro,Z" "-v" "/var/lib/crater-agent-workspace/cargo-home:/opt/rustwide/cargo-home:ro,Z" "-v" "/var/lib/crater-agent-workspace/rustup-home:/opt/rustwide/rustup-home:ro,Z" "-e" "SOURCE_DIR=/opt/rustwide/workdir" "-e" "CARGO_TARGET_DIR=/opt/rustwide/target" "-e" "CARGO_HOME=/opt/rustwide/cargo-home" "-e" "RUSTUP_HOME=/opt/rustwide/rustup-home" "-w" "/opt/rustwide/workdir" "-m" "1610612736" "--user" "0:0" "--network" "none" "ghcr.io/rust-lang/crates-build-env/linux@sha256:2788e3201cd34a07e3172128adcd8b3090168a8e3bcc40d7c032b9dda1df7d1c" "/opt/rustwide/cargo-home/bin/cargo" "+1.75.0" "metadata" "--no-deps" "--format-version=1", kill_on_drop: false }`
[INFO] [stdout] e76d324c6f4f999ffa2872b935fa3deaef5ad365e64e0ac4119aafc3bcb59156
[INFO] running `Command { std: "docker" "start" "-a" "e76d324c6f4f999ffa2872b935fa3deaef5ad365e64e0ac4119aafc3bcb59156", kill_on_drop: false }`
[INFO] running `Command { std: "docker" "inspect" "e76d324c6f4f999ffa2872b935fa3deaef5ad365e64e0ac4119aafc3bcb59156", kill_on_drop: false }`
[INFO] running `Command { std: "docker" "rm" "-f" "e76d324c6f4f999ffa2872b935fa3deaef5ad365e64e0ac4119aafc3bcb59156", kill_on_drop: false }`
[INFO] [stdout] e76d324c6f4f999ffa2872b935fa3deaef5ad365e64e0ac4119aafc3bcb59156
[INFO] running `Command { std: "docker" "create" "-v" "/var/lib/crater-agent-workspace/builds/worker-4-tc1/target:/opt/rustwide/target:rw,Z" "-v" "/var/lib/crater-agent-workspace/builds/worker-4-tc1/source:/opt/rustwide/workdir:ro,Z" "-v" "/var/lib/crater-agent-workspace/cargo-home:/opt/rustwide/cargo-home:ro,Z" "-v" "/var/lib/crater-agent-workspace/rustup-home:/opt/rustwide/rustup-home:ro,Z" "-e" "SOURCE_DIR=/opt/rustwide/workdir" "-e" "CARGO_TARGET_DIR=/opt/rustwide/target" "-e" "CARGO_INCREMENTAL=0" "-e" "RUST_BACKTRACE=full" "-e" "RUSTFLAGS=--cap-lints=warn" "-e" "RUSTDOCFLAGS=--cap-lints=warn" "-e" "CARGO_HOME=/opt/rustwide/cargo-home" "-e" "RUSTUP_HOME=/opt/rustwide/rustup-home" "-w" "/opt/rustwide/workdir" "-m" "1610612736" "--user" "0:0" "--network" "none" "ghcr.io/rust-lang/crates-build-env/linux@sha256:2788e3201cd34a07e3172128adcd8b3090168a8e3bcc40d7c032b9dda1df7d1c" "/opt/rustwide/cargo-home/bin/cargo" "+1.75.0" "build" "--frozen" "--message-format=json", kill_on_drop: false }`
[INFO] [stdout] 3a43817374c36a7067cbfe4a0b79da31d55efe7ea2c4c8352c65fe7b3bae90e6
[INFO] running `Command { std: "docker" "start" "-a" "3a43817374c36a7067cbfe4a0b79da31d55efe7ea2c4c8352c65fe7b3bae90e6", kill_on_drop: false }`
[INFO] [stderr]    Compiling ash v0.37.3+1.3.251 (/opt/rustwide/workdir)
[INFO] [stderr]    Compiling libloading v0.7.4
[INFO] [stdout] warning: unused import: `macros::*`
[INFO] [stdout]  --> src/vk.rs:8:9
[INFO] [stdout]   |
[INFO] [stdout] 8 | pub use macros::*;
[INFO] [stdout]   |         ^^^^^^^^^
[INFO] [stdout]   |
[INFO] [stdout]   = note: `#[warn(unused_imports)]` on by default
[INFO] [stdout] 
[INFO] [stdout] 
[INFO] [stdout] warning: unused import: `feature_extensions::*`
[INFO] [stdout]   --> src/vk.rs:24:9
[INFO] [stdout]    |
[INFO] [stdout] 24 | pub use feature_extensions::*;
[INFO] [stdout]    |         ^^^^^^^^^^^^^^^^^^^^^
[INFO] [stdout] 
[INFO] [stdout] 
[INFO] [stdout] warning: 2 warnings emitted
[INFO] [stdout] 
[INFO] [stdout] 
[INFO] [stderr]     Finished dev [unoptimized + debuginfo] target(s) in 11.23s
[INFO] running `Command { std: "docker" "inspect" "3a43817374c36a7067cbfe4a0b79da31d55efe7ea2c4c8352c65fe7b3bae90e6", kill_on_drop: false }`
[INFO] running `Command { std: "docker" "rm" "-f" "3a43817374c36a7067cbfe4a0b79da31d55efe7ea2c4c8352c65fe7b3bae90e6", kill_on_drop: false }`
[INFO] [stdout] 3a43817374c36a7067cbfe4a0b79da31d55efe7ea2c4c8352c65fe7b3bae90e6
[INFO] running `Command { std: "docker" "create" "-v" "/var/lib/crater-agent-workspace/builds/worker-4-tc1/target:/opt/rustwide/target:rw,Z" "-v" "/var/lib/crater-agent-workspace/builds/worker-4-tc1/source:/opt/rustwide/workdir:ro,Z" "-v" "/var/lib/crater-agent-workspace/cargo-home:/opt/rustwide/cargo-home:ro,Z" "-v" "/var/lib/crater-agent-workspace/rustup-home:/opt/rustwide/rustup-home:ro,Z" "-e" "SOURCE_DIR=/opt/rustwide/workdir" "-e" "CARGO_TARGET_DIR=/opt/rustwide/target" "-e" "CARGO_INCREMENTAL=0" "-e" "RUST_BACKTRACE=full" "-e" "RUSTFLAGS=--cap-lints=warn" "-e" "RUSTDOCFLAGS=--cap-lints=warn" "-e" "CARGO_HOME=/opt/rustwide/cargo-home" "-e" "RUSTUP_HOME=/opt/rustwide/rustup-home" "-w" "/opt/rustwide/workdir" "-m" "1610612736" "--user" "0:0" "--network" "none" "ghcr.io/rust-lang/crates-build-env/linux@sha256:2788e3201cd34a07e3172128adcd8b3090168a8e3bcc40d7c032b9dda1df7d1c" "/opt/rustwide/cargo-home/bin/cargo" "+1.75.0" "test" "--frozen" "--no-run" "--message-format=json", kill_on_drop: false }`
[INFO] [stdout] cda6ec29ba4d6e6a835b25abec736ab316ce27a09da849d221ec3abf5ac00c41
[INFO] running `Command { std: "docker" "start" "-a" "cda6ec29ba4d6e6a835b25abec736ab316ce27a09da849d221ec3abf5ac00c41", kill_on_drop: false }`
[INFO] [stderr]    Compiling ash v0.37.3+1.3.251 (/opt/rustwide/workdir)
[INFO] [stdout] warning: unused import: `macros::*`
[INFO] [stdout]  --> src/vk.rs:8:9
[INFO] [stdout]   |
[INFO] [stdout] 8 | pub use macros::*;
[INFO] [stdout]   |         ^^^^^^^^^
[INFO] [stdout]   |
[INFO] [stdout]   = note: `#[warn(unused_imports)]` on by default
[INFO] [stdout] 
[INFO] [stdout] 
[INFO] [stdout] warning: unused import: `feature_extensions::*`
[INFO] [stdout]   --> src/vk.rs:24:9
[INFO] [stdout]    |
[INFO] [stdout] 24 | pub use feature_extensions::*;
[INFO] [stdout]    |         ^^^^^^^^^^^^^^^^^^^^^
[INFO] [stdout] 
[INFO] [stdout] 
[INFO] [stdout] warning: 2 warnings emitted
[INFO] [stdout] 
[INFO] [stdout] 
[INFO] [stdout] warning: unused import: `macros::*`
[INFO] [stdout]  --> src/vk.rs:8:9
[INFO] [stdout]   |
[INFO] [stdout] 8 | pub use macros::*;
[INFO] [stdout]   |         ^^^^^^^^^
[INFO] [stdout]   |
[INFO] [stdout]   = note: `#[warn(unused_imports)]` on by default
[INFO] [stdout] 
[INFO] [stdout] 
[INFO] [stdout] warning: unused import: `feature_extensions::*`
[INFO] [stdout]   --> src/vk.rs:24:9
[INFO] [stdout]    |
[INFO] [stdout] 24 | pub use feature_extensions::*;
[INFO] [stdout]    |         ^^^^^^^^^^^^^^^^^^^^^
[INFO] [stdout] 
[INFO] [stdout] 
[INFO] [stdout] warning: 2 warnings emitted
[INFO] [stdout] 
[INFO] [stdout] 
[INFO] [stderr]     Finished test [unoptimized + debuginfo] target(s) in 9.74s
[INFO] running `Command { std: "docker" "inspect" "cda6ec29ba4d6e6a835b25abec736ab316ce27a09da849d221ec3abf5ac00c41", kill_on_drop: false }`
[INFO] running `Command { std: "docker" "rm" "-f" "cda6ec29ba4d6e6a835b25abec736ab316ce27a09da849d221ec3abf5ac00c41", kill_on_drop: false }`
[INFO] [stdout] cda6ec29ba4d6e6a835b25abec736ab316ce27a09da849d221ec3abf5ac00c41
[INFO] running `Command { std: "docker" "create" "-v" "/var/lib/crater-agent-workspace/builds/worker-4-tc1/target:/opt/rustwide/target:rw,Z" "-v" "/var/lib/crater-agent-workspace/builds/worker-4-tc1/source:/opt/rustwide/workdir:ro,Z" "-v" "/var/lib/crater-agent-workspace/cargo-home:/opt/rustwide/cargo-home:ro,Z" "-v" "/var/lib/crater-agent-workspace/rustup-home:/opt/rustwide/rustup-home:ro,Z" "-e" "SOURCE_DIR=/opt/rustwide/workdir" "-e" "CARGO_TARGET_DIR=/opt/rustwide/target" "-e" "CARGO_INCREMENTAL=0" "-e" "RUST_BACKTRACE=full" "-e" "RUSTFLAGS=--cap-lints=warn" "-e" "RUSTDOCFLAGS=--cap-lints=warn" "-e" "CARGO_HOME=/opt/rustwide/cargo-home" "-e" "RUSTUP_HOME=/opt/rustwide/rustup-home" "-w" "/opt/rustwide/workdir" "-m" "1610612736" "--user" "0:0" "--network" "none" "ghcr.io/rust-lang/crates-build-env/linux@sha256:2788e3201cd34a07e3172128adcd8b3090168a8e3bcc40d7c032b9dda1df7d1c" "/opt/rustwide/cargo-home/bin/cargo" "+1.75.0" "test" "--frozen", kill_on_drop: false }`
[INFO] [stdout] 1e30cb092e115449077f22e0e392140a5398a438c26472b47b44d74c700e7c1b
[INFO] running `Command { std: "docker" "start" "-a" "1e30cb092e115449077f22e0e392140a5398a438c26472b47b44d74c700e7c1b", kill_on_drop: false }`
[INFO] [stderr] warning: unused import: `macros::*`
[INFO] [stderr]  --> src/vk.rs:8:9
[INFO] [stderr]   |
[INFO] [stderr] 8 | pub use macros::*;
[INFO] [stderr]   |         ^^^^^^^^^
[INFO] [stderr]   |
[INFO] [stderr]   = note: `#[warn(unused_imports)]` on by default
[INFO] [stderr] 
[INFO] [stderr] warning: unused import: `feature_extensions::*`
[INFO] [stderr]   --> src/vk.rs:24:9
[INFO] [stderr]    |
[INFO] [stderr] 24 | pub use feature_extensions::*;
[INFO] [stderr]    |         ^^^^^^^^^^^^^^^^^^^^^
[INFO] [stderr] 
[INFO] [stderr] warning: `ash` (lib) generated 2 warnings (run `cargo fix --lib -p ash` to apply 2 suggestions)
[INFO] [stderr] warning: `ash` (lib test) generated 2 warnings (2 duplicates)
[INFO] [stderr]     Finished test [unoptimized + debuginfo] target(s) in 0.02s
[INFO] [stderr]      Running unittests src/lib.rs (/opt/rustwide/target/debug/deps/ash-810a7da2f2b273b1)
[INFO] [stdout] 
[INFO] [stdout] running 59 tests
[INFO] [stdout] test tests::test_ptr_chains ... ok
[INFO] [stdout] test vk::native::bindgen_test_layout_StdVideoDecodeH264PictureInfo ... ok
[INFO] [stdout] test vk::native::bindgen_test_layout_StdVideoDecodeH264ReferenceInfo ... ok
[INFO] [stdout] test vk::native::bindgen_test_layout_StdVideoDecodeH264PictureInfoFlags ... ok
[INFO] [stdout] test vk::native::bindgen_test_layout_StdVideoDecodeH265PictureInfoFlags ... ok
[INFO] [stdout] test vk::native::bindgen_test_layout_StdVideoDecodeH265PictureInfo ... ok
[INFO] [stdout] test vk::native::bindgen_test_layout_StdVideoDecodeH264ReferenceInfoFlags ... ok
[INFO] [stdout] test vk::native::bindgen_test_layout_StdVideoDecodeH265ReferenceInfoFlags ... ok
[INFO] [stdout] test vk::native::bindgen_test_layout_StdVideoEncodeH264PictureInfo ... ok
[INFO] [stdout] test vk::native::bindgen_test_layout_StdVideoDecodeH265ReferenceInfo ... ok
[INFO] [stdout] test vk::native::bindgen_test_layout_StdVideoEncodeH264RefListModEntry ... ok
[INFO] [stdout] test vk::native::bindgen_test_layout_StdVideoEncodeH264RefPicMarkingEntry ... ok
[INFO] [stdout] test vk::native::bindgen_test_layout_StdVideoEncodeH264ReferenceListsInfo ... ok
[INFO] [stdout] test vk::native::bindgen_test_layout_StdVideoEncodeH264ReferenceListsInfoFlags ... ok
[INFO] [stdout] test vk::native::bindgen_test_layout_StdVideoEncodeH264SliceHeader ... ok
[INFO] [stdout] test vk::native::bindgen_test_layout_StdVideoEncodeH264SliceHeaderFlags ... ok
[INFO] [stdout] test vk::native::bindgen_test_layout_StdVideoEncodeH264WeightTableFlags ... ok
[INFO] [stdout] test vk::native::bindgen_test_layout_StdVideoEncodeH265PictureInfo ... ok
[INFO] [stdout] test vk::native::bindgen_test_layout_StdVideoEncodeH265PictureInfoFlags ... ok
[INFO] [stdout] test vk::native::bindgen_test_layout_StdVideoEncodeH265ReferenceInfo ... ok
[INFO] [stdout] test vk::native::bindgen_test_layout_StdVideoEncodeH264WeightTable ... ok
[INFO] [stdout] test vk::native::bindgen_test_layout_StdVideoEncodeH265ReferenceInfoFlags ... ok
[INFO] [stdout] test vk::native::bindgen_test_layout_StdVideoEncodeH265SliceSegmentHeader ... ok
[INFO] [stdout] test vk::native::bindgen_test_layout_StdVideoEncodeH264PictureInfoFlags ... ok
[INFO] [stdout] test vk::native::bindgen_test_layout_StdVideoEncodeH265ReferenceListsInfoFlags ... ok
[INFO] [stdout] test vk::native::bindgen_test_layout_StdVideoEncodeH265ReferenceListsInfo ... ok
[INFO] [stdout] test vk::native::bindgen_test_layout_StdVideoEncodeH265SliceSegmentHeaderFlags ... ok
[INFO] [stdout] test vk::native::bindgen_test_layout_StdVideoEncodeH265SliceSegmentLongTermRefPics ... ok
[INFO] [stdout] test vk::native::bindgen_test_layout_StdVideoEncodeH265WeightTable ... ok
[INFO] [stdout] test vk::native::bindgen_test_layout_StdVideoH264PictureParameterSet ... ok
[INFO] [stdout] test vk::native::bindgen_test_layout_StdVideoH264ScalingLists ... ok
[INFO] [stdout] test vk::native::bindgen_test_layout_StdVideoH264SequenceParameterSet ... ok
[INFO] [stdout] test vk::native::bindgen_test_layout_StdVideoH264PpsFlags ... ok
[INFO] [stdout] test vk::native::bindgen_test_layout_StdVideoEncodeH264ReferenceInfo ... ok
[INFO] [stdout] test vk::native::bindgen_test_layout_StdVideoEncodeH265WeightTableFlags ... ok
[INFO] [stdout] test vk::native::bindgen_test_layout_StdVideoEncodeH264ReferenceInfoFlags ... ok
[INFO] [stdout] test vk::native::bindgen_test_layout_StdVideoH264HrdParameters ... ok
[INFO] [stdout] test vk::native::bindgen_test_layout_StdVideoH265DecPicBufMgr ... ok
[INFO] [stdout] test vk::native::bindgen_test_layout_StdVideoH265LongTermRefPicsSps ... ok
[INFO] [stdout] test vk::native::bindgen_test_layout_StdVideoH265HrdFlags ... ok
[INFO] [stdout] test vk::native::bindgen_test_layout_StdVideoH265HrdParameters ... ok
[INFO] [stdout] test vk::native::bindgen_test_layout_StdVideoH265PictureParameterSet ... ok
[INFO] [stdout] test vk::native::bindgen_test_layout_StdVideoH265ProfileTierLevel ... ok
[INFO] [stdout] test vk::native::bindgen_test_layout_StdVideoH265ProfileTierLevelFlags ... ok
[INFO] [stdout] test vk::native::bindgen_test_layout_StdVideoH265PpsFlags ... ok
[INFO] [stdout] test vk::native::bindgen_test_layout_StdVideoH265SequenceParameterSetVui ... ok
[INFO] [stdout] test vk::native::bindgen_test_layout_StdVideoH265ShortTermRefPicSet ... ok
[INFO] [stdout] test vk::native::bindgen_test_layout_StdVideoH265ScalingLists ... ok
[INFO] [stdout] test vk::native::bindgen_test_layout_StdVideoH265ShortTermRefPicSetFlags ... ok
[INFO] [stdout] test vk::native::bindgen_test_layout_StdVideoH264SpsFlags ... ok
[INFO] [stdout] test vk::native::bindgen_test_layout_StdVideoH264SequenceParameterSetVui ... ok
[INFO] [stdout] test vk::native::bindgen_test_layout_StdVideoH265SequenceParameterSet ... ok
[INFO] [stdout] test vk::native::bindgen_test_layout_StdVideoH265VideoParameterSet ... ok
[INFO] [stdout] test vk::native::bindgen_test_layout_StdVideoH265SpsFlags ... ok
[INFO] [stdout] test vk::native::bindgen_test_layout_StdVideoH265PredictorPaletteEntries ... ok
[INFO] [stdout] test vk::native::bindgen_test_layout_StdVideoH265VpsFlags ... ok
[INFO] [stdout] test vk::native::bindgen_test_layout_StdVideoH264SpsVuiFlags ... ok
[INFO] [stdout] test vk::native::bindgen_test_layout_StdVideoH265SpsVuiFlags ... ok
[INFO] [stdout] test vk::native::bindgen_test_layout_StdVideoH265SubLayerHrdParameters ... ok
[INFO] [stdout] 
[INFO] [stdout] test result: ok. 59 passed; 0 failed; 0 ignored; 0 measured; 0 filtered out; finished in 0.06s
[INFO] [stdout] 
[INFO] [stderr]      Running tests/constant_size_arrays.rs (/opt/rustwide/target/debug/deps/constant_size_arrays-629204cbe4adfd1e)
[INFO] [stdout] 
[INFO] [stdout] running 2 tests
[INFO] [stdout] test assert_struct_field_is_array ... ok
[INFO] [stdout] test assert_ffi_array_param_is_pointer ... ok
[INFO] [stdout] 
[INFO] [stdout] test result: ok. 2 passed; 0 failed; 0 ignored; 0 measured; 0 filtered out; finished in 0.01s
[INFO] [stdout] 
[INFO] [stderr]      Running tests/display.rs (/opt/rustwide/target/debug/deps/display-4a0a0808c033bb3f)
[INFO] [stdout] 
[INFO] [stdout] running 2 tests
[INFO] [stdout] test debug_flags ... ok
[INFO] [stdout] test debug_enum ... ok
[INFO] [stderr]    Doc-tests ash
[INFO] [stdout] 
[INFO] [stdout] test result: ok. 2 passed; 0 failed; 0 ignored; 0 measured; 0 filtered out; finished in 0.01s
[INFO] [stdout] 
[INFO] [stdout] 
[INFO] [stdout] running 8 tests
[INFO] [stdout] test src/entry.rs - entry::Entry::load (line 49) - compile ... ok
[INFO] [stdout] test src/util.rs - util::read_spv (line 93) - compile ... ok
[INFO] [stdout] test src/entry.rs - entry::Entry::try_enumerate_instance_version (line 198) - compile ... FAILED
[INFO] [stdout] test src/lib.rs - (line 15) - compile ... FAILED
[INFO] [stdout] test src/util.rs - util::read_spv (line 98) ... ok
[INFO] [stdout] test src/lib.rs - match_out_struct (line 102) ... ok
[INFO] [stdout] test src/lib.rs - match_in_struct (line 144) ... ok
[INFO] [stdout] test src/lib.rs - match_out_struct (line 82) ... ok
[INFO] [stdout] 
[INFO] [stdout] failures:
[INFO] [stdout] 
[INFO] [stdout] ---- src/entry.rs - entry::Entry::try_enumerate_instance_version (line 198) stdout ----
[INFO] [stdout] warning: use of deprecated function `ash::vk::version_major`: This define is deprecated. VK_API_VERSION_MAJOR should be used instead.
[INFO] [stdout]   --> src/entry.rs:206:25
[INFO] [stdout]    |
[INFO] [stdout] 10 |         let major = vk::version_major(version);
[INFO] [stdout]    |                         ^^^^^^^^^^^^^
[INFO] [stdout]    |
[INFO] [stdout]    = note: `#[warn(deprecated)]` on by default
[INFO] [stdout] 
[INFO] [stdout] warning: use of deprecated function `ash::vk::version_minor`: This define is deprecated. VK_API_VERSION_MINOR should be used instead.
[INFO] [stdout]   --> src/entry.rs:207:25
[INFO] [stdout]    |
[INFO] [stdout] 11 |         let minor = vk::version_minor(version);
[INFO] [stdout]    |                         ^^^^^^^^^^^^^
[INFO] [stdout] 
[INFO] [stdout] warning: use of deprecated function `ash::vk::version_patch`: This define is deprecated. VK_API_VERSION_PATCH should be used instead.
[INFO] [stdout]   --> src/entry.rs:208:25
[INFO] [stdout]    |
[INFO] [stdout] 12 |         let patch = vk::version_patch(version);
[INFO] [stdout]    |                         ^^^^^^^^^^^^^
[INFO] [stdout] 
[INFO] [stdout] error[E0599]: no function or associated item named `linked` found for struct `ash::Entry` in the current scope
[INFO] [stdout]    --> src/entry.rs:202:20
[INFO] [stdout]     |
[INFO] [stdout] 6   | let entry = Entry::linked();
[INFO] [stdout]     |                    ^^^^^^ function or associated item not found in `ash::Entry`
[INFO] [stdout]     |
[INFO] [stdout] note: if you're trying to build a new `ash::Entry` consider using one of the following associated functions:
[INFO] [stdout]       ash::Entry::load
[INFO] [stdout]       ash::Entry::load_from
[INFO] [stdout]       ash::Entry::from_static_fn
[INFO] [stdout]    --> /opt/rustwide/workdir/src/entry.rs:66:5
[INFO] [stdout]     |
[INFO] [stdout] 66  |     pub unsafe fn load() -> Result<Self, LoadingError> {
[INFO] [stdout]     |     ^^^^^^^^^^^^^^^^^^^^^^^^^^^^^^^^^^^^^^^^^^^^^^^^^^
[INFO] [stdout] ...
[INFO] [stdout] 138 |     pub unsafe fn load_from(path: impl AsRef<OsStr>) -> Result<Self, LoadingError> {
[INFO] [stdout]     |     ^^^^^^^^^^^^^^^^^^^^^^^^^^^^^^^^^^^^^^^^^^^^^^^^^^^^^^^^^^^^^^^^^^^^^^^^^^^^^^
[INFO] [stdout] ...
[INFO] [stdout] 161 |     pub unsafe fn from_static_fn(static_fn: vk::StaticFn) -> Self {
[INFO] [stdout]     |     ^^^^^^^^^^^^^^^^^^^^^^^^^^^^^^^^^^^^^^^^^^^^^^^^^^^^^^^^^^^^^
[INFO] [stdout] 
[INFO] [stdout] error: aborting due to previous error; 3 warnings emitted
[INFO] [stdout] 
[INFO] [stdout] For more information about this error, try `rustc --explain E0599`.
[INFO] [stdout] Couldn't compile the test.
[INFO] [stdout] ---- src/lib.rs - (line 15) stdout ----
[INFO] [stdout] error[E0599]: no function or associated item named `linked` found for struct `ash::Entry` in the current scope
[INFO] [stdout]    --> src/lib.rs:19:20
[INFO] [stdout]     |
[INFO] [stdout] 6   | let entry = Entry::linked();
[INFO] [stdout]     |                    ^^^^^^ function or associated item not found in `ash::Entry`
[INFO] [stdout]     |
[INFO] [stdout] note: if you're trying to build a new `ash::Entry` consider using one of the following associated functions:
[INFO] [stdout]       ash::Entry::load
[INFO] [stdout]       ash::Entry::load_from
[INFO] [stdout]       ash::Entry::from_static_fn
[INFO] [stdout]    --> /opt/rustwide/workdir/src/entry.rs:66:5
[INFO] [stdout]     |
[INFO] [stdout] 66  |     pub unsafe fn load() -> Result<Self, LoadingError> {
[INFO] [stdout]     |     ^^^^^^^^^^^^^^^^^^^^^^^^^^^^^^^^^^^^^^^^^^^^^^^^^^
[INFO] [stdout] ...
[INFO] [stdout] 138 |     pub unsafe fn load_from(path: impl AsRef<OsStr>) -> Result<Self, LoadingError> {
[INFO] [stdout]     |     ^^^^^^^^^^^^^^^^^^^^^^^^^^^^^^^^^^^^^^^^^^^^^^^^^^^^^^^^^^^^^^^^^^^^^^^^^^^^^^
[INFO] [stdout] ...
[INFO] [stdout] 161 |     pub unsafe fn from_static_fn(static_fn: vk::StaticFn) -> Self {
[INFO] [stdout]     |     ^^^^^^^^^^^^^^^^^^^^^^^^^^^^^^^^^^^^^^^^^^^^^^^^^^^^^^^^^^^^^
[INFO] [stdout] 
[INFO] [stdout] error: aborting due to previous error
[INFO] [stdout] 
[INFO] [stdout] For more information about this error, try `rustc --explain E0599`.
[INFO] [stdout] Couldn't compile the test.
[INFO] [stdout] 
[INFO] [stdout] failures:
[INFO] [stdout]     src/entry.rs - entry::Entry::try_enumerate_instance_version (line 198)
[INFO] [stdout]     src/lib.rs - (line 15)
[INFO] [stdout] 
[INFO] [stdout] test result: FAILED. 6 passed; 2 failed; 0 ignored; 0 measured; 0 filtered out; finished in 0.95s
[INFO] [stdout] 
[INFO] [stderr] error: doctest failed, to rerun pass `--doc`
[INFO] running `Command { std: "docker" "inspect" "1e30cb092e115449077f22e0e392140a5398a438c26472b47b44d74c700e7c1b", kill_on_drop: false }`
[INFO] running `Command { std: "docker" "rm" "-f" "1e30cb092e115449077f22e0e392140a5398a438c26472b47b44d74c700e7c1b", kill_on_drop: false }`
[INFO] [stdout] 1e30cb092e115449077f22e0e392140a5398a438c26472b47b44d74c700e7c1b
[INFO] testing ash-0.37.3+1.3.251 against beta-2023-12-22 for beta-1.76-1
[INFO] extracting crate ash 0.37.3+1.3.251 into /workspace/builds/worker-4-tc2/source
[INFO] validating manifest of crates.io crate ash 0.37.3+1.3.251 on toolchain beta-2023-12-22
[INFO] running `Command { std: CARGO_HOME="/workspace/cargo-home" RUSTUP_HOME="/workspace/rustup-home" "/workspace/cargo-home/bin/cargo" "+beta-2023-12-22" "metadata" "--manifest-path" "Cargo.toml" "--no-deps", kill_on_drop: false }`
[INFO] started tweaking crates.io crate ash 0.37.3+1.3.251
[INFO] finished tweaking crates.io crate ash 0.37.3+1.3.251
[INFO] tweaked toml for crates.io crate ash 0.37.3+1.3.251 written to /workspace/builds/worker-4-tc2/source/Cargo.toml
[INFO] running `Command { std: CARGO_HOME="/workspace/cargo-home" RUSTUP_HOME="/workspace/rustup-home" "/workspace/cargo-home/bin/cargo" "+beta-2023-12-22" "generate-lockfile" "--manifest-path" "Cargo.toml", kill_on_drop: false }`
[INFO] [stderr]     Updating crates.io index
[INFO] running `Command { std: CARGO_HOME="/workspace/cargo-home" RUSTUP_HOME="/workspace/rustup-home" "/workspace/cargo-home/bin/cargo" "+beta-2023-12-22" "fetch" "--manifest-path" "Cargo.toml", kill_on_drop: false }`
[INFO] running `Command { std: "docker" "create" "-v" "/var/lib/crater-agent-workspace/builds/worker-4-tc2/target:/opt/rustwide/target:rw,Z" "-v" "/var/lib/crater-agent-workspace/builds/worker-4-tc2/source:/opt/rustwide/workdir:ro,Z" "-v" "/var/lib/crater-agent-workspace/cargo-home:/opt/rustwide/cargo-home:ro,Z" "-v" "/var/lib/crater-agent-workspace/rustup-home:/opt/rustwide/rustup-home:ro,Z" "-e" "SOURCE_DIR=/opt/rustwide/workdir" "-e" "CARGO_TARGET_DIR=/opt/rustwide/target" "-e" "CARGO_HOME=/opt/rustwide/cargo-home" "-e" "RUSTUP_HOME=/opt/rustwide/rustup-home" "-w" "/opt/rustwide/workdir" "-m" "1610612736" "--user" "0:0" "--network" "none" "ghcr.io/rust-lang/crates-build-env/linux@sha256:2788e3201cd34a07e3172128adcd8b3090168a8e3bcc40d7c032b9dda1df7d1c" "/opt/rustwide/cargo-home/bin/cargo" "+beta-2023-12-22" "metadata" "--no-deps" "--format-version=1", kill_on_drop: false }`
[INFO] [stdout] eb068854cdefd0d7f966d2b529ef948713d69cf1c97f68f61b59c29eef0e88ed
[INFO] running `Command { std: "docker" "start" "-a" "eb068854cdefd0d7f966d2b529ef948713d69cf1c97f68f61b59c29eef0e88ed", kill_on_drop: false }`
[INFO] running `Command { std: "docker" "inspect" "eb068854cdefd0d7f966d2b529ef948713d69cf1c97f68f61b59c29eef0e88ed", kill_on_drop: false }`
[INFO] running `Command { std: "docker" "rm" "-f" "eb068854cdefd0d7f966d2b529ef948713d69cf1c97f68f61b59c29eef0e88ed", kill_on_drop: false }`
[INFO] [stdout] eb068854cdefd0d7f966d2b529ef948713d69cf1c97f68f61b59c29eef0e88ed
[INFO] running `Command { std: "docker" "create" "-v" "/var/lib/crater-agent-workspace/builds/worker-4-tc2/target:/opt/rustwide/target:rw,Z" "-v" "/var/lib/crater-agent-workspace/builds/worker-4-tc2/source:/opt/rustwide/workdir:ro,Z" "-v" "/var/lib/crater-agent-workspace/cargo-home:/opt/rustwide/cargo-home:ro,Z" "-v" "/var/lib/crater-agent-workspace/rustup-home:/opt/rustwide/rustup-home:ro,Z" "-e" "SOURCE_DIR=/opt/rustwide/workdir" "-e" "CARGO_TARGET_DIR=/opt/rustwide/target" "-e" "CARGO_INCREMENTAL=0" "-e" "RUST_BACKTRACE=full" "-e" "RUSTFLAGS=--cap-lints=warn" "-e" "RUSTDOCFLAGS=--cap-lints=warn" "-e" "CARGO_HOME=/opt/rustwide/cargo-home" "-e" "RUSTUP_HOME=/opt/rustwide/rustup-home" "-w" "/opt/rustwide/workdir" "-m" "1610612736" "--user" "0:0" "--network" "none" "ghcr.io/rust-lang/crates-build-env/linux@sha256:2788e3201cd34a07e3172128adcd8b3090168a8e3bcc40d7c032b9dda1df7d1c" "/opt/rustwide/cargo-home/bin/cargo" "+beta-2023-12-22" "build" "--frozen" "--message-format=json", kill_on_drop: false }`
[INFO] [stdout] e598c56c611493e004cd90563e3944f6f9bf350e9bc3061b2b450a42c9ea6c00
[INFO] running `Command { std: "docker" "start" "-a" "e598c56c611493e004cd90563e3944f6f9bf350e9bc3061b2b450a42c9ea6c00", kill_on_drop: false }`
[INFO] [stderr]    Compiling ash v0.37.3+1.3.251 (/opt/rustwide/workdir)
[INFO] [stderr]    Compiling libloading v0.7.4
[INFO] [stdout] warning: unused import: `macros::*`
[INFO] [stdout]  --> src/vk.rs:8:9
[INFO] [stdout]   |
[INFO] [stdout] 8 | pub use macros::*;
[INFO] [stdout]   |         ^^^^^^^^^
[INFO] [stdout]   |
[INFO] [stdout]   = note: `#[warn(unused_imports)]` on by default
[INFO] [stdout] 
[INFO] [stdout] 
[INFO] [stdout] warning: unused import: `feature_extensions::*`
[INFO] [stdout]   --> src/vk.rs:24:9
[INFO] [stdout]    |
[INFO] [stdout] 24 | pub use feature_extensions::*;
[INFO] [stdout]    |         ^^^^^^^^^^^^^^^^^^^^^
[INFO] [stdout] 
[INFO] [stdout] 
[INFO] [stdout] warning: 2 warnings emitted
[INFO] [stdout] 
[INFO] [stdout] 
[INFO] [stderr]     Finished dev [unoptimized + debuginfo] target(s) in 11.70s
[INFO] running `Command { std: "docker" "inspect" "e598c56c611493e004cd90563e3944f6f9bf350e9bc3061b2b450a42c9ea6c00", kill_on_drop: false }`
[INFO] running `Command { std: "docker" "rm" "-f" "e598c56c611493e004cd90563e3944f6f9bf350e9bc3061b2b450a42c9ea6c00", kill_on_drop: false }`
[INFO] [stdout] e598c56c611493e004cd90563e3944f6f9bf350e9bc3061b2b450a42c9ea6c00
[INFO] running `Command { std: "docker" "create" "-v" "/var/lib/crater-agent-workspace/builds/worker-4-tc2/target:/opt/rustwide/target:rw,Z" "-v" "/var/lib/crater-agent-workspace/builds/worker-4-tc2/source:/opt/rustwide/workdir:ro,Z" "-v" "/var/lib/crater-agent-workspace/cargo-home:/opt/rustwide/cargo-home:ro,Z" "-v" "/var/lib/crater-agent-workspace/rustup-home:/opt/rustwide/rustup-home:ro,Z" "-e" "SOURCE_DIR=/opt/rustwide/workdir" "-e" "CARGO_TARGET_DIR=/opt/rustwide/target" "-e" "CARGO_INCREMENTAL=0" "-e" "RUST_BACKTRACE=full" "-e" "RUSTFLAGS=--cap-lints=warn" "-e" "RUSTDOCFLAGS=--cap-lints=warn" "-e" "CARGO_HOME=/opt/rustwide/cargo-home" "-e" "RUSTUP_HOME=/opt/rustwide/rustup-home" "-w" "/opt/rustwide/workdir" "-m" "1610612736" "--user" "0:0" "--network" "none" "ghcr.io/rust-lang/crates-build-env/linux@sha256:2788e3201cd34a07e3172128adcd8b3090168a8e3bcc40d7c032b9dda1df7d1c" "/opt/rustwide/cargo-home/bin/cargo" "+beta-2023-12-22" "test" "--frozen" "--no-run" "--message-format=json", kill_on_drop: false }`
[INFO] [stdout] e6800e6736b70b52cbf87d5596117ff909599a1120fb506cc103778c19cb9f9e
[INFO] running `Command { std: "docker" "start" "-a" "e6800e6736b70b52cbf87d5596117ff909599a1120fb506cc103778c19cb9f9e", kill_on_drop: false }`
[INFO] [stderr]    Compiling ash v0.37.3+1.3.251 (/opt/rustwide/workdir)
[INFO] [stdout] warning: unused import: `macros::*`
[INFO] [stdout]  --> src/vk.rs:8:9
[INFO] [stdout]   |
[INFO] [stdout] 8 | pub use macros::*;
[INFO] [stdout]   |         ^^^^^^^^^
[INFO] [stdout]   |
[INFO] [stdout]   = note: `#[warn(unused_imports)]` on by default
[INFO] [stdout] 
[INFO] [stdout] 
[INFO] [stdout] warning: unused import: `feature_extensions::*`
[INFO] [stdout]   --> src/vk.rs:24:9
[INFO] [stdout]    |
[INFO] [stdout] 24 | pub use feature_extensions::*;
[INFO] [stdout]    |         ^^^^^^^^^^^^^^^^^^^^^
[INFO] [stdout] 
[INFO] [stdout] 
[INFO] [stdout] warning: 2 warnings emitted
[INFO] [stdout] 
[INFO] [stdout] 
[INFO] [stdout] warning: unused import: `macros::*`
[INFO] [stdout]  --> src/vk.rs:8:9
[INFO] [stdout]   |
[INFO] [stdout] 8 | pub use macros::*;
[INFO] [stdout]   |         ^^^^^^^^^
[INFO] [stdout]   |
[INFO] [stdout]   = note: `#[warn(unused_imports)]` on by default
[INFO] [stdout] 
[INFO] [stdout] 
[INFO] [stdout] warning: unused import: `feature_extensions::*`
[INFO] [stdout]   --> src/vk.rs:24:9
[INFO] [stdout]    |
[INFO] [stdout] 24 | pub use feature_extensions::*;
[INFO] [stdout]    |         ^^^^^^^^^^^^^^^^^^^^^
[INFO] [stdout] 
[INFO] [stdout] 
[INFO] [stdout] warning: 2 warnings emitted
[INFO] [stdout] 
[INFO] [stdout] 
[INFO] [stderr]     Finished test [unoptimized + debuginfo] target(s) in 9.96s
[INFO] running `Command { std: "docker" "inspect" "e6800e6736b70b52cbf87d5596117ff909599a1120fb506cc103778c19cb9f9e", kill_on_drop: false }`
[INFO] running `Command { std: "docker" "rm" "-f" "e6800e6736b70b52cbf87d5596117ff909599a1120fb506cc103778c19cb9f9e", kill_on_drop: false }`
[INFO] [stdout] e6800e6736b70b52cbf87d5596117ff909599a1120fb506cc103778c19cb9f9e
[INFO] running `Command { std: "docker" "create" "-v" "/var/lib/crater-agent-workspace/builds/worker-4-tc2/target:/opt/rustwide/target:rw,Z" "-v" "/var/lib/crater-agent-workspace/builds/worker-4-tc2/source:/opt/rustwide/workdir:ro,Z" "-v" "/var/lib/crater-agent-workspace/cargo-home:/opt/rustwide/cargo-home:ro,Z" "-v" "/var/lib/crater-agent-workspace/rustup-home:/opt/rustwide/rustup-home:ro,Z" "-e" "SOURCE_DIR=/opt/rustwide/workdir" "-e" "CARGO_TARGET_DIR=/opt/rustwide/target" "-e" "CARGO_INCREMENTAL=0" "-e" "RUST_BACKTRACE=full" "-e" "RUSTFLAGS=--cap-lints=warn" "-e" "RUSTDOCFLAGS=--cap-lints=warn" "-e" "CARGO_HOME=/opt/rustwide/cargo-home" "-e" "RUSTUP_HOME=/opt/rustwide/rustup-home" "-w" "/opt/rustwide/workdir" "-m" "1610612736" "--user" "0:0" "--network" "none" "ghcr.io/rust-lang/crates-build-env/linux@sha256:2788e3201cd34a07e3172128adcd8b3090168a8e3bcc40d7c032b9dda1df7d1c" "/opt/rustwide/cargo-home/bin/cargo" "+beta-2023-12-22" "test" "--frozen", kill_on_drop: false }`
[INFO] [stdout] b2cdb6a13847fdfe35e19cd92d6001f98d67a45a3b22b9fc9da568192bec98db
[INFO] running `Command { std: "docker" "start" "-a" "b2cdb6a13847fdfe35e19cd92d6001f98d67a45a3b22b9fc9da568192bec98db", kill_on_drop: false }`
[INFO] [stderr] warning: unused import: `macros::*`
[INFO] [stderr]  --> src/vk.rs:8:9
[INFO] [stderr]   |
[INFO] [stderr] 8 | pub use macros::*;
[INFO] [stderr]   |         ^^^^^^^^^
[INFO] [stderr]   |
[INFO] [stderr]   = note: `#[warn(unused_imports)]` on by default
[INFO] [stderr] 
[INFO] [stderr] warning: unused import: `feature_extensions::*`
[INFO] [stderr]   --> src/vk.rs:24:9
[INFO] [stderr]    |
[INFO] [stderr] 24 | pub use feature_extensions::*;
[INFO] [stderr]    |         ^^^^^^^^^^^^^^^^^^^^^
[INFO] [stderr] 
[INFO] [stderr] warning: `ash` (lib) generated 2 warnings (run `cargo fix --lib -p ash` to apply 2 suggestions)
[INFO] [stderr] warning: `ash` (lib test) generated 2 warnings (2 duplicates)
[INFO] [stderr]     Finished test [unoptimized + debuginfo] target(s) in 0.01s
[INFO] [stderr]      Running unittests src/lib.rs (/opt/rustwide/target/debug/deps/ash-b7686504ddf43186)
[INFO] [stdout] 
[INFO] [stdout] running 59 tests
[INFO] [stdout] test tests::test_ptr_chains ... ok
[INFO] [stdout] test vk::native::bindgen_test_layout_StdVideoDecodeH264PictureInfo ... ok
[INFO] [stdout] test vk::native::bindgen_test_layout_StdVideoDecodeH264PictureInfoFlags ... ok
[INFO] [stdout] test vk::native::bindgen_test_layout_StdVideoDecodeH264ReferenceInfo ... ok
[INFO] [stdout] test vk::native::bindgen_test_layout_StdVideoDecodeH264ReferenceInfoFlags ... ok
[INFO] [stdout] test vk::native::bindgen_test_layout_StdVideoDecodeH265PictureInfo ... ok
[INFO] [stdout] test vk::native::bindgen_test_layout_StdVideoDecodeH265PictureInfoFlags ... ok
[INFO] [stdout] test vk::native::bindgen_test_layout_StdVideoDecodeH265ReferenceInfo ... ok
[INFO] [stdout] test vk::native::bindgen_test_layout_StdVideoDecodeH265ReferenceInfoFlags ... ok
[INFO] [stdout] test vk::native::bindgen_test_layout_StdVideoEncodeH264PictureInfo ... ok
[INFO] [stdout] test vk::native::bindgen_test_layout_StdVideoEncodeH264RefListModEntry ... ok
[INFO] [stdout] test vk::native::bindgen_test_layout_StdVideoEncodeH264PictureInfoFlags ... ok
[INFO] [stdout] test vk::native::bindgen_test_layout_StdVideoEncodeH264ReferenceInfo ... ok
[INFO] [stdout] test vk::native::bindgen_test_layout_StdVideoEncodeH264ReferenceInfoFlags ... ok
[INFO] [stdout] test vk::native::bindgen_test_layout_StdVideoEncodeH264RefPicMarkingEntry ... ok
[INFO] [stdout] test vk::native::bindgen_test_layout_StdVideoEncodeH264ReferenceListsInfoFlags ... ok
[INFO] [stdout] test vk::native::bindgen_test_layout_StdVideoEncodeH264ReferenceListsInfo ... ok
[INFO] [stdout] test vk::native::bindgen_test_layout_StdVideoEncodeH264WeightTable ... ok
[INFO] [stdout] test vk::native::bindgen_test_layout_StdVideoEncodeH265ReferenceInfo ... ok
[INFO] [stdout] test vk::native::bindgen_test_layout_StdVideoEncodeH264SliceHeader ... ok
[INFO] [stdout] test vk::native::bindgen_test_layout_StdVideoEncodeH264WeightTableFlags ... ok
[INFO] [stdout] test vk::native::bindgen_test_layout_StdVideoEncodeH265PictureInfo ... ok
[INFO] [stdout] test vk::native::bindgen_test_layout_StdVideoEncodeH265PictureInfoFlags ... ok
[INFO] [stdout] test vk::native::bindgen_test_layout_StdVideoEncodeH264SliceHeaderFlags ... ok
[INFO] [stdout] test vk::native::bindgen_test_layout_StdVideoEncodeH265ReferenceInfoFlags ... ok
[INFO] [stdout] test vk::native::bindgen_test_layout_StdVideoEncodeH265ReferenceListsInfo ... ok
[INFO] [stdout] test vk::native::bindgen_test_layout_StdVideoEncodeH265ReferenceListsInfoFlags ... ok
[INFO] [stdout] test vk::native::bindgen_test_layout_StdVideoEncodeH265SliceSegmentHeader ... ok
[INFO] [stdout] test vk::native::bindgen_test_layout_StdVideoEncodeH265SliceSegmentHeaderFlags ... ok
[INFO] [stdout] test vk::native::bindgen_test_layout_StdVideoEncodeH265WeightTable ... ok
[INFO] [stdout] test vk::native::bindgen_test_layout_StdVideoH264PpsFlags ... ok
[INFO] [stdout] test vk::native::bindgen_test_layout_StdVideoH264ScalingLists ... ok
[INFO] [stdout] test vk::native::bindgen_test_layout_StdVideoH264PictureParameterSet ... ok
[INFO] [stdout] test vk::native::bindgen_test_layout_StdVideoEncodeH265SliceSegmentLongTermRefPics ... ok
[INFO] [stdout] test vk::native::bindgen_test_layout_StdVideoH264SequenceParameterSet ... ok
[INFO] [stdout] test vk::native::bindgen_test_layout_StdVideoEncodeH265WeightTableFlags ... ok
[INFO] [stdout] test vk::native::bindgen_test_layout_StdVideoH264SpsFlags ... ok
[INFO] [stdout] test vk::native::bindgen_test_layout_StdVideoH264HrdParameters ... ok
[INFO] [stdout] test vk::native::bindgen_test_layout_StdVideoH264SequenceParameterSetVui ... ok
[INFO] [stdout] test vk::native::bindgen_test_layout_StdVideoH264SpsVuiFlags ... ok
[INFO] [stdout] test vk::native::bindgen_test_layout_StdVideoH265HrdFlags ... ok
[INFO] [stdout] test vk::native::bindgen_test_layout_StdVideoH265DecPicBufMgr ... ok
[INFO] [stdout] test vk::native::bindgen_test_layout_StdVideoH265HrdParameters ... ok
[INFO] [stdout] test vk::native::bindgen_test_layout_StdVideoH265LongTermRefPicsSps ... ok
[INFO] [stdout] test vk::native::bindgen_test_layout_StdVideoH265ProfileTierLevel ... ok
[INFO] [stdout] test vk::native::bindgen_test_layout_StdVideoH265ProfileTierLevelFlags ... ok
[INFO] [stdout] test vk::native::bindgen_test_layout_StdVideoH265ScalingLists ... ok
[INFO] [stdout] test vk::native::bindgen_test_layout_StdVideoH265SequenceParameterSet ... ok
[INFO] [stdout] test vk::native::bindgen_test_layout_StdVideoH265ShortTermRefPicSet ... ok
[INFO] [stdout] test vk::native::bindgen_test_layout_StdVideoH265ShortTermRefPicSetFlags ... ok
[INFO] [stdout] test vk::native::bindgen_test_layout_StdVideoH265SpsFlags ... ok
[INFO] [stdout] test vk::native::bindgen_test_layout_StdVideoH265PpsFlags ... ok
[INFO] [stdout] test vk::native::bindgen_test_layout_StdVideoH265PictureParameterSet ... ok
[INFO] [stdout] test vk::native::bindgen_test_layout_StdVideoH265PredictorPaletteEntries ... ok
[INFO] [stdout] test vk::native::bindgen_test_layout_StdVideoH265SpsVuiFlags ... ok
[INFO] [stdout] test vk::native::bindgen_test_layout_StdVideoH265SubLayerHrdParameters ... ok
[INFO] [stdout] test vk::native::bindgen_test_layout_StdVideoH265VideoParameterSet ... ok
[INFO] [stdout] test vk::native::bindgen_test_layout_StdVideoH265VpsFlags ... ok
[INFO] [stdout] test vk::native::bindgen_test_layout_StdVideoH265SequenceParameterSetVui ... ok
[INFO] [stdout] 
[INFO] [stdout] test result: ok. 59 passed; 0 failed; 0 ignored; 0 measured; 0 filtered out; finished in 0.00s
[INFO] [stdout] 
[INFO] [stderr]      Running tests/constant_size_arrays.rs (/opt/rustwide/target/debug/deps/constant_size_arrays-07e7343b24fcadf8)
[INFO] [stdout] 
[INFO] [stdout] running 2 tests
[INFO] [stdout] test assert_ffi_array_param_is_pointer ... ok
[INFO] [stdout] test assert_struct_field_is_array ... ok
[INFO] [stdout] 
[INFO] [stdout] test result: ok. 2 passed; 0 failed; 0 ignored; 0 measured; 0 filtered out; finished in 0.00s
[INFO] [stdout] 
[INFO] [stderr]      Running tests/display.rs (/opt/rustwide/target/debug/deps/display-2272d095f01a64ec)
[INFO] [stdout] 
[INFO] [stdout] running 2 tests
[INFO] [stdout] test debug_enum ... ok
[INFO] [stdout] test debug_flags ... ok
[INFO] [stdout] 
[INFO] [stdout] test result: ok. 2 passed; 0 failed; 0 ignored; 0 measured; 0 filtered out; finished in 0.00s
[INFO] [stdout] 
[INFO] [stderr]    Doc-tests ash
[INFO] [stdout] 
[INFO] [stdout] running 8 tests
[INFO] [stdout] test src/util.rs - util::read_spv (line 93) - compile ... ok
[INFO] [stdout] test src/entry.rs - entry::Entry::load (line 49) - compile ... ok
[INFO] [stdout] test src/lib.rs - (line 15) - compile ... FAILED
[INFO] [stdout] test src/entry.rs - entry::Entry::try_enumerate_instance_version (line 198) - compile ... FAILED
[INFO] [stdout] test src/lib.rs - match_out_struct (line 102) ... ok
[INFO] [stdout] test src/lib.rs - match_in_struct (line 144) ... ok
[INFO] [stdout] test src/util.rs - util::read_spv (line 98) ... ok
[INFO] [stdout] test src/lib.rs - match_out_struct (line 82) ... ok
[INFO] [stdout] 
[INFO] [stdout] failures:
[INFO] [stdout] 
[INFO] [stdout] ---- src/lib.rs - (line 15) stdout ----
[INFO] [stdout] error[E0599]: no function or associated item named `linked` found for struct `ash::Entry` in the current scope
[INFO] [stdout]    --> src/lib.rs:19:20
[INFO] [stdout]     |
[INFO] [stdout] 6   | let entry = Entry::linked();
[INFO] [stdout]     |                    ^^^^^^ function or associated item not found in `ash::Entry`
[INFO] [stdout]     |
[INFO] [stdout] note: if you're trying to build a new `ash::Entry` consider using one of the following associated functions:
[INFO] [stdout]       ash::Entry::load
[INFO] [stdout]       ash::Entry::load_from
[INFO] [stdout]       ash::Entry::from_static_fn
[INFO] [stdout]    --> /opt/rustwide/workdir/src/entry.rs:66:5
[INFO] [stdout]     |
[INFO] [stdout] 66  |     pub unsafe fn load() -> Result<Self, LoadingError> {
[INFO] [stdout]     |     ^^^^^^^^^^^^^^^^^^^^^^^^^^^^^^^^^^^^^^^^^^^^^^^^^^
[INFO] [stdout] ...
[INFO] [stdout] 138 |     pub unsafe fn load_from(path: impl AsRef<OsStr>) -> Result<Self, LoadingError> {
[INFO] [stdout]     |     ^^^^^^^^^^^^^^^^^^^^^^^^^^^^^^^^^^^^^^^^^^^^^^^^^^^^^^^^^^^^^^^^^^^^^^^^^^^^^^
[INFO] [stdout] ...
[INFO] [stdout] 161 |     pub unsafe fn from_static_fn(static_fn: vk::StaticFn) -> Self {
[INFO] [stdout]     |     ^^^^^^^^^^^^^^^^^^^^^^^^^^^^^^^^^^^^^^^^^^^^^^^^^^^^^^^^^^^^^
[INFO] [stdout] 
[INFO] [stdout] error: aborting due to 1 previous error
[INFO] [stdout] 
[INFO] [stdout] For more information about this error, try `rustc --explain E0599`.
[INFO] [stdout] Couldn't compile the test.
[INFO] [stdout] ---- src/entry.rs - entry::Entry::try_enumerate_instance_version (line 198) stdout ----
[INFO] [stdout] warning: use of deprecated function `ash::vk::version_major`: This define is deprecated. VK_API_VERSION_MAJOR should be used instead.
[INFO] [stdout]   --> src/entry.rs:206:25
[INFO] [stdout]    |
[INFO] [stdout] 10 |         let major = vk::version_major(version);
[INFO] [stdout]    |                         ^^^^^^^^^^^^^
[INFO] [stdout]    |
[INFO] [stdout]    = note: `#[warn(deprecated)]` on by default
[INFO] [stdout] 
[INFO] [stdout] warning: use of deprecated function `ash::vk::version_minor`: This define is deprecated. VK_API_VERSION_MINOR should be used instead.
[INFO] [stdout]   --> src/entry.rs:207:25
[INFO] [stdout]    |
[INFO] [stdout] 11 |         let minor = vk::version_minor(version);
[INFO] [stdout]    |                         ^^^^^^^^^^^^^
[INFO] [stdout] 
[INFO] [stdout] warning: use of deprecated function `ash::vk::version_patch`: This define is deprecated. VK_API_VERSION_PATCH should be used instead.
[INFO] [stdout]   --> src/entry.rs:208:25
[INFO] [stdout]    |
[INFO] [stdout] 12 |         let patch = vk::version_patch(version);
[INFO] [stdout]    |                         ^^^^^^^^^^^^^
[INFO] [stdout] 
[INFO] [stdout] error[E0599]: no function or associated item named `linked` found for struct `ash::Entry` in the current scope
[INFO] [stdout]    --> src/entry.rs:202:20
[INFO] [stdout]     |
[INFO] [stdout] 6   | let entry = Entry::linked();
[INFO] [stdout]     |                    ^^^^^^ function or associated item not found in `ash::Entry`
[INFO] [stdout]     |
[INFO] [stdout] note: if you're trying to build a new `ash::Entry` consider using one of the following associated functions:
[INFO] [stdout]       ash::Entry::load
[INFO] [stdout]       ash::Entry::load_from
[INFO] [stdout]       ash::Entry::from_static_fn
[INFO] [stdout]    --> /opt/rustwide/workdir/src/entry.rs:66:5
[INFO] [stdout]     |
[INFO] [stdout] 66  |     pub unsafe fn load() -> Result<Self, LoadingError> {
[INFO] [stdout]     |     ^^^^^^^^^^^^^^^^^^^^^^^^^^^^^^^^^^^^^^^^^^^^^^^^^^
[INFO] [stdout] ...
[INFO] [stdout] 138 |     pub unsafe fn load_from(path: impl AsRef<OsStr>) -> Result<Self, LoadingError> {
[INFO] [stdout]     |     ^^^^^^^^^^^^^^^^^^^^^^^^^^^^^^^^^^^^^^^^^^^^^^^^^^^^^^^^^^^^^^^^^^^^^^^^^^^^^^
[INFO] [stdout] ...
[INFO] [stdout] 161 |     pub unsafe fn from_static_fn(static_fn: vk::StaticFn) -> Self {
[INFO] [stdout]     |     ^^^^^^^^^^^^^^^^^^^^^^^^^^^^^^^^^^^^^^^^^^^^^^^^^^^^^^^^^^^^^
[INFO] [stdout] 
[INFO] [stdout] error: aborting due to 1 previous error; 3 warnings emitted
[INFO] [stdout] 
[INFO] [stdout] For more information about this error, try `rustc --explain E0599`.
[INFO] [stdout] Couldn't compile the test.
[INFO] [stdout] 
[INFO] [stdout] failures:
[INFO] [stdout]     src/entry.rs - entry::Entry::try_enumerate_instance_version (line 198)
[INFO] [stdout]     src/lib.rs - (line 15)
[INFO] [stdout] 
[INFO] [stdout] test result: FAILED. 6 passed; 2 failed; 0 ignored; 0 measured; 0 filtered out; finished in 0.64s
[INFO] [stdout] 
[INFO] [stderr] error: doctest failed, to rerun pass `--doc`
[INFO] running `Command { std: "docker" "inspect" "b2cdb6a13847fdfe35e19cd92d6001f98d67a45a3b22b9fc9da568192bec98db", kill_on_drop: false }`
[INFO] running `Command { std: "docker" "rm" "-f" "b2cdb6a13847fdfe35e19cd92d6001f98d67a45a3b22b9fc9da568192bec98db", kill_on_drop: false }`
[INFO] [stdout] b2cdb6a13847fdfe35e19cd92d6001f98d67a45a3b22b9fc9da568192bec98db
