[INFO] fetching crate ascii_num 0.1.3...
[INFO] testing ascii_num-0.1.3 against 1.75.0 for beta-1.76-1
[INFO] extracting crate ascii_num 0.1.3 into /workspace/builds/worker-4-tc1/source
[INFO] validating manifest of crates.io crate ascii_num 0.1.3 on toolchain 1.75.0
[INFO] running `Command { std: CARGO_HOME="/workspace/cargo-home" RUSTUP_HOME="/workspace/rustup-home" "/workspace/cargo-home/bin/cargo" "+1.75.0" "metadata" "--manifest-path" "Cargo.toml" "--no-deps", kill_on_drop: false }`
[INFO] started tweaking crates.io crate ascii_num 0.1.3
[INFO] finished tweaking crates.io crate ascii_num 0.1.3
[INFO] tweaked toml for crates.io crate ascii_num 0.1.3 written to /workspace/builds/worker-4-tc1/source/Cargo.toml
[INFO] running `Command { std: CARGO_HOME="/workspace/cargo-home" RUSTUP_HOME="/workspace/rustup-home" "/workspace/cargo-home/bin/cargo" "+1.75.0" "generate-lockfile" "--manifest-path" "Cargo.toml", kill_on_drop: false }`
[INFO] running `Command { std: CARGO_HOME="/workspace/cargo-home" RUSTUP_HOME="/workspace/rustup-home" "/workspace/cargo-home/bin/cargo" "+1.75.0" "fetch" "--manifest-path" "Cargo.toml", kill_on_drop: false }`
[INFO] running `Command { std: "docker" "create" "-v" "/var/lib/crater-agent-workspace/builds/worker-4-tc1/target:/opt/rustwide/target:rw,Z" "-v" "/var/lib/crater-agent-workspace/builds/worker-4-tc1/source:/opt/rustwide/workdir:ro,Z" "-v" "/var/lib/crater-agent-workspace/cargo-home:/opt/rustwide/cargo-home:ro,Z" "-v" "/var/lib/crater-agent-workspace/rustup-home:/opt/rustwide/rustup-home:ro,Z" "-e" "SOURCE_DIR=/opt/rustwide/workdir" "-e" "CARGO_TARGET_DIR=/opt/rustwide/target" "-e" "CARGO_HOME=/opt/rustwide/cargo-home" "-e" "RUSTUP_HOME=/opt/rustwide/rustup-home" "-w" "/opt/rustwide/workdir" "-m" "1610612736" "--user" "0:0" "--network" "none" "ghcr.io/rust-lang/crates-build-env/linux@sha256:2788e3201cd34a07e3172128adcd8b3090168a8e3bcc40d7c032b9dda1df7d1c" "/opt/rustwide/cargo-home/bin/cargo" "+1.75.0" "metadata" "--no-deps" "--format-version=1", kill_on_drop: false }`
[INFO] [stdout] f4716b3bebfd62f42c4b5edb6933fc11390255e515f4f4941a107fb1c71b5836
[INFO] running `Command { std: "docker" "start" "-a" "f4716b3bebfd62f42c4b5edb6933fc11390255e515f4f4941a107fb1c71b5836", kill_on_drop: false }`
[INFO] running `Command { std: "docker" "inspect" "f4716b3bebfd62f42c4b5edb6933fc11390255e515f4f4941a107fb1c71b5836", kill_on_drop: false }`
[INFO] running `Command { std: "docker" "rm" "-f" "f4716b3bebfd62f42c4b5edb6933fc11390255e515f4f4941a107fb1c71b5836", kill_on_drop: false }`
[INFO] [stdout] f4716b3bebfd62f42c4b5edb6933fc11390255e515f4f4941a107fb1c71b5836
[INFO] running `Command { std: "docker" "create" "-v" "/var/lib/crater-agent-workspace/builds/worker-4-tc1/target:/opt/rustwide/target:rw,Z" "-v" "/var/lib/crater-agent-workspace/builds/worker-4-tc1/source:/opt/rustwide/workdir:ro,Z" "-v" "/var/lib/crater-agent-workspace/cargo-home:/opt/rustwide/cargo-home:ro,Z" "-v" "/var/lib/crater-agent-workspace/rustup-home:/opt/rustwide/rustup-home:ro,Z" "-e" "SOURCE_DIR=/opt/rustwide/workdir" "-e" "CARGO_TARGET_DIR=/opt/rustwide/target" "-e" "CARGO_INCREMENTAL=0" "-e" "RUST_BACKTRACE=full" "-e" "RUSTFLAGS=--cap-lints=warn" "-e" "RUSTDOCFLAGS=--cap-lints=warn" "-e" "CARGO_HOME=/opt/rustwide/cargo-home" "-e" "RUSTUP_HOME=/opt/rustwide/rustup-home" "-w" "/opt/rustwide/workdir" "-m" "1610612736" "--user" "0:0" "--network" "none" "ghcr.io/rust-lang/crates-build-env/linux@sha256:2788e3201cd34a07e3172128adcd8b3090168a8e3bcc40d7c032b9dda1df7d1c" "/opt/rustwide/cargo-home/bin/cargo" "+1.75.0" "build" "--frozen" "--message-format=json", kill_on_drop: false }`
[INFO] [stdout] fd736240fc64fefac7c5f525203151a46d9bc5b5efab0a457ed985eed8781461
[INFO] running `Command { std: "docker" "start" "-a" "fd736240fc64fefac7c5f525203151a46d9bc5b5efab0a457ed985eed8781461", kill_on_drop: false }`
[INFO] [stderr]    Compiling ascii_num v0.1.3 (/opt/rustwide/workdir)
[INFO] [stderr]     Finished dev [unoptimized + debuginfo] target(s) in 0.11s
[INFO] running `Command { std: "docker" "inspect" "fd736240fc64fefac7c5f525203151a46d9bc5b5efab0a457ed985eed8781461", kill_on_drop: false }`
[INFO] running `Command { std: "docker" "rm" "-f" "fd736240fc64fefac7c5f525203151a46d9bc5b5efab0a457ed985eed8781461", kill_on_drop: false }`
[INFO] [stdout] fd736240fc64fefac7c5f525203151a46d9bc5b5efab0a457ed985eed8781461
[INFO] running `Command { std: "docker" "create" "-v" "/var/lib/crater-agent-workspace/builds/worker-4-tc1/target:/opt/rustwide/target:rw,Z" "-v" "/var/lib/crater-agent-workspace/builds/worker-4-tc1/source:/opt/rustwide/workdir:ro,Z" "-v" "/var/lib/crater-agent-workspace/cargo-home:/opt/rustwide/cargo-home:ro,Z" "-v" "/var/lib/crater-agent-workspace/rustup-home:/opt/rustwide/rustup-home:ro,Z" "-e" "SOURCE_DIR=/opt/rustwide/workdir" "-e" "CARGO_TARGET_DIR=/opt/rustwide/target" "-e" "CARGO_INCREMENTAL=0" "-e" "RUST_BACKTRACE=full" "-e" "RUSTFLAGS=--cap-lints=warn" "-e" "RUSTDOCFLAGS=--cap-lints=warn" "-e" "CARGO_HOME=/opt/rustwide/cargo-home" "-e" "RUSTUP_HOME=/opt/rustwide/rustup-home" "-w" "/opt/rustwide/workdir" "-m" "1610612736" "--user" "0:0" "--network" "none" "ghcr.io/rust-lang/crates-build-env/linux@sha256:2788e3201cd34a07e3172128adcd8b3090168a8e3bcc40d7c032b9dda1df7d1c" "/opt/rustwide/cargo-home/bin/cargo" "+1.75.0" "test" "--frozen" "--no-run" "--message-format=json", kill_on_drop: false }`
[INFO] [stdout] 37ae40549497bb701b200643ab703e2b3d058b45e94e7606e085d044bee672c7
[INFO] running `Command { std: "docker" "start" "-a" "37ae40549497bb701b200643ab703e2b3d058b45e94e7606e085d044bee672c7", kill_on_drop: false }`
[INFO] [stderr]    Compiling ascii_num v0.1.3 (/opt/rustwide/workdir)
[INFO] [stderr]     Finished test [unoptimized + debuginfo] target(s) in 0.23s
[INFO] running `Command { std: "docker" "inspect" "37ae40549497bb701b200643ab703e2b3d058b45e94e7606e085d044bee672c7", kill_on_drop: false }`
[INFO] running `Command { std: "docker" "rm" "-f" "37ae40549497bb701b200643ab703e2b3d058b45e94e7606e085d044bee672c7", kill_on_drop: false }`
[INFO] [stdout] 37ae40549497bb701b200643ab703e2b3d058b45e94e7606e085d044bee672c7
[INFO] running `Command { std: "docker" "create" "-v" "/var/lib/crater-agent-workspace/builds/worker-4-tc1/target:/opt/rustwide/target:rw,Z" "-v" "/var/lib/crater-agent-workspace/builds/worker-4-tc1/source:/opt/rustwide/workdir:ro,Z" "-v" "/var/lib/crater-agent-workspace/cargo-home:/opt/rustwide/cargo-home:ro,Z" "-v" "/var/lib/crater-agent-workspace/rustup-home:/opt/rustwide/rustup-home:ro,Z" "-e" "SOURCE_DIR=/opt/rustwide/workdir" "-e" "CARGO_TARGET_DIR=/opt/rustwide/target" "-e" "CARGO_INCREMENTAL=0" "-e" "RUST_BACKTRACE=full" "-e" "RUSTFLAGS=--cap-lints=warn" "-e" "RUSTDOCFLAGS=--cap-lints=warn" "-e" "CARGO_HOME=/opt/rustwide/cargo-home" "-e" "RUSTUP_HOME=/opt/rustwide/rustup-home" "-w" "/opt/rustwide/workdir" "-m" "1610612736" "--user" "0:0" "--network" "none" "ghcr.io/rust-lang/crates-build-env/linux@sha256:2788e3201cd34a07e3172128adcd8b3090168a8e3bcc40d7c032b9dda1df7d1c" "/opt/rustwide/cargo-home/bin/cargo" "+1.75.0" "test" "--frozen", kill_on_drop: false }`
[INFO] [stdout] 2f644c802e9278af54a2f3c7b5e3149c10017723a61b6387d7f28cda3d4c811c
[INFO] running `Command { std: "docker" "start" "-a" "2f644c802e9278af54a2f3c7b5e3149c10017723a61b6387d7f28cda3d4c811c", kill_on_drop: false }`
[INFO] [stderr]     Finished test [unoptimized + debuginfo] target(s) in 0.00s
[INFO] [stderr]      Running unittests src/lib.rs (/opt/rustwide/target/debug/deps/ascii_num-b2b0d88a7d4528cb)
[INFO] [stdout] 
[INFO] [stdout] running 1 test
[INFO] [stdout] test tests::it_works ... ok
[INFO] [stdout] 
[INFO] [stdout] test result: ok. 1 passed; 0 failed; 0 ignored; 0 measured; 0 filtered out; finished in 0.00s
[INFO] [stdout] 
[INFO] [stderr]    Doc-tests ascii_num
[INFO] [stdout] 
[INFO] [stdout] running 1 test
[INFO] [stdout] test src/lib.rs - (line 7) ... FAILED
[INFO] [stdout] 
[INFO] [stdout] failures:
[INFO] [stdout] 
[INFO] [stdout] ---- src/lib.rs - (line 7) stdout ----
[INFO] [stdout] error: expected `;`, found `22`
[INFO] [stdout]  --> src/lib.rs:9:7
[INFO] [stdout]   |
[INFO] [stdout] 4 | ..2222
[INFO] [stdout]   |       ^ help: add `;` here
[INFO] [stdout] 5 |  22  22
[INFO] [stdout]   |  -- unexpected token
[INFO] [stdout] 
[INFO] [stdout] error: expected one of `.`, `;`, `?`, `}`, or an operator, found `22`
[INFO] [stdout]  --> src/lib.rs:10:6
[INFO] [stdout]   |
[INFO] [stdout] 5 |  22  22
[INFO] [stdout]   |      ^^ expected one of `.`, `;`, `?`, `}`, or an operator
[INFO] [stdout] 
[INFO] [stdout] error: aborting due to 2 previous errors
[INFO] [stdout] 
[INFO] [stdout] Couldn't compile the test.
[INFO] [stdout] 
[INFO] [stdout] failures:
[INFO] [stdout]     src/lib.rs - (line 7)
[INFO] [stdout] 
[INFO] [stdout] test result: FAILED. 0 passed; 1 failed; 0 ignored; 0 measured; 0 filtered out; finished in 0.03s
[INFO] [stdout] 
[INFO] [stderr] error: doctest failed, to rerun pass `--doc`
[INFO] running `Command { std: "docker" "inspect" "2f644c802e9278af54a2f3c7b5e3149c10017723a61b6387d7f28cda3d4c811c", kill_on_drop: false }`
[INFO] running `Command { std: "docker" "rm" "-f" "2f644c802e9278af54a2f3c7b5e3149c10017723a61b6387d7f28cda3d4c811c", kill_on_drop: false }`
[INFO] [stdout] 2f644c802e9278af54a2f3c7b5e3149c10017723a61b6387d7f28cda3d4c811c
[INFO] testing ascii_num-0.1.3 against beta-2023-12-22 for beta-1.76-1
[INFO] extracting crate ascii_num 0.1.3 into /workspace/builds/worker-4-tc2/source
[INFO] validating manifest of crates.io crate ascii_num 0.1.3 on toolchain beta-2023-12-22
[INFO] running `Command { std: CARGO_HOME="/workspace/cargo-home" RUSTUP_HOME="/workspace/rustup-home" "/workspace/cargo-home/bin/cargo" "+beta-2023-12-22" "metadata" "--manifest-path" "Cargo.toml" "--no-deps", kill_on_drop: false }`
[INFO] started tweaking crates.io crate ascii_num 0.1.3
[INFO] finished tweaking crates.io crate ascii_num 0.1.3
[INFO] tweaked toml for crates.io crate ascii_num 0.1.3 written to /workspace/builds/worker-4-tc2/source/Cargo.toml
[INFO] running `Command { std: CARGO_HOME="/workspace/cargo-home" RUSTUP_HOME="/workspace/rustup-home" "/workspace/cargo-home/bin/cargo" "+beta-2023-12-22" "generate-lockfile" "--manifest-path" "Cargo.toml", kill_on_drop: false }`
[INFO] running `Command { std: CARGO_HOME="/workspace/cargo-home" RUSTUP_HOME="/workspace/rustup-home" "/workspace/cargo-home/bin/cargo" "+beta-2023-12-22" "fetch" "--manifest-path" "Cargo.toml", kill_on_drop: false }`
[INFO] running `Command { std: "docker" "create" "-v" "/var/lib/crater-agent-workspace/builds/worker-4-tc2/target:/opt/rustwide/target:rw,Z" "-v" "/var/lib/crater-agent-workspace/builds/worker-4-tc2/source:/opt/rustwide/workdir:ro,Z" "-v" "/var/lib/crater-agent-workspace/cargo-home:/opt/rustwide/cargo-home:ro,Z" "-v" "/var/lib/crater-agent-workspace/rustup-home:/opt/rustwide/rustup-home:ro,Z" "-e" "SOURCE_DIR=/opt/rustwide/workdir" "-e" "CARGO_TARGET_DIR=/opt/rustwide/target" "-e" "CARGO_HOME=/opt/rustwide/cargo-home" "-e" "RUSTUP_HOME=/opt/rustwide/rustup-home" "-w" "/opt/rustwide/workdir" "-m" "1610612736" "--user" "0:0" "--network" "none" "ghcr.io/rust-lang/crates-build-env/linux@sha256:2788e3201cd34a07e3172128adcd8b3090168a8e3bcc40d7c032b9dda1df7d1c" "/opt/rustwide/cargo-home/bin/cargo" "+beta-2023-12-22" "metadata" "--no-deps" "--format-version=1", kill_on_drop: false }`
[INFO] [stdout] b97e05d4f3ca8a5c8c50f25584d0ab5fe9752cb1389a754864cc70d4033e1780
[INFO] running `Command { std: "docker" "start" "-a" "b97e05d4f3ca8a5c8c50f25584d0ab5fe9752cb1389a754864cc70d4033e1780", kill_on_drop: false }`
[INFO] running `Command { std: "docker" "inspect" "b97e05d4f3ca8a5c8c50f25584d0ab5fe9752cb1389a754864cc70d4033e1780", kill_on_drop: false }`
[INFO] running `Command { std: "docker" "rm" "-f" "b97e05d4f3ca8a5c8c50f25584d0ab5fe9752cb1389a754864cc70d4033e1780", kill_on_drop: false }`
[INFO] [stdout] b97e05d4f3ca8a5c8c50f25584d0ab5fe9752cb1389a754864cc70d4033e1780
[INFO] running `Command { std: "docker" "create" "-v" "/var/lib/crater-agent-workspace/builds/worker-4-tc2/target:/opt/rustwide/target:rw,Z" "-v" "/var/lib/crater-agent-workspace/builds/worker-4-tc2/source:/opt/rustwide/workdir:ro,Z" "-v" "/var/lib/crater-agent-workspace/cargo-home:/opt/rustwide/cargo-home:ro,Z" "-v" "/var/lib/crater-agent-workspace/rustup-home:/opt/rustwide/rustup-home:ro,Z" "-e" "SOURCE_DIR=/opt/rustwide/workdir" "-e" "CARGO_TARGET_DIR=/opt/rustwide/target" "-e" "CARGO_INCREMENTAL=0" "-e" "RUST_BACKTRACE=full" "-e" "RUSTFLAGS=--cap-lints=warn" "-e" "RUSTDOCFLAGS=--cap-lints=warn" "-e" "CARGO_HOME=/opt/rustwide/cargo-home" "-e" "RUSTUP_HOME=/opt/rustwide/rustup-home" "-w" "/opt/rustwide/workdir" "-m" "1610612736" "--user" "0:0" "--network" "none" "ghcr.io/rust-lang/crates-build-env/linux@sha256:2788e3201cd34a07e3172128adcd8b3090168a8e3bcc40d7c032b9dda1df7d1c" "/opt/rustwide/cargo-home/bin/cargo" "+beta-2023-12-22" "build" "--frozen" "--message-format=json", kill_on_drop: false }`
[INFO] [stdout] aa37e82d3611cd4810265fb83cdd500aa5bf39a00ad16278ef5cd079925b8932
[INFO] running `Command { std: "docker" "start" "-a" "aa37e82d3611cd4810265fb83cdd500aa5bf39a00ad16278ef5cd079925b8932", kill_on_drop: false }`
[INFO] [stderr]    Compiling ascii_num v0.1.3 (/opt/rustwide/workdir)
[INFO] [stderr]     Finished dev [unoptimized + debuginfo] target(s) in 0.11s
[INFO] running `Command { std: "docker" "inspect" "aa37e82d3611cd4810265fb83cdd500aa5bf39a00ad16278ef5cd079925b8932", kill_on_drop: false }`
[INFO] running `Command { std: "docker" "rm" "-f" "aa37e82d3611cd4810265fb83cdd500aa5bf39a00ad16278ef5cd079925b8932", kill_on_drop: false }`
[INFO] [stdout] aa37e82d3611cd4810265fb83cdd500aa5bf39a00ad16278ef5cd079925b8932
[INFO] running `Command { std: "docker" "create" "-v" "/var/lib/crater-agent-workspace/builds/worker-4-tc2/target:/opt/rustwide/target:rw,Z" "-v" "/var/lib/crater-agent-workspace/builds/worker-4-tc2/source:/opt/rustwide/workdir:ro,Z" "-v" "/var/lib/crater-agent-workspace/cargo-home:/opt/rustwide/cargo-home:ro,Z" "-v" "/var/lib/crater-agent-workspace/rustup-home:/opt/rustwide/rustup-home:ro,Z" "-e" "SOURCE_DIR=/opt/rustwide/workdir" "-e" "CARGO_TARGET_DIR=/opt/rustwide/target" "-e" "CARGO_INCREMENTAL=0" "-e" "RUST_BACKTRACE=full" "-e" "RUSTFLAGS=--cap-lints=warn" "-e" "RUSTDOCFLAGS=--cap-lints=warn" "-e" "CARGO_HOME=/opt/rustwide/cargo-home" "-e" "RUSTUP_HOME=/opt/rustwide/rustup-home" "-w" "/opt/rustwide/workdir" "-m" "1610612736" "--user" "0:0" "--network" "none" "ghcr.io/rust-lang/crates-build-env/linux@sha256:2788e3201cd34a07e3172128adcd8b3090168a8e3bcc40d7c032b9dda1df7d1c" "/opt/rustwide/cargo-home/bin/cargo" "+beta-2023-12-22" "test" "--frozen" "--no-run" "--message-format=json", kill_on_drop: false }`
[INFO] [stdout] 00df9c475bdeaa4e6a2c27b5769cbc30cf14cd0ae28c74c23b78f3e6b04a3d7e
[INFO] running `Command { std: "docker" "start" "-a" "00df9c475bdeaa4e6a2c27b5769cbc30cf14cd0ae28c74c23b78f3e6b04a3d7e", kill_on_drop: false }`
[INFO] [stderr]    Compiling ascii_num v0.1.3 (/opt/rustwide/workdir)
[INFO] [stderr]     Finished test [unoptimized + debuginfo] target(s) in 0.32s
[INFO] running `Command { std: "docker" "inspect" "00df9c475bdeaa4e6a2c27b5769cbc30cf14cd0ae28c74c23b78f3e6b04a3d7e", kill_on_drop: false }`
[INFO] running `Command { std: "docker" "rm" "-f" "00df9c475bdeaa4e6a2c27b5769cbc30cf14cd0ae28c74c23b78f3e6b04a3d7e", kill_on_drop: false }`
[INFO] [stdout] 00df9c475bdeaa4e6a2c27b5769cbc30cf14cd0ae28c74c23b78f3e6b04a3d7e
[INFO] running `Command { std: "docker" "create" "-v" "/var/lib/crater-agent-workspace/builds/worker-4-tc2/target:/opt/rustwide/target:rw,Z" "-v" "/var/lib/crater-agent-workspace/builds/worker-4-tc2/source:/opt/rustwide/workdir:ro,Z" "-v" "/var/lib/crater-agent-workspace/cargo-home:/opt/rustwide/cargo-home:ro,Z" "-v" "/var/lib/crater-agent-workspace/rustup-home:/opt/rustwide/rustup-home:ro,Z" "-e" "SOURCE_DIR=/opt/rustwide/workdir" "-e" "CARGO_TARGET_DIR=/opt/rustwide/target" "-e" "CARGO_INCREMENTAL=0" "-e" "RUST_BACKTRACE=full" "-e" "RUSTFLAGS=--cap-lints=warn" "-e" "RUSTDOCFLAGS=--cap-lints=warn" "-e" "CARGO_HOME=/opt/rustwide/cargo-home" "-e" "RUSTUP_HOME=/opt/rustwide/rustup-home" "-w" "/opt/rustwide/workdir" "-m" "1610612736" "--user" "0:0" "--network" "none" "ghcr.io/rust-lang/crates-build-env/linux@sha256:2788e3201cd34a07e3172128adcd8b3090168a8e3bcc40d7c032b9dda1df7d1c" "/opt/rustwide/cargo-home/bin/cargo" "+beta-2023-12-22" "test" "--frozen", kill_on_drop: false }`
[INFO] [stdout] 9dc423ceb929c6e747712c3f8c1db1ece892f914f16f246fea38cc4e3075e6dc
[INFO] running `Command { std: "docker" "start" "-a" "9dc423ceb929c6e747712c3f8c1db1ece892f914f16f246fea38cc4e3075e6dc", kill_on_drop: false }`
[INFO] [stderr]     Finished test [unoptimized + debuginfo] target(s) in 0.00s
[INFO] [stderr]      Running unittests src/lib.rs (/opt/rustwide/target/debug/deps/ascii_num-0ad03bcb2ba348a7)
[INFO] [stdout] 
[INFO] [stdout] running 1 test
[INFO] [stdout] test tests::it_works ... ok
[INFO] [stdout] 
[INFO] [stdout] test result: ok. 1 passed; 0 failed; 0 ignored; 0 measured; 0 filtered out; finished in 0.00s
[INFO] [stdout] 
[INFO] [stderr]    Doc-tests ascii_num
[INFO] [stdout] 
[INFO] [stdout] running 1 test
[INFO] [stdout] test src/lib.rs - (line 7) ... FAILED
[INFO] [stdout] 
[INFO] [stdout] failures:
[INFO] [stdout] 
[INFO] [stdout] ---- src/lib.rs - (line 7) stdout ----
[INFO] [stdout] error: expected `;`, found `22`
[INFO] [stdout]  --> src/lib.rs:9:7
[INFO] [stdout]   |
[INFO] [stdout] 4 | ..2222
[INFO] [stdout]   |       ^ help: add `;` here
[INFO] [stdout] 5 |  22  22
[INFO] [stdout]   |  -- unexpected token
[INFO] [stdout] 
[INFO] [stdout] error: expected one of `.`, `;`, `?`, `}`, or an operator, found `22`
[INFO] [stdout]  --> src/lib.rs:10:6
[INFO] [stdout]   |
[INFO] [stdout] 5 |  22  22
[INFO] [stdout]   |      ^^ expected one of `.`, `;`, `?`, `}`, or an operator
[INFO] [stdout] 
[INFO] [stdout] error: aborting due to 2 previous errors
[INFO] [stdout] 
[INFO] [stdout] Couldn't compile the test.
[INFO] [stdout] 
[INFO] [stdout] failures:
[INFO] [stdout]     src/lib.rs - (line 7)
[INFO] [stdout] 
[INFO] [stdout] test result: FAILED. 0 passed; 1 failed; 0 ignored; 0 measured; 0 filtered out; finished in 0.04s
[INFO] [stdout] 
[INFO] [stderr] error: doctest failed, to rerun pass `--doc`
[INFO] running `Command { std: "docker" "inspect" "9dc423ceb929c6e747712c3f8c1db1ece892f914f16f246fea38cc4e3075e6dc", kill_on_drop: false }`
[INFO] running `Command { std: "docker" "rm" "-f" "9dc423ceb929c6e747712c3f8c1db1ece892f914f16f246fea38cc4e3075e6dc", kill_on_drop: false }`
[INFO] [stdout] 9dc423ceb929c6e747712c3f8c1db1ece892f914f16f246fea38cc4e3075e6dc
