[INFO] fetching crate artem 2.0.2...
[INFO] testing artem-2.0.2 against 1.75.0 for beta-1.76-1
[INFO] extracting crate artem 2.0.2 into /workspace/builds/worker-7-tc1/source
[INFO] validating manifest of crates.io crate artem 2.0.2 on toolchain 1.75.0
[INFO] running `Command { std: CARGO_HOME="/workspace/cargo-home" RUSTUP_HOME="/workspace/rustup-home" "/workspace/cargo-home/bin/cargo" "+1.75.0" "metadata" "--manifest-path" "Cargo.toml" "--no-deps", kill_on_drop: false }`
[INFO] started tweaking crates.io crate artem 2.0.2
[INFO] finished tweaking crates.io crate artem 2.0.2
[INFO] tweaked toml for crates.io crate artem 2.0.2 written to /workspace/builds/worker-7-tc1/source/Cargo.toml
[INFO] crate crates.io crate artem 2.0.2 already has a lockfile, it will not be regenerated
[INFO] running `Command { std: CARGO_HOME="/workspace/cargo-home" RUSTUP_HOME="/workspace/rustup-home" "/workspace/cargo-home/bin/cargo" "+1.75.0" "fetch" "--manifest-path" "Cargo.toml", kill_on_drop: false }`
[INFO] [stderr]     Updating crates.io index
[INFO] [stderr]  Downloading crates ...
[INFO] [stderr]   Downloaded doc-comment v0.3.3
[INFO] [stderr]   Downloaded normalize-line-endings v0.3.0
[INFO] [stderr]   Downloaded clap_mangen v0.2.13
[INFO] [stderr]   Downloaded predicates v3.0.3
[INFO] [stderr]   Downloaded errno v0.3.2
[INFO] [stderr]   Downloaded anstyle-wincon v2.1.0
[INFO] [stderr]   Downloaded roff v0.2.1
[INFO] [stderr]   Downloaded bitflags v2.4.0
[INFO] [stderr]   Downloaded clap_derive v4.4.0
[INFO] [stderr]   Downloaded url v2.4.0
[INFO] [stderr]   Downloaded rustls-webpki v0.101.4
[INFO] [stderr]   Downloaded bstr v1.6.0
[INFO] [stderr]   Downloaded linux-raw-sys v0.4.5
[INFO] [stderr]   Downloaded rustix v0.38.8
[INFO] [stderr]   Downloaded regex-automata v0.3.6
[INFO] [stderr]   Downloaded regex-syntax v0.7.4
[INFO] [stderr]   Downloaded rustls v0.21.6
[INFO] [stderr]   Downloaded exr v1.7.0
[INFO] [stderr]   Downloaded aho-corasick v1.0.4
[INFO] [stderr]   Downloaded rustix v0.37.23
[INFO] [stderr]   Downloaded clap_builder v4.4.0
[INFO] [stderr]   Downloaded regex v1.9.3
[INFO] [stderr]   Downloaded syn v2.0.29
[INFO] [stderr]   Downloaded clap v4.4.0
[INFO] [stderr]   Downloaded serde_derive v1.0.186
[INFO] [stderr]   Downloaded serde v1.0.186
[INFO] [stderr]   Downloaded anstyle-parse v0.2.1
[INFO] [stderr]   Downloaded rustls-webpki v0.100.2
[INFO] [stderr]   Downloaded clap_complete v4.4.0
[INFO] [stderr]   Downloaded lock_api v0.4.10
[INFO] [stderr]   Downloaded bytemuck v1.13.1
[INFO] [stderr]   Downloaded flate2 v1.0.27
[INFO] [stderr]   Downloaded terminal_size v0.2.6
[INFO] [stderr]   Downloaded wait-timeout v0.2.0
[INFO] [stderr]   Downloaded assert_cmd v2.0.12
[INFO] [stderr]   Downloaded anstream v0.5.0
[INFO] [stderr]   Downloaded clap_lex v0.5.1
[INFO] [stderr]   Downloaded anstyle v1.0.2
[INFO] [stderr]   Downloaded difflib v0.4.0
[INFO] [stderr]   Downloaded termtree v0.4.1
[INFO] [stderr]   Downloaded predicates-tree v1.0.9
[INFO] [stderr]   Downloaded predicates-core v1.0.6
[INFO] running `Command { std: "docker" "create" "-v" "/var/lib/crater-agent-workspace/builds/worker-7-tc1/target:/opt/rustwide/target:rw,Z" "-v" "/var/lib/crater-agent-workspace/builds/worker-7-tc1/source:/opt/rustwide/workdir:ro,Z" "-v" "/var/lib/crater-agent-workspace/cargo-home:/opt/rustwide/cargo-home:ro,Z" "-v" "/var/lib/crater-agent-workspace/rustup-home:/opt/rustwide/rustup-home:ro,Z" "-e" "SOURCE_DIR=/opt/rustwide/workdir" "-e" "CARGO_TARGET_DIR=/opt/rustwide/target" "-e" "CARGO_HOME=/opt/rustwide/cargo-home" "-e" "RUSTUP_HOME=/opt/rustwide/rustup-home" "-w" "/opt/rustwide/workdir" "-m" "1610612736" "--user" "0:0" "--network" "none" "ghcr.io/rust-lang/crates-build-env/linux@sha256:2788e3201cd34a07e3172128adcd8b3090168a8e3bcc40d7c032b9dda1df7d1c" "/opt/rustwide/cargo-home/bin/cargo" "+1.75.0" "metadata" "--no-deps" "--format-version=1", kill_on_drop: false }`
[INFO] [stdout] f3e7934a5aa58c86a907219ea68de57e1a36261604b4ae3e1c2fed6655d208c7
[INFO] running `Command { std: "docker" "start" "-a" "f3e7934a5aa58c86a907219ea68de57e1a36261604b4ae3e1c2fed6655d208c7", kill_on_drop: false }`
[INFO] running `Command { std: "docker" "inspect" "f3e7934a5aa58c86a907219ea68de57e1a36261604b4ae3e1c2fed6655d208c7", kill_on_drop: false }`
[INFO] running `Command { std: "docker" "rm" "-f" "f3e7934a5aa58c86a907219ea68de57e1a36261604b4ae3e1c2fed6655d208c7", kill_on_drop: false }`
[INFO] [stdout] f3e7934a5aa58c86a907219ea68de57e1a36261604b4ae3e1c2fed6655d208c7
[INFO] running `Command { std: "docker" "create" "-v" "/var/lib/crater-agent-workspace/builds/worker-7-tc1/target:/opt/rustwide/target:rw,Z" "-v" "/var/lib/crater-agent-workspace/builds/worker-7-tc1/source:/opt/rustwide/workdir:ro,Z" "-v" "/var/lib/crater-agent-workspace/cargo-home:/opt/rustwide/cargo-home:ro,Z" "-v" "/var/lib/crater-agent-workspace/rustup-home:/opt/rustwide/rustup-home:ro,Z" "-e" "SOURCE_DIR=/opt/rustwide/workdir" "-e" "CARGO_TARGET_DIR=/opt/rustwide/target" "-e" "CARGO_INCREMENTAL=0" "-e" "RUST_BACKTRACE=full" "-e" "RUSTFLAGS=--cap-lints=warn" "-e" "RUSTDOCFLAGS=--cap-lints=warn" "-e" "CARGO_HOME=/opt/rustwide/cargo-home" "-e" "RUSTUP_HOME=/opt/rustwide/rustup-home" "-w" "/opt/rustwide/workdir" "-m" "1610612736" "--user" "0:0" "--network" "none" "ghcr.io/rust-lang/crates-build-env/linux@sha256:2788e3201cd34a07e3172128adcd8b3090168a8e3bcc40d7c032b9dda1df7d1c" "/opt/rustwide/cargo-home/bin/cargo" "+1.75.0" "build" "--frozen" "--message-format=json", kill_on_drop: false }`
[INFO] [stdout] 922fc4e1e8db1cbce8f71bcecafde51be2fd1b33f1c3106969a51ccba802b666
[INFO] running `Command { std: "docker" "start" "-a" "922fc4e1e8db1cbce8f71bcecafde51be2fd1b33f1c3106969a51ccba802b666", kill_on_drop: false }`
[INFO] [stderr]    Compiling autocfg v1.1.0
[INFO] [stderr]    Compiling libc v0.2.147
[INFO] [stderr]    Compiling cfg-if v1.0.0
[INFO] [stderr]    Compiling proc-macro2 v1.0.66
[INFO] [stderr]    Compiling once_cell v1.18.0
[INFO] [stderr]    Compiling unicode-ident v1.0.11
[INFO] [stderr]    Compiling crossbeam-utils v0.8.16
[INFO] [stderr]    Compiling scopeguard v1.2.0
[INFO] [stderr]    Compiling utf8parse v0.2.1
[INFO] [stderr]    Compiling anstyle-query v1.0.0
[INFO] [stderr]    Compiling anstyle v1.0.2
[INFO] [stderr]    Compiling simd-adler32 v0.3.7
[INFO] [stderr]    Compiling colorchoice v1.0.0
[INFO] [stderr]    Compiling clap_lex v0.5.1
[INFO] [stderr]    Compiling strsim v0.10.0
[INFO] [stderr]    Compiling adler v1.0.2
[INFO] [stderr]    Compiling rayon-core v1.11.0
[INFO] [stderr]    Compiling anstyle-parse v0.2.1
[INFO] [stderr]    Compiling spin v0.5.2
[INFO] [stderr]    Compiling untrusted v0.7.1
[INFO] [stderr]    Compiling crc32fast v1.3.2
[INFO] [stderr]    Compiling memchr v2.5.0
[INFO] [stderr]    Compiling miniz_oxide v0.7.1
[INFO] [stderr]    Compiling heck v0.4.1
[INFO] [stderr]    Compiling tinyvec_macros v0.1.1
[INFO] [stderr]    Compiling anstream v0.5.0
[INFO] [stderr]    Compiling rustix v0.38.8
[INFO] [stderr]    Compiling futures-core v0.3.28
[INFO] [stderr]    Compiling tinyvec v1.6.0
[INFO] [stderr]    Compiling bitflags v2.4.0
[INFO] [stderr]    Compiling io-lifetimes v1.0.11
[INFO] [stderr]    Compiling memoffset v0.9.0
[INFO] [stderr]    Compiling crossbeam-epoch v0.9.15
[INFO] [stderr]    Compiling lock_api v0.4.10
[INFO] [stderr]    Compiling clap_builder v4.4.0
[INFO] [stderr]    Compiling num-traits v0.2.16
[INFO] [stderr]    Compiling num-integer v0.1.45
[INFO] [stderr]    Compiling crossbeam-channel v0.5.8
[INFO] [stderr]    Compiling bitflags v1.3.2
[INFO] [stderr]    Compiling flate2 v1.0.27
[INFO] [stderr]    Compiling quote v1.0.33
[INFO] [stderr]    Compiling either v1.9.0
[INFO] [stderr]    Compiling linux-raw-sys v0.4.5
[INFO] [stderr]    Compiling syn v2.0.29
[INFO] [stderr]    Compiling aho-corasick v1.0.4
[INFO] [stderr]    Compiling spin v0.9.8
[INFO] [stderr]    Compiling unicode-normalization v0.1.22
[INFO] [stderr]    Compiling cc v1.0.83
[INFO] [stderr]    Compiling crossbeam-deque v0.8.3
[INFO] [stderr]    Compiling num-rational v0.4.1
[INFO] [stderr]    Compiling roff v0.2.1
[INFO] [stderr]    Compiling futures-sink v0.3.28
[INFO] [stderr]    Compiling weezl v0.1.7
[INFO] [stderr]    Compiling log v0.4.20
[INFO] [stderr]    Compiling percent-encoding v2.3.0
[INFO] [stderr]    Compiling unicode-bidi v0.3.13
[INFO] [stderr]    Compiling rustix v0.37.23
[INFO] [stderr]    Compiling rustls v0.21.6
[INFO] [stderr]    Compiling regex-syntax v0.7.4
[INFO] [stderr]    Compiling form_urlencoded v1.2.0
[INFO] [stderr]    Compiling zune-inflate v0.2.54
[INFO] [stderr]    Compiling fdeflate v0.3.0
[INFO] [stderr]    Compiling bytemuck v1.13.1
[INFO] [stderr]    Compiling idna v0.4.0
[INFO] [stderr]    Compiling smallvec v1.11.0
[INFO] [stderr]    Compiling num_cpus v1.16.0
[INFO] [stderr]    Compiling getrandom v0.2.10
[INFO] [stderr]    Compiling half v2.2.1
[INFO] [stderr]    Compiling lebe v0.5.2
[INFO] [stderr]    Compiling nanorand v0.7.0
[INFO] [stderr]    Compiling is-terminal v0.4.9
[INFO] [stderr]    Compiling linux-raw-sys v0.3.8
[INFO] [stderr]    Compiling bit_field v0.10.2
[INFO] [stderr]    Compiling color_quant v1.1.0
[INFO] [stderr]    Compiling url v2.4.0
[INFO] [stderr]    Compiling qoi v0.4.1
[INFO] [stderr]    Compiling png v0.17.10
[INFO] [stderr]    Compiling gif v0.12.0
[INFO] [stderr]    Compiling base64 v0.21.2
[INFO] [stderr]    Compiling termcolor v1.2.0
[INFO] [stderr]    Compiling lazy_static v1.4.0
[INFO] [stderr]    Compiling rayon v1.7.0
[INFO] [stderr]    Compiling ring v0.16.20
[INFO] [stderr]    Compiling byteorder v1.4.3
[INFO] [stderr]    Compiling humantime v2.1.0
[INFO] [stderr]    Compiling regex-automata v0.3.6
[INFO] [stderr]    Compiling colored v2.0.4
[INFO] [stderr]    Compiling terminal_size v0.2.6
[INFO] [stderr]    Compiling clap v4.4.0
[INFO] [stderr]    Compiling clap_derive v4.4.0
[INFO] [stderr]    Compiling pin-project-internal v1.1.3
[INFO] [stderr]    Compiling jpeg-decoder v0.3.0
[INFO] [stderr]    Compiling regex v1.9.3
[INFO] [stderr]    Compiling tiff v0.9.0
[INFO] [stderr]    Compiling env_logger v0.10.0
[INFO] [stderr]    Compiling pin-project v1.1.3
[INFO] [stderr]    Compiling flume v0.10.14
[INFO] [stderr]    Compiling exr v1.7.0
[INFO] [stderr]    Compiling rustls-webpki v0.100.2
[INFO] [stderr]    Compiling sct v0.7.0
[INFO] [stderr]    Compiling rustls-webpki v0.101.4
[INFO] [stderr]    Compiling clap_complete v4.4.0
[INFO] [stderr]    Compiling clap_mangen v0.2.13
[INFO] [stderr]    Compiling webpki-roots v0.23.1
[INFO] [stderr]    Compiling artem v2.0.2 (/opt/rustwide/workdir)
[INFO] [stderr] warning: artem@2.0.2: completion file is generated: "/opt/rustwide/target/debug/build/artem-464292e225c73f38/out/artem.bash"
[INFO] [stderr] warning: artem@2.0.2: completion file is generated: "/opt/rustwide/target/debug/build/artem-464292e225c73f38/out/_artem.ps1"
[INFO] [stderr] warning: artem@2.0.2: completion file is generated: "/opt/rustwide/target/debug/build/artem-464292e225c73f38/out/_artem"
[INFO] [stderr] warning: artem@2.0.2: completion file is generated: "/opt/rustwide/target/debug/build/artem-464292e225c73f38/out/artem.fish"
[INFO] [stderr] warning: artem@2.0.2: completion file is generated: "/opt/rustwide/target/debug/build/artem-464292e225c73f38/out/artem.elv"
[INFO] [stderr] warning: artem@2.0.2: man page is generated: "/opt/rustwide/target/debug/build/artem-464292e225c73f38/out/artem.1"
[INFO] [stderr]    Compiling image v0.24.7
[INFO] [stderr]    Compiling ureq v2.7.1
[INFO] [stderr]     Finished dev [unoptimized + debuginfo] target(s) in 25.09s
[INFO] running `Command { std: "docker" "inspect" "922fc4e1e8db1cbce8f71bcecafde51be2fd1b33f1c3106969a51ccba802b666", kill_on_drop: false }`
[INFO] running `Command { std: "docker" "rm" "-f" "922fc4e1e8db1cbce8f71bcecafde51be2fd1b33f1c3106969a51ccba802b666", kill_on_drop: false }`
[INFO] [stdout] 922fc4e1e8db1cbce8f71bcecafde51be2fd1b33f1c3106969a51ccba802b666
[INFO] running `Command { std: "docker" "create" "-v" "/var/lib/crater-agent-workspace/builds/worker-7-tc1/target:/opt/rustwide/target:rw,Z" "-v" "/var/lib/crater-agent-workspace/builds/worker-7-tc1/source:/opt/rustwide/workdir:ro,Z" "-v" "/var/lib/crater-agent-workspace/cargo-home:/opt/rustwide/cargo-home:ro,Z" "-v" "/var/lib/crater-agent-workspace/rustup-home:/opt/rustwide/rustup-home:ro,Z" "-e" "SOURCE_DIR=/opt/rustwide/workdir" "-e" "CARGO_TARGET_DIR=/opt/rustwide/target" "-e" "CARGO_INCREMENTAL=0" "-e" "RUST_BACKTRACE=full" "-e" "RUSTFLAGS=--cap-lints=warn" "-e" "RUSTDOCFLAGS=--cap-lints=warn" "-e" "CARGO_HOME=/opt/rustwide/cargo-home" "-e" "RUSTUP_HOME=/opt/rustwide/rustup-home" "-w" "/opt/rustwide/workdir" "-m" "1610612736" "--user" "0:0" "--network" "none" "ghcr.io/rust-lang/crates-build-env/linux@sha256:2788e3201cd34a07e3172128adcd8b3090168a8e3bcc40d7c032b9dda1df7d1c" "/opt/rustwide/cargo-home/bin/cargo" "+1.75.0" "test" "--frozen" "--no-run" "--message-format=json", kill_on_drop: false }`
[INFO] [stdout] ed7bb42250541b926a1bae280b2bb218c5495c4e197380df20e9053c54e2d990
[INFO] running `Command { std: "docker" "start" "-a" "ed7bb42250541b926a1bae280b2bb218c5495c4e197380df20e9053c54e2d990", kill_on_drop: false }`
[INFO] [stderr]    Compiling either v1.9.0
[INFO] [stderr]    Compiling regex-syntax v0.7.4
[INFO] [stderr]    Compiling serde v1.0.186
[INFO] [stderr]    Compiling serde_derive v1.0.186
[INFO] [stderr]    Compiling serde_json v1.0.105
[INFO] [stderr]    Compiling ciborium-io v0.2.1
[INFO] [stderr]    Compiling ryu v1.0.15
[INFO] [stderr]    Compiling itoa v1.0.9
[INFO] [stderr]    Compiling doc-comment v0.3.3
[INFO] [stderr]    Compiling plotters-backend v0.3.5
[INFO] [stderr]    Compiling predicates-core v1.0.6
[INFO] [stderr]    Compiling half v1.8.2
[INFO] [stderr]    Compiling float-cmp v0.9.0
[INFO] [stderr]    Compiling normalize-line-endings v0.3.0
[INFO] [stderr]    Compiling difflib v0.4.0
[INFO] [stderr] warning: artem@2.0.2: completion file is generated: "/opt/rustwide/target/debug/build/artem-464292e225c73f38/out/artem.bash"
[INFO] [stderr] warning: artem@2.0.2: completion file is generated: "/opt/rustwide/target/debug/build/artem-464292e225c73f38/out/_artem.ps1"
[INFO] [stderr] warning: artem@2.0.2: completion file is generated: "/opt/rustwide/target/debug/build/artem-464292e225c73f38/out/_artem"
[INFO] [stderr] warning: artem@2.0.2: completion file is generated: "/opt/rustwide/target/debug/build/artem-464292e225c73f38/out/artem.fish"
[INFO] [stderr] warning: artem@2.0.2: completion file is generated: "/opt/rustwide/target/debug/build/artem-464292e225c73f38/out/artem.elv"
[INFO] [stderr] warning: artem@2.0.2: man page is generated: "/opt/rustwide/target/debug/build/artem-464292e225c73f38/out/artem.1"
[INFO] [stderr]    Compiling cast v0.3.0
[INFO] [stderr]    Compiling termtree v0.4.1
[INFO] [stderr]    Compiling rayon v1.7.0
[INFO] [stderr]    Compiling itertools v0.10.5
[INFO] [stderr]    Compiling same-file v1.0.6
[INFO] [stderr]    Compiling wait-timeout v0.2.0
[INFO] [stderr]    Compiling diff v0.1.13
[INFO] [stderr]    Compiling predicates-tree v1.0.9
[INFO] [stderr]    Compiling walkdir v2.3.3
[INFO] [stderr]    Compiling oorandom v11.1.3
[INFO] [stderr]    Compiling plotters-svg v0.3.5
[INFO] [stderr]    Compiling ciborium-ll v0.2.1
[INFO] [stderr]    Compiling anes v0.1.6
[INFO] [stderr]    Compiling pretty_assertions v1.4.0
[INFO] [stderr]    Compiling plotters v0.3.5
[INFO] [stderr]    Compiling criterion-plot v0.5.0
[INFO] [stderr]    Compiling regex-automata v0.3.6
[INFO] [stderr]    Compiling jpeg-decoder v0.3.0
[INFO] [stderr]    Compiling tiff v0.9.0
[INFO] [stderr]    Compiling image v0.24.7
[INFO] [stderr]    Compiling regex v1.9.3
[INFO] [stderr]    Compiling bstr v1.6.0
[INFO] [stderr]    Compiling env_logger v0.10.0
[INFO] [stderr]    Compiling predicates v3.0.3
[INFO] [stderr]    Compiling assert_cmd v2.0.12
[INFO] [stderr]    Compiling ciborium v0.2.1
[INFO] [stderr]    Compiling artem v2.0.2 (/opt/rustwide/workdir)
[INFO] [stderr]    Compiling tinytemplate v1.2.1
[INFO] [stderr]    Compiling criterion v0.5.1
[INFO] [stderr]     Finished test [unoptimized + debuginfo] target(s) in 17.40s
[INFO] running `Command { std: "docker" "inspect" "ed7bb42250541b926a1bae280b2bb218c5495c4e197380df20e9053c54e2d990", kill_on_drop: false }`
[INFO] running `Command { std: "docker" "rm" "-f" "ed7bb42250541b926a1bae280b2bb218c5495c4e197380df20e9053c54e2d990", kill_on_drop: false }`
[INFO] [stdout] ed7bb42250541b926a1bae280b2bb218c5495c4e197380df20e9053c54e2d990
[INFO] running `Command { std: "docker" "create" "-v" "/var/lib/crater-agent-workspace/builds/worker-7-tc1/target:/opt/rustwide/target:rw,Z" "-v" "/var/lib/crater-agent-workspace/builds/worker-7-tc1/source:/opt/rustwide/workdir:ro,Z" "-v" "/var/lib/crater-agent-workspace/cargo-home:/opt/rustwide/cargo-home:ro,Z" "-v" "/var/lib/crater-agent-workspace/rustup-home:/opt/rustwide/rustup-home:ro,Z" "-e" "SOURCE_DIR=/opt/rustwide/workdir" "-e" "CARGO_TARGET_DIR=/opt/rustwide/target" "-e" "CARGO_INCREMENTAL=0" "-e" "RUST_BACKTRACE=full" "-e" "RUSTFLAGS=--cap-lints=warn" "-e" "RUSTDOCFLAGS=--cap-lints=warn" "-e" "CARGO_HOME=/opt/rustwide/cargo-home" "-e" "RUSTUP_HOME=/opt/rustwide/rustup-home" "-w" "/opt/rustwide/workdir" "-m" "1610612736" "--user" "0:0" "--network" "none" "ghcr.io/rust-lang/crates-build-env/linux@sha256:2788e3201cd34a07e3172128adcd8b3090168a8e3bcc40d7c032b9dda1df7d1c" "/opt/rustwide/cargo-home/bin/cargo" "+1.75.0" "test" "--frozen", kill_on_drop: false }`
[INFO] [stdout] a4e476304cd53caa2ea28b0ed7917ab800e0b8f7701a6dbb0682c573b5b5c2b9
[INFO] running `Command { std: "docker" "start" "-a" "a4e476304cd53caa2ea28b0ed7917ab800e0b8f7701a6dbb0682c573b5b5c2b9", kill_on_drop: false }`
[INFO] [stderr] warning: artem@2.0.2: completion file is generated: "/opt/rustwide/target/debug/build/artem-464292e225c73f38/out/artem.bash"
[INFO] [stderr] warning: artem@2.0.2: completion file is generated: "/opt/rustwide/target/debug/build/artem-464292e225c73f38/out/_artem.ps1"
[INFO] [stderr] warning: artem@2.0.2: completion file is generated: "/opt/rustwide/target/debug/build/artem-464292e225c73f38/out/_artem"
[INFO] [stderr] warning: artem@2.0.2: completion file is generated: "/opt/rustwide/target/debug/build/artem-464292e225c73f38/out/artem.fish"
[INFO] [stderr] warning: artem@2.0.2: completion file is generated: "/opt/rustwide/target/debug/build/artem-464292e225c73f38/out/artem.elv"
[INFO] [stderr] warning: artem@2.0.2: man page is generated: "/opt/rustwide/target/debug/build/artem-464292e225c73f38/out/artem.1"
[INFO] [stderr]     Finished test [unoptimized + debuginfo] target(s) in 0.18s
[INFO] [stderr]      Running unittests src/lib.rs (/opt/rustwide/target/debug/deps/artem-b3c3572a4d845b28)
[INFO] [stdout] 
[INFO] [stdout] running 81 tests
[INFO] [stdout] test config::test_calculate_dimensions::calculate_dimensions_height_1x1_img ... ok
[INFO] [stdout] test config::test_calculate_dimensions::calculate_border_smaller_columns ... ok
[INFO] [stdout] test config::test_conversion_configuration_builder::build_default ... ok
[INFO] [stdout] test config::test_conversion_configuration_builder::change_characters ... ok
[INFO] [stdout] test config::test_calculate_dimensions::calculate_dimensions_scale_zero ... ok
[INFO] [stdout] test config::test_calculate_dimensions::calculate_dimensions_height ... ok
[INFO] [stdout] test config::test_conversion_configuration_builder::change_border ... ok
[INFO] [stdout] test config::test_calculate_dimensions::calculate_dimensions_width_1x1_img ... ok
[INFO] [stdout] test config::test_conversion_configuration_builder::change_center_x ... ok
[INFO] [stdout] test config::test_calculate_dimensions::calculate_dimensions_width ... ok
[INFO] [stdout] test config::test_calculate_dimensions::calculate_dimensions_width_119 ... ok
[INFO] [stdout] test config::test_conversion_configuration_builder::change_center_y ... ok
[INFO] [stdout] test config::test_conversion_configuration_builder::change_dimension ... ok
[INFO] [stdout] test config::test_conversion_configuration_builder::change_invert ... ok
[INFO] [stdout] test config::test_conversion_configuration_builder::change_hysteresis ... ok
[INFO] [stdout] test config::test_conversion_configuration_builder::change_file_type ... ok
[INFO] [stdout] test config::test_conversion_configuration_builder::change_target_size ... ok
[INFO] [stdout] test config::test_conversion_configuration_builder::change_outline ... ok
[INFO] [stdout] test config::test_conversion_configuration_builder::change_transform_x ... ok
[INFO] [stdout] test config::test_conversion_configuration_builder::change_scale ... ok
[INFO] [stdout] test config::test_conversion_configuration_builder::change_transform_y ... ok
[INFO] [stdout] test filter::test_blur::img_middle_white ... ok
[INFO] [stdout] test filter::test_create_gauss_kernel::sigma_1_4 ... ok
[INFO] [stdout] test config::tests::default ... ok
[INFO] [stdout] test filter::test_edge_detection::irrelevant_pixel_removed ... ok
[INFO] [stdout] test config::test_dimensions_enum::default_is_width ... ok
[INFO] [stdout] test filter::test_edge_detection::irrelevant_pixel_with_strong_neighbor_is_removed ... ok
[INFO] [stdout] test filter::test_edge_detection::weak_pixel_removed ... ok
[INFO] [stdout] test filter::test_edge_detection::no_strong_results_in_black_img ... ok
[INFO] [stdout] test filter::test_edge_detection::strong_pixels_stay ... ok
[INFO] [stdout] test filter::test_sobel::edge_horizontal ... ok
[INFO] [stdout] test filter::test_edge_detection::weak_pixel_with_strong_neighbor_is_converted ... ok
[INFO] [stdout] test filter::test_blur::black_img_remains_black ... ok
[INFO] [stdout] test config::test_option::builder_default ... ok
[INFO] [stdout] test pixel::test_map_range::remap_values ... ok
[INFO] [stdout] test pixel::test_avg_color::red_green ... ok
[INFO] [stdout] test pixel::test_avg_color::empty_input ... ok
[INFO] [stdout] test pixel::test_map_range::remap_values_above_range ... ok
[INFO] [stdout] test pixel::test_avg_color::green_blue ... ok
[INFO] [stdout] test filter::test_sobel::edge_vertical ... ok
[INFO] [stdout] test pixel::test_pixel_density::ansi_colored_char_ansi ... ok
[INFO] [stdout] test pixel::test_pixel_density::ansi_colored_char_shell ... ok
[INFO] [stdout] test pixel::test_pixel_density::colored_background_char_ansi ... ignored, Requires truecolor support
[INFO] [stdout] test pixel::test_pixel_density::colored_background_char_shell ... ignored, Requires truecolor support
[INFO] [stdout] test pixel::test_pixel_density::colored_char ... ignored, Requires truecolor support
[INFO] [stdout] test filter::test_sobel::no_edge ... ok
[INFO] [stdout] test pixel::test_pixel_density::target_html_background_string ... ok
[INFO] [stdout] test pixel::test_pixel_density::medium_density_char ... ok
[INFO] [stdout] test pixel::test_pixel_density::target_html_no_color ... ok
[INFO] [stdout] test pixel::test_map_range::remap_values_below_range ... ok
[INFO] [stdout] test pixel::test_pixel_density::target_html_colored_string ... ok
[INFO] [stdout] test pixel::test_pixel_density::target_file_returns_non_colored_string ... ok
[INFO] [stdout] test pixel::test_pixel_density::invert_returns_first_instead_of_last_char ... ok
[INFO] [stdout] test pixel::test_pixel_density::white_has_no_tag ... ok
[INFO] [stdout] test pixel::test_pixel_density::dark_density_char ... ok
[INFO] [stdout] test target::ansi::test_colored_string::rust_color_no_background ... ignored, Requires truecolor support
[INFO] [stdout] test target::ansi::test_colored_string::rust_color_with_background ... ignored, Requires truecolor support
[INFO] [stdout] test target::ansi::test_convert_rgb_ansi::convert_vga_normal_values ... ok
[INFO] [stdout] test target::ansi::test_colored_string::rust_color_ansi_with_background ... ok
[INFO] [stdout] test target::ansi::test_convert_rgb_ansi::convert_vga_bright_values ... ok
[INFO] [stdout] test pixel::tests::luminosity_black_is_zero ... ok
[INFO] [stdout] test target::html::test_html_string::black_with_background ... ok
[INFO] [stdout] test target::html::test_html_string::black_no_background ... ok
[INFO] [stdout] test target::ansi::test_convert_rgb_ansi::rgb_blue ... ok
[INFO] [stdout] test pixel::tests::luminosity_white_is_255 ... ok
[INFO] [stdout] test target::html::test_html_string::rust_color_no_background ... ok
[INFO] [stdout] test target::html::test_push_html_top::push_top_html_returns_correct_string ... ok
[INFO] [stdout] test target::html::test_push_html_bottom::push_bottom_html_returns_correct_string ... ok
[INFO] [stdout] test target::html::test_html_string::rust_color_with_background ... ok
[INFO] [stdout] test target::ansi::test_colored_string::rust_color_ansi_no_background ... ok
[INFO] [stdout] test pixel::tests::luminosity_rust_color_is_255 ... ok
[INFO] [stdout] test target::html::test_html_string::whitespace_no_tag ... ok
[INFO] [stdout] test config::test_calculate_dimensions::calculate_dimensions_img_width_height_zero - should panic ... ok
[INFO] [stdout] test config::test_calculate_dimensions::calculate_dimensions_height_zero - should panic ... ok
[INFO] [stdout] test config::test_calculate_dimensions::calculate_dimensions_img_height_zero - should panic ... ok
[INFO] [stdout] test config::test_calculate_dimensions::calculate_dimensions_width_zero - should panic ... ok
[INFO] [stdout] test config::test_calculate_dimensions::calculate_dimensions_img_width_zero - should panic ... ok
[INFO] [stdout] test filter::test_create_gauss_kernel::sigma_zero_panics - should panic ... ok
[INFO] [stdout] test filter::test_blur::panic_sigma_0 - should panic ... ok
[INFO] [stdout] test filter::test_blur::panic_sigma_negative - should panic ... ok
[INFO] [stdout] test filter::test_create_gauss_kernel::sigma_minus_one_panics - should panic ... ok
[INFO] [stdout] 
[INFO] [stdout] test result: ok. 76 passed; 0 failed; 5 ignored; 0 measured; 0 filtered out; finished in 0.21s
[INFO] [stdout] 
[INFO] [stderr]      Running unittests src/main.rs (/opt/rustwide/target/debug/deps/artem-9b6371867bbe1d03)
[INFO] [stdout] 
[INFO] [stdout] running 6 tests
[INFO] [stdout] test cli::test::fail_conflicting_args_no_color_background ... ok
[INFO] [stdout] test cli::test::fail_conflicting_args_height_width ... ok
[INFO] [stdout] test cli::test::fail_conflicting_args_size_height ... ok
[INFO] [stdout] test cli::test::fail_conflicting_args_size_width ... ok
[INFO] [stdout] test cli::test::success_input ... ok
[INFO] [stdout] test cli::test::fail_missing_input ... ok
[INFO] [stdout] 
[INFO] [stdout] test result: ok. 6 passed; 0 failed; 0 ignored; 0 measured; 0 filtered out; finished in 0.03s
[INFO] [stdout] 
[INFO] [stderr]      Running tests/arguments_test.rs (/opt/rustwide/target/debug/deps/arguments_test-e5dd4721870f0456)
[INFO] [stdout] 
[INFO] [stdout] running 70 tests
[INFO] [stdout] test arguments::color::no_color::arg_with_value ... ok
[INFO] [stdout] test arguments::input::input::input_does_not_exist ... ok
[INFO] [stdout] test arguments::color::no_color::arg_conflict_background ... ok
[INFO] [stdout] test arguments::input::input::input_is_dir ... ok
[INFO] [stdout] test arguments::color::invert::arg_with_value ... ok
[INFO] [stdout] test arguments::color::background_color::arg_conflict_no_color ... ok
[INFO] [stdout] test arguments::color::background_color::arg_with_value ... ok
[INFO] [stdout] test arguments::characters::characters::arg_is_none ... ok
[INFO] [stdout] test arguments::input::input::multiple_input_is_false ... ok
[INFO] [stdout] test arguments::input::url_input::input_does_not_exist ... ok
[INFO] [stdout] test arguments::input::url_input::help_shows_correct_info ... ok
[INFO] [stdout] test arguments::input::url_input::multiple_input_is_false ... ok
[INFO] [stdout] test arguments::output::output_file::arg_is_none ... ok
[INFO] [stdout] test arguments::input::url_input::multiple_correct_input ... FAILED
[INFO] [stdout] test arguments::input::url_input::correct_input ... FAILED
[INFO] [stdout] test arguments::output::verbosity::arg_error ... ok
[INFO] [stdout] test arguments::output::verbosity::arg_is_none ... ok
[INFO] [stdout] test arguments::characters::characters::arg_is_number ... ok
[INFO] [stdout] test arguments::input::input::correct_input ... ok
[INFO] [stdout] test arguments::color::invert::arg_is_correct ... ok
[INFO] [stdout] test arguments::scale::scale::arg_is_nan ... ok
[INFO] [stdout] test arguments::scale::scale::arg_is_none ... ok
[INFO] [stdout] test arguments::scale::scale::arg_is_negative ... ok
[INFO] [stdout] test arguments::size::height::arg_conflict_height ... ok
[INFO] [stdout] test arguments::color::no_color::arg_is_correct ... ok
[INFO] [stdout] test arguments::size::height::arg_is_correct - should panic ... ok
[INFO] [stdout] test arguments::output::output_file::file_is_html ... ok
[INFO] [stdout] test arguments::size::height::arg_with_value ... ok
[INFO] [stdout] test arguments::size::size::arg_conflict_height ... ok
[INFO] [stdout] test arguments::size::size::arg_conflict_width ... ok
[INFO] [stdout] test arguments::size::height::arg_conflict_size ... ok
[INFO] [stdout] test arguments::size::size::arg_is_float ... ok
[INFO] [stdout] test arguments::size::size::arg_is_larger_max ... ok
[INFO] [stdout] test arguments::color::background_color::arg_is_correct ... ok
[INFO] [stdout] test arguments::size::size::arg_is_nan ... ok
[INFO] [stdout] test arguments::size::size::arg_is_negative ... ok
[INFO] [stdout] test arguments::size::width::arg_conflict_height ... ok
[INFO] [stdout] test arguments::size::width::arg_conflict_size ... ok
[INFO] [stdout] test arguments::size::size::arg_is_none ... ok
[INFO] [stdout] test arguments::output::verbosity::arg_debug ... ok
[INFO] [stdout] test arguments::size::width::arg_with_value ... ok
[INFO] [stdout] test arguments::size::width::arg_is_correct - should panic ... ok
[INFO] [stdout] test arguments::output::output_file::file_plain_text ... ok
[INFO] [stdout] test arguments::characters::characters::arg_is_correct ... ok
[INFO] [stdout] test arguments::transform::center_x::arg_with_value ... ok
[INFO] [stdout] test arguments::transform::border::arg_with_value ... ok
[INFO] [stdout] test arguments::transform::flip_x::arg_with_value ... ok
[INFO] [stdout] test arguments::transform::center_y::arg_with_value ... ok
[INFO] [stdout] test arguments::output::verbosity::arg_info ... ok
[INFO] [stdout] test arguments::transform::flip_y::arg_with_value ... ok
[INFO] [stdout] test arguments::output::output_file::file_is_ansi ... ok
[INFO] [stdout] test arguments::transform::hysteresis::arg_with_value ... ok
[INFO] [stdout] test arguments::scale::scale::arg_is_correct ... ok
[INFO] [stdout] test arguments::transform::hysteresis::outline_is_required ... ok
[INFO] [stdout] test arguments::transform::outline::arg_with_value ... ok
[INFO] [stdout] test arguments::scale::scale::arg_is_larger_max ... ok
[INFO] [stdout] test arguments::size::size::arg_is_correct ... ok
[INFO] [stdout] test arguments::transform::border::arg_is_correct ... ok
[INFO] [stdout] test arguments::scale::scale::arg_is_zero ... ok
[INFO] [stdout] test arguments::transform::center_y::arg_is_correct ... ok
[INFO] [stdout] test arguments::transform::center_x::arg_is_correct ... ok
[INFO] [stdout] test arguments::input::input::multiple_correct_input ... ok
[INFO] [stdout] test arguments::transform::flip_x_y::arg_is_correct ... ok
[INFO] [stdout] test arguments::transform::flip_x::arg_is_correct ... ok
[INFO] [stdout] test arguments::transform::flip_y::arg_is_correct ... ok
[INFO] [stdout] test arguments::characters::characters::arg_preset_0_short_s ... ok
[INFO] [stdout] test arguments::characters::characters::arg_preset_2_long_l ... ok
[INFO] [stdout] test arguments::characters::characters::arg_preset_1_flat_f ... ok
[INFO] [stdout] test arguments::transform::hysteresis::arg_is_correct ... ok
[INFO] [stdout] test arguments::transform::outline::arg_is_correct ... ok
[INFO] [stdout] 
[INFO] [stdout] failures:
[INFO] [stdout] 
[INFO] [stdout] ---- arguments::input::url_input::multiple_correct_input stdout ----
[INFO] [stdout] thread 'arguments::input::url_input::multiple_correct_input' panicked at /rustc/82e1608dfa6e0b5569232559e3d385fea5a93112/library/core/src/ops/function.rs:250:5:
[INFO] [stdout] Unexpected failure.
[INFO] [stdout] code=66
[INFO] [stdout] stderr=``````
[INFO] [stdout] [WARN ] Truecolor is not supported. Using ansi color.
[INFO] [stdout] [ERROR] Failed to load image bytes from https://raw.githubusercontent.com/FineFindus/artem/master/assets/images/standard_test_img.png
[INFO] [stdout] [ERROR] Artem exited with code: 66
[INFO] [stdout] ```
[INFO] [stdout] ```
[INFO] [stdout] command=`"/opt/rustwide/target/debug/artem" "https://raw.githubusercontent.com/FineFindus/artem/master/assets/images/standard_test_img.png" "https://raw.githubusercontent.com/FineFindus/artem/master/assets/images/standard_test_img.png"`
[INFO] [stdout] code=66
[INFO] [stdout] stdout=""
[INFO] [stdout] stderr=```
[INFO] [stdout] [WARN ] Truecolor is not supported. Using ansi color.
[INFO] [stdout] [ERROR] Failed to load image bytes from https://raw.githubusercontent.com/FineFindus/artem/master/assets/images/standard_test_img.png
[INFO] [stdout] [ERROR] Artem exited with code: 66
[INFO] [stdout] ```
[INFO] [stdout] 
[INFO] [stdout] 
[INFO] [stdout] stack backtrace:
[INFO] [stdout]    0:     0x56275fd6918c - std::backtrace_rs::backtrace::libunwind::trace::ha637c64ce894333a
[INFO] [stdout]                                at /rustc/82e1608dfa6e0b5569232559e3d385fea5a93112/library/std/src/../../backtrace/src/backtrace/libunwind.rs:104:5
[INFO] [stdout]    1:     0x56275fd6918c - std::backtrace_rs::backtrace::trace_unsynchronized::h47f62dea28e0c88d
[INFO] [stdout]                                at /rustc/82e1608dfa6e0b5569232559e3d385fea5a93112/library/std/src/../../backtrace/src/backtrace/mod.rs:66:5
[INFO] [stdout]    2:     0x56275fd6918c - std::sys_common::backtrace::_print_fmt::h9eef0abe20ede486
[INFO] [stdout]                                at /rustc/82e1608dfa6e0b5569232559e3d385fea5a93112/library/std/src/sys_common/backtrace.rs:67:5
[INFO] [stdout]    3:     0x56275fd6918c - <std::sys_common::backtrace::_print::DisplayBacktrace as core::fmt::Display>::fmt::hed7f999df88cc644
[INFO] [stdout]                                at /rustc/82e1608dfa6e0b5569232559e3d385fea5a93112/library/std/src/sys_common/backtrace.rs:44:22
[INFO] [stdout]    4:     0x56275fd93bd0 - core::fmt::rt::Argument::fmt::h1539a9308b8d058d
[INFO] [stdout]                                at /rustc/82e1608dfa6e0b5569232559e3d385fea5a93112/library/core/src/fmt/rt.rs:142:9
[INFO] [stdout]    5:     0x56275fd93bd0 - core::fmt::write::h3a39390d8560d9c9
[INFO] [stdout]                                at /rustc/82e1608dfa6e0b5569232559e3d385fea5a93112/library/core/src/fmt/mod.rs:1120:17
[INFO] [stdout]    6:     0x56275fd6674f - std::io::Write::write_fmt::h040b369f3a0f9cbc
[INFO] [stdout]                                at /rustc/82e1608dfa6e0b5569232559e3d385fea5a93112/library/std/src/io/mod.rs:1762:15
[INFO] [stdout]    7:     0x56275fd68f74 - std::sys_common::backtrace::_print::h894006fb5c6f3d45
[INFO] [stdout]                                at /rustc/82e1608dfa6e0b5569232559e3d385fea5a93112/library/std/src/sys_common/backtrace.rs:47:5
[INFO] [stdout]    8:     0x56275fd68f74 - std::sys_common::backtrace::print::h23a2d212c6fff936
[INFO] [stdout]                                at /rustc/82e1608dfa6e0b5569232559e3d385fea5a93112/library/std/src/sys_common/backtrace.rs:34:9
[INFO] [stdout]    9:     0x56275fd6acb7 - std::panicking::default_hook::{{closure}}::h8a1d2ee00185001a
[INFO] [stdout]   10:     0x56275fd6a9a3 - std::panicking::default_hook::h6038f2eba384e475
[INFO] [stdout]                                at /rustc/82e1608dfa6e0b5569232559e3d385fea5a93112/library/std/src/panicking.rs:289:9
[INFO] [stdout]   11:     0x56275fd068b7 - <alloc::boxed::Box<F,A> as core::ops::function::Fn<Args>>::call::h0ad024c9bdc6d768
[INFO] [stdout]                                at /rustc/82e1608dfa6e0b5569232559e3d385fea5a93112/library/alloc/src/boxed.rs:2021:9
[INFO] [stdout]   12:     0x56275fd068b7 - test::test_main::{{closure}}::h7500b54257359db6
[INFO] [stdout]                                at /rustc/82e1608dfa6e0b5569232559e3d385fea5a93112/library/test/src/lib.rs:138:21
[INFO] [stdout]   13:     0x56275fd6b2c8 - <alloc::boxed::Box<F,A> as core::ops::function::Fn<Args>>::call::h1f8f335eaa9cfaee
[INFO] [stdout]                                at /rustc/82e1608dfa6e0b5569232559e3d385fea5a93112/library/alloc/src/boxed.rs:2021:9
[INFO] [stdout]   14:     0x56275fd6b2c8 - std::panicking::rust_panic_with_hook::h2b5517d590cab22e
[INFO] [stdout]                                at /rustc/82e1608dfa6e0b5569232559e3d385fea5a93112/library/std/src/panicking.rs:783:13
[INFO] [stdout]   15:     0x56275fd6b01e - std::panicking::begin_panic_handler::{{closure}}::h233112c06e0ef43e
[INFO] [stdout]                                at /rustc/82e1608dfa6e0b5569232559e3d385fea5a93112/library/std/src/panicking.rs:657:13
[INFO] [stdout]   16:     0x56275fd69656 - std::sys_common::backtrace::__rust_end_short_backtrace::h6e893f24d7ebbff8
[INFO] [stdout]                                at /rustc/82e1608dfa6e0b5569232559e3d385fea5a93112/library/std/src/sys_common/backtrace.rs:170:18
[INFO] [stdout]   17:     0x56275fd6ad82 - rust_begin_unwind
[INFO] [stdout]                                at /rustc/82e1608dfa6e0b5569232559e3d385fea5a93112/library/std/src/panicking.rs:645:5
[INFO] [stdout]   18:     0x56275fcc31e5 - core::panicking::panic_fmt::hbf0e066aabfa482c
[INFO] [stdout]                                at /rustc/82e1608dfa6e0b5569232559e3d385fea5a93112/library/core/src/panicking.rs:72:14
[INFO] [stdout]   19:     0x56275fd18d8f - core::panicking::panic_display::hff7cc0e38323142b
[INFO] [stdout]                                at /rustc/82e1608dfa6e0b5569232559e3d385fea5a93112/library/core/src/panicking.rs:178:5
[INFO] [stdout]   20:     0x56275fd1a5be - assert_cmd::assert::AssertError::panic::panic_cold_display::h76c6e8c4d205077d
[INFO] [stdout]                                at /rustc/82e1608dfa6e0b5569232559e3d385fea5a93112/library/core/src/panic.rs:99:13
[INFO] [stdout]   21:     0x56275fd19f37 - assert_cmd::assert::AssertError::panic::hc9c5aa4cbba4b06d
[INFO] [stdout]                                at /opt/rustwide/cargo-home/registry/src/index.crates.io-6f17d22bba15001f/assert_cmd-2.0.12/src/assert.rs:1033:9
[INFO] [stdout]   22:     0x56275fd14f67 - core::ops::function::FnOnce::call_once::h370f1a1d7a48ebc6
[INFO] [stdout]                                at /rustc/82e1608dfa6e0b5569232559e3d385fea5a93112/library/core/src/ops/function.rs:250:5
[INFO] [stdout]   23:     0x56275fd16615 - core::result::Result<T,E>::unwrap_or_else::hfc6f8f17e7b366a8
[INFO] [stdout]                                at /rustc/82e1608dfa6e0b5569232559e3d385fea5a93112/library/core/src/result.rs:1430:23
[INFO] [stdout]   24:     0x56275fd190d6 - assert_cmd::assert::Assert::success::h2c2721a58e50bd60
[INFO] [stdout]                                at /opt/rustwide/cargo-home/registry/src/index.crates.io-6f17d22bba15001f/assert_cmd-2.0.12/src/assert.rs:158:9
[INFO] [stdout]   25:     0x56275fcc7f10 - arguments_test::arguments::input::url_input::multiple_correct_input::hc05062f5faeaea76
[INFO] [stdout]                                at /opt/rustwide/workdir/tests/arguments/input.rs:161:9
[INFO] [stdout]   26:     0x56275fcc7cb7 - arguments_test::arguments::input::url_input::multiple_correct_input::{{closure}}::he74c99f63720d915
[INFO] [stdout]                                at /opt/rustwide/workdir/tests/arguments/input.rs:147:32
[INFO] [stdout]   27:     0x56275fccc726 - core::ops::function::FnOnce::call_once::h1ecec1a5001c6ed8
[INFO] [stdout]                                at /rustc/82e1608dfa6e0b5569232559e3d385fea5a93112/library/core/src/ops/function.rs:250:5
[INFO] [stdout]   28:     0x56275fd0bf0f - core::ops::function::FnOnce::call_once::h2b5d431d5046312d
[INFO] [stdout]                                at /rustc/82e1608dfa6e0b5569232559e3d385fea5a93112/library/core/src/ops/function.rs:250:5
[INFO] [stdout]   29:     0x56275fd0bf0f - test::__rust_begin_short_backtrace::h7714669af176e207
[INFO] [stdout]                                at /rustc/82e1608dfa6e0b5569232559e3d385fea5a93112/library/test/src/lib.rs:628:18
[INFO] [stdout]   30:     0x56275fd0af25 - test::run_test_in_process::{{closure}}::h85218797dcbcec12
[INFO] [stdout]                                at /rustc/82e1608dfa6e0b5569232559e3d385fea5a93112/library/test/src/lib.rs:651:60
[INFO] [stdout]   31:     0x56275fd0af25 - <core::panic::unwind_safe::AssertUnwindSafe<F> as core::ops::function::FnOnce<()>>::call_once::h76c106ea31c14d7b
[INFO] [stdout]                                at /rustc/82e1608dfa6e0b5569232559e3d385fea5a93112/library/core/src/panic/unwind_safe.rs:272:9
[INFO] [stdout]   32:     0x56275fd0af25 - std::panicking::try::do_call::h3bd5d0f6620ee946
[INFO] [stdout]                                at /rustc/82e1608dfa6e0b5569232559e3d385fea5a93112/library/std/src/panicking.rs:552:40
[INFO] [stdout]   33:     0x56275fd0af25 - std::panicking::try::h232e535e4744fe31
[INFO] [stdout]                                at /rustc/82e1608dfa6e0b5569232559e3d385fea5a93112/library/std/src/panicking.rs:516:19
[INFO] [stdout]   34:     0x56275fd0af25 - std::panic::catch_unwind::h3ce3bd6ca8dbac68
[INFO] [stdout]                                at /rustc/82e1608dfa6e0b5569232559e3d385fea5a93112/library/std/src/panic.rs:142:14
[INFO] [stdout]   35:     0x56275fd0af25 - test::run_test_in_process::hc97b257c9621286a
[INFO] [stdout]                                at /rustc/82e1608dfa6e0b5569232559e3d385fea5a93112/library/test/src/lib.rs:651:27
[INFO] [stdout]   36:     0x56275fd0af25 - test::run_test::{{closure}}::h2aa798823a438d38
[INFO] [stdout]                                at /rustc/82e1608dfa6e0b5569232559e3d385fea5a93112/library/test/src/lib.rs:574:43
[INFO] [stdout]   37:     0x56275fcd31e6 - test::run_test::{{closure}}::h87d231c78fb59832
[INFO] [stdout]                                at /rustc/82e1608dfa6e0b5569232559e3d385fea5a93112/library/test/src/lib.rs:602:41
[INFO] [stdout]   38:     0x56275fcd31e6 - std::sys_common::backtrace::__rust_begin_short_backtrace::he6df152596625789
[INFO] [stdout]                                at /rustc/82e1608dfa6e0b5569232559e3d385fea5a93112/library/std/src/sys_common/backtrace.rs:154:18
[INFO] [stdout]   39:     0x56275fcd8297 - std::thread::Builder::spawn_unchecked_::{{closure}}::{{closure}}::ha94be15d1e0acf36
[INFO] [stdout]                                at /rustc/82e1608dfa6e0b5569232559e3d385fea5a93112/library/std/src/thread/mod.rs:529:17
[INFO] [stdout]   40:     0x56275fcd8297 - <core::panic::unwind_safe::AssertUnwindSafe<F> as core::ops::function::FnOnce<()>>::call_once::h9dc6bd6372f16606
[INFO] [stdout]                                at /rustc/82e1608dfa6e0b5569232559e3d385fea5a93112/library/core/src/panic/unwind_safe.rs:272:9
[INFO] [stdout]   41:     0x56275fcd8297 - std::panicking::try::do_call::h9057517f80303cd4
[INFO] [stdout]                                at /rustc/82e1608dfa6e0b5569232559e3d385fea5a93112/library/std/src/panicking.rs:552:40
[INFO] [stdout]   42:     0x56275fcd8297 - std::panicking::try::he3a30b11ee45340c
[INFO] [stdout]                                at /rustc/82e1608dfa6e0b5569232559e3d385fea5a93112/library/std/src/panicking.rs:516:19
[INFO] [stdout]   43:     0x56275fcd8297 - std::panic::catch_unwind::h410458cfd3528b8b
[INFO] [stdout]                                at /rustc/82e1608dfa6e0b5569232559e3d385fea5a93112/library/std/src/panic.rs:142:14
[INFO] [stdout]   44:     0x56275fcd8297 - std::thread::Builder::spawn_unchecked_::{{closure}}::h72ac3bdb567b737b
[INFO] [stdout]                                at /rustc/82e1608dfa6e0b5569232559e3d385fea5a93112/library/std/src/thread/mod.rs:528:30
[INFO] [stdout]   45:     0x56275fcd8297 - core::ops::function::FnOnce::call_once{{vtable.shim}}::h38f34da3654a8344
[INFO] [stdout]                                at /rustc/82e1608dfa6e0b5569232559e3d385fea5a93112/library/core/src/ops/function.rs:250:5
[INFO] [stdout]   46:     0x56275fd70765 - <alloc::boxed::Box<F,A> as core::ops::function::FnOnce<Args>>::call_once::hc7eafaff61e32df9
[INFO] [stdout]                                at /rustc/82e1608dfa6e0b5569232559e3d385fea5a93112/library/alloc/src/boxed.rs:2007:9
[INFO] [stdout]   47:     0x56275fd70765 - <alloc::boxed::Box<F,A> as core::ops::function::FnOnce<Args>>::call_once::h6ba4a5de48dd2304
[INFO] [stdout]                                at /rustc/82e1608dfa6e0b5569232559e3d385fea5a93112/library/alloc/src/boxed.rs:2007:9
[INFO] [stdout]   48:     0x56275fd70765 - std::sys::unix::thread::Thread::new::thread_start::he469335aef763e45
[INFO] [stdout]                                at /rustc/82e1608dfa6e0b5569232559e3d385fea5a93112/library/std/src/sys/unix/thread.rs:108:17
[INFO] [stdout]   49:     0x7f8d75321ac3 - <unknown>
[INFO] [stdout]   50:     0x7f8d753b2bf4 - __clone
[INFO] [stdout]   51:                0x0 - <unknown>
[INFO] [stdout] 
[INFO] [stdout] ---- arguments::input::url_input::correct_input stdout ----
[INFO] [stdout] thread 'arguments::input::url_input::correct_input' panicked at /rustc/82e1608dfa6e0b5569232559e3d385fea5a93112/library/core/src/ops/function.rs:250:5:
[INFO] [stdout] Unexpected failure.
[INFO] [stdout] code=66
[INFO] [stdout] stderr=``````
[INFO] [stdout] [WARN ] Truecolor is not supported. Using ansi color.
[INFO] [stdout] [ERROR] Failed to load image bytes from https://raw.githubusercontent.com/FineFindus/artem/master/assets/images/standard_test_img.png
[INFO] [stdout] [ERROR] Artem exited with code: 66
[INFO] [stdout] ```
[INFO] [stdout] ```
[INFO] [stdout] command=`"/opt/rustwide/target/debug/artem" "https://raw.githubusercontent.com/FineFindus/artem/master/assets/images/standard_test_img.png"`
[INFO] [stdout] code=66
[INFO] [stdout] stdout=""
[INFO] [stdout] stderr=```
[INFO] [stdout] [WARN ] Truecolor is not supported. Using ansi color.
[INFO] [stdout] [ERROR] Failed to load image bytes from https://raw.githubusercontent.com/FineFindus/artem/master/assets/images/standard_test_img.png
[INFO] [stdout] [ERROR] Artem exited with code: 66
[INFO] [stdout] ```
[INFO] [stdout] 
[INFO] [stdout] 
[INFO] [stdout] stack backtrace:
[INFO] [stdout]    0:     0x56275fd6918c - std::backtrace_rs::backtrace::libunwind::trace::ha637c64ce894333a
[INFO] [stdout]                                at /rustc/82e1608dfa6e0b5569232559e3d385fea5a93112/library/std/src/../../backtrace/src/backtrace/libunwind.rs:104:5
[INFO] [stdout]    1:     0x56275fd6918c - std::backtrace_rs::backtrace::trace_unsynchronized::h47f62dea28e0c88d
[INFO] [stdout]                                at /rustc/82e1608dfa6e0b5569232559e3d385fea5a93112/library/std/src/../../backtrace/src/backtrace/mod.rs:66:5
[INFO] [stdout]    2:     0x56275fd6918c - std::sys_common::backtrace::_print_fmt::h9eef0abe20ede486
[INFO] [stdout]                                at /rustc/82e1608dfa6e0b5569232559e3d385fea5a93112/library/std/src/sys_common/backtrace.rs:67:5
[INFO] [stdout]    3:     0x56275fd6918c - <std::sys_common::backtrace::_print::DisplayBacktrace as core::fmt::Display>::fmt::hed7f999df88cc644
[INFO] [stdout]                                at /rustc/82e1608dfa6e0b5569232559e3d385fea5a93112/library/std/src/sys_common/backtrace.rs:44:22
[INFO] [stdout]    4:     0x56275fd93bd0 - core::fmt::rt::Argument::fmt::h1539a9308b8d058d
[INFO] [stdout]                                at /rustc/82e1608dfa6e0b5569232559e3d385fea5a93112/library/core/src/fmt/rt.rs:142:9
[INFO] [stdout]    5:     0x56275fd93bd0 - core::fmt::write::h3a39390d8560d9c9
[INFO] [stdout]                                at /rustc/82e1608dfa6e0b5569232559e3d385fea5a93112/library/core/src/fmt/mod.rs:1120:17
[INFO] [stdout]    6:     0x56275fd6674f - std::io::Write::write_fmt::h040b369f3a0f9cbc
[INFO] [stdout]                                at /rustc/82e1608dfa6e0b5569232559e3d385fea5a93112/library/std/src/io/mod.rs:1762:15
[INFO] [stdout]    7:     0x56275fd68f74 - std::sys_common::backtrace::_print::h894006fb5c6f3d45
[INFO] [stdout]                                at /rustc/82e1608dfa6e0b5569232559e3d385fea5a93112/library/std/src/sys_common/backtrace.rs:47:5
[INFO] [stdout]    8:     0x56275fd68f74 - std::sys_common::backtrace::print::h23a2d212c6fff936
[INFO] [stdout]                                at /rustc/82e1608dfa6e0b5569232559e3d385fea5a93112/library/std/src/sys_common/backtrace.rs:34:9
[INFO] [stdout]    9:     0x56275fd6acb7 - std::panicking::default_hook::{{closure}}::h8a1d2ee00185001a
[INFO] [stdout]   10:     0x56275fd6a9a3 - std::panicking::default_hook::h6038f2eba384e475
[INFO] [stdout]                                at /rustc/82e1608dfa6e0b5569232559e3d385fea5a93112/library/std/src/panicking.rs:289:9
[INFO] [stdout]   11:     0x56275fd068b7 - <alloc::boxed::Box<F,A> as core::ops::function::Fn<Args>>::call::h0ad024c9bdc6d768
[INFO] [stdout]                                at /rustc/82e1608dfa6e0b5569232559e3d385fea5a93112/library/alloc/src/boxed.rs:2021:9
[INFO] [stdout]   12:     0x56275fd068b7 - test::test_main::{{closure}}::h7500b54257359db6
[INFO] [stdout]                                at /rustc/82e1608dfa6e0b5569232559e3d385fea5a93112/library/test/src/lib.rs:138:21
[INFO] [stdout]   13:     0x56275fd6b2c8 - <alloc::boxed::Box<F,A> as core::ops::function::Fn<Args>>::call::h1f8f335eaa9cfaee
[INFO] [stdout]                                at /rustc/82e1608dfa6e0b5569232559e3d385fea5a93112/library/alloc/src/boxed.rs:2021:9
[INFO] [stdout]   14:     0x56275fd6b2c8 - std::panicking::rust_panic_with_hook::h2b5517d590cab22e
[INFO] [stdout]                                at /rustc/82e1608dfa6e0b5569232559e3d385fea5a93112/library/std/src/panicking.rs:783:13
[INFO] [stdout]   15:     0x56275fd6b01e - std::panicking::begin_panic_handler::{{closure}}::h233112c06e0ef43e
[INFO] [stdout]                                at /rustc/82e1608dfa6e0b5569232559e3d385fea5a93112/library/std/src/panicking.rs:657:13
[INFO] [stdout]   16:     0x56275fd69656 - std::sys_common::backtrace::__rust_end_short_backtrace::h6e893f24d7ebbff8
[INFO] [stdout]                                at /rustc/82e1608dfa6e0b5569232559e3d385fea5a93112/library/std/src/sys_common/backtrace.rs:170:18
[INFO] [stdout]   17:     0x56275fd6ad82 - rust_begin_unwind
[INFO] [stdout]                                at /rustc/82e1608dfa6e0b5569232559e3d385fea5a93112/library/std/src/panicking.rs:645:5
[INFO] [stdout]   18:     0x56275fcc31e5 - core::panicking::panic_fmt::hbf0e066aabfa482c
[INFO] [stdout]                                at /rustc/82e1608dfa6e0b5569232559e3d385fea5a93112/library/core/src/panicking.rs:72:14
[INFO] [stdout]   19:     0x56275fd18d8f - core::panicking::panic_display::hff7cc0e38323142b
[INFO] [stdout]                                at /rustc/82e1608dfa6e0b5569232559e3d385fea5a93112/library/core/src/panicking.rs:178:5
[INFO] [stdout]   20:     0x56275fd1a5be - assert_cmd::assert::AssertError::panic::panic_cold_display::h76c6e8c4d205077d
[INFO] [stdout]                                at /rustc/82e1608dfa6e0b5569232559e3d385fea5a93112/library/core/src/panic.rs:99:13
[INFO] [stdout]   21:     0x56275fd19f37 - assert_cmd::assert::AssertError::panic::hc9c5aa4cbba4b06d
[INFO] [stdout]                                at /opt/rustwide/cargo-home/registry/src/index.crates.io-6f17d22bba15001f/assert_cmd-2.0.12/src/assert.rs:1033:9
[INFO] [stdout]   22:     0x56275fd14f67 - core::ops::function::FnOnce::call_once::h370f1a1d7a48ebc6
[INFO] [stdout]                                at /rustc/82e1608dfa6e0b5569232559e3d385fea5a93112/library/core/src/ops/function.rs:250:5
[INFO] [stdout]   23:     0x56275fd16615 - core::result::Result<T,E>::unwrap_or_else::hfc6f8f17e7b366a8
[INFO] [stdout]                                at /rustc/82e1608dfa6e0b5569232559e3d385fea5a93112/library/core/src/result.rs:1430:23
[INFO] [stdout]   24:     0x56275fd190d6 - assert_cmd::assert::Assert::success::h2c2721a58e50bd60
[INFO] [stdout]                                at /opt/rustwide/cargo-home/registry/src/index.crates.io-6f17d22bba15001f/assert_cmd-2.0.12/src/assert.rs:158:9
[INFO] [stdout]   25:     0x56275fcc79af - arguments_test::arguments::input::url_input::correct_input::he102a9ed4170c209
[INFO] [stdout]                                at /opt/rustwide/workdir/tests/arguments/input.rs:128:9
[INFO] [stdout]   26:     0x56275fcc78d7 - arguments_test::arguments::input::url_input::correct_input::{{closure}}::ha16d6e25623e756d
[INFO] [stdout]                                at /opt/rustwide/workdir/tests/arguments/input.rs:120:23
[INFO] [stdout]   27:     0x56275fcccb26 - core::ops::function::FnOnce::call_once::h502fb14ef1fb9a33
[INFO] [stdout]                                at /rustc/82e1608dfa6e0b5569232559e3d385fea5a93112/library/core/src/ops/function.rs:250:5
[INFO] [stdout]   28:     0x56275fd0bf0f - core::ops::function::FnOnce::call_once::h2b5d431d5046312d
[INFO] [stdout]                                at /rustc/82e1608dfa6e0b5569232559e3d385fea5a93112/library/core/src/ops/function.rs:250:5
[INFO] [stdout]   29:     0x56275fd0bf0f - test::__rust_begin_short_backtrace::h7714669af176e207
[INFO] [stdout]                                at /rustc/82e1608dfa6e0b5569232559e3d385fea5a93112/library/test/src/lib.rs:628:18
[INFO] [stdout]   30:     0x56275fd0af25 - test::run_test_in_process::{{closure}}::h85218797dcbcec12
[INFO] [stdout]                                at /rustc/82e1608dfa6e0b5569232559e3d385fea5a93112/library/test/src/lib.rs:651:60
[INFO] [stdout]   31:     0x56275fd0af25 - <core::panic::unwind_safe::AssertUnwindSafe<F> as core::ops::function::FnOnce<()>>::call_once::h76c106ea31c14d7b
[INFO] [stdout]                                at /rustc/82e1608dfa6e0b5569232559e3d385fea5a93112/library/core/src/panic/unwind_safe.rs:272:9
[INFO] [stdout]   32:     0x56275fd0af25 - std::panicking::try::do_call::h3bd5d0f6620ee946
[INFO] [stdout]                                at /rustc/82e1608dfa6e0b5569232559e3d385fea5a93112/library/std/src/panicking.rs:552:40
[INFO] [stdout]   33:     0x56275fd0af25 - std::panicking::try::h232e535e4744fe31
[INFO] [stdout]                                at /rustc/82e1608dfa6e0b5569232559e3d385fea5a93112/library/std/src/panicking.rs:516:19
[INFO] [stdout]   34:     0x56275fd0af25 - std::panic::catch_unwind::h3ce3bd6ca8dbac68
[INFO] [stdout]                                at /rustc/82e1608dfa6e0b5569232559e3d385fea5a93112/library/std/src/panic.rs:142:14
[INFO] [stdout]   35:     0x56275fd0af25 - test::run_test_in_process::hc97b257c9621286a
[INFO] [stdout]                                at /rustc/82e1608dfa6e0b5569232559e3d385fea5a93112/library/test/src/lib.rs:651:27
[INFO] [stdout]   36:     0x56275fd0af25 - test::run_test::{{closure}}::h2aa798823a438d38
[INFO] [stdout]                                at /rustc/82e1608dfa6e0b5569232559e3d385fea5a93112/library/test/src/lib.rs:574:43
[INFO] [stdout]   37:     0x56275fcd31e6 - test::run_test::{{closure}}::h87d231c78fb59832
[INFO] [stdout]                                at /rustc/82e1608dfa6e0b5569232559e3d385fea5a93112/library/test/src/lib.rs:602:41
[INFO] [stdout]   38:     0x56275fcd31e6 - std::sys_common::backtrace::__rust_begin_short_backtrace::he6df152596625789
[INFO] [stdout]                                at /rustc/82e1608dfa6e0b5569232559e3d385fea5a93112/library/std/src/sys_common/backtrace.rs:154:18
[INFO] [stdout]   39:     0x56275fcd8297 - std::thread::Builder::spawn_unchecked_::{{closure}}::{{closure}}::ha94be15d1e0acf36
[INFO] [stdout]                                at /rustc/82e1608dfa6e0b5569232559e3d385fea5a93112/library/std/src/thread/mod.rs:529:17
[INFO] [stdout]   40:     0x56275fcd8297 - <core::panic::unwind_safe::AssertUnwindSafe<F> as core::ops::function::FnOnce<()>>::call_once::h9dc6bd6372f16606
[INFO] [stdout]                                at /rustc/82e1608dfa6e0b5569232559e3d385fea5a93112/library/core/src/panic/unwind_safe.rs:272:9
[INFO] [stdout]   41:     0x56275fcd8297 - std::panicking::try::do_call::h9057517f80303cd4
[INFO] [stdout]                                at /rustc/82e1608dfa6e0b5569232559e3d385fea5a93112/library/std/src/panicking.rs:552:40
[INFO] [stdout]   42:     0x56275fcd8297 - std::panicking::try::he3a30b11ee45340c
[INFO] [stdout]                                at /rustc/82e1608dfa6e0b5569232559e3d385fea5a93112/library/std/src/panicking.rs:516:19
[INFO] [stdout]   43:     0x56275fcd8297 - std::panic::catch_unwind::h410458cfd3528b8b
[INFO] [stdout]                                at /rustc/82e1608dfa6e0b5569232559e3d385fea5a93112/library/std/src/panic.rs:142:14
[INFO] [stdout]   44:     0x56275fcd8297 - std::thread::Builder::spawn_unchecked_::{{closure}}::h72ac3bdb567b737b
[INFO] [stdout]                                at /rustc/82e1608dfa6e0b5569232559e3d385fea5a93112/library/std/src/thread/mod.rs:528:30
[INFO] [stdout]   45:     0x56275fcd8297 - core::ops::function::FnOnce::call_once{{vtable.shim}}::h38f34da3654a8344
[INFO] [stdout]                                at /rustc/82e1608dfa6e0b5569232559e3d385fea5a93112/library/core/src/ops/function.rs:250:5
[INFO] [stdout]   46:     0x56275fd70765 - <alloc::boxed::Box<F,A> as core::ops::function::FnOnce<Args>>::call_once::hc7eafaff61e32df9
[INFO] [stdout]                                at /rustc/82e1608dfa6e0b5569232559e3d385fea5a93112/library/alloc/src/boxed.rs:2007:9
[INFO] [stdout]   47:     0x56275fd70765 - <alloc::boxed::Box<F,A> as core::ops::function::FnOnce<Args>>::call_once::h6ba4a5de48dd2304
[INFO] [stdout]                                at /rustc/82e1608dfa6e0b5569232559e3d385fea5a93112/library/alloc/src/boxed.rs:2007:9
[INFO] [stdout]   48:     0x56275fd70765 - std::sys::unix::thread::Thread::new::thread_start::he469335aef763e45
[INFO] [stdout]                                at /rustc/82e1608dfa6e0b5569232559e3d385fea5a93112/library/std/src/sys/unix/thread.rs:108:17
[INFO] [stdout]   49:     0x7f8d75321ac3 - <unknown>
[INFO] [stdout]   50:     0x7f8d753b2bf4 - __clone
[INFO] [stdout]   51:                0x0 - <unknown>
[INFO] [stdout] 
[INFO] [stdout] 
[INFO] [stdout] failures:
[INFO] [stdout]     arguments::input::url_input::correct_input
[INFO] [stdout]     arguments::input::url_input::multiple_correct_input
[INFO] [stdout] 
[INFO] [stdout] test result: FAILED. 68 passed; 2 failed; 0 ignored; 0 measured; 0 filtered out; finished in 4.19s
[INFO] [stdout] 
[INFO] [stderr] error: test failed, to rerun pass `--test arguments_test`
[INFO] running `Command { std: "docker" "inspect" "a4e476304cd53caa2ea28b0ed7917ab800e0b8f7701a6dbb0682c573b5b5c2b9", kill_on_drop: false }`
[INFO] running `Command { std: "docker" "rm" "-f" "a4e476304cd53caa2ea28b0ed7917ab800e0b8f7701a6dbb0682c573b5b5c2b9", kill_on_drop: false }`
[INFO] [stdout] a4e476304cd53caa2ea28b0ed7917ab800e0b8f7701a6dbb0682c573b5b5c2b9
