[INFO] fetching crate arnaddone 0.2.0...
[INFO] testing arnaddone-0.2.0 against 1.75.0 for beta-1.76-1
[INFO] extracting crate arnaddone 0.2.0 into /workspace/builds/worker-1-tc1/source
[INFO] validating manifest of crates.io crate arnaddone 0.2.0 on toolchain 1.75.0
[INFO] running `Command { std: CARGO_HOME="/workspace/cargo-home" RUSTUP_HOME="/workspace/rustup-home" "/workspace/cargo-home/bin/cargo" "+1.75.0" "metadata" "--manifest-path" "Cargo.toml" "--no-deps", kill_on_drop: false }`
[INFO] started tweaking crates.io crate arnaddone 0.2.0
[INFO] finished tweaking crates.io crate arnaddone 0.2.0
[INFO] tweaked toml for crates.io crate arnaddone 0.2.0 written to /workspace/builds/worker-1-tc1/source/Cargo.toml
[INFO] crate crates.io crate arnaddone 0.2.0 already has a lockfile, it will not be regenerated
[INFO] running `Command { std: CARGO_HOME="/workspace/cargo-home" RUSTUP_HOME="/workspace/rustup-home" "/workspace/cargo-home/bin/cargo" "+1.75.0" "fetch" "--manifest-path" "Cargo.toml", kill_on_drop: false }`
[INFO] [stderr]     Updating crates.io index
[INFO] [stderr]  Downloading crates ...
[INFO] [stderr]   Downloaded arnaddone v0.1.0
[INFO] running `Command { std: "docker" "create" "-v" "/var/lib/crater-agent-workspace/builds/worker-1-tc1/target:/opt/rustwide/target:rw,Z" "-v" "/var/lib/crater-agent-workspace/builds/worker-1-tc1/source:/opt/rustwide/workdir:ro,Z" "-v" "/var/lib/crater-agent-workspace/cargo-home:/opt/rustwide/cargo-home:ro,Z" "-v" "/var/lib/crater-agent-workspace/rustup-home:/opt/rustwide/rustup-home:ro,Z" "-e" "SOURCE_DIR=/opt/rustwide/workdir" "-e" "CARGO_TARGET_DIR=/opt/rustwide/target" "-e" "CARGO_HOME=/opt/rustwide/cargo-home" "-e" "RUSTUP_HOME=/opt/rustwide/rustup-home" "-w" "/opt/rustwide/workdir" "-m" "1610612736" "--user" "0:0" "--network" "none" "ghcr.io/rust-lang/crates-build-env/linux@sha256:2788e3201cd34a07e3172128adcd8b3090168a8e3bcc40d7c032b9dda1df7d1c" "/opt/rustwide/cargo-home/bin/cargo" "+1.75.0" "metadata" "--no-deps" "--format-version=1", kill_on_drop: false }`
[INFO] [stdout] fe0022f8e4e39627c58440cc9655326ce3095628cc01e4a441d3640f51e74ab8
[INFO] running `Command { std: "docker" "start" "-a" "fe0022f8e4e39627c58440cc9655326ce3095628cc01e4a441d3640f51e74ab8", kill_on_drop: false }`
[INFO] running `Command { std: "docker" "inspect" "fe0022f8e4e39627c58440cc9655326ce3095628cc01e4a441d3640f51e74ab8", kill_on_drop: false }`
[INFO] running `Command { std: "docker" "rm" "-f" "fe0022f8e4e39627c58440cc9655326ce3095628cc01e4a441d3640f51e74ab8", kill_on_drop: false }`
[INFO] [stdout] fe0022f8e4e39627c58440cc9655326ce3095628cc01e4a441d3640f51e74ab8
[INFO] running `Command { std: "docker" "create" "-v" "/var/lib/crater-agent-workspace/builds/worker-1-tc1/target:/opt/rustwide/target:rw,Z" "-v" "/var/lib/crater-agent-workspace/builds/worker-1-tc1/source:/opt/rustwide/workdir:ro,Z" "-v" "/var/lib/crater-agent-workspace/cargo-home:/opt/rustwide/cargo-home:ro,Z" "-v" "/var/lib/crater-agent-workspace/rustup-home:/opt/rustwide/rustup-home:ro,Z" "-e" "SOURCE_DIR=/opt/rustwide/workdir" "-e" "CARGO_TARGET_DIR=/opt/rustwide/target" "-e" "CARGO_INCREMENTAL=0" "-e" "RUST_BACKTRACE=full" "-e" "RUSTFLAGS=--cap-lints=warn" "-e" "RUSTDOCFLAGS=--cap-lints=warn" "-e" "CARGO_HOME=/opt/rustwide/cargo-home" "-e" "RUSTUP_HOME=/opt/rustwide/rustup-home" "-w" "/opt/rustwide/workdir" "-m" "1610612736" "--user" "0:0" "--network" "none" "ghcr.io/rust-lang/crates-build-env/linux@sha256:2788e3201cd34a07e3172128adcd8b3090168a8e3bcc40d7c032b9dda1df7d1c" "/opt/rustwide/cargo-home/bin/cargo" "+1.75.0" "build" "--frozen" "--message-format=json", kill_on_drop: false }`
[INFO] [stdout] d6ddc79324b18ab5b9d9ebf8e98a4834f958da3e98ca9960d5f8a0d9e9d92ddd
[INFO] running `Command { std: "docker" "start" "-a" "d6ddc79324b18ab5b9d9ebf8e98a4834f958da3e98ca9960d5f8a0d9e9d92ddd", kill_on_drop: false }`
[INFO] [stderr]    Compiling arnaddone v0.1.0
[INFO] [stderr]    Compiling arnaddone v0.2.0 (/opt/rustwide/workdir)
[INFO] [stderr]     Finished dev [optimized + debuginfo] target(s) in 0.17s
[INFO] running `Command { std: "docker" "inspect" "d6ddc79324b18ab5b9d9ebf8e98a4834f958da3e98ca9960d5f8a0d9e9d92ddd", kill_on_drop: false }`
[INFO] running `Command { std: "docker" "rm" "-f" "d6ddc79324b18ab5b9d9ebf8e98a4834f958da3e98ca9960d5f8a0d9e9d92ddd", kill_on_drop: false }`
[INFO] [stdout] d6ddc79324b18ab5b9d9ebf8e98a4834f958da3e98ca9960d5f8a0d9e9d92ddd
[INFO] running `Command { std: "docker" "create" "-v" "/var/lib/crater-agent-workspace/builds/worker-1-tc1/target:/opt/rustwide/target:rw,Z" "-v" "/var/lib/crater-agent-workspace/builds/worker-1-tc1/source:/opt/rustwide/workdir:ro,Z" "-v" "/var/lib/crater-agent-workspace/cargo-home:/opt/rustwide/cargo-home:ro,Z" "-v" "/var/lib/crater-agent-workspace/rustup-home:/opt/rustwide/rustup-home:ro,Z" "-e" "SOURCE_DIR=/opt/rustwide/workdir" "-e" "CARGO_TARGET_DIR=/opt/rustwide/target" "-e" "CARGO_INCREMENTAL=0" "-e" "RUST_BACKTRACE=full" "-e" "RUSTFLAGS=--cap-lints=warn" "-e" "RUSTDOCFLAGS=--cap-lints=warn" "-e" "CARGO_HOME=/opt/rustwide/cargo-home" "-e" "RUSTUP_HOME=/opt/rustwide/rustup-home" "-w" "/opt/rustwide/workdir" "-m" "1610612736" "--user" "0:0" "--network" "none" "ghcr.io/rust-lang/crates-build-env/linux@sha256:2788e3201cd34a07e3172128adcd8b3090168a8e3bcc40d7c032b9dda1df7d1c" "/opt/rustwide/cargo-home/bin/cargo" "+1.75.0" "test" "--frozen" "--no-run" "--message-format=json", kill_on_drop: false }`
[INFO] [stdout] 086d41aa6120fa54a1ff12a223352ea61bf455e331009220804536f9e45b2641
[INFO] running `Command { std: "docker" "start" "-a" "086d41aa6120fa54a1ff12a223352ea61bf455e331009220804536f9e45b2641", kill_on_drop: false }`
[INFO] [stderr]    Compiling arnaddone v0.2.0 (/opt/rustwide/workdir)
[INFO] [stderr]     Finished test [optimized + debuginfo] target(s) in 0.17s
[INFO] running `Command { std: "docker" "inspect" "086d41aa6120fa54a1ff12a223352ea61bf455e331009220804536f9e45b2641", kill_on_drop: false }`
[INFO] running `Command { std: "docker" "rm" "-f" "086d41aa6120fa54a1ff12a223352ea61bf455e331009220804536f9e45b2641", kill_on_drop: false }`
[INFO] [stdout] 086d41aa6120fa54a1ff12a223352ea61bf455e331009220804536f9e45b2641
[INFO] running `Command { std: "docker" "create" "-v" "/var/lib/crater-agent-workspace/builds/worker-1-tc1/target:/opt/rustwide/target:rw,Z" "-v" "/var/lib/crater-agent-workspace/builds/worker-1-tc1/source:/opt/rustwide/workdir:ro,Z" "-v" "/var/lib/crater-agent-workspace/cargo-home:/opt/rustwide/cargo-home:ro,Z" "-v" "/var/lib/crater-agent-workspace/rustup-home:/opt/rustwide/rustup-home:ro,Z" "-e" "SOURCE_DIR=/opt/rustwide/workdir" "-e" "CARGO_TARGET_DIR=/opt/rustwide/target" "-e" "CARGO_INCREMENTAL=0" "-e" "RUST_BACKTRACE=full" "-e" "RUSTFLAGS=--cap-lints=warn" "-e" "RUSTDOCFLAGS=--cap-lints=warn" "-e" "CARGO_HOME=/opt/rustwide/cargo-home" "-e" "RUSTUP_HOME=/opt/rustwide/rustup-home" "-w" "/opt/rustwide/workdir" "-m" "1610612736" "--user" "0:0" "--network" "none" "ghcr.io/rust-lang/crates-build-env/linux@sha256:2788e3201cd34a07e3172128adcd8b3090168a8e3bcc40d7c032b9dda1df7d1c" "/opt/rustwide/cargo-home/bin/cargo" "+1.75.0" "test" "--frozen", kill_on_drop: false }`
[INFO] [stdout] a9db2f73c58bb64b69ed0dbcce6d0ec84279dfb7c721f24d7b9c8919d70e1abc
[INFO] running `Command { std: "docker" "start" "-a" "a9db2f73c58bb64b69ed0dbcce6d0ec84279dfb7c721f24d7b9c8919d70e1abc", kill_on_drop: false }`
[INFO] [stderr]     Finished test [optimized + debuginfo] target(s) in 0.00s
[INFO] [stderr]      Running unittests src/lib.rs (/opt/rustwide/target/debug/deps/arnaddone-ccd4f435de63f951)
[INFO] [stdout] 
[INFO] [stdout] running 0 tests
[INFO] [stdout] 
[INFO] [stdout] test result: ok. 0 passed; 0 failed; 0 ignored; 0 measured; 0 filtered out; finished in 0.00s
[INFO] [stdout] 
[INFO] [stderr]      Running unittests src/main.rs (/opt/rustwide/target/debug/deps/arnaddone-724cc639b32f96c8)
[INFO] [stdout] 
[INFO] [stdout] running 0 tests
[INFO] [stdout] 
[INFO] [stdout] test result: ok. 0 passed; 0 failed; 0 ignored; 0 measured; 0 filtered out; finished in 0.00s
[INFO] [stdout] 
[INFO] [stderr]    Doc-tests arnaddone
[INFO] [stdout] 
[INFO] [stdout] running 1 test
[INFO] [stdout] test src/lib.rs - add_one (line 5) ... FAILED
[INFO] [stdout] 
[INFO] [stdout] failures:
[INFO] [stdout] 
[INFO] [stdout] ---- src/lib.rs - add_one (line 5) stdout ----
[INFO] [stdout] error[E0433]: failed to resolve: use of undeclared crate or module `mycrate`
[INFO] [stdout]  --> src/lib.rs:7:14
[INFO] [stdout]   |
[INFO] [stdout] 4 | let answer = mycrate::add_one(arg);
[INFO] [stdout]   |              ^^^^^^^ use of undeclared crate or module `mycrate`
[INFO] [stdout] 
[INFO] [stdout] error: aborting due to previous error
[INFO] [stdout] 
[INFO] [stdout] For more information about this error, try `rustc --explain E0433`.
[INFO] [stdout] Couldn't compile the test.
[INFO] [stdout] 
[INFO] [stdout] failures:
[INFO] [stdout]     src/lib.rs - add_one (line 5)
[INFO] [stdout] 
[INFO] [stdout] test result: FAILED. 0 passed; 1 failed; 0 ignored; 0 measured; 0 filtered out; finished in 0.03s
[INFO] [stdout] 
[INFO] [stderr] error: doctest failed, to rerun pass `--doc`
[INFO] running `Command { std: "docker" "inspect" "a9db2f73c58bb64b69ed0dbcce6d0ec84279dfb7c721f24d7b9c8919d70e1abc", kill_on_drop: false }`
[INFO] running `Command { std: "docker" "rm" "-f" "a9db2f73c58bb64b69ed0dbcce6d0ec84279dfb7c721f24d7b9c8919d70e1abc", kill_on_drop: false }`
[INFO] [stdout] a9db2f73c58bb64b69ed0dbcce6d0ec84279dfb7c721f24d7b9c8919d70e1abc
