[INFO] fetching crate arkworks-solidity-verifier 0.1.0...
[INFO] testing arkworks-solidity-verifier-0.1.0 against 1.75.0 for beta-1.76-1
[INFO] extracting crate arkworks-solidity-verifier 0.1.0 into /workspace/builds/worker-4-tc1/source
[INFO] validating manifest of crates.io crate arkworks-solidity-verifier 0.1.0 on toolchain 1.75.0
[INFO] running `Command { std: CARGO_HOME="/workspace/cargo-home" RUSTUP_HOME="/workspace/rustup-home" "/workspace/cargo-home/bin/cargo" "+1.75.0" "metadata" "--manifest-path" "Cargo.toml" "--no-deps", kill_on_drop: false }`
[INFO] started tweaking crates.io crate arkworks-solidity-verifier 0.1.0
[INFO] finished tweaking crates.io crate arkworks-solidity-verifier 0.1.0
[INFO] tweaked toml for crates.io crate arkworks-solidity-verifier 0.1.0 written to /workspace/builds/worker-4-tc1/source/Cargo.toml
[INFO] running `Command { std: CARGO_HOME="/workspace/cargo-home" RUSTUP_HOME="/workspace/rustup-home" "/workspace/cargo-home/bin/cargo" "+1.75.0" "generate-lockfile" "--manifest-path" "Cargo.toml", kill_on_drop: false }`
[INFO] [stderr]     Updating crates.io index
[INFO] running `Command { std: CARGO_HOME="/workspace/cargo-home" RUSTUP_HOME="/workspace/rustup-home" "/workspace/cargo-home/bin/cargo" "+1.75.0" "fetch" "--manifest-path" "Cargo.toml", kill_on_drop: false }`
[INFO] [stderr]  Downloading crates ...
[INFO] [stderr]   Downloaded ark-snark v0.3.0
[INFO] [stderr]   Downloaded ark-marlin v0.3.0
[INFO] [stderr]   Downloaded ark-serialize v0.3.0
[INFO] [stderr]   Downloaded ark-poly-commit v0.3.0
[INFO] [stderr]   Downloaded ark-serialize-derive v0.3.0
[INFO] [stderr]   Downloaded ark-gm17 v0.3.0
[INFO] [stderr]   Downloaded ark-r1cs-std v0.3.1
[INFO] [stderr]   Downloaded ark-poly v0.3.0
[INFO] [stderr]   Downloaded ark-ff v0.3.0
[INFO] [stderr]   Downloaded ark-crypto-primitives v0.3.0
[INFO] [stderr]   Downloaded ark-ff-macros v0.3.0
[INFO] [stderr]   Downloaded ark-ff-asm v0.3.0
[INFO] [stderr]   Downloaded ark-relations v0.3.0
[INFO] [stderr]   Downloaded ark-std v0.3.0
[INFO] [stderr]   Downloaded ark-bn254 v0.3.0
[INFO] [stderr]   Downloaded ark-groth16 v0.3.0
[INFO] [stderr]   Downloaded blake2 v0.9.2
[INFO] [stderr]   Downloaded ark-ec v0.3.0
[INFO] [stderr]   Downloaded rustc_version v0.3.3
[INFO] running `Command { std: "docker" "create" "-v" "/var/lib/crater-agent-workspace/builds/worker-4-tc1/target:/opt/rustwide/target:rw,Z" "-v" "/var/lib/crater-agent-workspace/builds/worker-4-tc1/source:/opt/rustwide/workdir:ro,Z" "-v" "/var/lib/crater-agent-workspace/cargo-home:/opt/rustwide/cargo-home:ro,Z" "-v" "/var/lib/crater-agent-workspace/rustup-home:/opt/rustwide/rustup-home:ro,Z" "-e" "SOURCE_DIR=/opt/rustwide/workdir" "-e" "CARGO_TARGET_DIR=/opt/rustwide/target" "-e" "CARGO_HOME=/opt/rustwide/cargo-home" "-e" "RUSTUP_HOME=/opt/rustwide/rustup-home" "-w" "/opt/rustwide/workdir" "-m" "1610612736" "--user" "0:0" "--network" "none" "ghcr.io/rust-lang/crates-build-env/linux@sha256:2788e3201cd34a07e3172128adcd8b3090168a8e3bcc40d7c032b9dda1df7d1c" "/opt/rustwide/cargo-home/bin/cargo" "+1.75.0" "metadata" "--no-deps" "--format-version=1", kill_on_drop: false }`
[INFO] [stdout] 724c014d04eb93fae413b2ce525b26bd5e37d792f7fc7c9eb7100b5a6714bc43
[INFO] running `Command { std: "docker" "start" "-a" "724c014d04eb93fae413b2ce525b26bd5e37d792f7fc7c9eb7100b5a6714bc43", kill_on_drop: false }`
[INFO] running `Command { std: "docker" "inspect" "724c014d04eb93fae413b2ce525b26bd5e37d792f7fc7c9eb7100b5a6714bc43", kill_on_drop: false }`
[INFO] running `Command { std: "docker" "rm" "-f" "724c014d04eb93fae413b2ce525b26bd5e37d792f7fc7c9eb7100b5a6714bc43", kill_on_drop: false }`
[INFO] [stdout] 724c014d04eb93fae413b2ce525b26bd5e37d792f7fc7c9eb7100b5a6714bc43
[INFO] running `Command { std: "docker" "create" "-v" "/var/lib/crater-agent-workspace/builds/worker-4-tc1/target:/opt/rustwide/target:rw,Z" "-v" "/var/lib/crater-agent-workspace/builds/worker-4-tc1/source:/opt/rustwide/workdir:ro,Z" "-v" "/var/lib/crater-agent-workspace/cargo-home:/opt/rustwide/cargo-home:ro,Z" "-v" "/var/lib/crater-agent-workspace/rustup-home:/opt/rustwide/rustup-home:ro,Z" "-e" "SOURCE_DIR=/opt/rustwide/workdir" "-e" "CARGO_TARGET_DIR=/opt/rustwide/target" "-e" "CARGO_INCREMENTAL=0" "-e" "RUST_BACKTRACE=full" "-e" "RUSTFLAGS=--cap-lints=warn" "-e" "RUSTDOCFLAGS=--cap-lints=warn" "-e" "CARGO_HOME=/opt/rustwide/cargo-home" "-e" "RUSTUP_HOME=/opt/rustwide/rustup-home" "-w" "/opt/rustwide/workdir" "-m" "1610612736" "--user" "0:0" "--network" "none" "ghcr.io/rust-lang/crates-build-env/linux@sha256:2788e3201cd34a07e3172128adcd8b3090168a8e3bcc40d7c032b9dda1df7d1c" "/opt/rustwide/cargo-home/bin/cargo" "+1.75.0" "build" "--frozen" "--message-format=json", kill_on_drop: false }`
[INFO] [stdout] a19ca64a759ac2d90df9b693215567915915e440ebbc5c1e770ea8d80d797ed7
[INFO] running `Command { std: "docker" "start" "-a" "a19ca64a759ac2d90df9b693215567915915e440ebbc5c1e770ea8d80d797ed7", kill_on_drop: false }`
[INFO] [stderr]    Compiling version_check v0.9.4
[INFO] [stderr]    Compiling thiserror v1.0.56
[INFO] [stderr]    Compiling typenum v1.17.0
[INFO] [stderr]    Compiling syn v1.0.109
[INFO] [stderr]    Compiling num-traits v0.2.17
[INFO] [stderr]    Compiling ucd-trie v0.1.6
[INFO] [stderr]    Compiling num-integer v0.1.45
[INFO] [stderr]    Compiling syn v2.0.48
[INFO] [stderr]    Compiling rand_core v0.6.4
[INFO] [stderr]    Compiling ppv-lite86 v0.2.17
[INFO] [stderr]    Compiling generic-array v0.14.7
[INFO] [stderr]    Compiling num-bigint v0.4.4
[INFO] [stderr]    Compiling paste v1.0.14
[INFO] [stderr]    Compiling libc v0.2.151
[INFO] [stderr]    Compiling rand_chacha v0.3.1
[INFO] [stderr]    Compiling rand v0.8.5
[INFO] [stderr]    Compiling ahash v0.7.7
[INFO] [stderr]    Compiling tracing-core v0.1.32
[INFO] [stderr]    Compiling once_cell v1.19.0
[INFO] [stderr]    Compiling ark-std v0.3.0
[INFO] [stderr]    Compiling getrandom v0.2.11
[INFO] [stderr]    Compiling subtle v2.5.0
[INFO] [stderr]    Compiling opaque-debug v0.3.0
[INFO] [stderr]    Compiling aho-corasick v1.1.2
[INFO] [stderr]    Compiling regex-syntax v0.8.2
[INFO] [stderr]    Compiling hex v0.4.3
[INFO] [stderr]    Compiling digest v0.9.0
[INFO] [stderr]    Compiling hashbrown v0.11.2
[INFO] [stderr]    Compiling crypto-mac v0.8.0
[INFO] [stderr]    Compiling blake2 v0.9.2
[INFO] [stderr]    Compiling regex-automata v0.4.3
[INFO] [stderr]    Compiling thiserror-impl v1.0.56
[INFO] [stderr]    Compiling zeroize_derive v1.4.2
[INFO] [stderr]    Compiling tracing-attributes v0.1.27
[INFO] [stderr]    Compiling zeroize v1.7.0
[INFO] [stderr]    Compiling pest v2.7.6
[INFO] [stderr]    Compiling ark-serialize-derive v0.3.0
[INFO] [stderr]    Compiling ark-ff-macros v0.3.0
[INFO] [stderr]    Compiling derivative v2.2.0
[INFO] [stderr]    Compiling ark-ff-asm v0.3.0
[INFO] [stderr]    Compiling tracing v0.1.40
[INFO] [stderr]    Compiling regex v1.10.2
[INFO] [stderr]    Compiling ark-serialize v0.3.0
[INFO] [stderr]    Compiling semver-parser v0.10.2
[INFO] [stderr]    Compiling semver v0.11.0
[INFO] [stderr]    Compiling rustc_version v0.3.3
[INFO] [stderr]    Compiling ark-ff v0.3.0
[INFO] [stderr]    Compiling ark-ec v0.3.0
[INFO] [stderr]    Compiling ark-relations v0.3.0
[INFO] [stderr]    Compiling ark-poly v0.3.0
[INFO] [stderr]    Compiling ark-snark v0.3.0
[INFO] [stderr]    Compiling ark-crypto-primitives v0.3.0
[INFO] [stderr]    Compiling ark-poly-commit v0.3.0
[INFO] [stderr]    Compiling ark-bn254 v0.3.0
[INFO] [stderr]    Compiling ark-groth16 v0.3.0
[INFO] [stderr]    Compiling ark-gm17 v0.3.0
[INFO] [stderr]    Compiling ark-marlin v0.3.0
[INFO] [stderr]    Compiling arkworks-solidity-verifier v0.1.0 (/opt/rustwide/workdir)
[INFO] [stderr]     Finished dev [unoptimized + debuginfo] target(s) in 37.19s
[INFO] running `Command { std: "docker" "inspect" "a19ca64a759ac2d90df9b693215567915915e440ebbc5c1e770ea8d80d797ed7", kill_on_drop: false }`
[INFO] running `Command { std: "docker" "rm" "-f" "a19ca64a759ac2d90df9b693215567915915e440ebbc5c1e770ea8d80d797ed7", kill_on_drop: false }`
[INFO] [stdout] a19ca64a759ac2d90df9b693215567915915e440ebbc5c1e770ea8d80d797ed7
[INFO] running `Command { std: "docker" "create" "-v" "/var/lib/crater-agent-workspace/builds/worker-4-tc1/target:/opt/rustwide/target:rw,Z" "-v" "/var/lib/crater-agent-workspace/builds/worker-4-tc1/source:/opt/rustwide/workdir:ro,Z" "-v" "/var/lib/crater-agent-workspace/cargo-home:/opt/rustwide/cargo-home:ro,Z" "-v" "/var/lib/crater-agent-workspace/rustup-home:/opt/rustwide/rustup-home:ro,Z" "-e" "SOURCE_DIR=/opt/rustwide/workdir" "-e" "CARGO_TARGET_DIR=/opt/rustwide/target" "-e" "CARGO_INCREMENTAL=0" "-e" "RUST_BACKTRACE=full" "-e" "RUSTFLAGS=--cap-lints=warn" "-e" "RUSTDOCFLAGS=--cap-lints=warn" "-e" "CARGO_HOME=/opt/rustwide/cargo-home" "-e" "RUSTUP_HOME=/opt/rustwide/rustup-home" "-w" "/opt/rustwide/workdir" "-m" "1610612736" "--user" "0:0" "--network" "none" "ghcr.io/rust-lang/crates-build-env/linux@sha256:2788e3201cd34a07e3172128adcd8b3090168a8e3bcc40d7c032b9dda1df7d1c" "/opt/rustwide/cargo-home/bin/cargo" "+1.75.0" "test" "--frozen" "--no-run" "--message-format=json", kill_on_drop: false }`
[INFO] [stdout] a81ae878185ea5f566a20191688caf17cfd3f6144118b3b067c2f7e6f9d1d389
[INFO] running `Command { std: "docker" "start" "-a" "a81ae878185ea5f566a20191688caf17cfd3f6144118b3b067c2f7e6f9d1d389", kill_on_drop: false }`
[INFO] [stderr]    Compiling ark-r1cs-std v0.3.1
[INFO] [stderr]    Compiling arkworks-solidity-verifier v0.1.0 (/opt/rustwide/workdir)
[INFO] [stderr]     Finished test [unoptimized + debuginfo] target(s) in 10.67s
[INFO] running `Command { std: "docker" "inspect" "a81ae878185ea5f566a20191688caf17cfd3f6144118b3b067c2f7e6f9d1d389", kill_on_drop: false }`
[INFO] running `Command { std: "docker" "rm" "-f" "a81ae878185ea5f566a20191688caf17cfd3f6144118b3b067c2f7e6f9d1d389", kill_on_drop: false }`
[INFO] [stdout] a81ae878185ea5f566a20191688caf17cfd3f6144118b3b067c2f7e6f9d1d389
[INFO] running `Command { std: "docker" "create" "-v" "/var/lib/crater-agent-workspace/builds/worker-4-tc1/target:/opt/rustwide/target:rw,Z" "-v" "/var/lib/crater-agent-workspace/builds/worker-4-tc1/source:/opt/rustwide/workdir:ro,Z" "-v" "/var/lib/crater-agent-workspace/cargo-home:/opt/rustwide/cargo-home:ro,Z" "-v" "/var/lib/crater-agent-workspace/rustup-home:/opt/rustwide/rustup-home:ro,Z" "-e" "SOURCE_DIR=/opt/rustwide/workdir" "-e" "CARGO_TARGET_DIR=/opt/rustwide/target" "-e" "CARGO_INCREMENTAL=0" "-e" "RUST_BACKTRACE=full" "-e" "RUSTFLAGS=--cap-lints=warn" "-e" "RUSTDOCFLAGS=--cap-lints=warn" "-e" "CARGO_HOME=/opt/rustwide/cargo-home" "-e" "RUSTUP_HOME=/opt/rustwide/rustup-home" "-w" "/opt/rustwide/workdir" "-m" "1610612736" "--user" "0:0" "--network" "none" "ghcr.io/rust-lang/crates-build-env/linux@sha256:2788e3201cd34a07e3172128adcd8b3090168a8e3bcc40d7c032b9dda1df7d1c" "/opt/rustwide/cargo-home/bin/cargo" "+1.75.0" "test" "--frozen", kill_on_drop: false }`
[INFO] [stdout] 805f276b1ca2333d3a4c3d722e90a9a66755411980c0dbb2f314214e7b5ef3d1
[INFO] running `Command { std: "docker" "start" "-a" "805f276b1ca2333d3a4c3d722e90a9a66755411980c0dbb2f314214e7b5ef3d1", kill_on_drop: false }`
[INFO] [stderr]     Finished test [unoptimized + debuginfo] target(s) in 0.08s
[INFO] [stderr]      Running unittests src/lib.rs (/opt/rustwide/target/debug/deps/arkworks_solidity_verifier-67d5117202d25532)
[INFO] [stdout] 
[INFO] [stdout] running 2 tests
[INFO] [stdout] test tests::circuit_works ... ok
[INFO] [stdout] test tests::export_works ... ok
[INFO] [stdout] 
[INFO] [stdout] test result: ok. 2 passed; 0 failed; 0 ignored; 0 measured; 0 filtered out; finished in 0.51s
[INFO] [stdout] 
[INFO] [stderr]    Doc-tests arkworks-solidity-verifier
[INFO] [stdout] 
[INFO] [stdout] running 1 test
[INFO] [stdout] test src/lib.rs - PairingLibrary (line 17) ... FAILED
[INFO] [stdout] 
[INFO] [stdout] failures:
[INFO] [stdout] 
[INFO] [stdout] ---- src/lib.rs - PairingLibrary (line 17) stdout ----
[INFO] [stdout] error: free type alias without body
[INFO] [stdout]  --> src/lib.rs:18:1
[INFO] [stdout]   |
[INFO] [stdout] 3 | type YourCurve;
[INFO] [stdout]   | ^^^^^^^^^^^^^^-
[INFO] [stdout]   |               |
[INFO] [stdout]   |               help: provide a definition for the type: `= <type>;`
[INFO] [stdout] 
[INFO] [stdout] error[E0405]: cannot find trait `PairingLibrary` in this scope
[INFO] [stdout]  --> src/lib.rs:19:6
[INFO] [stdout]   |
[INFO] [stdout] 4 | impl PairingLibrary for YourCurve {
[INFO] [stdout]   |      ^^^^^^^^^^^^^^ not found in this scope
[INFO] [stdout]   |
[INFO] [stdout] help: consider importing this trait
[INFO] [stdout]   |
[INFO] [stdout] 2 + use arkworks_solidity_verifier::PairingLibrary;
[INFO] [stdout]   |
[INFO] [stdout] 
[INFO] [stdout] error: aborting due to 2 previous errors
[INFO] [stdout] 
[INFO] [stdout] For more information about this error, try `rustc --explain E0405`.
[INFO] [stdout] Couldn't compile the test.
[INFO] [stdout] 
[INFO] [stdout] failures:
[INFO] [stdout]     src/lib.rs - PairingLibrary (line 17)
[INFO] [stdout] 
[INFO] [stdout] test result: FAILED. 0 passed; 1 failed; 0 ignored; 0 measured; 0 filtered out; finished in 0.16s
[INFO] [stdout] 
[INFO] [stderr] error: doctest failed, to rerun pass `--doc`
[INFO] running `Command { std: "docker" "inspect" "805f276b1ca2333d3a4c3d722e90a9a66755411980c0dbb2f314214e7b5ef3d1", kill_on_drop: false }`
[INFO] running `Command { std: "docker" "rm" "-f" "805f276b1ca2333d3a4c3d722e90a9a66755411980c0dbb2f314214e7b5ef3d1", kill_on_drop: false }`
[INFO] [stdout] 805f276b1ca2333d3a4c3d722e90a9a66755411980c0dbb2f314214e7b5ef3d1
