[INFO] fetching crate arcdps 0.9.0...
[INFO] testing arcdps-0.9.0 against 1.75.0 for beta-1.76-1
[INFO] extracting crate arcdps 0.9.0 into /workspace/builds/worker-6-tc1/source
[INFO] validating manifest of crates.io crate arcdps 0.9.0 on toolchain 1.75.0
[INFO] running `Command { std: CARGO_HOME="/workspace/cargo-home" RUSTUP_HOME="/workspace/rustup-home" "/workspace/cargo-home/bin/cargo" "+1.75.0" "metadata" "--manifest-path" "Cargo.toml" "--no-deps", kill_on_drop: false }`
[INFO] started tweaking crates.io crate arcdps 0.9.0
[INFO] finished tweaking crates.io crate arcdps 0.9.0
[INFO] tweaked toml for crates.io crate arcdps 0.9.0 written to /workspace/builds/worker-6-tc1/source/Cargo.toml
[INFO] running `Command { std: CARGO_HOME="/workspace/cargo-home" RUSTUP_HOME="/workspace/rustup-home" "/workspace/cargo-home/bin/cargo" "+1.75.0" "generate-lockfile" "--manifest-path" "Cargo.toml", kill_on_drop: false }`
[INFO] [stderr]     Blocking waiting for file lock on package cache
[INFO] [stderr]     Updating crates.io index
[INFO] running `Command { std: CARGO_HOME="/workspace/cargo-home" RUSTUP_HOME="/workspace/rustup-home" "/workspace/cargo-home/bin/cargo" "+1.75.0" "fetch" "--manifest-path" "Cargo.toml", kill_on_drop: false }`
[INFO] [stderr]     Blocking waiting for file lock on package cache
[INFO] [stderr]  Downloading crates ...
[INFO] [stderr]   Downloaded chlorine v1.0.10
[INFO] [stderr]   Downloaded arcdps_codegen v0.9.0
[INFO] [stderr]   Downloaded parking_lot_core v0.8.6
[INFO] [stderr]   Downloaded arcdps-imgui v0.8.0
[INFO] [stderr]   Downloaded arcdps-imgui-sys v0.8.0
[INFO] running `Command { std: "docker" "create" "-v" "/var/lib/crater-agent-workspace/builds/worker-6-tc1/target:/opt/rustwide/target:rw,Z" "-v" "/var/lib/crater-agent-workspace/builds/worker-6-tc1/source:/opt/rustwide/workdir:ro,Z" "-v" "/var/lib/crater-agent-workspace/cargo-home:/opt/rustwide/cargo-home:ro,Z" "-v" "/var/lib/crater-agent-workspace/rustup-home:/opt/rustwide/rustup-home:ro,Z" "-e" "SOURCE_DIR=/opt/rustwide/workdir" "-e" "CARGO_TARGET_DIR=/opt/rustwide/target" "-e" "CARGO_HOME=/opt/rustwide/cargo-home" "-e" "RUSTUP_HOME=/opt/rustwide/rustup-home" "-w" "/opt/rustwide/workdir" "-m" "1610612736" "--user" "0:0" "--network" "none" "ghcr.io/rust-lang/crates-build-env/linux@sha256:2788e3201cd34a07e3172128adcd8b3090168a8e3bcc40d7c032b9dda1df7d1c" "/opt/rustwide/cargo-home/bin/cargo" "+1.75.0" "metadata" "--no-deps" "--format-version=1", kill_on_drop: false }`
[INFO] [stdout] a42a303e4e6cef667c61b3a5674c6e3cd39e63e27bb813de63b17d172f5bbede
[INFO] running `Command { std: "docker" "start" "-a" "a42a303e4e6cef667c61b3a5674c6e3cd39e63e27bb813de63b17d172f5bbede", kill_on_drop: false }`
[INFO] running `Command { std: "docker" "inspect" "a42a303e4e6cef667c61b3a5674c6e3cd39e63e27bb813de63b17d172f5bbede", kill_on_drop: false }`
[INFO] running `Command { std: "docker" "rm" "-f" "a42a303e4e6cef667c61b3a5674c6e3cd39e63e27bb813de63b17d172f5bbede", kill_on_drop: false }`
[INFO] [stdout] a42a303e4e6cef667c61b3a5674c6e3cd39e63e27bb813de63b17d172f5bbede
[INFO] running `Command { std: "docker" "create" "-v" "/var/lib/crater-agent-workspace/builds/worker-6-tc1/target:/opt/rustwide/target:rw,Z" "-v" "/var/lib/crater-agent-workspace/builds/worker-6-tc1/source:/opt/rustwide/workdir:ro,Z" "-v" "/var/lib/crater-agent-workspace/cargo-home:/opt/rustwide/cargo-home:ro,Z" "-v" "/var/lib/crater-agent-workspace/rustup-home:/opt/rustwide/rustup-home:ro,Z" "-e" "SOURCE_DIR=/opt/rustwide/workdir" "-e" "CARGO_TARGET_DIR=/opt/rustwide/target" "-e" "CARGO_INCREMENTAL=0" "-e" "RUST_BACKTRACE=full" "-e" "RUSTFLAGS=--cap-lints=warn" "-e" "RUSTDOCFLAGS=--cap-lints=warn" "-e" "CARGO_HOME=/opt/rustwide/cargo-home" "-e" "RUSTUP_HOME=/opt/rustwide/rustup-home" "-w" "/opt/rustwide/workdir" "-m" "1610612736" "--user" "0:0" "--network" "none" "ghcr.io/rust-lang/crates-build-env/linux@sha256:2788e3201cd34a07e3172128adcd8b3090168a8e3bcc40d7c032b9dda1df7d1c" "/opt/rustwide/cargo-home/bin/cargo" "+1.75.0" "build" "--frozen" "--message-format=json", kill_on_drop: false }`
[INFO] [stdout] 82a08520ef7d943164642310db508dca76b37bf0975e2388b1f28fe921de6539
[INFO] running `Command { std: "docker" "start" "-a" "82a08520ef7d943164642310db508dca76b37bf0975e2388b1f28fe921de6539", kill_on_drop: false }`
[INFO] [stderr]    Compiling lock_api v0.4.11
[INFO] [stderr]    Compiling parking_lot_core v0.8.6
[INFO] [stderr]    Compiling smallvec v1.11.2
[INFO] [stderr]    Compiling paste v1.0.14
[INFO] [stderr]    Compiling scopeguard v1.2.0
[INFO] [stderr]    Compiling syn v1.0.109
[INFO] [stderr]    Compiling chlorine v1.0.10
[INFO] [stderr]    Compiling iana-time-zone v0.1.59
[INFO] [stderr]    Compiling log v0.4.20
[INFO] [stderr]    Compiling once_cell v1.19.0
[INFO] [stderr]    Compiling instant v0.1.12
[INFO] [stderr]    Compiling arcdps-imgui-sys v0.8.0
[INFO] [stderr]    Compiling chrono v0.4.31
[INFO] [stderr]    Compiling parking_lot v0.11.2
[INFO] [stderr]    Compiling arcdps_codegen v0.9.0
[INFO] [stderr]    Compiling arcdps-imgui v0.8.0
[INFO] [stderr]    Compiling arcdps v0.9.0 (/opt/rustwide/workdir)
[INFO] [stderr]     Finished dev [unoptimized + debuginfo] target(s) in 7.67s
[INFO] running `Command { std: "docker" "inspect" "82a08520ef7d943164642310db508dca76b37bf0975e2388b1f28fe921de6539", kill_on_drop: false }`
[INFO] running `Command { std: "docker" "rm" "-f" "82a08520ef7d943164642310db508dca76b37bf0975e2388b1f28fe921de6539", kill_on_drop: false }`
[INFO] [stdout] 82a08520ef7d943164642310db508dca76b37bf0975e2388b1f28fe921de6539
[INFO] running `Command { std: "docker" "create" "-v" "/var/lib/crater-agent-workspace/builds/worker-6-tc1/target:/opt/rustwide/target:rw,Z" "-v" "/var/lib/crater-agent-workspace/builds/worker-6-tc1/source:/opt/rustwide/workdir:ro,Z" "-v" "/var/lib/crater-agent-workspace/cargo-home:/opt/rustwide/cargo-home:ro,Z" "-v" "/var/lib/crater-agent-workspace/rustup-home:/opt/rustwide/rustup-home:ro,Z" "-e" "SOURCE_DIR=/opt/rustwide/workdir" "-e" "CARGO_TARGET_DIR=/opt/rustwide/target" "-e" "CARGO_INCREMENTAL=0" "-e" "RUST_BACKTRACE=full" "-e" "RUSTFLAGS=--cap-lints=warn" "-e" "RUSTDOCFLAGS=--cap-lints=warn" "-e" "CARGO_HOME=/opt/rustwide/cargo-home" "-e" "RUSTUP_HOME=/opt/rustwide/rustup-home" "-w" "/opt/rustwide/workdir" "-m" "1610612736" "--user" "0:0" "--network" "none" "ghcr.io/rust-lang/crates-build-env/linux@sha256:2788e3201cd34a07e3172128adcd8b3090168a8e3bcc40d7c032b9dda1df7d1c" "/opt/rustwide/cargo-home/bin/cargo" "+1.75.0" "test" "--frozen" "--no-run" "--message-format=json", kill_on_drop: false }`
[INFO] [stdout] 9ec073a235bceafd26c246444d02700ac24a07d72e1e447d2d1ab7abe2d11ade
[INFO] running `Command { std: "docker" "start" "-a" "9ec073a235bceafd26c246444d02700ac24a07d72e1e447d2d1ab7abe2d11ade", kill_on_drop: false }`
[INFO] [stderr]    Compiling arcdps v0.9.0 (/opt/rustwide/workdir)
[INFO] [stderr]     Finished test [unoptimized + debuginfo] target(s) in 0.42s
[INFO] running `Command { std: "docker" "inspect" "9ec073a235bceafd26c246444d02700ac24a07d72e1e447d2d1ab7abe2d11ade", kill_on_drop: false }`
[INFO] running `Command { std: "docker" "rm" "-f" "9ec073a235bceafd26c246444d02700ac24a07d72e1e447d2d1ab7abe2d11ade", kill_on_drop: false }`
[INFO] [stdout] 9ec073a235bceafd26c246444d02700ac24a07d72e1e447d2d1ab7abe2d11ade
[INFO] running `Command { std: "docker" "create" "-v" "/var/lib/crater-agent-workspace/builds/worker-6-tc1/target:/opt/rustwide/target:rw,Z" "-v" "/var/lib/crater-agent-workspace/builds/worker-6-tc1/source:/opt/rustwide/workdir:ro,Z" "-v" "/var/lib/crater-agent-workspace/cargo-home:/opt/rustwide/cargo-home:ro,Z" "-v" "/var/lib/crater-agent-workspace/rustup-home:/opt/rustwide/rustup-home:ro,Z" "-e" "SOURCE_DIR=/opt/rustwide/workdir" "-e" "CARGO_TARGET_DIR=/opt/rustwide/target" "-e" "CARGO_INCREMENTAL=0" "-e" "RUST_BACKTRACE=full" "-e" "RUSTFLAGS=--cap-lints=warn" "-e" "RUSTDOCFLAGS=--cap-lints=warn" "-e" "CARGO_HOME=/opt/rustwide/cargo-home" "-e" "RUSTUP_HOME=/opt/rustwide/rustup-home" "-w" "/opt/rustwide/workdir" "-m" "1610612736" "--user" "0:0" "--network" "none" "ghcr.io/rust-lang/crates-build-env/linux@sha256:2788e3201cd34a07e3172128adcd8b3090168a8e3bcc40d7c032b9dda1df7d1c" "/opt/rustwide/cargo-home/bin/cargo" "+1.75.0" "test" "--frozen", kill_on_drop: false }`
[INFO] [stdout] 6422fca1c4c1576e1db68fb14478bdcaa35a084bbb4f652dd22a6155b1c81fa0
[INFO] running `Command { std: "docker" "start" "-a" "6422fca1c4c1576e1db68fb14478bdcaa35a084bbb4f652dd22a6155b1c81fa0", kill_on_drop: false }`
[INFO] [stderr]     Finished test [unoptimized + debuginfo] target(s) in 0.02s
[INFO] [stderr]      Running unittests src/lib.rs (/opt/rustwide/target/debug/deps/arcdps-53168a4e751d79f1)
[INFO] [stdout] 
[INFO] [stdout] running 0 tests
[INFO] [stdout] 
[INFO] [stdout] test result: ok. 0 passed; 0 failed; 0 ignored; 0 measured; 0 filtered out; finished in 0.00s
[INFO] [stdout] 
[INFO] [stderr]    Doc-tests arcdps
[INFO] [stdout] 
[INFO] [stdout] running 1 test
[INFO] [stdout] test src/raw_structs.rs - raw_structs::Agent (line 112) ... FAILED
[INFO] [stdout] 
[INFO] [stdout] failures:
[INFO] [stdout] 
[INFO] [stdout] ---- src/raw_structs.rs - raw_structs::Agent (line 112) stdout ----
[INFO] [stdout] error[E0425]: cannot find value `agent` in this scope
[INFO] [stdout]  --> src/raw_structs.rs:115:25
[INFO] [stdout]   |
[INFO] [stdout] 6 | let agent: AgentOwned = agent.into();
[INFO] [stdout]   |                         ^^^^^ not found in this scope
[INFO] [stdout] 
[INFO] [stdout] error: aborting due to previous error
[INFO] [stdout] 
[INFO] [stdout] For more information about this error, try `rustc --explain E0425`.
[INFO] [stdout] Couldn't compile the test.
[INFO] [stdout] 
[INFO] [stdout] failures:
[INFO] [stdout]     src/raw_structs.rs - raw_structs::Agent (line 112)
[INFO] [stdout] 
[INFO] [stdout] test result: FAILED. 0 passed; 1 failed; 0 ignored; 0 measured; 0 filtered out; finished in 0.05s
[INFO] [stdout] 
[INFO] [stderr] error: doctest failed, to rerun pass `--doc`
[INFO] running `Command { std: "docker" "inspect" "6422fca1c4c1576e1db68fb14478bdcaa35a084bbb4f652dd22a6155b1c81fa0", kill_on_drop: false }`
[INFO] running `Command { std: "docker" "rm" "-f" "6422fca1c4c1576e1db68fb14478bdcaa35a084bbb4f652dd22a6155b1c81fa0", kill_on_drop: false }`
[INFO] [stdout] 6422fca1c4c1576e1db68fb14478bdcaa35a084bbb4f652dd22a6155b1c81fa0
