[INFO] fetching crate any_ref_macro 1.0.1...
[INFO] testing any_ref_macro-1.0.1 against 1.75.0 for beta-1.76-1
[INFO] extracting crate any_ref_macro 1.0.1 into /workspace/builds/worker-6-tc1/source
[INFO] validating manifest of crates.io crate any_ref_macro 1.0.1 on toolchain 1.75.0
[INFO] running `Command { std: CARGO_HOME="/workspace/cargo-home" RUSTUP_HOME="/workspace/rustup-home" "/workspace/cargo-home/bin/cargo" "+1.75.0" "metadata" "--manifest-path" "Cargo.toml" "--no-deps", kill_on_drop: false }`
[INFO] started tweaking crates.io crate any_ref_macro 1.0.1
[INFO] finished tweaking crates.io crate any_ref_macro 1.0.1
[INFO] tweaked toml for crates.io crate any_ref_macro 1.0.1 written to /workspace/builds/worker-6-tc1/source/Cargo.toml
[INFO] running `Command { std: CARGO_HOME="/workspace/cargo-home" RUSTUP_HOME="/workspace/rustup-home" "/workspace/cargo-home/bin/cargo" "+1.75.0" "generate-lockfile" "--manifest-path" "Cargo.toml", kill_on_drop: false }`
[INFO] [stderr]     Updating crates.io index
[INFO] running `Command { std: CARGO_HOME="/workspace/cargo-home" RUSTUP_HOME="/workspace/rustup-home" "/workspace/cargo-home/bin/cargo" "+1.75.0" "fetch" "--manifest-path" "Cargo.toml", kill_on_drop: false }`
[INFO] running `Command { std: "docker" "create" "-v" "/var/lib/crater-agent-workspace/builds/worker-6-tc1/target:/opt/rustwide/target:rw,Z" "-v" "/var/lib/crater-agent-workspace/builds/worker-6-tc1/source:/opt/rustwide/workdir:ro,Z" "-v" "/var/lib/crater-agent-workspace/cargo-home:/opt/rustwide/cargo-home:ro,Z" "-v" "/var/lib/crater-agent-workspace/rustup-home:/opt/rustwide/rustup-home:ro,Z" "-e" "SOURCE_DIR=/opt/rustwide/workdir" "-e" "CARGO_TARGET_DIR=/opt/rustwide/target" "-e" "CARGO_HOME=/opt/rustwide/cargo-home" "-e" "RUSTUP_HOME=/opt/rustwide/rustup-home" "-w" "/opt/rustwide/workdir" "-m" "1610612736" "--user" "0:0" "--network" "none" "ghcr.io/rust-lang/crates-build-env/linux@sha256:2788e3201cd34a07e3172128adcd8b3090168a8e3bcc40d7c032b9dda1df7d1c" "/opt/rustwide/cargo-home/bin/cargo" "+1.75.0" "metadata" "--no-deps" "--format-version=1", kill_on_drop: false }`
[INFO] [stdout] 8e293f6dd36686b2c471813051da280ca7af78fd6afe18bad476aea3411028ef
[INFO] running `Command { std: "docker" "start" "-a" "8e293f6dd36686b2c471813051da280ca7af78fd6afe18bad476aea3411028ef", kill_on_drop: false }`
[INFO] running `Command { std: "docker" "inspect" "8e293f6dd36686b2c471813051da280ca7af78fd6afe18bad476aea3411028ef", kill_on_drop: false }`
[INFO] running `Command { std: "docker" "rm" "-f" "8e293f6dd36686b2c471813051da280ca7af78fd6afe18bad476aea3411028ef", kill_on_drop: false }`
[INFO] [stdout] 8e293f6dd36686b2c471813051da280ca7af78fd6afe18bad476aea3411028ef
[INFO] running `Command { std: "docker" "create" "-v" "/var/lib/crater-agent-workspace/builds/worker-6-tc1/target:/opt/rustwide/target:rw,Z" "-v" "/var/lib/crater-agent-workspace/builds/worker-6-tc1/source:/opt/rustwide/workdir:ro,Z" "-v" "/var/lib/crater-agent-workspace/cargo-home:/opt/rustwide/cargo-home:ro,Z" "-v" "/var/lib/crater-agent-workspace/rustup-home:/opt/rustwide/rustup-home:ro,Z" "-e" "SOURCE_DIR=/opt/rustwide/workdir" "-e" "CARGO_TARGET_DIR=/opt/rustwide/target" "-e" "CARGO_INCREMENTAL=0" "-e" "RUST_BACKTRACE=full" "-e" "RUSTFLAGS=--cap-lints=warn" "-e" "RUSTDOCFLAGS=--cap-lints=warn" "-e" "CARGO_HOME=/opt/rustwide/cargo-home" "-e" "RUSTUP_HOME=/opt/rustwide/rustup-home" "-w" "/opt/rustwide/workdir" "-m" "1610612736" "--user" "0:0" "--network" "none" "ghcr.io/rust-lang/crates-build-env/linux@sha256:2788e3201cd34a07e3172128adcd8b3090168a8e3bcc40d7c032b9dda1df7d1c" "/opt/rustwide/cargo-home/bin/cargo" "+1.75.0" "build" "--frozen" "--message-format=json", kill_on_drop: false }`
[INFO] [stdout] 84d995f80bf134a53589e895b26329ac6a1c5122ca8d70f5e13df2641479aedd
[INFO] running `Command { std: "docker" "start" "-a" "84d995f80bf134a53589e895b26329ac6a1c5122ca8d70f5e13df2641479aedd", kill_on_drop: false }`
[INFO] [stderr]    Compiling syn v1.0.109
[INFO] [stderr]    Compiling any_ref_macro v1.0.1 (/opt/rustwide/workdir)
[INFO] [stderr]     Finished dev [unoptimized + debuginfo] target(s) in 1.54s
[INFO] running `Command { std: "docker" "inspect" "84d995f80bf134a53589e895b26329ac6a1c5122ca8d70f5e13df2641479aedd", kill_on_drop: false }`
[INFO] running `Command { std: "docker" "rm" "-f" "84d995f80bf134a53589e895b26329ac6a1c5122ca8d70f5e13df2641479aedd", kill_on_drop: false }`
[INFO] [stdout] 84d995f80bf134a53589e895b26329ac6a1c5122ca8d70f5e13df2641479aedd
[INFO] running `Command { std: "docker" "create" "-v" "/var/lib/crater-agent-workspace/builds/worker-6-tc1/target:/opt/rustwide/target:rw,Z" "-v" "/var/lib/crater-agent-workspace/builds/worker-6-tc1/source:/opt/rustwide/workdir:ro,Z" "-v" "/var/lib/crater-agent-workspace/cargo-home:/opt/rustwide/cargo-home:ro,Z" "-v" "/var/lib/crater-agent-workspace/rustup-home:/opt/rustwide/rustup-home:ro,Z" "-e" "SOURCE_DIR=/opt/rustwide/workdir" "-e" "CARGO_TARGET_DIR=/opt/rustwide/target" "-e" "CARGO_INCREMENTAL=0" "-e" "RUST_BACKTRACE=full" "-e" "RUSTFLAGS=--cap-lints=warn" "-e" "RUSTDOCFLAGS=--cap-lints=warn" "-e" "CARGO_HOME=/opt/rustwide/cargo-home" "-e" "RUSTUP_HOME=/opt/rustwide/rustup-home" "-w" "/opt/rustwide/workdir" "-m" "1610612736" "--user" "0:0" "--network" "none" "ghcr.io/rust-lang/crates-build-env/linux@sha256:2788e3201cd34a07e3172128adcd8b3090168a8e3bcc40d7c032b9dda1df7d1c" "/opt/rustwide/cargo-home/bin/cargo" "+1.75.0" "test" "--frozen" "--no-run" "--message-format=json", kill_on_drop: false }`
[INFO] [stdout] d2e3f10953607c2921b60c3dc5a14a27c2a33f82c6af329b178cc69c0ee50fc0
[INFO] running `Command { std: "docker" "start" "-a" "d2e3f10953607c2921b60c3dc5a14a27c2a33f82c6af329b178cc69c0ee50fc0", kill_on_drop: false }`
[INFO] [stderr]    Compiling any_ref_macro v1.0.1 (/opt/rustwide/workdir)
[INFO] [stderr]     Finished test [unoptimized + debuginfo] target(s) in 0.31s
[INFO] running `Command { std: "docker" "inspect" "d2e3f10953607c2921b60c3dc5a14a27c2a33f82c6af329b178cc69c0ee50fc0", kill_on_drop: false }`
[INFO] running `Command { std: "docker" "rm" "-f" "d2e3f10953607c2921b60c3dc5a14a27c2a33f82c6af329b178cc69c0ee50fc0", kill_on_drop: false }`
[INFO] [stdout] d2e3f10953607c2921b60c3dc5a14a27c2a33f82c6af329b178cc69c0ee50fc0
[INFO] running `Command { std: "docker" "create" "-v" "/var/lib/crater-agent-workspace/builds/worker-6-tc1/target:/opt/rustwide/target:rw,Z" "-v" "/var/lib/crater-agent-workspace/builds/worker-6-tc1/source:/opt/rustwide/workdir:ro,Z" "-v" "/var/lib/crater-agent-workspace/cargo-home:/opt/rustwide/cargo-home:ro,Z" "-v" "/var/lib/crater-agent-workspace/rustup-home:/opt/rustwide/rustup-home:ro,Z" "-e" "SOURCE_DIR=/opt/rustwide/workdir" "-e" "CARGO_TARGET_DIR=/opt/rustwide/target" "-e" "CARGO_INCREMENTAL=0" "-e" "RUST_BACKTRACE=full" "-e" "RUSTFLAGS=--cap-lints=warn" "-e" "RUSTDOCFLAGS=--cap-lints=warn" "-e" "CARGO_HOME=/opt/rustwide/cargo-home" "-e" "RUSTUP_HOME=/opt/rustwide/rustup-home" "-w" "/opt/rustwide/workdir" "-m" "1610612736" "--user" "0:0" "--network" "none" "ghcr.io/rust-lang/crates-build-env/linux@sha256:2788e3201cd34a07e3172128adcd8b3090168a8e3bcc40d7c032b9dda1df7d1c" "/opt/rustwide/cargo-home/bin/cargo" "+1.75.0" "test" "--frozen", kill_on_drop: false }`
[INFO] [stdout] 605927adbe9ec427a0084a1e56d90f74a300072da25ac9cecc1f3bdf55227690
[INFO] running `Command { std: "docker" "start" "-a" "605927adbe9ec427a0084a1e56d90f74a300072da25ac9cecc1f3bdf55227690", kill_on_drop: false }`
[INFO] [stderr]     Finished test [unoptimized + debuginfo] target(s) in 0.00s
[INFO] [stderr]      Running unittests src/lib.rs (/opt/rustwide/target/debug/deps/any_ref_macro-613cc1ea87411f3a)
[INFO] [stdout] 
[INFO] [stdout] running 0 tests
[INFO] [stdout] 
[INFO] [stdout] test result: ok. 0 passed; 0 failed; 0 ignored; 0 measured; 0 filtered out; finished in 0.00s
[INFO] [stdout] 
[INFO] [stderr]    Doc-tests any_ref_macro
[INFO] [stdout] 
[INFO] [stdout] running 1 test
[INFO] [stdout] test src/lib.rs - _make_any_ref (line 66) ... FAILED
[INFO] [stdout] 
[INFO] [stdout] failures:
[INFO] [stdout] 
[INFO] [stdout] ---- src/lib.rs - _make_any_ref (line 66) stdout ----
[INFO] [stdout] error[E0433]: failed to resolve: use of undeclared crate or module `any_ref`
[INFO] [stdout]  --> src/lib.rs:70:1
[INFO] [stdout]   |
[INFO] [stdout] 6 | any_ref::make_any_ref!{
[INFO] [stdout]   | ^^^^^^^ use of undeclared crate or module `any_ref`
[INFO] [stdout] 
[INFO] [stdout] error: aborting due to previous error
[INFO] [stdout] 
[INFO] [stdout] For more information about this error, try `rustc --explain E0433`.
[INFO] [stdout] Couldn't compile the test.
[INFO] [stdout] 
[INFO] [stdout] failures:
[INFO] [stdout]     src/lib.rs - _make_any_ref (line 66)
[INFO] [stdout] 
[INFO] [stdout] test result: FAILED. 0 passed; 1 failed; 0 ignored; 0 measured; 0 filtered out; finished in 0.03s
[INFO] [stdout] 
[INFO] [stderr] error: doctest failed, to rerun pass `--doc`
[INFO] running `Command { std: "docker" "inspect" "605927adbe9ec427a0084a1e56d90f74a300072da25ac9cecc1f3bdf55227690", kill_on_drop: false }`
[INFO] running `Command { std: "docker" "rm" "-f" "605927adbe9ec427a0084a1e56d90f74a300072da25ac9cecc1f3bdf55227690", kill_on_drop: false }`
[INFO] [stdout] 605927adbe9ec427a0084a1e56d90f74a300072da25ac9cecc1f3bdf55227690
