[INFO] fetching crate anorm 0.1.3...
[INFO] testing anorm-0.1.3 against 1.75.0 for beta-1.76-1
[INFO] extracting crate anorm 0.1.3 into /workspace/builds/worker-4-tc1/source
[INFO] validating manifest of crates.io crate anorm 0.1.3 on toolchain 1.75.0
[INFO] running `Command { std: CARGO_HOME="/workspace/cargo-home" RUSTUP_HOME="/workspace/rustup-home" "/workspace/cargo-home/bin/cargo" "+1.75.0" "metadata" "--manifest-path" "Cargo.toml" "--no-deps", kill_on_drop: false }`
[INFO] started tweaking crates.io crate anorm 0.1.3
[INFO] finished tweaking crates.io crate anorm 0.1.3
[INFO] tweaked toml for crates.io crate anorm 0.1.3 written to /workspace/builds/worker-4-tc1/source/Cargo.toml
[INFO] crate crates.io crate anorm 0.1.3 already has a lockfile, it will not be regenerated
[INFO] running `Command { std: CARGO_HOME="/workspace/cargo-home" RUSTUP_HOME="/workspace/rustup-home" "/workspace/cargo-home/bin/cargo" "+1.75.0" "fetch" "--manifest-path" "Cargo.toml", kill_on_drop: false }`
[INFO] [stderr]     Updating crates.io index
[INFO] [stderr]  Downloading crates ...
[INFO] [stderr]   Downloaded form_urlencoded v1.1.0
[INFO] [stderr]   Downloaded once_cell v1.16.0
[INFO] [stderr]   Downloaded sqlx-sqlite v0.7.2
[INFO] [stderr]   Downloaded bytes v1.3.0
[INFO] [stderr]   Downloaded mio v0.8.5
[INFO] [stderr]   Downloaded thiserror v1.0.38
[INFO] [stderr]   Downloaded pkcs1 v0.7.5
[INFO] [stderr]   Downloaded futures-io v0.3.28
[INFO] [stderr]   Downloaded tokio-macros v1.8.2
[INFO] [stderr]   Downloaded fastrand v1.8.0
[INFO] [stderr]   Downloaded md-5 v0.10.5
[INFO] [stderr]   Downloaded stringprep v0.1.2
[INFO] [stderr]   Downloaded home v0.5.5
[INFO] [stderr]   Downloaded socket2 v0.4.7
[INFO] [stderr]   Downloaded futures-util v0.3.25
[INFO] [stderr]   Downloaded nom v7.1.1
[INFO] [stderr]   Downloaded windows_x86_64_msvc v0.42.0
[INFO] [stderr]   Downloaded windows_aarch64_msvc v0.42.0
[INFO] [stderr]   Downloaded libsqlite3-sys v0.26.0
[INFO] [stderr]   Downloaded windows_i686_gnu v0.42.0
[INFO] [stderr]   Downloaded libc v0.2.138
[INFO] [stderr]   Downloaded tokio v1.23.0
[INFO] [stderr]   Downloaded anorm-macros v0.1.3
[INFO] [stderr]   Downloaded zerocopy-derive v0.7.14
[INFO] [stderr]   Downloaded libm v0.2.6
[INFO] [stderr]   Downloaded windows_aarch64_gnullvm v0.42.0
[INFO] [stderr]   Downloaded openssl v0.10.44
[INFO] [stderr]   Downloaded windows_x86_64_gnu v0.42.0
[INFO] [stderr]   Downloaded regex-syntax v0.6.28
[INFO] [stderr]   Downloaded regex v1.7.0
[INFO] [stderr]   Downloaded sqlx-postgres v0.7.2
[INFO] [stderr]   Downloaded serde_json v1.0.91
[INFO] [stderr]   Downloaded syn v2.0.38
[INFO] [stderr]   Downloaded idna v0.3.0
[INFO] [stderr]   Downloaded windows_i686_msvc v0.42.0
[INFO] [stderr]   Downloaded cc v1.0.78
[INFO] [stderr]   Downloaded crossbeam-utils v0.8.14
[INFO] [stderr]   Downloaded futures-channel v0.3.25
[INFO] [stderr]   Downloaded indexmap v2.0.2
[INFO] [stderr]   Downloaded rsa v0.9.2
[INFO] [stderr]   Downloaded const-oid v0.9.5
[INFO] [stderr]   Downloaded lock_api v0.4.9
[INFO] [stderr]   Downloaded crc v3.0.0
[INFO] [stderr]   Downloaded hashlink v0.8.1
[INFO] [stderr]   Downloaded openssl-sys v0.9.79
[INFO] [stderr]   Downloaded security-framework v2.7.0
[INFO] [stderr]   Downloaded serde v1.0.151
[INFO] [stderr]   Downloaded syn v1.0.107
[INFO] [stderr]   Downloaded unicode-ident v1.0.6
[INFO] [stderr]   Downloaded unicode-segmentation v1.10.0
[INFO] [stderr]   Downloaded sqlx-macros-core v0.7.2
[INFO] [stderr]   Downloaded num-bigint-dig v0.8.2
[INFO] [stderr]   Downloaded signature v2.1.0
[INFO] [stderr]   Downloaded pem-rfc7468 v0.7.0
[INFO] [stderr]   Downloaded zeroize v1.5.7
[INFO] [stderr]   Downloaded zerocopy v0.7.14
[INFO] [stderr]   Downloaded futures-intrusive v0.5.0
[INFO] [stderr]   Downloaded futures-task v0.3.25
[INFO] [stderr]   Downloaded itoa v1.0.5
[INFO] [stderr]   Downloaded ryu v1.0.12
[INFO] [stderr]   Downloaded sqlx-core v0.7.2
[INFO] [stderr]   Downloaded atoi v2.0.0
[INFO] [stderr]   Downloaded ahash v0.8.6
[INFO] [stderr]   Downloaded futures-executor v0.3.25
[INFO] [stderr]   Downloaded percent-encoding v2.2.0
[INFO] [stderr]   Downloaded crc-catalog v2.1.0
[INFO] [stderr]   Downloaded pkg-config v0.3.26
[INFO] [stderr]   Downloaded digest v0.10.6
[INFO] [stderr]   Downloaded flume v0.11.0
[INFO] [stderr]   Downloaded sqlx-macros v0.7.2
[INFO] [stderr]   Downloaded sqlx-mysql v0.7.2
[INFO] [stderr]   Downloaded etcetera v0.8.0
[INFO] [stderr]   Downloaded Inflector v0.11.4
[INFO] [stderr]   Downloaded crossbeam-queue v0.3.8
[INFO] [stderr]   Downloaded num-iter v0.1.43
[INFO] [stderr]   Downloaded sha1 v0.10.5
[INFO] [stderr]   Downloaded cpufeatures v0.2.5
[INFO] [stderr]   Downloaded generic-array v0.14.6
[INFO] [stderr]   Downloaded smallvec v1.10.0
[INFO] [stderr]   Downloaded thiserror-impl v1.0.38
[INFO] [stderr]   Downloaded futures-core v0.3.25
[INFO] [stderr]   Downloaded url v2.3.1
[INFO] [stderr]   Downloaded sha2 v0.10.6
[INFO] [stderr]   Downloaded block-buffer v0.10.3
[INFO] [stderr]   Downloaded sqlformat v0.2.0
[INFO] [stderr]   Downloaded typenum v1.16.0
[INFO] [stderr]   Downloaded base64ct v1.5.3
[INFO] [stderr]   Downloaded dotenvy v0.15.6
[INFO] [stderr]   Downloaded spki v0.7.2
[INFO] [stderr]   Downloaded futures-sink v0.3.25
[INFO] [stderr]   Downloaded serde_derive v1.0.151
[INFO] [stderr]   Downloaded sqlx v0.7.2
[INFO] [stderr]   Downloaded either v1.8.0
[INFO] [stderr]   Downloaded tokio-stream v0.1.11
[INFO] [stderr]   Downloaded windows_x86_64_gnullvm v0.42.0
[INFO] [stderr]   Downloaded paste v1.0.11
[INFO] running `Command { std: "docker" "create" "-v" "/var/lib/crater-agent-workspace/builds/worker-4-tc1/target:/opt/rustwide/target:rw,Z" "-v" "/var/lib/crater-agent-workspace/builds/worker-4-tc1/source:/opt/rustwide/workdir:ro,Z" "-v" "/var/lib/crater-agent-workspace/cargo-home:/opt/rustwide/cargo-home:ro,Z" "-v" "/var/lib/crater-agent-workspace/rustup-home:/opt/rustwide/rustup-home:ro,Z" "-e" "SOURCE_DIR=/opt/rustwide/workdir" "-e" "CARGO_TARGET_DIR=/opt/rustwide/target" "-e" "CARGO_HOME=/opt/rustwide/cargo-home" "-e" "RUSTUP_HOME=/opt/rustwide/rustup-home" "-w" "/opt/rustwide/workdir" "-m" "1610612736" "--user" "0:0" "--network" "none" "ghcr.io/rust-lang/crates-build-env/linux@sha256:2788e3201cd34a07e3172128adcd8b3090168a8e3bcc40d7c032b9dda1df7d1c" "/opt/rustwide/cargo-home/bin/cargo" "+1.75.0" "metadata" "--no-deps" "--format-version=1", kill_on_drop: false }`
[INFO] [stdout] f665edc51688488d77529651ca7aa1443b3538237194e9fb27c5dcb760697582
[INFO] running `Command { std: "docker" "start" "-a" "f665edc51688488d77529651ca7aa1443b3538237194e9fb27c5dcb760697582", kill_on_drop: false }`
[INFO] running `Command { std: "docker" "inspect" "f665edc51688488d77529651ca7aa1443b3538237194e9fb27c5dcb760697582", kill_on_drop: false }`
[INFO] running `Command { std: "docker" "rm" "-f" "f665edc51688488d77529651ca7aa1443b3538237194e9fb27c5dcb760697582", kill_on_drop: false }`
[INFO] [stdout] f665edc51688488d77529651ca7aa1443b3538237194e9fb27c5dcb760697582
[INFO] running `Command { std: "docker" "create" "-v" "/var/lib/crater-agent-workspace/builds/worker-4-tc1/target:/opt/rustwide/target:rw,Z" "-v" "/var/lib/crater-agent-workspace/builds/worker-4-tc1/source:/opt/rustwide/workdir:ro,Z" "-v" "/var/lib/crater-agent-workspace/cargo-home:/opt/rustwide/cargo-home:ro,Z" "-v" "/var/lib/crater-agent-workspace/rustup-home:/opt/rustwide/rustup-home:ro,Z" "-e" "SOURCE_DIR=/opt/rustwide/workdir" "-e" "CARGO_TARGET_DIR=/opt/rustwide/target" "-e" "CARGO_INCREMENTAL=0" "-e" "RUST_BACKTRACE=full" "-e" "RUSTFLAGS=--cap-lints=warn" "-e" "RUSTDOCFLAGS=--cap-lints=warn" "-e" "CARGO_HOME=/opt/rustwide/cargo-home" "-e" "RUSTUP_HOME=/opt/rustwide/rustup-home" "-w" "/opt/rustwide/workdir" "-m" "1610612736" "--user" "0:0" "--network" "none" "ghcr.io/rust-lang/crates-build-env/linux@sha256:2788e3201cd34a07e3172128adcd8b3090168a8e3bcc40d7c032b9dda1df7d1c" "/opt/rustwide/cargo-home/bin/cargo" "+1.75.0" "build" "--frozen" "--message-format=json", kill_on_drop: false }`
[INFO] [stdout] 8c8e72d48fa6fd550ca36d0e347d5ae16f2875b04a497d0ec00ae4f5df8315c5
[INFO] running `Command { std: "docker" "start" "-a" "8c8e72d48fa6fd550ca36d0e347d5ae16f2875b04a497d0ec00ae4f5df8315c5", kill_on_drop: false }`
[INFO] [stderr]    Compiling memchr v2.5.0
[INFO] [stderr]    Compiling proc-macro2 v1.0.69
[INFO] [stderr]    Compiling unicode-ident v1.0.6
[INFO] [stderr]    Compiling regex-syntax v0.6.28
[INFO] [stderr]    Compiling aho-corasick v0.7.20
[INFO] [stderr]    Compiling quote v1.0.33
[INFO] [stderr]    Compiling syn v2.0.38
[INFO] [stderr]    Compiling regex v1.7.0
[INFO] [stderr]    Compiling Inflector v0.11.4
[INFO] [stderr]    Compiling anorm-macros v0.1.3
[INFO] [stderr]    Compiling anorm v0.1.3 (/opt/rustwide/workdir)
[INFO] [stderr]     Finished dev [unoptimized + debuginfo] target(s) in 2.79s
[INFO] running `Command { std: "docker" "inspect" "8c8e72d48fa6fd550ca36d0e347d5ae16f2875b04a497d0ec00ae4f5df8315c5", kill_on_drop: false }`
[INFO] running `Command { std: "docker" "rm" "-f" "8c8e72d48fa6fd550ca36d0e347d5ae16f2875b04a497d0ec00ae4f5df8315c5", kill_on_drop: false }`
[INFO] [stdout] 8c8e72d48fa6fd550ca36d0e347d5ae16f2875b04a497d0ec00ae4f5df8315c5
[INFO] running `Command { std: "docker" "create" "-v" "/var/lib/crater-agent-workspace/builds/worker-4-tc1/target:/opt/rustwide/target:rw,Z" "-v" "/var/lib/crater-agent-workspace/builds/worker-4-tc1/source:/opt/rustwide/workdir:ro,Z" "-v" "/var/lib/crater-agent-workspace/cargo-home:/opt/rustwide/cargo-home:ro,Z" "-v" "/var/lib/crater-agent-workspace/rustup-home:/opt/rustwide/rustup-home:ro,Z" "-e" "SOURCE_DIR=/opt/rustwide/workdir" "-e" "CARGO_TARGET_DIR=/opt/rustwide/target" "-e" "CARGO_INCREMENTAL=0" "-e" "RUST_BACKTRACE=full" "-e" "RUSTFLAGS=--cap-lints=warn" "-e" "RUSTDOCFLAGS=--cap-lints=warn" "-e" "CARGO_HOME=/opt/rustwide/cargo-home" "-e" "RUSTUP_HOME=/opt/rustwide/rustup-home" "-w" "/opt/rustwide/workdir" "-m" "1610612736" "--user" "0:0" "--network" "none" "ghcr.io/rust-lang/crates-build-env/linux@sha256:2788e3201cd34a07e3172128adcd8b3090168a8e3bcc40d7c032b9dda1df7d1c" "/opt/rustwide/cargo-home/bin/cargo" "+1.75.0" "test" "--frozen" "--no-run" "--message-format=json", kill_on_drop: false }`
[INFO] [stdout] bf6184ec6ca9a7486edeac11dc38fa4791a2aefb2c55b196a21163569aedfa57
[INFO] running `Command { std: "docker" "start" "-a" "bf6184ec6ca9a7486edeac11dc38fa4791a2aefb2c55b196a21163569aedfa57", kill_on_drop: false }`
[INFO] [stderr]    Compiling libc v0.2.138
[INFO] [stderr]    Compiling syn v1.0.107
[INFO] [stderr]    Compiling typenum v1.16.0
[INFO] [stderr]    Compiling generic-array v0.14.6
[INFO] [stderr]    Compiling memchr v2.5.0
[INFO] [stderr]    Compiling const-oid v0.9.5
[INFO] [stderr]    Compiling subtle v2.4.1
[INFO] [stderr]    Compiling proc-macro2 v1.0.69
[INFO] [stderr]    Compiling log v0.4.17
[INFO] [stderr]    Compiling libm v0.2.6
[INFO] [stderr]    Compiling serde_derive v1.0.151
[INFO] [stderr]    Compiling once_cell v1.16.0
[INFO] [stderr]    Compiling quote v1.0.33
[INFO] [stderr]    Compiling num-traits v0.2.15
[INFO] [stderr]    Compiling cc v1.0.78
[INFO] [stderr]    Compiling futures-core v0.3.25
[INFO] [stderr]    Compiling serde v1.0.151
[INFO] [stderr]    Compiling pkg-config v0.3.26
[INFO] [stderr]    Compiling getrandom v0.2.8
[INFO] [stderr]    Compiling pin-project-lite v0.2.9
[INFO] [stderr]    Compiling tinyvec_macros v0.1.0
[INFO] [stderr]    Compiling smallvec v1.10.0
[INFO] [stderr]    Compiling tinyvec v1.6.0
[INFO] [stderr]    Compiling socket2 v0.4.7
[INFO] [stderr]    Compiling mio v0.8.5
[INFO] [stderr]    Compiling syn v2.0.38
[INFO] [stderr]    Compiling openssl-sys v0.9.79
[INFO] [stderr]    Compiling ahash v0.7.6
[INFO] [stderr]    Compiling block-buffer v0.10.3
[INFO] [stderr]    Compiling crypto-common v0.1.6
[INFO] [stderr]    Compiling lock_api v0.4.9
[INFO] [stderr]    Compiling bytes v1.3.0
[INFO] [stderr]    Compiling digest v0.10.6
[INFO] [stderr]    Compiling base64ct v1.5.3
[INFO] [stderr]    Compiling zeroize v1.5.7
[INFO] [stderr]    Compiling spin v0.5.2
[INFO] [stderr]    Compiling unicode-normalization v0.1.22
[INFO] [stderr]    Compiling lazy_static v1.4.0
[INFO] [stderr]    Compiling pem-rfc7468 v0.7.0
[INFO] [stderr]    Compiling rand_core v0.6.4
[INFO] [stderr]    Compiling num-integer v0.1.45
[INFO] [stderr]    Compiling crossbeam-utils v0.8.14
[INFO] [stderr]    Compiling foreign-types-shared v0.1.1
[INFO] [stderr]    Compiling unicode-bidi v0.3.8
[INFO] [stderr]    Compiling futures-task v0.3.25
[INFO] [stderr]    Compiling cpufeatures v0.2.5
[INFO] [stderr]    Compiling openssl v0.10.44
[INFO] [stderr]    Compiling scopeguard v1.1.0
[INFO] [stderr]    Compiling foreign-types v0.3.2
[INFO] [stderr]    Compiling der v0.7.8
[INFO] [stderr]    Compiling parking_lot_core v0.9.9
[INFO] [stderr]    Compiling ahash v0.8.6
[INFO] [stderr]    Compiling num-iter v0.1.43
[INFO] [stderr]    Compiling byteorder v1.4.3
[INFO] [stderr]    Compiling futures-util v0.3.25
[INFO] [stderr]    Compiling percent-encoding v2.2.0
[INFO] [stderr]    Compiling futures-channel v0.3.25
[INFO] [stderr]    Compiling crossbeam-queue v0.3.8
[INFO] [stderr]    Compiling thiserror v1.0.38
[INFO] [stderr]    Compiling native-tls v0.2.11
[INFO] [stderr]    Compiling serde_json v1.0.91
[INFO] [stderr]    Compiling paste v1.0.11
[INFO] [stderr]    Compiling futures-sink v0.3.25
[INFO] [stderr]    Compiling nom v7.1.1
[INFO] [stderr]    Compiling spki v0.7.2
[INFO] [stderr]    Compiling form_urlencoded v1.1.0
[INFO] [stderr]    Compiling rand_chacha v0.3.1
[INFO] [stderr]    Compiling parking_lot v0.12.1
[INFO] [stderr]    Compiling hashbrown v0.12.3
[INFO] [stderr]    Compiling idna v0.3.0
[INFO] [stderr]    Compiling tracing-core v0.1.32
[INFO] [stderr]    Compiling tokio v1.23.0
[INFO] [stderr]    Compiling ryu v1.0.12
[INFO] [stderr]    Compiling num-bigint-dig v0.8.2
[INFO] [stderr]    Compiling unicode_categories v0.1.1
[INFO] [stderr]    Compiling itoa v1.0.5
[INFO] [stderr]    Compiling futures-io v0.3.28
[INFO] [stderr]    Compiling openssl-probe v0.1.5
[INFO] [stderr]    Compiling hashbrown v0.14.2
[INFO] [stderr]    Compiling crc-catalog v2.1.0
[INFO] [stderr]    Compiling zerocopy v0.7.14
[INFO] [stderr]    Compiling crc v3.0.0
[INFO] [stderr]    Compiling openssl-macros v0.1.0
[INFO] [stderr]    Compiling thiserror-impl v1.0.38
[INFO] [stderr]    Compiling url v2.3.1
[INFO] [stderr]    Compiling indexmap v2.0.2
[INFO] [stderr]    Compiling hashlink v0.8.1
[INFO] [stderr]    Compiling futures-intrusive v0.5.0
[INFO] [stderr]    Compiling rand v0.8.5
[INFO] [stderr]    Compiling pkcs8 v0.10.2
[INFO] [stderr]    Compiling atoi v2.0.0
[INFO] [stderr]    Compiling dotenvy v0.15.6
[INFO] [stderr]    Compiling pkcs1 v0.7.5
[INFO] [stderr]    Compiling tracing-attributes v0.1.27
[INFO] [stderr]    Compiling signature v2.1.0
[INFO] [stderr]    Compiling hmac v0.12.1
[INFO] [stderr]    Compiling hkdf v0.12.3
[INFO] [stderr]    Compiling tokio-macros v1.8.2
[INFO] [stderr]    Compiling stringprep v0.1.2
[INFO] [stderr]    Compiling rsa v0.9.2
[INFO] [stderr]    Compiling sha1 v0.10.5
[INFO] [stderr]    Compiling sha2 v0.10.6
[INFO] [stderr]    Compiling md-5 v0.10.5
[INFO] [stderr]    Compiling whoami v1.4.1
[INFO] [stderr]    Compiling base64 v0.21.5
[INFO] [stderr]    Compiling aho-corasick v0.7.20
[INFO] [stderr]    Compiling remove_dir_all v0.5.3
[INFO] [stderr]    Compiling tracing v0.1.40
[INFO] [stderr]    Compiling unicode-segmentation v1.10.0
[INFO] [stderr]    Compiling fastrand v1.8.0
[INFO] [stderr]    Compiling heck v0.4.0
[INFO] [stderr]    Compiling tempfile v3.3.0
[INFO] [stderr]    Compiling regex v1.7.0
[INFO] [stderr]    Compiling tokio-stream v0.1.11
[INFO] [stderr]    Compiling Inflector v0.11.4
[INFO] [stderr]    Compiling anorm-macros v0.1.3
[INFO] [stderr]    Compiling anorm v0.1.3 (/opt/rustwide/workdir)
[INFO] [stderr]    Compiling either v1.8.0
[INFO] [stderr]    Compiling bitflags v2.4.1
[INFO] [stderr]    Compiling itertools v0.10.5
[INFO] [stderr]    Compiling sqlformat v0.2.0
[INFO] [stderr]    Compiling sqlx-core v0.7.2
[INFO] [stderr]    Compiling sqlx-mysql v0.7.2
[INFO] [stderr]    Compiling sqlx-macros-core v0.7.2
[INFO] [stderr]    Compiling sqlx-macros v0.7.2
[INFO] [stderr]    Compiling sqlx v0.7.2
[INFO] [stderr]     Finished test [unoptimized + debuginfo] target(s) in 19.07s
[INFO] running `Command { std: "docker" "inspect" "bf6184ec6ca9a7486edeac11dc38fa4791a2aefb2c55b196a21163569aedfa57", kill_on_drop: false }`
[INFO] running `Command { std: "docker" "rm" "-f" "bf6184ec6ca9a7486edeac11dc38fa4791a2aefb2c55b196a21163569aedfa57", kill_on_drop: false }`
[INFO] [stdout] bf6184ec6ca9a7486edeac11dc38fa4791a2aefb2c55b196a21163569aedfa57
[INFO] running `Command { std: "docker" "create" "-v" "/var/lib/crater-agent-workspace/builds/worker-4-tc1/target:/opt/rustwide/target:rw,Z" "-v" "/var/lib/crater-agent-workspace/builds/worker-4-tc1/source:/opt/rustwide/workdir:ro,Z" "-v" "/var/lib/crater-agent-workspace/cargo-home:/opt/rustwide/cargo-home:ro,Z" "-v" "/var/lib/crater-agent-workspace/rustup-home:/opt/rustwide/rustup-home:ro,Z" "-e" "SOURCE_DIR=/opt/rustwide/workdir" "-e" "CARGO_TARGET_DIR=/opt/rustwide/target" "-e" "CARGO_INCREMENTAL=0" "-e" "RUST_BACKTRACE=full" "-e" "RUSTFLAGS=--cap-lints=warn" "-e" "RUSTDOCFLAGS=--cap-lints=warn" "-e" "CARGO_HOME=/opt/rustwide/cargo-home" "-e" "RUSTUP_HOME=/opt/rustwide/rustup-home" "-w" "/opt/rustwide/workdir" "-m" "1610612736" "--user" "0:0" "--network" "none" "ghcr.io/rust-lang/crates-build-env/linux@sha256:2788e3201cd34a07e3172128adcd8b3090168a8e3bcc40d7c032b9dda1df7d1c" "/opt/rustwide/cargo-home/bin/cargo" "+1.75.0" "test" "--frozen", kill_on_drop: false }`
[INFO] [stdout] f896782404a3f966d04f58bb02a061ebfe4f393787ab4ca84fae3f61343b4bdc
[INFO] running `Command { std: "docker" "start" "-a" "f896782404a3f966d04f58bb02a061ebfe4f393787ab4ca84fae3f61343b4bdc", kill_on_drop: false }`
[INFO] [stderr]     Finished test [unoptimized + debuginfo] target(s) in 0.10s
[INFO] [stderr]      Running unittests src/lib.rs (/opt/rustwide/target/debug/deps/anorm-83dc35cc6f7f78f7)
[INFO] [stdout] 
[INFO] [stdout] running 0 tests
[INFO] [stdout] 
[INFO] [stdout] test result: ok. 0 passed; 0 failed; 0 ignored; 0 measured; 0 filtered out; finished in 0.00s
[INFO] [stdout] 
[INFO] [stderr]      Running unittests src/main.rs (/opt/rustwide/target/debug/deps/anorm-a7b76263d4e13535)
[INFO] [stdout] 
[INFO] [stdout] running 0 tests
[INFO] [stdout] 
[INFO] [stdout] test result: ok. 0 passed; 0 failed; 0 ignored; 0 measured; 0 filtered out; finished in 0.00s
[INFO] [stdout] 
[INFO] [stderr]    Doc-tests anorm
[INFO] [stdout] 
[INFO] [stdout] running 4 tests
[INFO] [stdout] test src/lib.rs - sql_args (line 85) - compile ... FAILED
[INFO] [stdout] test src/lib.rs - query (line 68) - compile ... FAILED
[INFO] [stdout] test src/lib.rs - query_as (line 51) - compile ... FAILED
[INFO] [stdout] test src/lib.rs - (line 21) ... FAILED
[INFO] [stdout] 
[INFO] [stdout] failures:
[INFO] [stdout] 
[INFO] [stdout] ---- src/lib.rs - sql_args (line 85) stdout ----
[INFO] [stdout] error: cannot find macro `sql_args` in this scope
[INFO] [stdout]  --> src/lib.rs:87:12
[INFO] [stdout]   |
[INFO] [stdout] 4 | let args = sql_args!(&name, age);
[INFO] [stdout]   |            ^^^^^^^^
[INFO] [stdout]   |
[INFO] [stdout] help: consider importing this macro
[INFO] [stdout]   |
[INFO] [stdout] 3 + use anorm::sql_args;
[INFO] [stdout]   |
[INFO] [stdout] 
[INFO] [stdout] error: aborting due to previous error
[INFO] [stdout] 
[INFO] [stdout] Couldn't compile the test.
[INFO] [stdout] ---- src/lib.rs - query (line 68) stdout ----
[INFO] [stdout] error: cannot find macro `query` in this scope
[INFO] [stdout]  --> src/lib.rs:69:1
[INFO] [stdout]   |
[INFO] [stdout] 3 | query!("insert into users (name, password) values (?,?)", name, password).execute(&pool).await
[INFO] [stdout]   | ^^^^^
[INFO] [stdout]   |
[INFO] [stdout] help: consider importing one of these items
[INFO] [stdout]   |
[INFO] [stdout] 2 + use anorm::query;
[INFO] [stdout]   |
[INFO] [stdout] 2 + use sqlx::query;
[INFO] [stdout]   |
[INFO] [stdout] 
[INFO] [stdout] error[E0425]: cannot find value `pool` in this scope
[INFO] [stdout]  --> src/lib.rs:69:84
[INFO] [stdout]   |
[INFO] [stdout] 3 | query!("insert into users (name, password) values (?,?)", name, password).execute(&pool).await
[INFO] [stdout]   |                                                                                    ^^^^ not found in this scope
[INFO] [stdout] 
[INFO] [stdout] error[E0728]: `await` is only allowed inside `async` functions and blocks
[INFO] [stdout]  --> src/lib.rs:69:90
[INFO] [stdout]   |
[INFO] [stdout] 2 | fn main() { #[allow(non_snake_case)] fn _doctest_main_src_lib_rs_68_0() {
[INFO] [stdout]   |                                         ----------------------------- this is not `async`
[INFO] [stdout] 3 | query!("insert into users (name, password) values (?,?)", name, password).execute(&pool).await
[INFO] [stdout]   |                                                                                          ^^^^^ only allowed inside `async` functions and blocks
[INFO] [stdout] 
[INFO] [stdout] error: aborting due to 3 previous errors
[INFO] [stdout] 
[INFO] [stdout] Some errors have detailed explanations: E0425, E0728.
[INFO] [stdout] For more information about an error, try `rustc --explain E0425`.
[INFO] [stdout] Couldn't compile the test.
[INFO] [stdout] ---- src/lib.rs - query_as (line 51) stdout ----
[INFO] [stdout] error: cannot find macro `query_as` in this scope
[INFO] [stdout]  --> src/lib.rs:52:1
[INFO] [stdout]   |
[INFO] [stdout] 3 | query_as!(User, "select * from users where name = ?", name).fetch_one(&pool).await
[INFO] [stdout]   | ^^^^^^^^
[INFO] [stdout]   |
[INFO] [stdout] help: consider importing one of these items
[INFO] [stdout]   |
[INFO] [stdout] 2 + use anorm::query_as;
[INFO] [stdout]   |
[INFO] [stdout] 2 + use sqlx::query_as;
[INFO] [stdout]   |
[INFO] [stdout] 
[INFO] [stdout] error[E0425]: cannot find value `pool` in this scope
[INFO] [stdout]  --> src/lib.rs:52:72
[INFO] [stdout]   |
[INFO] [stdout] 3 | query_as!(User, "select * from users where name = ?", name).fetch_one(&pool).await
[INFO] [stdout]   |                                                                        ^^^^ not found in this scope
[INFO] [stdout] 
[INFO] [stdout] error[E0728]: `await` is only allowed inside `async` functions and blocks
[INFO] [stdout]  --> src/lib.rs:52:78
[INFO] [stdout]   |
[INFO] [stdout] 2 | fn main() { #[allow(non_snake_case)] fn _doctest_main_src_lib_rs_51_0() {
[INFO] [stdout]   |                                         ----------------------------- this is not `async`
[INFO] [stdout] 3 | query_as!(User, "select * from users where name = ?", name).fetch_one(&pool).await
[INFO] [stdout]   |                                                                              ^^^^^ only allowed inside `async` functions and blocks
[INFO] [stdout] 
[INFO] [stdout] error: aborting due to 3 previous errors
[INFO] [stdout] 
[INFO] [stdout] Some errors have detailed explanations: E0425, E0728.
[INFO] [stdout] For more information about an error, try `rustc --explain E0425`.
[INFO] [stdout] Couldn't compile the test.
[INFO] [stdout] ---- src/lib.rs - (line 21) stdout ----
[INFO] [stdout] error: cannot find macro `sql_args` in this scope
[INFO] [stdout]   --> src/lib.rs:43:43
[INFO] [stdout]    |
[INFO] [stdout] 25 | let u = User::get_by(&pool, "where id=?", sql_args!(1)).await;
[INFO] [stdout]    |                                           ^^^^^^^^
[INFO] [stdout]    |
[INFO] [stdout] help: consider importing this macro
[INFO] [stdout]    |
[INFO] [stdout] 2  + use anorm::sql_args;
[INFO] [stdout]    |
[INFO] [stdout] 
[INFO] [stdout] error[E0425]: cannot find value `pool` in this scope
[INFO] [stdout]   --> src/lib.rs:41:20
[INFO] [stdout]    |
[INFO] [stdout] 23 | let u = User::get(&pool, 1).await;
[INFO] [stdout]    |                    ^^^^ not found in this scope
[INFO] [stdout] 
[INFO] [stdout] error[E0425]: cannot find value `pool` in this scope
[INFO] [stdout]   --> src/lib.rs:43:23
[INFO] [stdout]    |
[INFO] [stdout] 25 | let u = User::get_by(&pool, "where id=?", sql_args!(1)).await;
[INFO] [stdout]    |                       ^^^^ not found in this scope
[INFO] [stdout] 
[INFO] [stdout] error[E0728]: `await` is only allowed inside `async` functions and blocks
[INFO] [stdout]   --> src/lib.rs:41:29
[INFO] [stdout]    |
[INFO] [stdout] 4  | fn main() { #[allow(non_snake_case)] fn _doctest_main_src_lib_rs_21_0() {
[INFO] [stdout]    |                                         ----------------------------- this is not `async`
[INFO] [stdout] ...
[INFO] [stdout] 23 | let u = User::get(&pool, 1).await;
[INFO] [stdout]    |                             ^^^^^ only allowed inside `async` functions and blocks
[INFO] [stdout] 
[INFO] [stdout] error[E0728]: `await` is only allowed inside `async` functions and blocks
[INFO] [stdout]   --> src/lib.rs:43:57
[INFO] [stdout]    |
[INFO] [stdout] 4  | fn main() { #[allow(non_snake_case)] fn _doctest_main_src_lib_rs_21_0() {
[INFO] [stdout]    |                                         ----------------------------- this is not `async`
[INFO] [stdout] ...
[INFO] [stdout] 25 | let u = User::get_by(&pool, "where id=?", sql_args!(1)).await;
[INFO] [stdout]    |                                                         ^^^^^ only allowed inside `async` functions and blocks
[INFO] [stdout] 
[INFO] [stdout] error: aborting due to 5 previous errors
[INFO] [stdout] 
[INFO] [stdout] Some errors have detailed explanations: E0425, E0728.
[INFO] [stdout] For more information about an error, try `rustc --explain E0425`.
[INFO] [stdout] Couldn't compile the test.
[INFO] [stdout] 
[INFO] [stdout] failures:
[INFO] [stdout]     src/lib.rs - (line 21)
[INFO] [stdout]     src/lib.rs - query (line 68)
[INFO] [stdout]     src/lib.rs - query_as (line 51)
[INFO] [stdout]     src/lib.rs - sql_args (line 85)
[INFO] [stdout] 
[INFO] [stdout] test result: FAILED. 0 passed; 4 failed; 0 ignored; 0 measured; 0 filtered out; finished in 0.09s
[INFO] [stdout] 
[INFO] [stderr] error: doctest failed, to rerun pass `--doc`
[INFO] running `Command { std: "docker" "inspect" "f896782404a3f966d04f58bb02a061ebfe4f393787ab4ca84fae3f61343b4bdc", kill_on_drop: false }`
[INFO] running `Command { std: "docker" "rm" "-f" "f896782404a3f966d04f58bb02a061ebfe4f393787ab4ca84fae3f61343b4bdc", kill_on_drop: false }`
[INFO] [stdout] f896782404a3f966d04f58bb02a061ebfe4f393787ab4ca84fae3f61343b4bdc
[INFO] testing anorm-0.1.3 against beta-2023-12-22 for beta-1.76-1
[INFO] extracting crate anorm 0.1.3 into /workspace/builds/worker-4-tc2/source
[INFO] validating manifest of crates.io crate anorm 0.1.3 on toolchain beta-2023-12-22
[INFO] running `Command { std: CARGO_HOME="/workspace/cargo-home" RUSTUP_HOME="/workspace/rustup-home" "/workspace/cargo-home/bin/cargo" "+beta-2023-12-22" "metadata" "--manifest-path" "Cargo.toml" "--no-deps", kill_on_drop: false }`
[INFO] started tweaking crates.io crate anorm 0.1.3
[INFO] finished tweaking crates.io crate anorm 0.1.3
[INFO] tweaked toml for crates.io crate anorm 0.1.3 written to /workspace/builds/worker-4-tc2/source/Cargo.toml
[INFO] crate crates.io crate anorm 0.1.3 already has a lockfile, it will not be regenerated
[INFO] running `Command { std: CARGO_HOME="/workspace/cargo-home" RUSTUP_HOME="/workspace/rustup-home" "/workspace/cargo-home/bin/cargo" "+beta-2023-12-22" "fetch" "--manifest-path" "Cargo.toml", kill_on_drop: false }`
[INFO] running `Command { std: "docker" "create" "-v" "/var/lib/crater-agent-workspace/builds/worker-4-tc2/target:/opt/rustwide/target:rw,Z" "-v" "/var/lib/crater-agent-workspace/builds/worker-4-tc2/source:/opt/rustwide/workdir:ro,Z" "-v" "/var/lib/crater-agent-workspace/cargo-home:/opt/rustwide/cargo-home:ro,Z" "-v" "/var/lib/crater-agent-workspace/rustup-home:/opt/rustwide/rustup-home:ro,Z" "-e" "SOURCE_DIR=/opt/rustwide/workdir" "-e" "CARGO_TARGET_DIR=/opt/rustwide/target" "-e" "CARGO_HOME=/opt/rustwide/cargo-home" "-e" "RUSTUP_HOME=/opt/rustwide/rustup-home" "-w" "/opt/rustwide/workdir" "-m" "1610612736" "--user" "0:0" "--network" "none" "ghcr.io/rust-lang/crates-build-env/linux@sha256:2788e3201cd34a07e3172128adcd8b3090168a8e3bcc40d7c032b9dda1df7d1c" "/opt/rustwide/cargo-home/bin/cargo" "+beta-2023-12-22" "metadata" "--no-deps" "--format-version=1", kill_on_drop: false }`
[INFO] [stdout] 326c676493a6a589595976e87f30e8ff93663b244e86315b2354537c06e69ac1
[INFO] running `Command { std: "docker" "start" "-a" "326c676493a6a589595976e87f30e8ff93663b244e86315b2354537c06e69ac1", kill_on_drop: false }`
[INFO] running `Command { std: "docker" "inspect" "326c676493a6a589595976e87f30e8ff93663b244e86315b2354537c06e69ac1", kill_on_drop: false }`
[INFO] running `Command { std: "docker" "rm" "-f" "326c676493a6a589595976e87f30e8ff93663b244e86315b2354537c06e69ac1", kill_on_drop: false }`
[INFO] [stdout] 326c676493a6a589595976e87f30e8ff93663b244e86315b2354537c06e69ac1
[INFO] running `Command { std: "docker" "create" "-v" "/var/lib/crater-agent-workspace/builds/worker-4-tc2/target:/opt/rustwide/target:rw,Z" "-v" "/var/lib/crater-agent-workspace/builds/worker-4-tc2/source:/opt/rustwide/workdir:ro,Z" "-v" "/var/lib/crater-agent-workspace/cargo-home:/opt/rustwide/cargo-home:ro,Z" "-v" "/var/lib/crater-agent-workspace/rustup-home:/opt/rustwide/rustup-home:ro,Z" "-e" "SOURCE_DIR=/opt/rustwide/workdir" "-e" "CARGO_TARGET_DIR=/opt/rustwide/target" "-e" "CARGO_INCREMENTAL=0" "-e" "RUST_BACKTRACE=full" "-e" "RUSTFLAGS=--cap-lints=warn" "-e" "RUSTDOCFLAGS=--cap-lints=warn" "-e" "CARGO_HOME=/opt/rustwide/cargo-home" "-e" "RUSTUP_HOME=/opt/rustwide/rustup-home" "-w" "/opt/rustwide/workdir" "-m" "1610612736" "--user" "0:0" "--network" "none" "ghcr.io/rust-lang/crates-build-env/linux@sha256:2788e3201cd34a07e3172128adcd8b3090168a8e3bcc40d7c032b9dda1df7d1c" "/opt/rustwide/cargo-home/bin/cargo" "+beta-2023-12-22" "build" "--frozen" "--message-format=json", kill_on_drop: false }`
[INFO] [stdout] 12b55c90b9cdc455dfa8027ff6b6130d65d8983c304fb9257fc42bd60a598ffb
[INFO] running `Command { std: "docker" "start" "-a" "12b55c90b9cdc455dfa8027ff6b6130d65d8983c304fb9257fc42bd60a598ffb", kill_on_drop: false }`
[INFO] [stderr]    Compiling memchr v2.5.0
[INFO] [stderr]    Compiling proc-macro2 v1.0.69
[INFO] [stderr]    Compiling unicode-ident v1.0.6
[INFO] [stderr]    Compiling regex-syntax v0.6.28
[INFO] [stderr]    Compiling aho-corasick v0.7.20
[INFO] [stderr]    Compiling quote v1.0.33
[INFO] [stderr]    Compiling syn v2.0.38
[INFO] [stderr]    Compiling regex v1.7.0
[INFO] [stderr]    Compiling Inflector v0.11.4
[INFO] [stderr]    Compiling anorm-macros v0.1.3
[INFO] [stderr]    Compiling anorm v0.1.3 (/opt/rustwide/workdir)
[INFO] [stderr]     Finished dev [unoptimized + debuginfo] target(s) in 2.85s
[INFO] running `Command { std: "docker" "inspect" "12b55c90b9cdc455dfa8027ff6b6130d65d8983c304fb9257fc42bd60a598ffb", kill_on_drop: false }`
[INFO] running `Command { std: "docker" "rm" "-f" "12b55c90b9cdc455dfa8027ff6b6130d65d8983c304fb9257fc42bd60a598ffb", kill_on_drop: false }`
[INFO] [stdout] 12b55c90b9cdc455dfa8027ff6b6130d65d8983c304fb9257fc42bd60a598ffb
[INFO] running `Command { std: "docker" "create" "-v" "/var/lib/crater-agent-workspace/builds/worker-4-tc2/target:/opt/rustwide/target:rw,Z" "-v" "/var/lib/crater-agent-workspace/builds/worker-4-tc2/source:/opt/rustwide/workdir:ro,Z" "-v" "/var/lib/crater-agent-workspace/cargo-home:/opt/rustwide/cargo-home:ro,Z" "-v" "/var/lib/crater-agent-workspace/rustup-home:/opt/rustwide/rustup-home:ro,Z" "-e" "SOURCE_DIR=/opt/rustwide/workdir" "-e" "CARGO_TARGET_DIR=/opt/rustwide/target" "-e" "CARGO_INCREMENTAL=0" "-e" "RUST_BACKTRACE=full" "-e" "RUSTFLAGS=--cap-lints=warn" "-e" "RUSTDOCFLAGS=--cap-lints=warn" "-e" "CARGO_HOME=/opt/rustwide/cargo-home" "-e" "RUSTUP_HOME=/opt/rustwide/rustup-home" "-w" "/opt/rustwide/workdir" "-m" "1610612736" "--user" "0:0" "--network" "none" "ghcr.io/rust-lang/crates-build-env/linux@sha256:2788e3201cd34a07e3172128adcd8b3090168a8e3bcc40d7c032b9dda1df7d1c" "/opt/rustwide/cargo-home/bin/cargo" "+beta-2023-12-22" "test" "--frozen" "--no-run" "--message-format=json", kill_on_drop: false }`
[INFO] [stdout] 488d8ca4ea3da46afdd9acb1f39ecec752081d89eff9eb26d489297c1c072a1e
[INFO] running `Command { std: "docker" "start" "-a" "488d8ca4ea3da46afdd9acb1f39ecec752081d89eff9eb26d489297c1c072a1e", kill_on_drop: false }`
[INFO] [stderr]    Compiling libc v0.2.138
[INFO] [stderr]    Compiling syn v1.0.107
[INFO] [stderr]    Compiling typenum v1.16.0
[INFO] [stderr]    Compiling generic-array v0.14.6
[INFO] [stderr]    Compiling memchr v2.5.0
[INFO] [stderr]    Compiling const-oid v0.9.5
[INFO] [stderr]    Compiling subtle v2.4.1
[INFO] [stderr]    Compiling proc-macro2 v1.0.69
[INFO] [stderr]    Compiling log v0.4.17
[INFO] [stderr]    Compiling serde_derive v1.0.151
[INFO] [stderr]    Compiling once_cell v1.16.0
[INFO] [stderr]    Compiling libm v0.2.6
[INFO] [stderr]    Compiling quote v1.0.33
[INFO] [stderr]    Compiling num-traits v0.2.15
[INFO] [stderr]    Compiling cc v1.0.78
[INFO] [stderr]    Compiling futures-core v0.3.25
[INFO] [stderr]    Compiling serde v1.0.151
[INFO] [stderr]    Compiling pkg-config v0.3.26
[INFO] [stderr]    Compiling getrandom v0.2.8
[INFO] [stderr]    Compiling pin-project-lite v0.2.9
[INFO] [stderr]    Compiling tinyvec_macros v0.1.0
[INFO] [stderr]    Compiling smallvec v1.10.0
[INFO] [stderr]    Compiling tinyvec v1.6.0
[INFO] [stderr]    Compiling socket2 v0.4.7
[INFO] [stderr]    Compiling mio v0.8.5
[INFO] [stderr]    Compiling syn v2.0.38
[INFO] [stderr]    Compiling ahash v0.7.6
[INFO] [stderr]    Compiling openssl-sys v0.9.79
[INFO] [stderr]    Compiling lock_api v0.4.9
[INFO] [stderr]    Compiling spin v0.5.2
[INFO] [stderr]    Compiling bytes v1.3.0
[INFO] [stderr]    Compiling block-buffer v0.10.3
[INFO] [stderr]    Compiling crypto-common v0.1.6
[INFO] [stderr]    Compiling digest v0.10.6
[INFO] [stderr]    Compiling base64ct v1.5.3
[INFO] [stderr]    Compiling zeroize v1.5.7
[INFO] [stderr]    Compiling lazy_static v1.4.0
[INFO] [stderr]    Compiling unicode-normalization v0.1.22
[INFO] [stderr]    Compiling rand_core v0.6.4
[INFO] [stderr]    Compiling num-integer v0.1.45
[INFO] [stderr]    Compiling pem-rfc7468 v0.7.0
[INFO] [stderr]    Compiling openssl v0.10.44
[INFO] [stderr]    Compiling foreign-types-shared v0.1.1
[INFO] [stderr]    Compiling cpufeatures v0.2.5
[INFO] [stderr]    Compiling crossbeam-utils v0.8.14
[INFO] [stderr]    Compiling unicode-bidi v0.3.8
[INFO] [stderr]    Compiling futures-task v0.3.25
[INFO] [stderr]    Compiling scopeguard v1.1.0
[INFO] [stderr]    Compiling foreign-types v0.3.2
[INFO] [stderr]    Compiling der v0.7.8
[INFO] [stderr]    Compiling parking_lot_core v0.9.9
[INFO] [stderr]    Compiling ahash v0.8.6
[INFO] [stderr]    Compiling num-iter v0.1.43
[INFO] [stderr]    Compiling thiserror v1.0.38
[INFO] [stderr]    Compiling futures-channel v0.3.25
[INFO] [stderr]    Compiling byteorder v1.4.3
[INFO] [stderr]    Compiling paste v1.0.11
[INFO] [stderr]    Compiling futures-util v0.3.25
[INFO] [stderr]    Compiling percent-encoding v2.2.0
[INFO] [stderr]    Compiling serde_json v1.0.91
[INFO] [stderr]    Compiling futures-sink v0.3.25
[INFO] [stderr]    Compiling crossbeam-queue v0.3.8
[INFO] [stderr]    Compiling native-tls v0.2.11
[INFO] [stderr]    Compiling form_urlencoded v1.1.0
[INFO] [stderr]    Compiling nom v7.1.1
[INFO] [stderr]    Compiling rand_chacha v0.3.1
[INFO] [stderr]    Compiling parking_lot v0.12.1
[INFO] [stderr]    Compiling spki v0.7.2
[INFO] [stderr]    Compiling hashbrown v0.12.3
[INFO] [stderr]    Compiling idna v0.3.0
[INFO] [stderr]    Compiling tracing-core v0.1.32
[INFO] [stderr]    Compiling tokio v1.23.0
[INFO] [stderr]    Compiling openssl-probe v0.1.5
[INFO] [stderr]    Compiling zerocopy v0.7.14
[INFO] [stderr]    Compiling crc-catalog v2.1.0
[INFO] [stderr]    Compiling hashbrown v0.14.2
[INFO] [stderr]    Compiling num-bigint-dig v0.8.2
[INFO] [stderr]    Compiling futures-io v0.3.28
[INFO] [stderr]    Compiling unicode_categories v0.1.1
[INFO] [stderr]    Compiling itoa v1.0.5
[INFO] [stderr]    Compiling ryu v1.0.12
[INFO] [stderr]    Compiling crc v3.0.0
[INFO] [stderr]    Compiling indexmap v2.0.2
[INFO] [stderr]    Compiling url v2.3.1
[INFO] [stderr]    Compiling hashlink v0.8.1
[INFO] [stderr]    Compiling futures-intrusive v0.5.0
[INFO] [stderr]    Compiling pkcs8 v0.10.2
[INFO] [stderr]    Compiling openssl-macros v0.1.0
[INFO] [stderr]    Compiling thiserror-impl v1.0.38
[INFO] [stderr]    Compiling rand v0.8.5
[INFO] [stderr]    Compiling atoi v2.0.0
[INFO] [stderr]    Compiling dotenvy v0.15.6
[INFO] [stderr]    Compiling pkcs1 v0.7.5
[INFO] [stderr]    Compiling signature v2.1.0
[INFO] [stderr]    Compiling hmac v0.12.1
[INFO] [stderr]    Compiling hkdf v0.12.3
[INFO] [stderr]    Compiling tracing-attributes v0.1.27
[INFO] [stderr]    Compiling tokio-macros v1.8.2
[INFO] [stderr]    Compiling stringprep v0.1.2
[INFO] [stderr]    Compiling rsa v0.9.2
[INFO] [stderr]    Compiling sha1 v0.10.5
[INFO] [stderr]    Compiling sha2 v0.10.6
[INFO] [stderr]    Compiling md-5 v0.10.5
[INFO] [stderr]    Compiling base64 v0.21.5
[INFO] [stderr]    Compiling whoami v1.4.1
[INFO] [stderr]    Compiling aho-corasick v0.7.20
[INFO] [stderr]    Compiling unicode-segmentation v1.10.0
[INFO] [stderr]    Compiling fastrand v1.8.0
[INFO] [stderr]    Compiling remove_dir_all v0.5.3
[INFO] [stderr]    Compiling heck v0.4.0
[INFO] [stderr]    Compiling tempfile v3.3.0
[INFO] [stderr]    Compiling tracing v0.1.40
[INFO] [stderr]    Compiling regex v1.7.0
[INFO] [stderr]    Compiling tokio-stream v0.1.11
[INFO] [stderr]    Compiling Inflector v0.11.4
[INFO] [stderr]    Compiling anorm-macros v0.1.3
[INFO] [stderr]    Compiling anorm v0.1.3 (/opt/rustwide/workdir)
[INFO] [stderr]    Compiling either v1.8.0
[INFO] [stderr]    Compiling bitflags v2.4.1
[INFO] [stderr]    Compiling itertools v0.10.5
[INFO] [stderr]    Compiling sqlformat v0.2.0
[INFO] [stderr]    Compiling sqlx-core v0.7.2
[INFO] [stderr]    Compiling sqlx-mysql v0.7.2
[INFO] [stderr]    Compiling sqlx-macros-core v0.7.2
[INFO] [stderr]    Compiling sqlx-macros v0.7.2
[INFO] [stderr]    Compiling sqlx v0.7.2
[INFO] [stderr]     Finished test [unoptimized + debuginfo] target(s) in 19.43s
[INFO] running `Command { std: "docker" "inspect" "488d8ca4ea3da46afdd9acb1f39ecec752081d89eff9eb26d489297c1c072a1e", kill_on_drop: false }`
[INFO] running `Command { std: "docker" "rm" "-f" "488d8ca4ea3da46afdd9acb1f39ecec752081d89eff9eb26d489297c1c072a1e", kill_on_drop: false }`
[INFO] [stdout] 488d8ca4ea3da46afdd9acb1f39ecec752081d89eff9eb26d489297c1c072a1e
[INFO] running `Command { std: "docker" "create" "-v" "/var/lib/crater-agent-workspace/builds/worker-4-tc2/target:/opt/rustwide/target:rw,Z" "-v" "/var/lib/crater-agent-workspace/builds/worker-4-tc2/source:/opt/rustwide/workdir:ro,Z" "-v" "/var/lib/crater-agent-workspace/cargo-home:/opt/rustwide/cargo-home:ro,Z" "-v" "/var/lib/crater-agent-workspace/rustup-home:/opt/rustwide/rustup-home:ro,Z" "-e" "SOURCE_DIR=/opt/rustwide/workdir" "-e" "CARGO_TARGET_DIR=/opt/rustwide/target" "-e" "CARGO_INCREMENTAL=0" "-e" "RUST_BACKTRACE=full" "-e" "RUSTFLAGS=--cap-lints=warn" "-e" "RUSTDOCFLAGS=--cap-lints=warn" "-e" "CARGO_HOME=/opt/rustwide/cargo-home" "-e" "RUSTUP_HOME=/opt/rustwide/rustup-home" "-w" "/opt/rustwide/workdir" "-m" "1610612736" "--user" "0:0" "--network" "none" "ghcr.io/rust-lang/crates-build-env/linux@sha256:2788e3201cd34a07e3172128adcd8b3090168a8e3bcc40d7c032b9dda1df7d1c" "/opt/rustwide/cargo-home/bin/cargo" "+beta-2023-12-22" "test" "--frozen", kill_on_drop: false }`
[INFO] [stdout] 125f1a52d78b6a638d889080af3171e0d3084d89f5ce72802f5d70483037f592
[INFO] running `Command { std: "docker" "start" "-a" "125f1a52d78b6a638d889080af3171e0d3084d89f5ce72802f5d70483037f592", kill_on_drop: false }`
[INFO] [stderr]     Finished test [unoptimized + debuginfo] target(s) in 0.11s
[INFO] [stderr]      Running unittests src/lib.rs (/opt/rustwide/target/debug/deps/anorm-cdf2eb2c74f6e556)
[INFO] [stdout] 
[INFO] [stdout] running 0 tests
[INFO] [stdout] 
[INFO] [stdout] test result: ok. 0 passed; 0 failed; 0 ignored; 0 measured; 0 filtered out; finished in 0.00s
[INFO] [stdout] 
[INFO] [stderr]      Running unittests src/main.rs (/opt/rustwide/target/debug/deps/anorm-38f08413bca6b2ca)
[INFO] [stdout] 
[INFO] [stdout] running 0 tests
[INFO] [stdout] 
[INFO] [stdout] test result: ok. 0 passed; 0 failed; 0 ignored; 0 measured; 0 filtered out; finished in 0.00s
[INFO] [stdout] 
[INFO] [stderr]    Doc-tests anorm
[INFO] [stdout] 
[INFO] [stdout] running 4 tests
[INFO] [stdout] test src/lib.rs - query (line 68) - compile ... FAILED
[INFO] [stdout] test src/lib.rs - query_as (line 51) - compile ... FAILED
[INFO] [stdout] test src/lib.rs - sql_args (line 85) - compile ... FAILED
[INFO] [stdout] test src/lib.rs - (line 21) ... FAILED
[INFO] [stdout] 
[INFO] [stdout] failures:
[INFO] [stdout] 
[INFO] [stdout] ---- src/lib.rs - query (line 68) stdout ----
[INFO] [stdout] error: cannot find macro `query` in this scope
[INFO] [stdout]  --> src/lib.rs:69:1
[INFO] [stdout]   |
[INFO] [stdout] 3 | query!("insert into users (name, password) values (?,?)", name, password).execute(&pool).await
[INFO] [stdout]   | ^^^^^
[INFO] [stdout]   |
[INFO] [stdout] help: consider importing one of these items
[INFO] [stdout]   |
[INFO] [stdout] 2 + use anorm::query;
[INFO] [stdout]   |
[INFO] [stdout] 2 + use sqlx::query;
[INFO] [stdout]   |
[INFO] [stdout] 
[INFO] [stdout] error[E0425]: cannot find value `pool` in this scope
[INFO] [stdout]  --> src/lib.rs:69:84
[INFO] [stdout]   |
[INFO] [stdout] 3 | query!("insert into users (name, password) values (?,?)", name, password).execute(&pool).await
[INFO] [stdout]   |                                                                                    ^^^^ not found in this scope
[INFO] [stdout] 
[INFO] [stdout] error[E0728]: `await` is only allowed inside `async` functions and blocks
[INFO] [stdout]  --> src/lib.rs:69:90
[INFO] [stdout]   |
[INFO] [stdout] 2 | fn main() { #[allow(non_snake_case)] fn _doctest_main_src_lib_rs_68_0() {
[INFO] [stdout]   |                                         ----------------------------- this is not `async`
[INFO] [stdout] 3 | query!("insert into users (name, password) values (?,?)", name, password).execute(&pool).await
[INFO] [stdout]   |                                                                                          ^^^^^ only allowed inside `async` functions and blocks
[INFO] [stdout] 
[INFO] [stdout] error: aborting due to 3 previous errors
[INFO] [stdout] 
[INFO] [stdout] Some errors have detailed explanations: E0425, E0728.
[INFO] [stdout] For more information about an error, try `rustc --explain E0425`.
[INFO] [stdout] Couldn't compile the test.
[INFO] [stdout] ---- src/lib.rs - query_as (line 51) stdout ----
[INFO] [stdout] error: cannot find macro `query_as` in this scope
[INFO] [stdout]  --> src/lib.rs:52:1
[INFO] [stdout]   |
[INFO] [stdout] 3 | query_as!(User, "select * from users where name = ?", name).fetch_one(&pool).await
[INFO] [stdout]   | ^^^^^^^^
[INFO] [stdout]   |
[INFO] [stdout] help: consider importing one of these items
[INFO] [stdout]   |
[INFO] [stdout] 2 + use anorm::query_as;
[INFO] [stdout]   |
[INFO] [stdout] 2 + use sqlx::query_as;
[INFO] [stdout]   |
[INFO] [stdout] 
[INFO] [stdout] error[E0425]: cannot find value `pool` in this scope
[INFO] [stdout]  --> src/lib.rs:52:72
[INFO] [stdout]   |
[INFO] [stdout] 3 | query_as!(User, "select * from users where name = ?", name).fetch_one(&pool).await
[INFO] [stdout]   |                                                                        ^^^^ not found in this scope
[INFO] [stdout] 
[INFO] [stdout] error[E0728]: `await` is only allowed inside `async` functions and blocks
[INFO] [stdout]  --> src/lib.rs:52:78
[INFO] [stdout]   |
[INFO] [stdout] 2 | fn main() { #[allow(non_snake_case)] fn _doctest_main_src_lib_rs_51_0() {
[INFO] [stdout]   |                                         ----------------------------- this is not `async`
[INFO] [stdout] 3 | query_as!(User, "select * from users where name = ?", name).fetch_one(&pool).await
[INFO] [stdout]   |                                                                              ^^^^^ only allowed inside `async` functions and blocks
[INFO] [stdout] 
[INFO] [stdout] error: aborting due to 3 previous errors
[INFO] [stdout] 
[INFO] [stdout] Some errors have detailed explanations: E0425, E0728.
[INFO] [stdout] For more information about an error, try `rustc --explain E0425`.
[INFO] [stdout] Couldn't compile the test.
[INFO] [stdout] ---- src/lib.rs - sql_args (line 85) stdout ----
[INFO] [stdout] error: cannot find macro `sql_args` in this scope
[INFO] [stdout]  --> src/lib.rs:87:12
[INFO] [stdout]   |
[INFO] [stdout] 4 | let args = sql_args!(&name, age);
[INFO] [stdout]   |            ^^^^^^^^
[INFO] [stdout]   |
[INFO] [stdout] help: consider importing this macro
[INFO] [stdout]   |
[INFO] [stdout] 3 + use anorm::sql_args;
[INFO] [stdout]   |
[INFO] [stdout] 
[INFO] [stdout] error: aborting due to 1 previous error
[INFO] [stdout] 
[INFO] [stdout] Couldn't compile the test.
[INFO] [stdout] ---- src/lib.rs - (line 21) stdout ----
[INFO] [stdout] error: cannot find macro `sql_args` in this scope
[INFO] [stdout]   --> src/lib.rs:43:43
[INFO] [stdout]    |
[INFO] [stdout] 25 | let u = User::get_by(&pool, "where id=?", sql_args!(1)).await;
[INFO] [stdout]    |                                           ^^^^^^^^
[INFO] [stdout]    |
[INFO] [stdout] help: consider importing this macro
[INFO] [stdout]    |
[INFO] [stdout] 2  + use anorm::sql_args;
[INFO] [stdout]    |
[INFO] [stdout] 
[INFO] [stdout] error[E0425]: cannot find value `pool` in this scope
[INFO] [stdout]   --> src/lib.rs:41:20
[INFO] [stdout]    |
[INFO] [stdout] 23 | let u = User::get(&pool, 1).await;
[INFO] [stdout]    |                    ^^^^ not found in this scope
[INFO] [stdout] 
[INFO] [stdout] error[E0425]: cannot find value `pool` in this scope
[INFO] [stdout]   --> src/lib.rs:43:23
[INFO] [stdout]    |
[INFO] [stdout] 25 | let u = User::get_by(&pool, "where id=?", sql_args!(1)).await;
[INFO] [stdout]    |                       ^^^^ not found in this scope
[INFO] [stdout] 
[INFO] [stdout] error[E0728]: `await` is only allowed inside `async` functions and blocks
[INFO] [stdout]   --> src/lib.rs:41:29
[INFO] [stdout]    |
[INFO] [stdout] 4  | fn main() { #[allow(non_snake_case)] fn _doctest_main_src_lib_rs_21_0() {
[INFO] [stdout]    |                                         ----------------------------- this is not `async`
[INFO] [stdout] ...
[INFO] [stdout] 23 | let u = User::get(&pool, 1).await;
[INFO] [stdout]    |                             ^^^^^ only allowed inside `async` functions and blocks
[INFO] [stdout] 
[INFO] [stdout] error[E0728]: `await` is only allowed inside `async` functions and blocks
[INFO] [stdout]   --> src/lib.rs:43:57
[INFO] [stdout]    |
[INFO] [stdout] 4  | fn main() { #[allow(non_snake_case)] fn _doctest_main_src_lib_rs_21_0() {
[INFO] [stdout]    |                                         ----------------------------- this is not `async`
[INFO] [stdout] ...
[INFO] [stdout] 25 | let u = User::get_by(&pool, "where id=?", sql_args!(1)).await;
[INFO] [stdout]    |                                                         ^^^^^ only allowed inside `async` functions and blocks
[INFO] [stdout] 
[INFO] [stdout] error: aborting due to 5 previous errors
[INFO] [stdout] 
[INFO] [stdout] Some errors have detailed explanations: E0425, E0728.
[INFO] [stdout] For more information about an error, try `rustc --explain E0425`.
[INFO] [stdout] Couldn't compile the test.
[INFO] [stdout] 
[INFO] [stdout] failures:
[INFO] [stdout]     src/lib.rs - (line 21)
[INFO] [stdout]     src/lib.rs - query (line 68)
[INFO] [stdout]     src/lib.rs - query_as (line 51)
[INFO] [stdout]     src/lib.rs - sql_args (line 85)
[INFO] [stdout] 
[INFO] [stdout] test result: FAILED. 0 passed; 4 failed; 0 ignored; 0 measured; 0 filtered out; finished in 0.09s
[INFO] [stdout] 
[INFO] [stderr] error: doctest failed, to rerun pass `--doc`
[INFO] running `Command { std: "docker" "inspect" "125f1a52d78b6a638d889080af3171e0d3084d89f5ce72802f5d70483037f592", kill_on_drop: false }`
[INFO] running `Command { std: "docker" "rm" "-f" "125f1a52d78b6a638d889080af3171e0d3084d89f5ce72802f5d70483037f592", kill_on_drop: false }`
[INFO] [stdout] 125f1a52d78b6a638d889080af3171e0d3084d89f5ce72802f5d70483037f592
