[INFO] fetching crate animaterm 0.1.1...
[INFO] testing animaterm-0.1.1 against 1.75.0 for beta-1.76-1
[INFO] extracting crate animaterm 0.1.1 into /workspace/builds/worker-5-tc1/source
[INFO] validating manifest of crates.io crate animaterm 0.1.1 on toolchain 1.75.0
[INFO] running `Command { std: CARGO_HOME="/workspace/cargo-home" RUSTUP_HOME="/workspace/rustup-home" "/workspace/cargo-home/bin/cargo" "+1.75.0" "metadata" "--manifest-path" "Cargo.toml" "--no-deps", kill_on_drop: false }`
[INFO] started tweaking crates.io crate animaterm 0.1.1
[INFO] finished tweaking crates.io crate animaterm 0.1.1
[INFO] tweaked toml for crates.io crate animaterm 0.1.1 written to /workspace/builds/worker-5-tc1/source/Cargo.toml
[INFO] crate crates.io crate animaterm 0.1.1 already has a lockfile, it will not be regenerated
[INFO] running `Command { std: CARGO_HOME="/workspace/cargo-home" RUSTUP_HOME="/workspace/rustup-home" "/workspace/cargo-home/bin/cargo" "+1.75.0" "fetch" "--manifest-path" "Cargo.toml", kill_on_drop: false }`
[INFO] [stderr]     Blocking waiting for file lock on package cache
[INFO] [stderr]     Updating crates.io index
[INFO] [stderr]  Downloading crates ...
[INFO] [stderr]   Downloaded termios v0.3.3
[INFO] [stderr]   Downloaded libc v0.2.126
[INFO] running `Command { std: "docker" "create" "-v" "/var/lib/crater-agent-workspace/builds/worker-5-tc1/target:/opt/rustwide/target:rw,Z" "-v" "/var/lib/crater-agent-workspace/builds/worker-5-tc1/source:/opt/rustwide/workdir:ro,Z" "-v" "/var/lib/crater-agent-workspace/cargo-home:/opt/rustwide/cargo-home:ro,Z" "-v" "/var/lib/crater-agent-workspace/rustup-home:/opt/rustwide/rustup-home:ro,Z" "-e" "SOURCE_DIR=/opt/rustwide/workdir" "-e" "CARGO_TARGET_DIR=/opt/rustwide/target" "-e" "CARGO_HOME=/opt/rustwide/cargo-home" "-e" "RUSTUP_HOME=/opt/rustwide/rustup-home" "-w" "/opt/rustwide/workdir" "-m" "1610612736" "--user" "0:0" "--network" "none" "ghcr.io/rust-lang/crates-build-env/linux@sha256:2788e3201cd34a07e3172128adcd8b3090168a8e3bcc40d7c032b9dda1df7d1c" "/opt/rustwide/cargo-home/bin/cargo" "+1.75.0" "metadata" "--no-deps" "--format-version=1", kill_on_drop: false }`
[INFO] [stdout] 72b45cf13809aeef3a501e008d3fc16587f5a411b0458c8333b8d2fada32fa4b
[INFO] running `Command { std: "docker" "start" "-a" "72b45cf13809aeef3a501e008d3fc16587f5a411b0458c8333b8d2fada32fa4b", kill_on_drop: false }`
[INFO] running `Command { std: "docker" "inspect" "72b45cf13809aeef3a501e008d3fc16587f5a411b0458c8333b8d2fada32fa4b", kill_on_drop: false }`
[INFO] running `Command { std: "docker" "rm" "-f" "72b45cf13809aeef3a501e008d3fc16587f5a411b0458c8333b8d2fada32fa4b", kill_on_drop: false }`
[INFO] [stdout] 72b45cf13809aeef3a501e008d3fc16587f5a411b0458c8333b8d2fada32fa4b
[INFO] running `Command { std: "docker" "create" "-v" "/var/lib/crater-agent-workspace/builds/worker-5-tc1/target:/opt/rustwide/target:rw,Z" "-v" "/var/lib/crater-agent-workspace/builds/worker-5-tc1/source:/opt/rustwide/workdir:ro,Z" "-v" "/var/lib/crater-agent-workspace/cargo-home:/opt/rustwide/cargo-home:ro,Z" "-v" "/var/lib/crater-agent-workspace/rustup-home:/opt/rustwide/rustup-home:ro,Z" "-e" "SOURCE_DIR=/opt/rustwide/workdir" "-e" "CARGO_TARGET_DIR=/opt/rustwide/target" "-e" "CARGO_INCREMENTAL=0" "-e" "RUST_BACKTRACE=full" "-e" "RUSTFLAGS=--cap-lints=warn" "-e" "RUSTDOCFLAGS=--cap-lints=warn" "-e" "CARGO_HOME=/opt/rustwide/cargo-home" "-e" "RUSTUP_HOME=/opt/rustwide/rustup-home" "-w" "/opt/rustwide/workdir" "-m" "1610612736" "--user" "0:0" "--network" "none" "ghcr.io/rust-lang/crates-build-env/linux@sha256:2788e3201cd34a07e3172128adcd8b3090168a8e3bcc40d7c032b9dda1df7d1c" "/opt/rustwide/cargo-home/bin/cargo" "+1.75.0" "build" "--frozen" "--message-format=json", kill_on_drop: false }`
[INFO] [stdout] 7d1638e44b4a6a2f8a6660100e7baf13b5403b2243c8fd2aa75beed304401b7c
[INFO] running `Command { std: "docker" "start" "-a" "7d1638e44b4a6a2f8a6660100e7baf13b5403b2243c8fd2aa75beed304401b7c", kill_on_drop: false }`
[INFO] [stderr]    Compiling libc v0.2.126
[INFO] [stderr]    Compiling termios v0.3.3
[INFO] [stderr]    Compiling animaterm v0.1.1 (/opt/rustwide/workdir)
[INFO] [stderr]     Finished dev [unoptimized + debuginfo] target(s) in 2.27s
[INFO] running `Command { std: "docker" "inspect" "7d1638e44b4a6a2f8a6660100e7baf13b5403b2243c8fd2aa75beed304401b7c", kill_on_drop: false }`
[INFO] running `Command { std: "docker" "rm" "-f" "7d1638e44b4a6a2f8a6660100e7baf13b5403b2243c8fd2aa75beed304401b7c", kill_on_drop: false }`
[INFO] [stdout] 7d1638e44b4a6a2f8a6660100e7baf13b5403b2243c8fd2aa75beed304401b7c
[INFO] running `Command { std: "docker" "create" "-v" "/var/lib/crater-agent-workspace/builds/worker-5-tc1/target:/opt/rustwide/target:rw,Z" "-v" "/var/lib/crater-agent-workspace/builds/worker-5-tc1/source:/opt/rustwide/workdir:ro,Z" "-v" "/var/lib/crater-agent-workspace/cargo-home:/opt/rustwide/cargo-home:ro,Z" "-v" "/var/lib/crater-agent-workspace/rustup-home:/opt/rustwide/rustup-home:ro,Z" "-e" "SOURCE_DIR=/opt/rustwide/workdir" "-e" "CARGO_TARGET_DIR=/opt/rustwide/target" "-e" "CARGO_INCREMENTAL=0" "-e" "RUST_BACKTRACE=full" "-e" "RUSTFLAGS=--cap-lints=warn" "-e" "RUSTDOCFLAGS=--cap-lints=warn" "-e" "CARGO_HOME=/opt/rustwide/cargo-home" "-e" "RUSTUP_HOME=/opt/rustwide/rustup-home" "-w" "/opt/rustwide/workdir" "-m" "1610612736" "--user" "0:0" "--network" "none" "ghcr.io/rust-lang/crates-build-env/linux@sha256:2788e3201cd34a07e3172128adcd8b3090168a8e3bcc40d7c032b9dda1df7d1c" "/opt/rustwide/cargo-home/bin/cargo" "+1.75.0" "test" "--frozen" "--no-run" "--message-format=json", kill_on_drop: false }`
[INFO] [stdout] b0cad991bae751097ca37175d1a2c253a10d2cef8d82da638e0c88d0ea532a44
[INFO] running `Command { std: "docker" "start" "-a" "b0cad991bae751097ca37175d1a2c253a10d2cef8d82da638e0c88d0ea532a44", kill_on_drop: false }`
[INFO] [stderr]    Compiling animaterm v0.1.1 (/opt/rustwide/workdir)
[INFO] [stderr]     Finished test [unoptimized + debuginfo] target(s) in 0.65s
[INFO] running `Command { std: "docker" "inspect" "b0cad991bae751097ca37175d1a2c253a10d2cef8d82da638e0c88d0ea532a44", kill_on_drop: false }`
[INFO] running `Command { std: "docker" "rm" "-f" "b0cad991bae751097ca37175d1a2c253a10d2cef8d82da638e0c88d0ea532a44", kill_on_drop: false }`
[INFO] [stdout] b0cad991bae751097ca37175d1a2c253a10d2cef8d82da638e0c88d0ea532a44
[INFO] running `Command { std: "docker" "create" "-v" "/var/lib/crater-agent-workspace/builds/worker-5-tc1/target:/opt/rustwide/target:rw,Z" "-v" "/var/lib/crater-agent-workspace/builds/worker-5-tc1/source:/opt/rustwide/workdir:ro,Z" "-v" "/var/lib/crater-agent-workspace/cargo-home:/opt/rustwide/cargo-home:ro,Z" "-v" "/var/lib/crater-agent-workspace/rustup-home:/opt/rustwide/rustup-home:ro,Z" "-e" "SOURCE_DIR=/opt/rustwide/workdir" "-e" "CARGO_TARGET_DIR=/opt/rustwide/target" "-e" "CARGO_INCREMENTAL=0" "-e" "RUST_BACKTRACE=full" "-e" "RUSTFLAGS=--cap-lints=warn" "-e" "RUSTDOCFLAGS=--cap-lints=warn" "-e" "CARGO_HOME=/opt/rustwide/cargo-home" "-e" "RUSTUP_HOME=/opt/rustwide/rustup-home" "-w" "/opt/rustwide/workdir" "-m" "1610612736" "--user" "0:0" "--network" "none" "ghcr.io/rust-lang/crates-build-env/linux@sha256:2788e3201cd34a07e3172128adcd8b3090168a8e3bcc40d7c032b9dda1df7d1c" "/opt/rustwide/cargo-home/bin/cargo" "+1.75.0" "test" "--frozen", kill_on_drop: false }`
[INFO] [stdout] 2c305b819973d95cffb5c86ba8f814509eae5c07e0b14b695fc40f912fa05972
[INFO] running `Command { std: "docker" "start" "-a" "2c305b819973d95cffb5c86ba8f814509eae5c07e0b14b695fc40f912fa05972", kill_on_drop: false }`
[INFO] [stderr]     Finished test [unoptimized + debuginfo] target(s) in 0.00s
[INFO] [stderr]      Running unittests src/lib.rs (/opt/rustwide/target/debug/deps/animaterm-5461f6380f2f6208)
[INFO] [stdout] 
[INFO] [stdout] running 8 tests
[INFO] [stdout] test tests::glyph_cake ... ok
[INFO] [stdout] test tests::glyph_cake2 ... ok
[INFO] [stdout] test tests::add_sec_to_sec ... ok
[INFO] [stdout] test tests::no_neg_time ... ok
[INFO] [stdout] test tests::overflow_ms_to_sec ... ok
[INFO] [stdout] test tests::sub_sec_from_sec ... ok
[INFO] [stdout] test tests::update_glyph_from_str ... ok
[INFO] [stdout] test tests::update_glyph_twice_from_str ... ok
[INFO] [stdout] 
[INFO] [stdout] test result: ok. 8 passed; 0 failed; 0 ignored; 0 measured; 0 filtered out; finished in 0.00s
[INFO] [stdout] 
[INFO] [stderr]      Running unittests src/bin/studio/main.rs (/opt/rustwide/target/debug/deps/studio-8e5e65a0de137e3e)
[INFO] [stdout] 
[INFO] [stdout] running 0 tests
[INFO] [stdout] 
[INFO] [stdout] test result: ok. 0 passed; 0 failed; 0 ignored; 0 measured; 0 filtered out; finished in 0.00s
[INFO] [stdout] 
[INFO] [stderr]    Doc-tests animaterm
[INFO] [stdout] 
[INFO] [stdout] running 15 tests
[INFO] [stdout] test src/lib.rs - (line 200) ... FAILED
[INFO] [stdout] test src/lib.rs - (line 176) ... FAILED
[INFO] [stdout] test src/lib.rs - (line 157) ... FAILED
[INFO] [stdout] test src/lib.rs - (line 164) ... FAILED
[INFO] [stdout] test src/lib.rs - (line 183) ... FAILED
[INFO] [stdout] test src/lib.rs - (line 168) ... FAILED
[INFO] [stdout] test src/lib.rs - (line 225) ... FAILED
[INFO] [stdout] test src/lib.rs - (line 50) - compile ... FAILED
[INFO] [stdout] test src/lib.rs - (line 187) ... FAILED
[INFO] [stdout] test src/lib.rs - (line 209) ... FAILED
[INFO] [stdout] test src/lib.rs - (line 191) ... FAILED
[INFO] [stdout] test src/lib.rs - (line 83) ... FAILED
[INFO] [stdout] test src/lib.rs - (line 138) ... FAILED
[INFO] [stdout] test src/lib.rs - (line 104) ... FAILED
[INFO] [stdout] test src/lib.rs - (line 29) - compile ... FAILED
[INFO] [stdout] 
[INFO] [stdout] failures:
[INFO] [stdout] 
[INFO] [stdout] ---- src/lib.rs - (line 200) stdout ----
[INFO] [stdout] error: mismatched closing delimiter: `)`
[INFO] [stdout]  --> src/lib.rs:201:74
[INFO] [stdout]   |
[INFO] [stdout] 3 | fn main() { #[allow(non_snake_case)] fn _doctest_main_src_lib_rs_200_0() {
[INFO] [stdout]   |                                                                          ^ unclosed delimiter
[INFO] [stdout] ...
[INFO] [stdout] 8 | mgr.set_glyph(graphic_id, Glyph::transparent(), col, row, graphic_offset));
[INFO] [stdout]   |                                                                          ^ mismatched closing delimiter
[INFO] [stdout] 
[INFO] [stdout] error: unexpected closing delimiter: `}`
[INFO] [stdout]  --> src/lib.rs:207:36
[INFO] [stdout]   |
[INFO] [stdout] 8 | mgr.set_glyph(graphic_id, Glyph::transparent(), col, row, graphic_offset));
[INFO] [stdout]   |                                                                          - missing open `(` for this delimiter
[INFO] [stdout] 9 | } _doctest_main_src_lib_rs_200_0() }
[INFO] [stdout]   |                                    ^ unexpected closing delimiter
[INFO] [stdout] 
[INFO] [stdout] error: aborting due to 2 previous errors
[INFO] [stdout] 
[INFO] [stdout] Couldn't compile the test.
[INFO] [stdout] ---- src/lib.rs - (line 176) stdout ----
[INFO] [stdout] error[E0425]: cannot find value `mgr` in this scope
[INFO] [stdout]  --> src/lib.rs:178:25
[INFO] [stdout]   |
[INFO] [stdout] 4 | let second_display_id = mgr.new_display(keep_existing);
[INFO] [stdout]   |                         ^^^ not found in this scope
[INFO] [stdout] 
[INFO] [stdout] error[E0425]: cannot find value `mgr` in this scope
[INFO] [stdout]  --> src/lib.rs:180:1
[INFO] [stdout]   |
[INFO] [stdout] 6 | mgr.restore_display(0, keep_existing);
[INFO] [stdout]   | ^^^ not found in this scope
[INFO] [stdout] 
[INFO] [stdout] error: aborting due to 2 previous errors
[INFO] [stdout] 
[INFO] [stdout] For more information about this error, try `rustc --explain E0425`.
[INFO] [stdout] Couldn't compile the test.
[INFO] [stdout] ---- src/lib.rs - (line 157) stdout ----
[INFO] [stdout] error[E0425]: cannot find value `mgr` in this scope
[INFO] [stdout]  --> src/lib.rs:161:1
[INFO] [stdout]   |
[INFO] [stdout] 6 | mgr.set_graphic(graphic_id, frame_id, force)
[INFO] [stdout]   | ^^^ not found in this scope
[INFO] [stdout] 
[INFO] [stdout] error[E0425]: cannot find value `graphic_id` in this scope
[INFO] [stdout]  --> src/lib.rs:161:17
[INFO] [stdout]   |
[INFO] [stdout] 6 | mgr.set_graphic(graphic_id, frame_id, force)
[INFO] [stdout]   |                 ^^^^^^^^^^ not found in this scope
[INFO] [stdout] 
[INFO] [stdout] error[E0425]: cannot find value `frame_id` in this scope
[INFO] [stdout]  --> src/lib.rs:161:29
[INFO] [stdout]   |
[INFO] [stdout] 6 | mgr.set_graphic(graphic_id, frame_id, force)
[INFO] [stdout]   |                             ^^^^^^^^ not found in this scope
[INFO] [stdout] 
[INFO] [stdout] error: aborting due to 3 previous errors
[INFO] [stdout] 
[INFO] [stdout] For more information about this error, try `rustc --explain E0425`.
[INFO] [stdout] Couldn't compile the test.
[INFO] [stdout] ---- src/lib.rs - (line 164) stdout ----
[INFO] [stdout] error[E0425]: cannot find value `mgr` in this scope
[INFO] [stdout]  --> src/lib.rs:165:1
[INFO] [stdout]   |
[INFO] [stdout] 3 | mgr.start_animation(graphic_id, anim_id);
[INFO] [stdout]   | ^^^ not found in this scope
[INFO] [stdout] 
[INFO] [stdout] error[E0425]: cannot find value `graphic_id` in this scope
[INFO] [stdout]  --> src/lib.rs:165:21
[INFO] [stdout]   |
[INFO] [stdout] 3 | mgr.start_animation(graphic_id, anim_id);
[INFO] [stdout]   |                     ^^^^^^^^^^ not found in this scope
[INFO] [stdout] 
[INFO] [stdout] error[E0425]: cannot find value `anim_id` in this scope
[INFO] [stdout]  --> src/lib.rs:165:33
[INFO] [stdout]   |
[INFO] [stdout] 3 | mgr.start_animation(graphic_id, anim_id);
[INFO] [stdout]   |                                 ^^^^^^^ not found in this scope
[INFO] [stdout] 
[INFO] [stdout] error: aborting due to 3 previous errors
[INFO] [stdout] 
[INFO] [stdout] For more information about this error, try `rustc --explain E0425`.
[INFO] [stdout] Couldn't compile the test.
[INFO] [stdout] ---- src/lib.rs - (line 183) stdout ----
[INFO] [stdout] error[E0425]: cannot find value `mgr` in this scope
[INFO] [stdout]  --> src/lib.rs:184:1
[INFO] [stdout]   |
[INFO] [stdout] 3 | mgr.move_graphic(graphic_id, new_layer, (0, 0));
[INFO] [stdout]   | ^^^ not found in this scope
[INFO] [stdout] 
[INFO] [stdout] error[E0425]: cannot find value `graphic_id` in this scope
[INFO] [stdout]  --> src/lib.rs:184:18
[INFO] [stdout]   |
[INFO] [stdout] 3 | mgr.move_graphic(graphic_id, new_layer, (0, 0));
[INFO] [stdout]   |                  ^^^^^^^^^^ not found in this scope
[INFO] [stdout] 
[INFO] [stdout] error[E0425]: cannot find value `new_layer` in this scope
[INFO] [stdout]  --> src/lib.rs:184:30
[INFO] [stdout]   |
[INFO] [stdout] 3 | mgr.move_graphic(graphic_id, new_layer, (0, 0));
[INFO] [stdout]   |                              ^^^^^^^^^ not found in this scope
[INFO] [stdout] 
[INFO] [stdout] error: aborting due to 3 previous errors
[INFO] [stdout] 
[INFO] [stdout] For more information about this error, try `rustc --explain E0425`.
[INFO] [stdout] Couldn't compile the test.
[INFO] [stdout] ---- src/lib.rs - (line 168) stdout ----
[INFO] [stdout] error[E0425]: cannot find value `mgr` in this scope
[INFO] [stdout]  --> src/lib.rs:170:1
[INFO] [stdout]   |
[INFO] [stdout] 4 | mgr.pause_animation(graphic_id);
[INFO] [stdout]   | ^^^ not found in this scope
[INFO] [stdout] 
[INFO] [stdout] error[E0425]: cannot find value `graphic_id` in this scope
[INFO] [stdout]  --> src/lib.rs:170:21
[INFO] [stdout]   |
[INFO] [stdout] 4 | mgr.pause_animation(graphic_id);
[INFO] [stdout]   |                     ^^^^^^^^^^ not found in this scope
[INFO] [stdout] 
[INFO] [stdout] error[E0425]: cannot find value `mgr` in this scope
[INFO] [stdout]  --> src/lib.rs:173:1
[INFO] [stdout]   |
[INFO] [stdout] 7 | mgr.pause_animation_on_frame(graphic_id, frame_id);
[INFO] [stdout]   | ^^^ not found in this scope
[INFO] [stdout] 
[INFO] [stdout] error[E0425]: cannot find value `graphic_id` in this scope
[INFO] [stdout]  --> src/lib.rs:173:30
[INFO] [stdout]   |
[INFO] [stdout] 7 | mgr.pause_animation_on_frame(graphic_id, frame_id);
[INFO] [stdout]   |                              ^^^^^^^^^^ not found in this scope
[INFO] [stdout] 
[INFO] [stdout] error[E0425]: cannot find value `frame_id` in this scope
[INFO] [stdout]  --> src/lib.rs:173:42
[INFO] [stdout]   |
[INFO] [stdout] 7 | mgr.pause_animation_on_frame(graphic_id, frame_id);
[INFO] [stdout]   |                                          ^^^^^^^^ not found in this scope
[INFO] [stdout] 
[INFO] [stdout] error: aborting due to 5 previous errors
[INFO] [stdout] 
[INFO] [stdout] For more information about this error, try `rustc --explain E0425`.
[INFO] [stdout] Couldn't compile the test.
[INFO] [stdout] ---- src/lib.rs - (line 225) stdout ----
[INFO] [stdout] error[E0425]: cannot find value `a_graphic` in this scope
[INFO] [stdout]  --> src/lib.rs:229:23
[INFO] [stdout]   |
[INFO] [stdout] 6 | let frame_id_option = a_graphic.empty_frame();
[INFO] [stdout]   |                       ^^^^^^^^^ not found in this scope
[INFO] [stdout] 
[INFO] [stdout] error[E0425]: cannot find value `mgr` in this scope
[INFO] [stdout]  --> src/lib.rs:232:1
[INFO] [stdout]   |
[INFO] [stdout] 9 | mgr.empty_frame(graphic_id);
[INFO] [stdout]   | ^^^ not found in this scope
[INFO] [stdout] 
[INFO] [stdout] error[E0425]: cannot find value `graphic_id` in this scope
[INFO] [stdout]  --> src/lib.rs:232:17
[INFO] [stdout]   |
[INFO] [stdout] 9 | mgr.empty_frame(graphic_id);
[INFO] [stdout]   |                 ^^^^^^^^^^ not found in this scope
[INFO] [stdout] 
[INFO] [stdout] error[E0425]: cannot find value `mgr` in this scope
[INFO] [stdout]   --> src/lib.rs:233:55
[INFO] [stdout]    |
[INFO] [stdout] 10 | if let Ok(AnimOk::FrameAdded(graphic_id, frame_id)) = mgr.read_result() {
[INFO] [stdout]    |                                                       ^^^ not found in this scope
[INFO] [stdout] 
[INFO] [stdout] error[E0433]: failed to resolve: use of undeclared type `AnimOk`
[INFO] [stdout]   --> src/lib.rs:233:11
[INFO] [stdout]    |
[INFO] [stdout] 10 | if let Ok(AnimOk::FrameAdded(graphic_id, frame_id)) = mgr.read_result() {
[INFO] [stdout]    |           ^^^^^^ use of undeclared type `AnimOk`
[INFO] [stdout]    |
[INFO] [stdout] help: consider importing this enum
[INFO] [stdout]    |
[INFO] [stdout] 5  + use animaterm::AnimOk;
[INFO] [stdout]    |
[INFO] [stdout] 
[INFO] [stdout] error: aborting due to 5 previous errors
[INFO] [stdout] 
[INFO] [stdout] Some errors have detailed explanations: E0425, E0433.
[INFO] [stdout] For more information about an error, try `rustc --explain E0425`.
[INFO] [stdout] Couldn't compile the test.
[INFO] [stdout] ---- src/lib.rs - (line 50) stdout ----
[INFO] [stdout] error[E0425]: cannot find value `mgr` in this scope
[INFO] [stdout]  --> src/lib.rs:53:24
[INFO] [stdout]   |
[INFO] [stdout] 5 |     if let Some(key) = mgr.read_key() {
[INFO] [stdout]   |                        ^^^ not found in this scope
[INFO] [stdout] 
[INFO] [stdout] error[E0433]: failed to resolve: use of undeclared type `Key`
[INFO] [stdout]  --> src/lib.rs:55:13
[INFO] [stdout]   |
[INFO] [stdout] 7 |             Key::Q | Key::ShiftQ => {
[INFO] [stdout]   |             ^^^ use of undeclared type `Key`
[INFO] [stdout]   |
[INFO] [stdout] help: consider importing one of these items
[INFO] [stdout]   |
[INFO] [stdout] 2 + use animaterm::Key;
[INFO] [stdout]   |
[INFO] [stdout] 2 + use std::thread::local_impl::Key;
[INFO] [stdout]   |
[INFO] [stdout] 
[INFO] [stdout] error[E0433]: failed to resolve: use of undeclared type `Key`
[INFO] [stdout]  --> src/lib.rs:55:22
[INFO] [stdout]   |
[INFO] [stdout] 7 |             Key::Q | Key::ShiftQ => {
[INFO] [stdout]   |                      ^^^ use of undeclared type `Key`
[INFO] [stdout]   |
[INFO] [stdout] help: consider importing one of these items
[INFO] [stdout]   |
[INFO] [stdout] 2 + use animaterm::Key;
[INFO] [stdout]   |
[INFO] [stdout] 2 + use std::thread::local_impl::Key;
[INFO] [stdout]   |
[INFO] [stdout] 
[INFO] [stdout] error[E0425]: cannot find value `mgr` in this scope
[INFO] [stdout]   --> src/lib.rs:62:1
[INFO] [stdout]    |
[INFO] [stdout] 14 | mgr.terminate();
[INFO] [stdout]    | ^^^ not found in this scope
[INFO] [stdout] 
[INFO] [stdout] error: aborting due to 4 previous errors
[INFO] [stdout] 
[INFO] [stdout] Some errors have detailed explanations: E0425, E0433.
[INFO] [stdout] For more information about an error, try `rustc --explain E0425`.
[INFO] [stdout] Couldn't compile the test.
[INFO] [stdout] ---- src/lib.rs - (line 187) stdout ----
[INFO] [stdout] error[E0425]: cannot find value `mgr` in this scope
[INFO] [stdout]  --> src/lib.rs:188:1
[INFO] [stdout]   |
[INFO] [stdout] 3 | mgr.move_graphic(graphic_id, layer, (offset_cols, offset_rows));
[INFO] [stdout]   | ^^^ not found in this scope
[INFO] [stdout] 
[INFO] [stdout] error[E0425]: cannot find value `graphic_id` in this scope
[INFO] [stdout]  --> src/lib.rs:188:18
[INFO] [stdout]   |
[INFO] [stdout] 3 | mgr.move_graphic(graphic_id, layer, (offset_cols, offset_rows));
[INFO] [stdout]   |                  ^^^^^^^^^^ not found in this scope
[INFO] [stdout] 
[INFO] [stdout] error[E0425]: cannot find value `layer` in this scope
[INFO] [stdout]  --> src/lib.rs:188:30
[INFO] [stdout]   |
[INFO] [stdout] 3 | mgr.move_graphic(graphic_id, layer, (offset_cols, offset_rows));
[INFO] [stdout]   |                              ^^^^^ not found in this scope
[INFO] [stdout] 
[INFO] [stdout] error[E0425]: cannot find value `offset_cols` in this scope
[INFO] [stdout]  --> src/lib.rs:188:38
[INFO] [stdout]   |
[INFO] [stdout] 3 | mgr.move_graphic(graphic_id, layer, (offset_cols, offset_rows));
[INFO] [stdout]   |                                      ^^^^^^^^^^^ not found in this scope
[INFO] [stdout] 
[INFO] [stdout] error[E0425]: cannot find value `offset_rows` in this scope
[INFO] [stdout]  --> src/lib.rs:188:51
[INFO] [stdout]   |
[INFO] [stdout] 3 | mgr.move_graphic(graphic_id, layer, (offset_cols, offset_rows));
[INFO] [stdout]   |                                                   ^^^^^^^^^^^ not found in this scope
[INFO] [stdout] 
[INFO] [stdout] error: aborting due to 5 previous errors
[INFO] [stdout] 
[INFO] [stdout] For more information about this error, try `rustc --explain E0425`.
[INFO] [stdout] Couldn't compile the test.
[INFO] [stdout] ---- src/lib.rs - (line 209) stdout ----
[INFO] [stdout] error[E0425]: cannot find value `id` in this scope
[INFO] [stdout]  --> src/lib.rs:213:28
[INFO] [stdout]   |
[INFO] [stdout] 6 | let source_frame_id = Some(id);
[INFO] [stdout]   |                            ^^ not found in this scope
[INFO] [stdout]   |
[INFO] [stdout] help: consider importing this function
[INFO] [stdout]   |
[INFO] [stdout] 5 + use std::process::id;
[INFO] [stdout]   |
[INFO] [stdout] 
[INFO] [stdout] error[E0425]: cannot find value `a_graphic` in this scope
[INFO] [stdout]  --> src/lib.rs:216:23
[INFO] [stdout]   |
[INFO] [stdout] 9 | let frame_id_option = a_graphic.clone_frame(source_frame_id);
[INFO] [stdout]   |                       ^^^^^^^^^ not found in this scope
[INFO] [stdout] 
[INFO] [stdout] error[E0425]: cannot find value `mgr` in this scope
[INFO] [stdout]   --> src/lib.rs:219:1
[INFO] [stdout]    |
[INFO] [stdout] 12 | mgr.clone_frame(graphic_id);
[INFO] [stdout]    | ^^^ not found in this scope
[INFO] [stdout] 
[INFO] [stdout] error[E0425]: cannot find value `graphic_id` in this scope
[INFO] [stdout]   --> src/lib.rs:219:17
[INFO] [stdout]    |
[INFO] [stdout] 12 | mgr.clone_frame(graphic_id);
[INFO] [stdout]    |                 ^^^^^^^^^^ not found in this scope
[INFO] [stdout] 
[INFO] [stdout] error[E0425]: cannot find value `mgr` in this scope
[INFO] [stdout]   --> src/lib.rs:220:55
[INFO] [stdout]    |
[INFO] [stdout] 13 | if let Ok(AnimOk::FrameAdded(graphic_id, frame_id)) = mgr.read_result() {
[INFO] [stdout]    |                                                       ^^^ not found in this scope
[INFO] [stdout] 
[INFO] [stdout] error[E0433]: failed to resolve: use of undeclared type `AnimOk`
[INFO] [stdout]   --> src/lib.rs:220:11
[INFO] [stdout]    |
[INFO] [stdout] 13 | if let Ok(AnimOk::FrameAdded(graphic_id, frame_id)) = mgr.read_result() {
[INFO] [stdout]    |           ^^^^^^ use of undeclared type `AnimOk`
[INFO] [stdout]    |
[INFO] [stdout] help: consider importing this enum
[INFO] [stdout]    |
[INFO] [stdout] 5  + use animaterm::AnimOk;
[INFO] [stdout]    |
[INFO] [stdout] 
[INFO] [stdout] error: aborting due to 6 previous errors
[INFO] [stdout] 
[INFO] [stdout] Some errors have detailed explanations: E0425, E0433.
[INFO] [stdout] For more information about an error, try `rustc --explain E0425`.
[INFO] [stdout] Couldn't compile the test.
[INFO] [stdout] ---- src/lib.rs - (line 191) stdout ----
[INFO] [stdout] error[E0425]: cannot find value `a_graphic` in this scope
[INFO] [stdout]  --> src/lib.rs:193:1
[INFO] [stdout]   |
[INFO] [stdout] 4 | a_graphic.set_frame(frame_id);
[INFO] [stdout]   | ^^^^^^^^^ not found in this scope
[INFO] [stdout] 
[INFO] [stdout] error[E0425]: cannot find value `frame_id` in this scope
[INFO] [stdout]  --> src/lib.rs:193:21
[INFO] [stdout]   |
[INFO] [stdout] 4 | a_graphic.set_frame(frame_id);
[INFO] [stdout]   |                     ^^^^^^^^ not found in this scope
[INFO] [stdout] 
[INFO] [stdout] error[E0425]: cannot find value `a_graphic` in this scope
[INFO] [stdout]  --> src/lib.rs:194:1
[INFO] [stdout]   |
[INFO] [stdout] 5 | a_graphic.set_glyph(new_glyph, col, row, graphic_offset);
[INFO] [stdout]   | ^^^^^^^^^ not found in this scope
[INFO] [stdout] 
[INFO] [stdout] error[E0425]: cannot find value `new_glyph` in this scope
[INFO] [stdout]  --> src/lib.rs:194:21
[INFO] [stdout]   |
[INFO] [stdout] 5 | a_graphic.set_glyph(new_glyph, col, row, graphic_offset);
[INFO] [stdout]   |                     ^^^^^^^^^ not found in this scope
[INFO] [stdout] 
[INFO] [stdout] error[E0425]: cannot find value `col` in this scope
[INFO] [stdout]  --> src/lib.rs:194:32
[INFO] [stdout]   |
[INFO] [stdout] 5 | a_graphic.set_glyph(new_glyph, col, row, graphic_offset);
[INFO] [stdout]   |                                ^^^ not found in this scope
[INFO] [stdout] 
[INFO] [stdout] error[E0425]: cannot find value `row` in this scope
[INFO] [stdout]  --> src/lib.rs:194:37
[INFO] [stdout]   |
[INFO] [stdout] 5 | a_graphic.set_glyph(new_glyph, col, row, graphic_offset);
[INFO] [stdout]   |                                     ^^^ not found in this scope
[INFO] [stdout] 
[INFO] [stdout] error[E0425]: cannot find value `graphic_offset` in this scope
[INFO] [stdout]  --> src/lib.rs:194:42
[INFO] [stdout]   |
[INFO] [stdout] 5 | a_graphic.set_glyph(new_glyph, col, row, graphic_offset);
[INFO] [stdout]   |                                          ^^^^^^^^^^^^^^ not found in this scope
[INFO] [stdout] 
[INFO] [stdout] error[E0425]: cannot find value `mgr` in this scope
[INFO] [stdout]  --> src/lib.rs:197:1
[INFO] [stdout]   |
[INFO] [stdout] 8 | mgr.set_glyph(graphic_id, new_glyph, col, row);
[INFO] [stdout]   | ^^^ not found in this scope
[INFO] [stdout] 
[INFO] [stdout] error[E0425]: cannot find value `graphic_id` in this scope
[INFO] [stdout]  --> src/lib.rs:197:15
[INFO] [stdout]   |
[INFO] [stdout] 8 | mgr.set_glyph(graphic_id, new_glyph, col, row);
[INFO] [stdout]   |               ^^^^^^^^^^ not found in this scope
[INFO] [stdout] 
[INFO] [stdout] error[E0425]: cannot find value `new_glyph` in this scope
[INFO] [stdout]  --> src/lib.rs:197:27
[INFO] [stdout]   |
[INFO] [stdout] 8 | mgr.set_glyph(graphic_id, new_glyph, col, row);
[INFO] [stdout]   |                           ^^^^^^^^^ not found in this scope
[INFO] [stdout] 
[INFO] [stdout] error[E0425]: cannot find value `col` in this scope
[INFO] [stdout]  --> src/lib.rs:197:38
[INFO] [stdout]   |
[INFO] [stdout] 8 | mgr.set_glyph(graphic_id, new_glyph, col, row);
[INFO] [stdout]   |                                      ^^^ not found in this scope
[INFO] [stdout] 
[INFO] [stdout] error[E0425]: cannot find value `row` in this scope
[INFO] [stdout]  --> src/lib.rs:197:43
[INFO] [stdout]   |
[INFO] [stdout] 8 | mgr.set_glyph(graphic_id, new_glyph, col, row);
[INFO] [stdout]   |                                           ^^^ not found in this scope
[INFO] [stdout] 
[INFO] [stdout] error: aborting due to 12 previous errors
[INFO] [stdout] 
[INFO] [stdout] For more information about this error, try `rustc --explain E0425`.
[INFO] [stdout] Couldn't compile the test.
[INFO] [stdout] ---- src/lib.rs - (line 83) stdout ----
[INFO] [stdout] error[E0433]: failed to resolve: use of undeclared type `HashMap`
[INFO] [stdout]  --> src/lib.rs:87:19
[INFO] [stdout]   |
[INFO] [stdout] 6 | let mut library = HashMap::with_capacity(2);
[INFO] [stdout]   |                   ^^^^^^^ use of undeclared type `HashMap`
[INFO] [stdout]   |
[INFO] [stdout] help: consider importing this struct
[INFO] [stdout]   |
[INFO] [stdout] 2 + use std::collections::HashMap;
[INFO] [stdout]   |
[INFO] [stdout] 
[INFO] [stdout] error[E0433]: failed to resolve: use of undeclared type `Glyph`
[INFO] [stdout]   --> src/lib.rs:91:10
[INFO] [stdout]    |
[INFO] [stdout] 10 |     vec![Glyph::default(); rows * cols]);
[INFO] [stdout]    |          ^^^^^ use of undeclared type `Glyph`
[INFO] [stdout]    |
[INFO] [stdout] help: consider importing this struct
[INFO] [stdout]    |
[INFO] [stdout] 2  + use animaterm::Glyph;
[INFO] [stdout]    |
[INFO] [stdout] 
[INFO] [stdout] error[E0433]: failed to resolve: use of undeclared type `Glyph`
[INFO] [stdout]   --> src/lib.rs:94:10
[INFO] [stdout]    |
[INFO] [stdout] 13 |     vec![Glyph::plain(); rows * cols]);
[INFO] [stdout]    |          ^^^^^ use of undeclared type `Glyph`
[INFO] [stdout]    |
[INFO] [stdout] help: consider importing this struct
[INFO] [stdout]    |
[INFO] [stdout] 2  + use animaterm::Glyph;
[INFO] [stdout]    |
[INFO] [stdout] 
[INFO] [stdout] error[E0433]: failed to resolve: use of undeclared type `Graphic`
[INFO] [stdout]   --> src/lib.rs:96:15
[INFO] [stdout]    |
[INFO] [stdout] 15 |  let mut gr = Graphic::new(cols, rows, start_frame, library, animations);
[INFO] [stdout]    |               ^^^^^^^ use of undeclared type `Graphic`
[INFO] [stdout]    |
[INFO] [stdout] help: consider importing this struct
[INFO] [stdout]    |
[INFO] [stdout] 2  + use animaterm::Graphic;
[INFO] [stdout]    |
[INFO] [stdout] 
[INFO] [stdout] error[E0425]: cannot find value `mgr` in this scope
[INFO] [stdout]   --> src/lib.rs:100:18
[INFO] [stdout]    |
[INFO] [stdout] 19 | let graphic_id = mgr.add_graphic(gr, layer, offset).unwrap();
[INFO] [stdout]    |                  ^^^ help: a local variable with a similar name exists: `gr`
[INFO] [stdout] 
[INFO] [stdout] error[E0425]: cannot find value `mgr` in this scope
[INFO] [stdout]   --> src/lib.rs:101:1
[INFO] [stdout]    |
[INFO] [stdout] 20 | mgr.set_graphic(graphic_id, start_frame);
[INFO] [stdout]    | ^^^ help: a local variable with a similar name exists: `gr`
[INFO] [stdout] 
[INFO] [stdout] error: aborting due to 6 previous errors
[INFO] [stdout] 
[INFO] [stdout] Some errors have detailed explanations: E0425, E0433.
[INFO] [stdout] For more information about an error, try `rustc --explain E0425`.
[INFO] [stdout] Couldn't compile the test.
[INFO] [stdout] ---- src/lib.rs - (line 138) stdout ----
[INFO] [stdout] error[E0425]: cannot find value `mgr` in this scope
[INFO] [stdout]  --> src/lib.rs:141:24
[INFO] [stdout]   |
[INFO] [stdout] 5 |     if let Some(key) = mgr.read_key() {
[INFO] [stdout]   |                        ^^^ not found in this scope
[INFO] [stdout] 
[INFO] [stdout] error[E0433]: failed to resolve: use of undeclared type `Key`
[INFO] [stdout]  --> src/lib.rs:143:13
[INFO] [stdout]   |
[INFO] [stdout] 7 |             Key::Left => mgr.move_graphic(graphic_id, layer, (-1, 0)),
[INFO] [stdout]   |             ^^^ use of undeclared type `Key`
[INFO] [stdout]   |
[INFO] [stdout] help: consider importing one of these items
[INFO] [stdout]   |
[INFO] [stdout] 2 + use animaterm::Key;
[INFO] [stdout]   |
[INFO] [stdout] 2 + use std::thread::local_impl::Key;
[INFO] [stdout]   |
[INFO] [stdout] 
[INFO] [stdout] error[E0425]: cannot find value `mgr` in this scope
[INFO] [stdout]  --> src/lib.rs:143:26
[INFO] [stdout]   |
[INFO] [stdout] 7 |             Key::Left => mgr.move_graphic(graphic_id, layer, (-1, 0)),
[INFO] [stdout]   |                          ^^^ not found in this scope
[INFO] [stdout] 
[INFO] [stdout] error[E0425]: cannot find value `graphic_id` in this scope
[INFO] [stdout]  --> src/lib.rs:143:43
[INFO] [stdout]   |
[INFO] [stdout] 7 |             Key::Left => mgr.move_graphic(graphic_id, layer, (-1, 0)),
[INFO] [stdout]   |                                           ^^^^^^^^^^ not found in this scope
[INFO] [stdout] 
[INFO] [stdout] error[E0425]: cannot find value `layer` in this scope
[INFO] [stdout]  --> src/lib.rs:143:55
[INFO] [stdout]   |
[INFO] [stdout] 7 |             Key::Left => mgr.move_graphic(graphic_id, layer, (-1, 0)),
[INFO] [stdout]   |                                                       ^^^^^ not found in this scope
[INFO] [stdout] 
[INFO] [stdout] error[E0433]: failed to resolve: use of undeclared type `Key`
[INFO] [stdout]  --> src/lib.rs:144:13
[INFO] [stdout]   |
[INFO] [stdout] 8 |             Key::Right => mgr.move_graphic(graphic_id, layer, (1, 0)),
[INFO] [stdout]   |             ^^^ use of undeclared type `Key`
[INFO] [stdout]   |
[INFO] [stdout] help: consider importing one of these items
[INFO] [stdout]   |
[INFO] [stdout] 2 + use animaterm::Key;
[INFO] [stdout]   |
[INFO] [stdout] 2 + use std::thread::local_impl::Key;
[INFO] [stdout]   |
[INFO] [stdout] 
[INFO] [stdout] error[E0425]: cannot find value `mgr` in this scope
[INFO] [stdout]  --> src/lib.rs:144:27
[INFO] [stdout]   |
[INFO] [stdout] 8 |             Key::Right => mgr.move_graphic(graphic_id, layer, (1, 0)),
[INFO] [stdout]   |                           ^^^ not found in this scope
[INFO] [stdout] 
[INFO] [stdout] error[E0425]: cannot find value `graphic_id` in this scope
[INFO] [stdout]  --> src/lib.rs:144:44
[INFO] [stdout]   |
[INFO] [stdout] 8 |             Key::Right => mgr.move_graphic(graphic_id, layer, (1, 0)),
[INFO] [stdout]   |                                            ^^^^^^^^^^ not found in this scope
[INFO] [stdout] 
[INFO] [stdout] error[E0425]: cannot find value `layer` in this scope
[INFO] [stdout]  --> src/lib.rs:144:56
[INFO] [stdout]   |
[INFO] [stdout] 8 |             Key::Right => mgr.move_graphic(graphic_id, layer, (1, 0)),
[INFO] [stdout]   |                                                        ^^^^^ not found in this scope
[INFO] [stdout] 
[INFO] [stdout] error[E0433]: failed to resolve: use of undeclared type `Key`
[INFO] [stdout]  --> src/lib.rs:145:13
[INFO] [stdout]   |
[INFO] [stdout] 9 |             Key::Up => mgr.move_graphic(graphic_id, layer, (0, -1)),
[INFO] [stdout]   |             ^^^ use of undeclared type `Key`
[INFO] [stdout]   |
[INFO] [stdout] help: consider importing one of these items
[INFO] [stdout]   |
[INFO] [stdout] 2 + use animaterm::Key;
[INFO] [stdout]   |
[INFO] [stdout] 2 + use std::thread::local_impl::Key;
[INFO] [stdout]   |
[INFO] [stdout] 
[INFO] [stdout] error[E0425]: cannot find value `mgr` in this scope
[INFO] [stdout]  --> src/lib.rs:145:24
[INFO] [stdout]   |
[INFO] [stdout] 9 |             Key::Up => mgr.move_graphic(graphic_id, layer, (0, -1)),
[INFO] [stdout]   |                        ^^^ not found in this scope
[INFO] [stdout] 
[INFO] [stdout] error[E0425]: cannot find value `graphic_id` in this scope
[INFO] [stdout]  --> src/lib.rs:145:41
[INFO] [stdout]   |
[INFO] [stdout] 9 |             Key::Up => mgr.move_graphic(graphic_id, layer, (0, -1)),
[INFO] [stdout]   |                                         ^^^^^^^^^^ not found in this scope
[INFO] [stdout] 
[INFO] [stdout] error[E0425]: cannot find value `layer` in this scope
[INFO] [stdout]  --> src/lib.rs:145:53
[INFO] [stdout]   |
[INFO] [stdout] 9 |             Key::Up => mgr.move_graphic(graphic_id, layer, (0, -1)),
[INFO] [stdout]   |                                                     ^^^^^ not found in this scope
[INFO] [stdout] 
[INFO] [stdout] error[E0433]: failed to resolve: use of undeclared type `Key`
[INFO] [stdout]   --> src/lib.rs:146:13
[INFO] [stdout]    |
[INFO] [stdout] 10 |             Key::Down => mgr.move_graphic(graphic_id, layer, (0, 1)),
[INFO] [stdout]    |             ^^^ use of undeclared type `Key`
[INFO] [stdout]    |
[INFO] [stdout] help: consider importing one of these items
[INFO] [stdout]    |
[INFO] [stdout] 2  + use animaterm::Key;
[INFO] [stdout]    |
[INFO] [stdout] 2  + use std::thread::local_impl::Key;
[INFO] [stdout]    |
[INFO] [stdout] 
[INFO] [stdout] error[E0425]: cannot find value `mgr` in this scope
[INFO] [stdout]   --> src/lib.rs:146:26
[INFO] [stdout]    |
[INFO] [stdout] 10 |             Key::Down => mgr.move_graphic(graphic_id, layer, (0, 1)),
[INFO] [stdout]    |                          ^^^ not found in this scope
[INFO] [stdout] 
[INFO] [stdout] error[E0425]: cannot find value `graphic_id` in this scope
[INFO] [stdout]   --> src/lib.rs:146:43
[INFO] [stdout]    |
[INFO] [stdout] 10 |             Key::Down => mgr.move_graphic(graphic_id, layer, (0, 1)),
[INFO] [stdout]    |                                           ^^^^^^^^^^ not found in this scope
[INFO] [stdout] 
[INFO] [stdout] error[E0425]: cannot find value `layer` in this scope
[INFO] [stdout]   --> src/lib.rs:146:55
[INFO] [stdout]    |
[INFO] [stdout] 10 |             Key::Down => mgr.move_graphic(graphic_id, layer, (0, 1)),
[INFO] [stdout]    |                                                       ^^^^^ not found in this scope
[INFO] [stdout] 
[INFO] [stdout] error[E0433]: failed to resolve: use of undeclared type `Key`
[INFO] [stdout]   --> src/lib.rs:147:13
[INFO] [stdout]    |
[INFO] [stdout] 11 |             Key::Q | Key::ShiftQ => {
[INFO] [stdout]    |             ^^^ use of undeclared type `Key`
[INFO] [stdout]    |
[INFO] [stdout] help: consider importing one of these items
[INFO] [stdout]    |
[INFO] [stdout] 2  + use animaterm::Key;
[INFO] [stdout]    |
[INFO] [stdout] 2  + use std::thread::local_impl::Key;
[INFO] [stdout]    |
[INFO] [stdout] 
[INFO] [stdout] error[E0433]: failed to resolve: use of undeclared type `Key`
[INFO] [stdout]   --> src/lib.rs:147:22
[INFO] [stdout]    |
[INFO] [stdout] 11 |             Key::Q | Key::ShiftQ => {
[INFO] [stdout]    |                      ^^^ use of undeclared type `Key`
[INFO] [stdout]    |
[INFO] [stdout] help: consider importing one of these items
[INFO] [stdout]    |
[INFO] [stdout] 2  + use animaterm::Key;
[INFO] [stdout]    |
[INFO] [stdout] 2  + use std::thread::local_impl::Key;
[INFO] [stdout]    |
[INFO] [stdout] 
[INFO] [stdout] error[E0425]: cannot find value `mgr` in this scope
[INFO] [stdout]   --> src/lib.rs:154:2
[INFO] [stdout]    |
[INFO] [stdout] 18 |  mgr.terminate();
[INFO] [stdout]    |  ^^^ not found in this scope
[INFO] [stdout] 
[INFO] [stdout] error: aborting due to 20 previous errors
[INFO] [stdout] 
[INFO] [stdout] Some errors have detailed explanations: E0425, E0433.
[INFO] [stdout] For more information about an error, try `rustc --explain E0425`.
[INFO] [stdout] Couldn't compile the test.
[INFO] [stdout] ---- src/lib.rs - (line 104) stdout ----
[INFO] [stdout] error[E0425]: cannot find value `start_frame` in this scope
[INFO] [stdout]  --> src/lib.rs:111:6
[INFO] [stdout]   |
[INFO] [stdout] 9 |     (start_frame, Timestamp::new(seconds, miliseconds)),
[INFO] [stdout]   |      ^^^^^^^^^^^ not found in this scope
[INFO] [stdout] 
[INFO] [stdout] error[E0433]: failed to resolve: use of undeclared type `Timestamp`
[INFO] [stdout]  --> src/lib.rs:111:19
[INFO] [stdout]   |
[INFO] [stdout] 9 |     (start_frame, Timestamp::new(seconds, miliseconds)),
[INFO] [stdout]   |                   ^^^^^^^^^ use of undeclared type `Timestamp`
[INFO] [stdout]   |
[INFO] [stdout] help: consider importing this struct
[INFO] [stdout]   |
[INFO] [stdout] 3 + use animaterm::Timestamp;
[INFO] [stdout]   |
[INFO] [stdout] 
[INFO] [stdout] error[E0425]: cannot find value `start_frame` in this scope
[INFO] [stdout]   --> src/lib.rs:112:6
[INFO] [stdout]    |
[INFO] [stdout] 10 |     (start_frame + 1, Timestamp::new(seconds, miliseconds)),
[INFO] [stdout]    |      ^^^^^^^^^^^ not found in this scope
[INFO] [stdout] 
[INFO] [stdout] error[E0433]: failed to resolve: use of undeclared type `Timestamp`
[INFO] [stdout]   --> src/lib.rs:112:23
[INFO] [stdout]    |
[INFO] [stdout] 10 |     (start_frame + 1, Timestamp::new(seconds, miliseconds)),
[INFO] [stdout]    |                       ^^^^^^^^^ use of undeclared type `Timestamp`
[INFO] [stdout]    |
[INFO] [stdout] help: consider importing this struct
[INFO] [stdout]    |
[INFO] [stdout] 3  + use animaterm::Timestamp;
[INFO] [stdout]    |
[INFO] [stdout] 
[INFO] [stdout] error[E0433]: failed to resolve: use of undeclared type `Timestamp`
[INFO] [stdout]   --> src/lib.rs:114:18
[INFO] [stdout]    |
[INFO] [stdout] 12 | let start_time = Timestamp::now();
[INFO] [stdout]    |                  ^^^^^^^^^ use of undeclared type `Timestamp`
[INFO] [stdout]    |
[INFO] [stdout] help: consider importing this struct
[INFO] [stdout]    |
[INFO] [stdout] 3  + use animaterm::Timestamp;
[INFO] [stdout]    |
[INFO] [stdout] 
[INFO] [stdout] error[E0433]: failed to resolve: use of undeclared type `Animation`
[INFO] [stdout]   --> src/lib.rs:115:17
[INFO] [stdout]    |
[INFO] [stdout] 13 | let animation = Animation::new(running, looping, ordering, start_time);
[INFO] [stdout]    |                 ^^^^^^^^^ use of undeclared type `Animation`
[INFO] [stdout]    |
[INFO] [stdout] help: consider importing this struct
[INFO] [stdout]    |
[INFO] [stdout] 3  + use animaterm::Animation;
[INFO] [stdout]    |
[INFO] [stdout] 
[INFO] [stdout] error[E0433]: failed to resolve: use of undeclared type `HashMap`
[INFO] [stdout]   --> src/lib.rs:116:22
[INFO] [stdout]    |
[INFO] [stdout] 14 | let mut animations = HashMap::new();
[INFO] [stdout]    |                      ^^^^^^^ use of undeclared type `HashMap`
[INFO] [stdout]    |
[INFO] [stdout] help: consider importing this struct
[INFO] [stdout]    |
[INFO] [stdout] 3  + use std::collections::HashMap;
[INFO] [stdout]    |
[INFO] [stdout] 
[INFO] [stdout] error[E0433]: failed to resolve: use of undeclared type `Graphic`
[INFO] [stdout]   --> src/lib.rs:120:14
[INFO] [stdout]    |
[INFO] [stdout] 18 | let mut gr = Graphic::new(cols, rows, start_frame, library, Some(animations));
[INFO] [stdout]    |              ^^^^^^^ use of undeclared type `Graphic`
[INFO] [stdout]    |
[INFO] [stdout] help: consider importing this struct
[INFO] [stdout]    |
[INFO] [stdout] 3  + use animaterm::Graphic;
[INFO] [stdout]    |
[INFO] [stdout] 
[INFO] [stdout] error[E0425]: cannot find value `cols` in this scope
[INFO] [stdout]   --> src/lib.rs:120:27
[INFO] [stdout]    |
[INFO] [stdout] 18 | let mut gr = Graphic::new(cols, rows, start_frame, library, Some(animations));
[INFO] [stdout]    |                           ^^^^ not found in this scope
[INFO] [stdout] 
[INFO] [stdout] error[E0425]: cannot find value `rows` in this scope
[INFO] [stdout]   --> src/lib.rs:120:33
[INFO] [stdout]    |
[INFO] [stdout] 18 | let mut gr = Graphic::new(cols, rows, start_frame, library, Some(animations));
[INFO] [stdout]    |                                 ^^^^ not found in this scope
[INFO] [stdout] 
[INFO] [stdout] error[E0425]: cannot find value `start_frame` in this scope
[INFO] [stdout]   --> src/lib.rs:120:39
[INFO] [stdout]    |
[INFO] [stdout] 18 | let mut gr = Graphic::new(cols, rows, start_frame, library, Some(animations));
[INFO] [stdout]    |                                       ^^^^^^^^^^^ help: a local variable with a similar name exists: `start_time`
[INFO] [stdout] 
[INFO] [stdout] error[E0425]: cannot find value `library` in this scope
[INFO] [stdout]   --> src/lib.rs:120:52
[INFO] [stdout]    |
[INFO] [stdout] 18 | let mut gr = Graphic::new(cols, rows, start_frame, library, Some(animations));
[INFO] [stdout]    |                                                    ^^^^^^^ not found in this scope
[INFO] [stdout] 
[INFO] [stdout] error[E0433]: failed to resolve: use of undeclared type `Animation`
[INFO] [stdout]   --> src/lib.rs:123:39
[INFO] [stdout]    |
[INFO] [stdout] 21 | let option_anim_id = gr.add_animation(Animation::new(running, looping, ordering, start_time));
[INFO] [stdout]    |                                       ^^^^^^^^^ use of undeclared type `Animation`
[INFO] [stdout]    |
[INFO] [stdout] help: consider importing this struct
[INFO] [stdout]    |
[INFO] [stdout] 3  + use animaterm::Animation;
[INFO] [stdout]    |
[INFO] [stdout] 
[INFO] [stdout] error[E0425]: cannot find value `mgr` in this scope
[INFO] [stdout]   --> src/lib.rs:126:1
[INFO] [stdout]    |
[INFO] [stdout] 24 | mgr.add_animation(
[INFO] [stdout]    | ^^^ help: a local variable with a similar name exists: `gr`
[INFO] [stdout] 
[INFO] [stdout] error[E0425]: cannot find value `graphic_id` in this scope
[INFO] [stdout]   --> src/lib.rs:127:5
[INFO] [stdout]    |
[INFO] [stdout] 25 |     graphic_id,
[INFO] [stdout]    |     ^^^^^^^^^^ not found in this scope
[INFO] [stdout] 
[INFO] [stdout] error[E0433]: failed to resolve: use of undeclared type `Animation`
[INFO] [stdout]   --> src/lib.rs:128:5
[INFO] [stdout]    |
[INFO] [stdout] 26 |     Animation::new(running, looping, ordering, Timestamp::now()),
[INFO] [stdout]    |     ^^^^^^^^^ use of undeclared type `Animation`
[INFO] [stdout]    |
[INFO] [stdout] help: consider importing this struct
[INFO] [stdout]    |
[INFO] [stdout] 3  + use animaterm::Animation;
[INFO] [stdout]    |
[INFO] [stdout] 
[INFO] [stdout] error[E0433]: failed to resolve: use of undeclared type `Timestamp`
[INFO] [stdout]   --> src/lib.rs:128:48
[INFO] [stdout]    |
[INFO] [stdout] 26 |     Animation::new(running, looping, ordering, Timestamp::now()),
[INFO] [stdout]    |                                                ^^^^^^^^^ use of undeclared type `Timestamp`
[INFO] [stdout]    |
[INFO] [stdout] help: consider importing this struct
[INFO] [stdout]    |
[INFO] [stdout] 3  + use animaterm::Timestamp;
[INFO] [stdout]    |
[INFO] [stdout] 
[INFO] [stdout] error[E0425]: cannot find value `mgr` in this scope
[INFO] [stdout]   --> src/lib.rs:132:47
[INFO] [stdout]    |
[INFO] [stdout] 30 |  if let Ok(AnimOk::AnimationAdded(anim_id)) = mgr.read_result() {
[INFO] [stdout]    |                                               ^^^ help: a local variable with a similar name exists: `gr`
[INFO] [stdout] 
[INFO] [stdout] error[E0433]: failed to resolve: use of undeclared type `AnimOk`
[INFO] [stdout]   --> src/lib.rs:132:12
[INFO] [stdout]    |
[INFO] [stdout] 30 |  if let Ok(AnimOk::AnimationAdded(anim_id)) = mgr.read_result() {
[INFO] [stdout]    |            ^^^^^^ use of undeclared type `AnimOk`
[INFO] [stdout]    |
[INFO] [stdout] help: consider importing this enum
[INFO] [stdout]    |
[INFO] [stdout] 3  + use animaterm::AnimOk;
[INFO] [stdout]    |
[INFO] [stdout] 
[INFO] [stdout] error: aborting due to 19 previous errors
[INFO] [stdout] 
[INFO] [stdout] Some errors have detailed explanations: E0425, E0433.
[INFO] [stdout] For more information about an error, try `rustc --explain E0425`.
[INFO] [stdout] Couldn't compile the test.
[INFO] [stdout] ---- src/lib.rs - (line 29) stdout ----
[INFO] [stdout] error[E0599]: no function or associated item named `from_milis` found for struct `Duration` in the current scope
[INFO] [stdout]   --> src/lib.rs:41:38
[INFO] [stdout]    |
[INFO] [stdout] 15 | let refresh_timeout = Some(Duration::from_milis(10));  
[INFO] [stdout]    |                                      ^^^^^^^^^^
[INFO] [stdout]    |                                      |
[INFO] [stdout]    |                                      function or associated item not found in `Duration`
[INFO] [stdout]    |                                      help: there is an associated function with a similar name: `from_millis`
[INFO] [stdout]    |
[INFO] [stdout] note: if you're trying to build a new `Duration` consider using one of the following associated functions:
[INFO] [stdout]       Duration::new
[INFO] [stdout]       Duration::from_secs
[INFO] [stdout]       Duration::from_millis
[INFO] [stdout]       Duration::from_micros
[INFO] [stdout]       and 5 others
[INFO] [stdout]   --> /rustc/82e1608dfa6e0b5569232559e3d385fea5a93112/library/core/src/time.rs:199:5
[INFO] [stdout] 
[INFO] [stdout] error: aborting due to previous error
[INFO] [stdout] 
[INFO] [stdout] For more information about this error, try `rustc --explain E0599`.
[INFO] [stdout] Couldn't compile the test.
[INFO] [stdout] 
[INFO] [stdout] failures:
[INFO] [stdout]     src/lib.rs - (line 104)
[INFO] [stdout]     src/lib.rs - (line 138)
[INFO] [stdout]     src/lib.rs - (line 157)
[INFO] [stdout]     src/lib.rs - (line 164)
[INFO] [stdout]     src/lib.rs - (line 168)
[INFO] [stdout]     src/lib.rs - (line 176)
[INFO] [stdout]     src/lib.rs - (line 183)
[INFO] [stdout]     src/lib.rs - (line 187)
[INFO] [stdout]     src/lib.rs - (line 191)
[INFO] [stdout]     src/lib.rs - (line 200)
[INFO] [stdout]     src/lib.rs - (line 209)
[INFO] [stdout]     src/lib.rs - (line 225)
[INFO] [stdout]     src/lib.rs - (line 29)
[INFO] [stdout]     src/lib.rs - (line 50)
[INFO] [stdout]     src/lib.rs - (line 83)
[INFO] [stdout] 
[INFO] [stdout] test result: FAILED. 0 passed; 15 failed; 0 ignored; 0 measured; 0 filtered out; finished in 0.06s
[INFO] [stdout] 
[INFO] [stderr] error: doctest failed, to rerun pass `--doc`
[INFO] running `Command { std: "docker" "inspect" "2c305b819973d95cffb5c86ba8f814509eae5c07e0b14b695fc40f912fa05972", kill_on_drop: false }`
[INFO] running `Command { std: "docker" "rm" "-f" "2c305b819973d95cffb5c86ba8f814509eae5c07e0b14b695fc40f912fa05972", kill_on_drop: false }`
[INFO] [stdout] 2c305b819973d95cffb5c86ba8f814509eae5c07e0b14b695fc40f912fa05972
[INFO] testing animaterm-0.1.1 against beta-2023-12-22 for beta-1.76-1
[INFO] extracting crate animaterm 0.1.1 into /workspace/builds/worker-5-tc2/source
[INFO] validating manifest of crates.io crate animaterm 0.1.1 on toolchain beta-2023-12-22
[INFO] running `Command { std: CARGO_HOME="/workspace/cargo-home" RUSTUP_HOME="/workspace/rustup-home" "/workspace/cargo-home/bin/cargo" "+beta-2023-12-22" "metadata" "--manifest-path" "Cargo.toml" "--no-deps", kill_on_drop: false }`
[INFO] started tweaking crates.io crate animaterm 0.1.1
[INFO] finished tweaking crates.io crate animaterm 0.1.1
[INFO] tweaked toml for crates.io crate animaterm 0.1.1 written to /workspace/builds/worker-5-tc2/source/Cargo.toml
[INFO] crate crates.io crate animaterm 0.1.1 already has a lockfile, it will not be regenerated
[INFO] running `Command { std: CARGO_HOME="/workspace/cargo-home" RUSTUP_HOME="/workspace/rustup-home" "/workspace/cargo-home/bin/cargo" "+beta-2023-12-22" "fetch" "--manifest-path" "Cargo.toml", kill_on_drop: false }`
[INFO] running `Command { std: "docker" "create" "-v" "/var/lib/crater-agent-workspace/builds/worker-5-tc2/target:/opt/rustwide/target:rw,Z" "-v" "/var/lib/crater-agent-workspace/builds/worker-5-tc2/source:/opt/rustwide/workdir:ro,Z" "-v" "/var/lib/crater-agent-workspace/cargo-home:/opt/rustwide/cargo-home:ro,Z" "-v" "/var/lib/crater-agent-workspace/rustup-home:/opt/rustwide/rustup-home:ro,Z" "-e" "SOURCE_DIR=/opt/rustwide/workdir" "-e" "CARGO_TARGET_DIR=/opt/rustwide/target" "-e" "CARGO_HOME=/opt/rustwide/cargo-home" "-e" "RUSTUP_HOME=/opt/rustwide/rustup-home" "-w" "/opt/rustwide/workdir" "-m" "1610612736" "--user" "0:0" "--network" "none" "ghcr.io/rust-lang/crates-build-env/linux@sha256:2788e3201cd34a07e3172128adcd8b3090168a8e3bcc40d7c032b9dda1df7d1c" "/opt/rustwide/cargo-home/bin/cargo" "+beta-2023-12-22" "metadata" "--no-deps" "--format-version=1", kill_on_drop: false }`
[INFO] [stdout] 83c2dfb91fd2a686f003013b3b4d49d348522aa862b082c4fcacf9ff8063cfef
[INFO] running `Command { std: "docker" "start" "-a" "83c2dfb91fd2a686f003013b3b4d49d348522aa862b082c4fcacf9ff8063cfef", kill_on_drop: false }`
[INFO] running `Command { std: "docker" "inspect" "83c2dfb91fd2a686f003013b3b4d49d348522aa862b082c4fcacf9ff8063cfef", kill_on_drop: false }`
[INFO] running `Command { std: "docker" "rm" "-f" "83c2dfb91fd2a686f003013b3b4d49d348522aa862b082c4fcacf9ff8063cfef", kill_on_drop: false }`
[INFO] [stdout] 83c2dfb91fd2a686f003013b3b4d49d348522aa862b082c4fcacf9ff8063cfef
[INFO] running `Command { std: "docker" "create" "-v" "/var/lib/crater-agent-workspace/builds/worker-5-tc2/target:/opt/rustwide/target:rw,Z" "-v" "/var/lib/crater-agent-workspace/builds/worker-5-tc2/source:/opt/rustwide/workdir:ro,Z" "-v" "/var/lib/crater-agent-workspace/cargo-home:/opt/rustwide/cargo-home:ro,Z" "-v" "/var/lib/crater-agent-workspace/rustup-home:/opt/rustwide/rustup-home:ro,Z" "-e" "SOURCE_DIR=/opt/rustwide/workdir" "-e" "CARGO_TARGET_DIR=/opt/rustwide/target" "-e" "CARGO_INCREMENTAL=0" "-e" "RUST_BACKTRACE=full" "-e" "RUSTFLAGS=--cap-lints=warn" "-e" "RUSTDOCFLAGS=--cap-lints=warn" "-e" "CARGO_HOME=/opt/rustwide/cargo-home" "-e" "RUSTUP_HOME=/opt/rustwide/rustup-home" "-w" "/opt/rustwide/workdir" "-m" "1610612736" "--user" "0:0" "--network" "none" "ghcr.io/rust-lang/crates-build-env/linux@sha256:2788e3201cd34a07e3172128adcd8b3090168a8e3bcc40d7c032b9dda1df7d1c" "/opt/rustwide/cargo-home/bin/cargo" "+beta-2023-12-22" "build" "--frozen" "--message-format=json", kill_on_drop: false }`
[INFO] [stdout] 4605960a77a4ee23443bb26fe5cd3c92f518f6ce84bad4cfc5a522ce77af7253
[INFO] running `Command { std: "docker" "start" "-a" "4605960a77a4ee23443bb26fe5cd3c92f518f6ce84bad4cfc5a522ce77af7253", kill_on_drop: false }`
[INFO] [stderr]    Compiling libc v0.2.126
[INFO] [stderr]    Compiling termios v0.3.3
[INFO] [stderr]    Compiling animaterm v0.1.1 (/opt/rustwide/workdir)
[INFO] [stderr]     Finished dev [unoptimized + debuginfo] target(s) in 1.95s
[INFO] running `Command { std: "docker" "inspect" "4605960a77a4ee23443bb26fe5cd3c92f518f6ce84bad4cfc5a522ce77af7253", kill_on_drop: false }`
[INFO] running `Command { std: "docker" "rm" "-f" "4605960a77a4ee23443bb26fe5cd3c92f518f6ce84bad4cfc5a522ce77af7253", kill_on_drop: false }`
[INFO] [stdout] 4605960a77a4ee23443bb26fe5cd3c92f518f6ce84bad4cfc5a522ce77af7253
[INFO] running `Command { std: "docker" "create" "-v" "/var/lib/crater-agent-workspace/builds/worker-5-tc2/target:/opt/rustwide/target:rw,Z" "-v" "/var/lib/crater-agent-workspace/builds/worker-5-tc2/source:/opt/rustwide/workdir:ro,Z" "-v" "/var/lib/crater-agent-workspace/cargo-home:/opt/rustwide/cargo-home:ro,Z" "-v" "/var/lib/crater-agent-workspace/rustup-home:/opt/rustwide/rustup-home:ro,Z" "-e" "SOURCE_DIR=/opt/rustwide/workdir" "-e" "CARGO_TARGET_DIR=/opt/rustwide/target" "-e" "CARGO_INCREMENTAL=0" "-e" "RUST_BACKTRACE=full" "-e" "RUSTFLAGS=--cap-lints=warn" "-e" "RUSTDOCFLAGS=--cap-lints=warn" "-e" "CARGO_HOME=/opt/rustwide/cargo-home" "-e" "RUSTUP_HOME=/opt/rustwide/rustup-home" "-w" "/opt/rustwide/workdir" "-m" "1610612736" "--user" "0:0" "--network" "none" "ghcr.io/rust-lang/crates-build-env/linux@sha256:2788e3201cd34a07e3172128adcd8b3090168a8e3bcc40d7c032b9dda1df7d1c" "/opt/rustwide/cargo-home/bin/cargo" "+beta-2023-12-22" "test" "--frozen" "--no-run" "--message-format=json", kill_on_drop: false }`
[INFO] [stdout] 29ab919d9731c2fe24c9d10eae6eb6e17a88aef8d1c804bb849d9c080cf173f4
[INFO] running `Command { std: "docker" "start" "-a" "29ab919d9731c2fe24c9d10eae6eb6e17a88aef8d1c804bb849d9c080cf173f4", kill_on_drop: false }`
[INFO] [stderr]    Compiling animaterm v0.1.1 (/opt/rustwide/workdir)
[INFO] [stderr]     Finished test [unoptimized + debuginfo] target(s) in 0.56s
[INFO] running `Command { std: "docker" "inspect" "29ab919d9731c2fe24c9d10eae6eb6e17a88aef8d1c804bb849d9c080cf173f4", kill_on_drop: false }`
[INFO] running `Command { std: "docker" "rm" "-f" "29ab919d9731c2fe24c9d10eae6eb6e17a88aef8d1c804bb849d9c080cf173f4", kill_on_drop: false }`
[INFO] [stdout] 29ab919d9731c2fe24c9d10eae6eb6e17a88aef8d1c804bb849d9c080cf173f4
[INFO] running `Command { std: "docker" "create" "-v" "/var/lib/crater-agent-workspace/builds/worker-5-tc2/target:/opt/rustwide/target:rw,Z" "-v" "/var/lib/crater-agent-workspace/builds/worker-5-tc2/source:/opt/rustwide/workdir:ro,Z" "-v" "/var/lib/crater-agent-workspace/cargo-home:/opt/rustwide/cargo-home:ro,Z" "-v" "/var/lib/crater-agent-workspace/rustup-home:/opt/rustwide/rustup-home:ro,Z" "-e" "SOURCE_DIR=/opt/rustwide/workdir" "-e" "CARGO_TARGET_DIR=/opt/rustwide/target" "-e" "CARGO_INCREMENTAL=0" "-e" "RUST_BACKTRACE=full" "-e" "RUSTFLAGS=--cap-lints=warn" "-e" "RUSTDOCFLAGS=--cap-lints=warn" "-e" "CARGO_HOME=/opt/rustwide/cargo-home" "-e" "RUSTUP_HOME=/opt/rustwide/rustup-home" "-w" "/opt/rustwide/workdir" "-m" "1610612736" "--user" "0:0" "--network" "none" "ghcr.io/rust-lang/crates-build-env/linux@sha256:2788e3201cd34a07e3172128adcd8b3090168a8e3bcc40d7c032b9dda1df7d1c" "/opt/rustwide/cargo-home/bin/cargo" "+beta-2023-12-22" "test" "--frozen", kill_on_drop: false }`
[INFO] [stdout] 4654c1ed7124c6289eefffc74033f8bdeebb847ba171ffc4bd8bdf3d34a19cdc
[INFO] running `Command { std: "docker" "start" "-a" "4654c1ed7124c6289eefffc74033f8bdeebb847ba171ffc4bd8bdf3d34a19cdc", kill_on_drop: false }`
[INFO] [stderr]     Finished test [unoptimized + debuginfo] target(s) in 0.00s
[INFO] [stderr]      Running unittests src/lib.rs (/opt/rustwide/target/debug/deps/animaterm-79fdb449fc145234)
[INFO] [stdout] 
[INFO] [stdout] running 8 tests
[INFO] [stdout] test tests::add_sec_to_sec ... ok
[INFO] [stdout] test tests::no_neg_time ... ok
[INFO] [stdout] test tests::glyph_cake ... ok
[INFO] [stdout] test tests::glyph_cake2 ... ok
[INFO] [stdout] test tests::overflow_ms_to_sec ... ok
[INFO] [stdout] test tests::sub_sec_from_sec ... ok
[INFO] [stdout] test tests::update_glyph_from_str ... ok
[INFO] [stdout] test tests::update_glyph_twice_from_str ... ok
[INFO] [stdout] 
[INFO] [stdout] test result: ok. 8 passed; 0 failed; 0 ignored; 0 measured; 0 filtered out; finished in 0.00s
[INFO] [stdout] 
[INFO] [stderr]      Running unittests src/bin/studio/main.rs (/opt/rustwide/target/debug/deps/studio-fca28bb1f3928eb6)
[INFO] [stdout] 
[INFO] [stdout] running 0 tests
[INFO] [stdout] 
[INFO] [stdout] test result: ok. 0 passed; 0 failed; 0 ignored; 0 measured; 0 filtered out; finished in 0.00s
[INFO] [stdout] 
[INFO] [stderr]    Doc-tests animaterm
[INFO] [stdout] 
[INFO] [stdout] running 15 tests
[INFO] [stdout] test src/lib.rs - (line 200) ... FAILED
[INFO] [stdout] test src/lib.rs - (line 183) ... FAILED
[INFO] [stdout] test src/lib.rs - (line 164) ... FAILED
[INFO] [stdout] test src/lib.rs - (line 157) ... FAILED
[INFO] [stdout] test src/lib.rs - (line 191) ... FAILED
[INFO] [stdout] test src/lib.rs - (line 176) ... FAILED
[INFO] [stdout] test src/lib.rs - (line 209) ... FAILED
[INFO] [stdout] test src/lib.rs - (line 168) ... FAILED
[INFO] [stdout] test src/lib.rs - (line 187) ... FAILED
[INFO] [stdout] test src/lib.rs - (line 225) ... FAILED
[INFO] [stdout] test src/lib.rs - (line 50) - compile ... FAILED
[INFO] [stdout] test src/lib.rs - (line 83) ... FAILED
[INFO] [stdout] test src/lib.rs - (line 138) ... FAILED
[INFO] [stdout] test src/lib.rs - (line 104) ... FAILED
[INFO] [stdout] test src/lib.rs - (line 29) - compile ... FAILED
[INFO] [stdout] 
[INFO] [stdout] failures:
[INFO] [stdout] 
[INFO] [stdout] ---- src/lib.rs - (line 200) stdout ----
[INFO] [stdout] error: mismatched closing delimiter: `)`
[INFO] [stdout]  --> src/lib.rs:201:74
[INFO] [stdout]   |
[INFO] [stdout] 3 | fn main() { #[allow(non_snake_case)] fn _doctest_main_src_lib_rs_200_0() {
[INFO] [stdout]   |                                                                          ^ unclosed delimiter
[INFO] [stdout] ...
[INFO] [stdout] 8 | mgr.set_glyph(graphic_id, Glyph::transparent(), col, row, graphic_offset));
[INFO] [stdout]   |                                                                          ^ mismatched closing delimiter
[INFO] [stdout] 
[INFO] [stdout] error: unexpected closing delimiter: `}`
[INFO] [stdout]  --> src/lib.rs:207:36
[INFO] [stdout]   |
[INFO] [stdout] 8 | mgr.set_glyph(graphic_id, Glyph::transparent(), col, row, graphic_offset));
[INFO] [stdout]   |                                                                          - missing open `(` for this delimiter
[INFO] [stdout] 9 | } _doctest_main_src_lib_rs_200_0() }
[INFO] [stdout]   |                                    ^ unexpected closing delimiter
[INFO] [stdout] 
[INFO] [stdout] error: aborting due to 2 previous errors
[INFO] [stdout] 
[INFO] [stdout] Couldn't compile the test.
[INFO] [stdout] ---- src/lib.rs - (line 183) stdout ----
[INFO] [stdout] error[E0425]: cannot find value `mgr` in this scope
[INFO] [stdout]  --> src/lib.rs:184:1
[INFO] [stdout]   |
[INFO] [stdout] 3 | mgr.move_graphic(graphic_id, new_layer, (0, 0));
[INFO] [stdout]   | ^^^ not found in this scope
[INFO] [stdout] 
[INFO] [stdout] error[E0425]: cannot find value `graphic_id` in this scope
[INFO] [stdout]  --> src/lib.rs:184:18
[INFO] [stdout]   |
[INFO] [stdout] 3 | mgr.move_graphic(graphic_id, new_layer, (0, 0));
[INFO] [stdout]   |                  ^^^^^^^^^^ not found in this scope
[INFO] [stdout] 
[INFO] [stdout] error[E0425]: cannot find value `new_layer` in this scope
[INFO] [stdout]  --> src/lib.rs:184:30
[INFO] [stdout]   |
[INFO] [stdout] 3 | mgr.move_graphic(graphic_id, new_layer, (0, 0));
[INFO] [stdout]   |                              ^^^^^^^^^ not found in this scope
[INFO] [stdout] 
[INFO] [stdout] error: aborting due to 3 previous errors
[INFO] [stdout] 
[INFO] [stdout] For more information about this error, try `rustc --explain E0425`.
[INFO] [stdout] Couldn't compile the test.
[INFO] [stdout] ---- src/lib.rs - (line 164) stdout ----
[INFO] [stdout] error[E0425]: cannot find value `mgr` in this scope
[INFO] [stdout]  --> src/lib.rs:165:1
[INFO] [stdout]   |
[INFO] [stdout] 3 | mgr.start_animation(graphic_id, anim_id);
[INFO] [stdout]   | ^^^ not found in this scope
[INFO] [stdout] 
[INFO] [stdout] error[E0425]: cannot find value `graphic_id` in this scope
[INFO] [stdout]  --> src/lib.rs:165:21
[INFO] [stdout]   |
[INFO] [stdout] 3 | mgr.start_animation(graphic_id, anim_id);
[INFO] [stdout]   |                     ^^^^^^^^^^ not found in this scope
[INFO] [stdout] 
[INFO] [stdout] error[E0425]: cannot find value `anim_id` in this scope
[INFO] [stdout]  --> src/lib.rs:165:33
[INFO] [stdout]   |
[INFO] [stdout] 3 | mgr.start_animation(graphic_id, anim_id);
[INFO] [stdout]   |                                 ^^^^^^^ not found in this scope
[INFO] [stdout] 
[INFO] [stdout] error: aborting due to 3 previous errors
[INFO] [stdout] 
[INFO] [stdout] For more information about this error, try `rustc --explain E0425`.
[INFO] [stdout] Couldn't compile the test.
[INFO] [stdout] ---- src/lib.rs - (line 157) stdout ----
[INFO] [stdout] error[E0425]: cannot find value `mgr` in this scope
[INFO] [stdout]  --> src/lib.rs:161:1
[INFO] [stdout]   |
[INFO] [stdout] 6 | mgr.set_graphic(graphic_id, frame_id, force)
[INFO] [stdout]   | ^^^ not found in this scope
[INFO] [stdout] 
[INFO] [stdout] error[E0425]: cannot find value `graphic_id` in this scope
[INFO] [stdout]  --> src/lib.rs:161:17
[INFO] [stdout]   |
[INFO] [stdout] 6 | mgr.set_graphic(graphic_id, frame_id, force)
[INFO] [stdout]   |                 ^^^^^^^^^^ not found in this scope
[INFO] [stdout] 
[INFO] [stdout] error[E0425]: cannot find value `frame_id` in this scope
[INFO] [stdout]  --> src/lib.rs:161:29
[INFO] [stdout]   |
[INFO] [stdout] 6 | mgr.set_graphic(graphic_id, frame_id, force)
[INFO] [stdout]   |                             ^^^^^^^^ not found in this scope
[INFO] [stdout] 
[INFO] [stdout] error: aborting due to 3 previous errors
[INFO] [stdout] 
[INFO] [stdout] For more information about this error, try `rustc --explain E0425`.
[INFO] [stdout] Couldn't compile the test.
[INFO] [stdout] ---- src/lib.rs - (line 191) stdout ----
[INFO] [stdout] error[E0425]: cannot find value `a_graphic` in this scope
[INFO] [stdout]  --> src/lib.rs:193:1
[INFO] [stdout]   |
[INFO] [stdout] 4 | a_graphic.set_frame(frame_id);
[INFO] [stdout]   | ^^^^^^^^^ not found in this scope
[INFO] [stdout] 
[INFO] [stdout] error[E0425]: cannot find value `frame_id` in this scope
[INFO] [stdout]  --> src/lib.rs:193:21
[INFO] [stdout]   |
[INFO] [stdout] 4 | a_graphic.set_frame(frame_id);
[INFO] [stdout]   |                     ^^^^^^^^ not found in this scope
[INFO] [stdout] 
[INFO] [stdout] error[E0425]: cannot find value `a_graphic` in this scope
[INFO] [stdout]  --> src/lib.rs:194:1
[INFO] [stdout]   |
[INFO] [stdout] 5 | a_graphic.set_glyph(new_glyph, col, row, graphic_offset);
[INFO] [stdout]   | ^^^^^^^^^ not found in this scope
[INFO] [stdout] 
[INFO] [stdout] error[E0425]: cannot find value `new_glyph` in this scope
[INFO] [stdout]  --> src/lib.rs:194:21
[INFO] [stdout]   |
[INFO] [stdout] 5 | a_graphic.set_glyph(new_glyph, col, row, graphic_offset);
[INFO] [stdout]   |                     ^^^^^^^^^ not found in this scope
[INFO] [stdout] 
[INFO] [stdout] error[E0425]: cannot find value `col` in this scope
[INFO] [stdout]  --> src/lib.rs:194:32
[INFO] [stdout]   |
[INFO] [stdout] 5 | a_graphic.set_glyph(new_glyph, col, row, graphic_offset);
[INFO] [stdout]   |                                ^^^ not found in this scope
[INFO] [stdout] 
[INFO] [stdout] error[E0425]: cannot find value `row` in this scope
[INFO] [stdout]  --> src/lib.rs:194:37
[INFO] [stdout]   |
[INFO] [stdout] 5 | a_graphic.set_glyph(new_glyph, col, row, graphic_offset);
[INFO] [stdout]   |                                     ^^^ not found in this scope
[INFO] [stdout] 
[INFO] [stdout] error[E0425]: cannot find value `graphic_offset` in this scope
[INFO] [stdout]  --> src/lib.rs:194:42
[INFO] [stdout]   |
[INFO] [stdout] 5 | a_graphic.set_glyph(new_glyph, col, row, graphic_offset);
[INFO] [stdout]   |                                          ^^^^^^^^^^^^^^ not found in this scope
[INFO] [stdout] 
[INFO] [stdout] error[E0425]: cannot find value `mgr` in this scope
[INFO] [stdout]  --> src/lib.rs:197:1
[INFO] [stdout]   |
[INFO] [stdout] 8 | mgr.set_glyph(graphic_id, new_glyph, col, row);
[INFO] [stdout]   | ^^^ not found in this scope
[INFO] [stdout] 
[INFO] [stdout] error[E0425]: cannot find value `graphic_id` in this scope
[INFO] [stdout]  --> src/lib.rs:197:15
[INFO] [stdout]   |
[INFO] [stdout] 8 | mgr.set_glyph(graphic_id, new_glyph, col, row);
[INFO] [stdout]   |               ^^^^^^^^^^ not found in this scope
[INFO] [stdout] 
[INFO] [stdout] error[E0425]: cannot find value `new_glyph` in this scope
[INFO] [stdout]  --> src/lib.rs:197:27
[INFO] [stdout]   |
[INFO] [stdout] 8 | mgr.set_glyph(graphic_id, new_glyph, col, row);
[INFO] [stdout]   |                           ^^^^^^^^^ not found in this scope
[INFO] [stdout] 
[INFO] [stdout] error[E0425]: cannot find value `col` in this scope
[INFO] [stdout]  --> src/lib.rs:197:38
[INFO] [stdout]   |
[INFO] [stdout] 8 | mgr.set_glyph(graphic_id, new_glyph, col, row);
[INFO] [stdout]   |                                      ^^^ not found in this scope
[INFO] [stdout] 
[INFO] [stdout] error[E0425]: cannot find value `row` in this scope
[INFO] [stdout]  --> src/lib.rs:197:43
[INFO] [stdout]   |
[INFO] [stdout] 8 | mgr.set_glyph(graphic_id, new_glyph, col, row);
[INFO] [stdout]   |                                           ^^^ not found in this scope
[INFO] [stdout] 
[INFO] [stdout] error: aborting due to 12 previous errors
[INFO] [stdout] 
[INFO] [stdout] For more information about this error, try `rustc --explain E0425`.
[INFO] [stdout] Couldn't compile the test.
[INFO] [stdout] ---- src/lib.rs - (line 176) stdout ----
[INFO] [stdout] error[E0425]: cannot find value `mgr` in this scope
[INFO] [stdout]  --> src/lib.rs:178:25
[INFO] [stdout]   |
[INFO] [stdout] 4 | let second_display_id = mgr.new_display(keep_existing);
[INFO] [stdout]   |                         ^^^ not found in this scope
[INFO] [stdout] 
[INFO] [stdout] error[E0425]: cannot find value `mgr` in this scope
[INFO] [stdout]  --> src/lib.rs:180:1
[INFO] [stdout]   |
[INFO] [stdout] 6 | mgr.restore_display(0, keep_existing);
[INFO] [stdout]   | ^^^ not found in this scope
[INFO] [stdout] 
[INFO] [stdout] error: aborting due to 2 previous errors
[INFO] [stdout] 
[INFO] [stdout] For more information about this error, try `rustc --explain E0425`.
[INFO] [stdout] Couldn't compile the test.
[INFO] [stdout] ---- src/lib.rs - (line 209) stdout ----
[INFO] [stdout] error[E0425]: cannot find value `id` in this scope
[INFO] [stdout]  --> src/lib.rs:213:28
[INFO] [stdout]   |
[INFO] [stdout] 6 | let source_frame_id = Some(id);
[INFO] [stdout]   |                            ^^ not found in this scope
[INFO] [stdout]   |
[INFO] [stdout] help: consider importing this function
[INFO] [stdout]   |
[INFO] [stdout] 5 + use std::process::id;
[INFO] [stdout]   |
[INFO] [stdout] 
[INFO] [stdout] error[E0425]: cannot find value `a_graphic` in this scope
[INFO] [stdout]  --> src/lib.rs:216:23
[INFO] [stdout]   |
[INFO] [stdout] 9 | let frame_id_option = a_graphic.clone_frame(source_frame_id);
[INFO] [stdout]   |                       ^^^^^^^^^ not found in this scope
[INFO] [stdout] 
[INFO] [stdout] error[E0425]: cannot find value `mgr` in this scope
[INFO] [stdout]   --> src/lib.rs:219:1
[INFO] [stdout]    |
[INFO] [stdout] 12 | mgr.clone_frame(graphic_id);
[INFO] [stdout]    | ^^^ not found in this scope
[INFO] [stdout] 
[INFO] [stdout] error[E0425]: cannot find value `graphic_id` in this scope
[INFO] [stdout]   --> src/lib.rs:219:17
[INFO] [stdout]    |
[INFO] [stdout] 12 | mgr.clone_frame(graphic_id);
[INFO] [stdout]    |                 ^^^^^^^^^^ not found in this scope
[INFO] [stdout] 
[INFO] [stdout] error[E0425]: cannot find value `mgr` in this scope
[INFO] [stdout]   --> src/lib.rs:220:55
[INFO] [stdout]    |
[INFO] [stdout] 13 | if let Ok(AnimOk::FrameAdded(graphic_id, frame_id)) = mgr.read_result() {
[INFO] [stdout]    |                                                       ^^^ not found in this scope
[INFO] [stdout] 
[INFO] [stdout] error[E0433]: failed to resolve: use of undeclared type `AnimOk`
[INFO] [stdout]   --> src/lib.rs:220:11
[INFO] [stdout]    |
[INFO] [stdout] 13 | if let Ok(AnimOk::FrameAdded(graphic_id, frame_id)) = mgr.read_result() {
[INFO] [stdout]    |           ^^^^^^ use of undeclared type `AnimOk`
[INFO] [stdout]    |
[INFO] [stdout] help: consider importing this enum
[INFO] [stdout]    |
[INFO] [stdout] 5  + use animaterm::AnimOk;
[INFO] [stdout]    |
[INFO] [stdout] 
[INFO] [stdout] error: aborting due to 6 previous errors
[INFO] [stdout] 
[INFO] [stdout] Some errors have detailed explanations: E0425, E0433.
[INFO] [stdout] For more information about an error, try `rustc --explain E0425`.
[INFO] [stdout] Couldn't compile the test.
[INFO] [stdout] ---- src/lib.rs - (line 168) stdout ----
[INFO] [stdout] error[E0425]: cannot find value `mgr` in this scope
[INFO] [stdout]  --> src/lib.rs:170:1
[INFO] [stdout]   |
[INFO] [stdout] 4 | mgr.pause_animation(graphic_id);
[INFO] [stdout]   | ^^^ not found in this scope
[INFO] [stdout] 
[INFO] [stdout] error[E0425]: cannot find value `graphic_id` in this scope
[INFO] [stdout]  --> src/lib.rs:170:21
[INFO] [stdout]   |
[INFO] [stdout] 4 | mgr.pause_animation(graphic_id);
[INFO] [stdout]   |                     ^^^^^^^^^^ not found in this scope
[INFO] [stdout] 
[INFO] [stdout] error[E0425]: cannot find value `mgr` in this scope
[INFO] [stdout]  --> src/lib.rs:173:1
[INFO] [stdout]   |
[INFO] [stdout] 7 | mgr.pause_animation_on_frame(graphic_id, frame_id);
[INFO] [stdout]   | ^^^ not found in this scope
[INFO] [stdout] 
[INFO] [stdout] error[E0425]: cannot find value `graphic_id` in this scope
[INFO] [stdout]  --> src/lib.rs:173:30
[INFO] [stdout]   |
[INFO] [stdout] 7 | mgr.pause_animation_on_frame(graphic_id, frame_id);
[INFO] [stdout]   |                              ^^^^^^^^^^ not found in this scope
[INFO] [stdout] 
[INFO] [stdout] error[E0425]: cannot find value `frame_id` in this scope
[INFO] [stdout]  --> src/lib.rs:173:42
[INFO] [stdout]   |
[INFO] [stdout] 7 | mgr.pause_animation_on_frame(graphic_id, frame_id);
[INFO] [stdout]   |                                          ^^^^^^^^ not found in this scope
[INFO] [stdout] 
[INFO] [stdout] error: aborting due to 5 previous errors
[INFO] [stdout] 
[INFO] [stdout] For more information about this error, try `rustc --explain E0425`.
[INFO] [stdout] Couldn't compile the test.
[INFO] [stdout] ---- src/lib.rs - (line 187) stdout ----
[INFO] [stdout] error[E0425]: cannot find value `mgr` in this scope
[INFO] [stdout]  --> src/lib.rs:188:1
[INFO] [stdout]   |
[INFO] [stdout] 3 | mgr.move_graphic(graphic_id, layer, (offset_cols, offset_rows));
[INFO] [stdout]   | ^^^ not found in this scope
[INFO] [stdout] 
[INFO] [stdout] error[E0425]: cannot find value `graphic_id` in this scope
[INFO] [stdout]  --> src/lib.rs:188:18
[INFO] [stdout]   |
[INFO] [stdout] 3 | mgr.move_graphic(graphic_id, layer, (offset_cols, offset_rows));
[INFO] [stdout]   |                  ^^^^^^^^^^ not found in this scope
[INFO] [stdout] 
[INFO] [stdout] error[E0425]: cannot find value `layer` in this scope
[INFO] [stdout]  --> src/lib.rs:188:30
[INFO] [stdout]   |
[INFO] [stdout] 3 | mgr.move_graphic(graphic_id, layer, (offset_cols, offset_rows));
[INFO] [stdout]   |                              ^^^^^ not found in this scope
[INFO] [stdout] 
[INFO] [stdout] error[E0425]: cannot find value `offset_cols` in this scope
[INFO] [stdout]  --> src/lib.rs:188:38
[INFO] [stdout]   |
[INFO] [stdout] 3 | mgr.move_graphic(graphic_id, layer, (offset_cols, offset_rows));
[INFO] [stdout]   |                                      ^^^^^^^^^^^ not found in this scope
[INFO] [stdout] 
[INFO] [stdout] error[E0425]: cannot find value `offset_rows` in this scope
[INFO] [stdout]  --> src/lib.rs:188:51
[INFO] [stdout]   |
[INFO] [stdout] 3 | mgr.move_graphic(graphic_id, layer, (offset_cols, offset_rows));
[INFO] [stdout]   |                                                   ^^^^^^^^^^^ not found in this scope
[INFO] [stdout] 
[INFO] [stdout] error: aborting due to 5 previous errors
[INFO] [stdout] 
[INFO] [stdout] For more information about this error, try `rustc --explain E0425`.
[INFO] [stdout] Couldn't compile the test.
[INFO] [stdout] ---- src/lib.rs - (line 225) stdout ----
[INFO] [stdout] error[E0425]: cannot find value `a_graphic` in this scope
[INFO] [stdout]  --> src/lib.rs:229:23
[INFO] [stdout]   |
[INFO] [stdout] 6 | let frame_id_option = a_graphic.empty_frame();
[INFO] [stdout]   |                       ^^^^^^^^^ not found in this scope
[INFO] [stdout] 
[INFO] [stdout] error[E0425]: cannot find value `mgr` in this scope
[INFO] [stdout]  --> src/lib.rs:232:1
[INFO] [stdout]   |
[INFO] [stdout] 9 | mgr.empty_frame(graphic_id);
[INFO] [stdout]   | ^^^ not found in this scope
[INFO] [stdout] 
[INFO] [stdout] error[E0425]: cannot find value `graphic_id` in this scope
[INFO] [stdout]  --> src/lib.rs:232:17
[INFO] [stdout]   |
[INFO] [stdout] 9 | mgr.empty_frame(graphic_id);
[INFO] [stdout]   |                 ^^^^^^^^^^ not found in this scope
[INFO] [stdout] 
[INFO] [stdout] error[E0425]: cannot find value `mgr` in this scope
[INFO] [stdout]   --> src/lib.rs:233:55
[INFO] [stdout]    |
[INFO] [stdout] 10 | if let Ok(AnimOk::FrameAdded(graphic_id, frame_id)) = mgr.read_result() {
[INFO] [stdout]    |                                                       ^^^ not found in this scope
[INFO] [stdout] 
[INFO] [stdout] error[E0433]: failed to resolve: use of undeclared type `AnimOk`
[INFO] [stdout]   --> src/lib.rs:233:11
[INFO] [stdout]    |
[INFO] [stdout] 10 | if let Ok(AnimOk::FrameAdded(graphic_id, frame_id)) = mgr.read_result() {
[INFO] [stdout]    |           ^^^^^^ use of undeclared type `AnimOk`
[INFO] [stdout]    |
[INFO] [stdout] help: consider importing this enum
[INFO] [stdout]    |
[INFO] [stdout] 5  + use animaterm::AnimOk;
[INFO] [stdout]    |
[INFO] [stdout] 
[INFO] [stdout] error: aborting due to 5 previous errors
[INFO] [stdout] 
[INFO] [stdout] Some errors have detailed explanations: E0425, E0433.
[INFO] [stdout] For more information about an error, try `rustc --explain E0425`.
[INFO] [stdout] Couldn't compile the test.
[INFO] [stdout] ---- src/lib.rs - (line 50) stdout ----
[INFO] [stdout] error[E0425]: cannot find value `mgr` in this scope
[INFO] [stdout]  --> src/lib.rs:53:24
[INFO] [stdout]   |
[INFO] [stdout] 5 |     if let Some(key) = mgr.read_key() {
[INFO] [stdout]   |                        ^^^ not found in this scope
[INFO] [stdout] 
[INFO] [stdout] error[E0433]: failed to resolve: use of undeclared type `Key`
[INFO] [stdout]  --> src/lib.rs:55:13
[INFO] [stdout]   |
[INFO] [stdout] 7 |             Key::Q | Key::ShiftQ => {
[INFO] [stdout]   |             ^^^ use of undeclared type `Key`
[INFO] [stdout]   |
[INFO] [stdout] help: consider importing one of these items
[INFO] [stdout]   |
[INFO] [stdout] 2 + use animaterm::Key;
[INFO] [stdout]   |
[INFO] [stdout] 2 + use std::thread::local_impl::Key;
[INFO] [stdout]   |
[INFO] [stdout] 
[INFO] [stdout] error[E0433]: failed to resolve: use of undeclared type `Key`
[INFO] [stdout]  --> src/lib.rs:55:22
[INFO] [stdout]   |
[INFO] [stdout] 7 |             Key::Q | Key::ShiftQ => {
[INFO] [stdout]   |                      ^^^ use of undeclared type `Key`
[INFO] [stdout]   |
[INFO] [stdout] help: consider importing one of these items
[INFO] [stdout]   |
[INFO] [stdout] 2 + use animaterm::Key;
[INFO] [stdout]   |
[INFO] [stdout] 2 + use std::thread::local_impl::Key;
[INFO] [stdout]   |
[INFO] [stdout] 
[INFO] [stdout] error[E0425]: cannot find value `mgr` in this scope
[INFO] [stdout]   --> src/lib.rs:62:1
[INFO] [stdout]    |
[INFO] [stdout] 14 | mgr.terminate();
[INFO] [stdout]    | ^^^ not found in this scope
[INFO] [stdout] 
[INFO] [stdout] error: aborting due to 4 previous errors
[INFO] [stdout] 
[INFO] [stdout] Some errors have detailed explanations: E0425, E0433.
[INFO] [stdout] For more information about an error, try `rustc --explain E0425`.
[INFO] [stdout] Couldn't compile the test.
[INFO] [stdout] ---- src/lib.rs - (line 83) stdout ----
[INFO] [stdout] error[E0433]: failed to resolve: use of undeclared type `HashMap`
[INFO] [stdout]  --> src/lib.rs:87:19
[INFO] [stdout]   |
[INFO] [stdout] 6 | let mut library = HashMap::with_capacity(2);
[INFO] [stdout]   |                   ^^^^^^^ use of undeclared type `HashMap`
[INFO] [stdout]   |
[INFO] [stdout] help: consider importing this struct
[INFO] [stdout]   |
[INFO] [stdout] 2 + use std::collections::HashMap;
[INFO] [stdout]   |
[INFO] [stdout] 
[INFO] [stdout] error[E0433]: failed to resolve: use of undeclared type `Glyph`
[INFO] [stdout]   --> src/lib.rs:91:10
[INFO] [stdout]    |
[INFO] [stdout] 10 |     vec![Glyph::default(); rows * cols]);
[INFO] [stdout]    |          ^^^^^ use of undeclared type `Glyph`
[INFO] [stdout]    |
[INFO] [stdout] help: consider importing this struct
[INFO] [stdout]    |
[INFO] [stdout] 2  + use animaterm::Glyph;
[INFO] [stdout]    |
[INFO] [stdout] 
[INFO] [stdout] error[E0433]: failed to resolve: use of undeclared type `Glyph`
[INFO] [stdout]   --> src/lib.rs:94:10
[INFO] [stdout]    |
[INFO] [stdout] 13 |     vec![Glyph::plain(); rows * cols]);
[INFO] [stdout]    |          ^^^^^ use of undeclared type `Glyph`
[INFO] [stdout]    |
[INFO] [stdout] help: consider importing this struct
[INFO] [stdout]    |
[INFO] [stdout] 2  + use animaterm::Glyph;
[INFO] [stdout]    |
[INFO] [stdout] 
[INFO] [stdout] error[E0433]: failed to resolve: use of undeclared type `Graphic`
[INFO] [stdout]   --> src/lib.rs:96:15
[INFO] [stdout]    |
[INFO] [stdout] 15 |  let mut gr = Graphic::new(cols, rows, start_frame, library, animations);
[INFO] [stdout]    |               ^^^^^^^ use of undeclared type `Graphic`
[INFO] [stdout]    |
[INFO] [stdout] help: consider importing this struct
[INFO] [stdout]    |
[INFO] [stdout] 2  + use animaterm::Graphic;
[INFO] [stdout]    |
[INFO] [stdout] 
[INFO] [stdout] error[E0425]: cannot find value `mgr` in this scope
[INFO] [stdout]   --> src/lib.rs:100:18
[INFO] [stdout]    |
[INFO] [stdout] 19 | let graphic_id = mgr.add_graphic(gr, layer, offset).unwrap();
[INFO] [stdout]    |                  ^^^ help: a local variable with a similar name exists: `gr`
[INFO] [stdout] 
[INFO] [stdout] error[E0425]: cannot find value `mgr` in this scope
[INFO] [stdout]   --> src/lib.rs:101:1
[INFO] [stdout]    |
[INFO] [stdout] 20 | mgr.set_graphic(graphic_id, start_frame);
[INFO] [stdout]    | ^^^ help: a local variable with a similar name exists: `gr`
[INFO] [stdout] 
[INFO] [stdout] error: aborting due to 6 previous errors
[INFO] [stdout] 
[INFO] [stdout] Some errors have detailed explanations: E0425, E0433.
[INFO] [stdout] For more information about an error, try `rustc --explain E0425`.
[INFO] [stdout] Couldn't compile the test.
[INFO] [stdout] ---- src/lib.rs - (line 138) stdout ----
[INFO] [stdout] error[E0425]: cannot find value `mgr` in this scope
[INFO] [stdout]  --> src/lib.rs:141:24
[INFO] [stdout]   |
[INFO] [stdout] 5 |     if let Some(key) = mgr.read_key() {
[INFO] [stdout]   |                        ^^^ not found in this scope
[INFO] [stdout] 
[INFO] [stdout] error[E0433]: failed to resolve: use of undeclared type `Key`
[INFO] [stdout]  --> src/lib.rs:143:13
[INFO] [stdout]   |
[INFO] [stdout] 7 |             Key::Left => mgr.move_graphic(graphic_id, layer, (-1, 0)),
[INFO] [stdout]   |             ^^^ use of undeclared type `Key`
[INFO] [stdout]   |
[INFO] [stdout] help: consider importing one of these items
[INFO] [stdout]   |
[INFO] [stdout] 2 + use animaterm::Key;
[INFO] [stdout]   |
[INFO] [stdout] 2 + use std::thread::local_impl::Key;
[INFO] [stdout]   |
[INFO] [stdout] 
[INFO] [stdout] error[E0425]: cannot find value `mgr` in this scope
[INFO] [stdout]  --> src/lib.rs:143:26
[INFO] [stdout]   |
[INFO] [stdout] 7 |             Key::Left => mgr.move_graphic(graphic_id, layer, (-1, 0)),
[INFO] [stdout]   |                          ^^^ not found in this scope
[INFO] [stdout] 
[INFO] [stdout] error[E0425]: cannot find value `graphic_id` in this scope
[INFO] [stdout]  --> src/lib.rs:143:43
[INFO] [stdout]   |
[INFO] [stdout] 7 |             Key::Left => mgr.move_graphic(graphic_id, layer, (-1, 0)),
[INFO] [stdout]   |                                           ^^^^^^^^^^ not found in this scope
[INFO] [stdout] 
[INFO] [stdout] error[E0425]: cannot find value `layer` in this scope
[INFO] [stdout]  --> src/lib.rs:143:55
[INFO] [stdout]   |
[INFO] [stdout] 7 |             Key::Left => mgr.move_graphic(graphic_id, layer, (-1, 0)),
[INFO] [stdout]   |                                                       ^^^^^ not found in this scope
[INFO] [stdout] 
[INFO] [stdout] error[E0433]: failed to resolve: use of undeclared type `Key`
[INFO] [stdout]  --> src/lib.rs:144:13
[INFO] [stdout]   |
[INFO] [stdout] 8 |             Key::Right => mgr.move_graphic(graphic_id, layer, (1, 0)),
[INFO] [stdout]   |             ^^^ use of undeclared type `Key`
[INFO] [stdout]   |
[INFO] [stdout] help: consider importing one of these items
[INFO] [stdout]   |
[INFO] [stdout] 2 + use animaterm::Key;
[INFO] [stdout]   |
[INFO] [stdout] 2 + use std::thread::local_impl::Key;
[INFO] [stdout]   |
[INFO] [stdout] 
[INFO] [stdout] error[E0425]: cannot find value `mgr` in this scope
[INFO] [stdout]  --> src/lib.rs:144:27
[INFO] [stdout]   |
[INFO] [stdout] 8 |             Key::Right => mgr.move_graphic(graphic_id, layer, (1, 0)),
[INFO] [stdout]   |                           ^^^ not found in this scope
[INFO] [stdout] 
[INFO] [stdout] error[E0425]: cannot find value `graphic_id` in this scope
[INFO] [stdout]  --> src/lib.rs:144:44
[INFO] [stdout]   |
[INFO] [stdout] 8 |             Key::Right => mgr.move_graphic(graphic_id, layer, (1, 0)),
[INFO] [stdout]   |                                            ^^^^^^^^^^ not found in this scope
[INFO] [stdout] 
[INFO] [stdout] error[E0425]: cannot find value `layer` in this scope
[INFO] [stdout]  --> src/lib.rs:144:56
[INFO] [stdout]   |
[INFO] [stdout] 8 |             Key::Right => mgr.move_graphic(graphic_id, layer, (1, 0)),
[INFO] [stdout]   |                                                        ^^^^^ not found in this scope
[INFO] [stdout] 
[INFO] [stdout] error[E0433]: failed to resolve: use of undeclared type `Key`
[INFO] [stdout]  --> src/lib.rs:145:13
[INFO] [stdout]   |
[INFO] [stdout] 9 |             Key::Up => mgr.move_graphic(graphic_id, layer, (0, -1)),
[INFO] [stdout]   |             ^^^ use of undeclared type `Key`
[INFO] [stdout]   |
[INFO] [stdout] help: consider importing one of these items
[INFO] [stdout]   |
[INFO] [stdout] 2 + use animaterm::Key;
[INFO] [stdout]   |
[INFO] [stdout] 2 + use std::thread::local_impl::Key;
[INFO] [stdout]   |
[INFO] [stdout] 
[INFO] [stdout] error[E0425]: cannot find value `mgr` in this scope
[INFO] [stdout]  --> src/lib.rs:145:24
[INFO] [stdout]   |
[INFO] [stdout] 9 |             Key::Up => mgr.move_graphic(graphic_id, layer, (0, -1)),
[INFO] [stdout]   |                        ^^^ not found in this scope
[INFO] [stdout] 
[INFO] [stdout] error[E0425]: cannot find value `graphic_id` in this scope
[INFO] [stdout]  --> src/lib.rs:145:41
[INFO] [stdout]   |
[INFO] [stdout] 9 |             Key::Up => mgr.move_graphic(graphic_id, layer, (0, -1)),
[INFO] [stdout]   |                                         ^^^^^^^^^^ not found in this scope
[INFO] [stdout] 
[INFO] [stdout] error[E0425]: cannot find value `layer` in this scope
[INFO] [stdout]  --> src/lib.rs:145:53
[INFO] [stdout]   |
[INFO] [stdout] 9 |             Key::Up => mgr.move_graphic(graphic_id, layer, (0, -1)),
[INFO] [stdout]   |                                                     ^^^^^ not found in this scope
[INFO] [stdout] 
[INFO] [stdout] error[E0433]: failed to resolve: use of undeclared type `Key`
[INFO] [stdout]   --> src/lib.rs:146:13
[INFO] [stdout]    |
[INFO] [stdout] 10 |             Key::Down => mgr.move_graphic(graphic_id, layer, (0, 1)),
[INFO] [stdout]    |             ^^^ use of undeclared type `Key`
[INFO] [stdout]    |
[INFO] [stdout] help: consider importing one of these items
[INFO] [stdout]    |
[INFO] [stdout] 2  + use animaterm::Key;
[INFO] [stdout]    |
[INFO] [stdout] 2  + use std::thread::local_impl::Key;
[INFO] [stdout]    |
[INFO] [stdout] 
[INFO] [stdout] error[E0425]: cannot find value `mgr` in this scope
[INFO] [stdout]   --> src/lib.rs:146:26
[INFO] [stdout]    |
[INFO] [stdout] 10 |             Key::Down => mgr.move_graphic(graphic_id, layer, (0, 1)),
[INFO] [stdout]    |                          ^^^ not found in this scope
[INFO] [stdout] 
[INFO] [stdout] error[E0425]: cannot find value `graphic_id` in this scope
[INFO] [stdout]   --> src/lib.rs:146:43
[INFO] [stdout]    |
[INFO] [stdout] 10 |             Key::Down => mgr.move_graphic(graphic_id, layer, (0, 1)),
[INFO] [stdout]    |                                           ^^^^^^^^^^ not found in this scope
[INFO] [stdout] 
[INFO] [stdout] error[E0425]: cannot find value `layer` in this scope
[INFO] [stdout]   --> src/lib.rs:146:55
[INFO] [stdout]    |
[INFO] [stdout] 10 |             Key::Down => mgr.move_graphic(graphic_id, layer, (0, 1)),
[INFO] [stdout]    |                                                       ^^^^^ not found in this scope
[INFO] [stdout] 
[INFO] [stdout] error[E0433]: failed to resolve: use of undeclared type `Key`
[INFO] [stdout]   --> src/lib.rs:147:13
[INFO] [stdout]    |
[INFO] [stdout] 11 |             Key::Q | Key::ShiftQ => {
[INFO] [stdout]    |             ^^^ use of undeclared type `Key`
[INFO] [stdout]    |
[INFO] [stdout] help: consider importing one of these items
[INFO] [stdout]    |
[INFO] [stdout] 2  + use animaterm::Key;
[INFO] [stdout]    |
[INFO] [stdout] 2  + use std::thread::local_impl::Key;
[INFO] [stdout]    |
[INFO] [stdout] 
[INFO] [stdout] error[E0433]: failed to resolve: use of undeclared type `Key`
[INFO] [stdout]   --> src/lib.rs:147:22
[INFO] [stdout]    |
[INFO] [stdout] 11 |             Key::Q | Key::ShiftQ => {
[INFO] [stdout]    |                      ^^^ use of undeclared type `Key`
[INFO] [stdout]    |
[INFO] [stdout] help: consider importing one of these items
[INFO] [stdout]    |
[INFO] [stdout] 2  + use animaterm::Key;
[INFO] [stdout]    |
[INFO] [stdout] 2  + use std::thread::local_impl::Key;
[INFO] [stdout]    |
[INFO] [stdout] 
[INFO] [stdout] error[E0425]: cannot find value `mgr` in this scope
[INFO] [stdout]   --> src/lib.rs:154:2
[INFO] [stdout]    |
[INFO] [stdout] 18 |  mgr.terminate();
[INFO] [stdout]    |  ^^^ not found in this scope
[INFO] [stdout] 
[INFO] [stdout] error: aborting due to 20 previous errors
[INFO] [stdout] 
[INFO] [stdout] Some errors have detailed explanations: E0425, E0433.
[INFO] [stdout] For more information about an error, try `rustc --explain E0425`.
[INFO] [stdout] Couldn't compile the test.
[INFO] [stdout] ---- src/lib.rs - (line 104) stdout ----
[INFO] [stdout] error[E0425]: cannot find value `start_frame` in this scope
[INFO] [stdout]  --> src/lib.rs:111:6
[INFO] [stdout]   |
[INFO] [stdout] 9 |     (start_frame, Timestamp::new(seconds, miliseconds)),
[INFO] [stdout]   |      ^^^^^^^^^^^ not found in this scope
[INFO] [stdout] 
[INFO] [stdout] error[E0433]: failed to resolve: use of undeclared type `Timestamp`
[INFO] [stdout]  --> src/lib.rs:111:19
[INFO] [stdout]   |
[INFO] [stdout] 9 |     (start_frame, Timestamp::new(seconds, miliseconds)),
[INFO] [stdout]   |                   ^^^^^^^^^ use of undeclared type `Timestamp`
[INFO] [stdout]   |
[INFO] [stdout] help: consider importing this struct
[INFO] [stdout]   |
[INFO] [stdout] 3 + use animaterm::Timestamp;
[INFO] [stdout]   |
[INFO] [stdout] 
[INFO] [stdout] error[E0425]: cannot find value `start_frame` in this scope
[INFO] [stdout]   --> src/lib.rs:112:6
[INFO] [stdout]    |
[INFO] [stdout] 10 |     (start_frame + 1, Timestamp::new(seconds, miliseconds)),
[INFO] [stdout]    |      ^^^^^^^^^^^ not found in this scope
[INFO] [stdout] 
[INFO] [stdout] error[E0433]: failed to resolve: use of undeclared type `Timestamp`
[INFO] [stdout]   --> src/lib.rs:112:23
[INFO] [stdout]    |
[INFO] [stdout] 10 |     (start_frame + 1, Timestamp::new(seconds, miliseconds)),
[INFO] [stdout]    |                       ^^^^^^^^^ use of undeclared type `Timestamp`
[INFO] [stdout]    |
[INFO] [stdout] help: consider importing this struct
[INFO] [stdout]    |
[INFO] [stdout] 3  + use animaterm::Timestamp;
[INFO] [stdout]    |
[INFO] [stdout] 
[INFO] [stdout] error[E0433]: failed to resolve: use of undeclared type `Timestamp`
[INFO] [stdout]   --> src/lib.rs:114:18
[INFO] [stdout]    |
[INFO] [stdout] 12 | let start_time = Timestamp::now();
[INFO] [stdout]    |                  ^^^^^^^^^ use of undeclared type `Timestamp`
[INFO] [stdout]    |
[INFO] [stdout] help: consider importing this struct
[INFO] [stdout]    |
[INFO] [stdout] 3  + use animaterm::Timestamp;
[INFO] [stdout]    |
[INFO] [stdout] 
[INFO] [stdout] error[E0433]: failed to resolve: use of undeclared type `Animation`
[INFO] [stdout]   --> src/lib.rs:115:17
[INFO] [stdout]    |
[INFO] [stdout] 13 | let animation = Animation::new(running, looping, ordering, start_time);
[INFO] [stdout]    |                 ^^^^^^^^^ use of undeclared type `Animation`
[INFO] [stdout]    |
[INFO] [stdout] help: consider importing this struct
[INFO] [stdout]    |
[INFO] [stdout] 3  + use animaterm::Animation;
[INFO] [stdout]    |
[INFO] [stdout] 
[INFO] [stdout] error[E0433]: failed to resolve: use of undeclared type `HashMap`
[INFO] [stdout]   --> src/lib.rs:116:22
[INFO] [stdout]    |
[INFO] [stdout] 14 | let mut animations = HashMap::new();
[INFO] [stdout]    |                      ^^^^^^^ use of undeclared type `HashMap`
[INFO] [stdout]    |
[INFO] [stdout] help: consider importing this struct
[INFO] [stdout]    |
[INFO] [stdout] 3  + use std::collections::HashMap;
[INFO] [stdout]    |
[INFO] [stdout] 
[INFO] [stdout] error[E0433]: failed to resolve: use of undeclared type `Graphic`
[INFO] [stdout]   --> src/lib.rs:120:14
[INFO] [stdout]    |
[INFO] [stdout] 18 | let mut gr = Graphic::new(cols, rows, start_frame, library, Some(animations));
[INFO] [stdout]    |              ^^^^^^^ use of undeclared type `Graphic`
[INFO] [stdout]    |
[INFO] [stdout] help: consider importing this struct
[INFO] [stdout]    |
[INFO] [stdout] 3  + use animaterm::Graphic;
[INFO] [stdout]    |
[INFO] [stdout] 
[INFO] [stdout] error[E0425]: cannot find value `cols` in this scope
[INFO] [stdout]   --> src/lib.rs:120:27
[INFO] [stdout]    |
[INFO] [stdout] 18 | let mut gr = Graphic::new(cols, rows, start_frame, library, Some(animations));
[INFO] [stdout]    |                           ^^^^ not found in this scope
[INFO] [stdout] 
[INFO] [stdout] error[E0425]: cannot find value `rows` in this scope
[INFO] [stdout]   --> src/lib.rs:120:33
[INFO] [stdout]    |
[INFO] [stdout] 18 | let mut gr = Graphic::new(cols, rows, start_frame, library, Some(animations));
[INFO] [stdout]    |                                 ^^^^ not found in this scope
[INFO] [stdout] 
[INFO] [stdout] error[E0425]: cannot find value `start_frame` in this scope
[INFO] [stdout]   --> src/lib.rs:120:39
[INFO] [stdout]    |
[INFO] [stdout] 18 | let mut gr = Graphic::new(cols, rows, start_frame, library, Some(animations));
[INFO] [stdout]    |                                       ^^^^^^^^^^^ help: a local variable with a similar name exists: `start_time`
[INFO] [stdout] 
[INFO] [stdout] error[E0425]: cannot find value `library` in this scope
[INFO] [stdout]   --> src/lib.rs:120:52
[INFO] [stdout]    |
[INFO] [stdout] 18 | let mut gr = Graphic::new(cols, rows, start_frame, library, Some(animations));
[INFO] [stdout]    |                                                    ^^^^^^^ not found in this scope
[INFO] [stdout] 
[INFO] [stdout] error[E0433]: failed to resolve: use of undeclared type `Animation`
[INFO] [stdout]   --> src/lib.rs:123:39
[INFO] [stdout]    |
[INFO] [stdout] 21 | let option_anim_id = gr.add_animation(Animation::new(running, looping, ordering, start_time));
[INFO] [stdout]    |                                       ^^^^^^^^^ use of undeclared type `Animation`
[INFO] [stdout]    |
[INFO] [stdout] help: consider importing this struct
[INFO] [stdout]    |
[INFO] [stdout] 3  + use animaterm::Animation;
[INFO] [stdout]    |
[INFO] [stdout] 
[INFO] [stdout] error[E0425]: cannot find value `mgr` in this scope
[INFO] [stdout]   --> src/lib.rs:126:1
[INFO] [stdout]    |
[INFO] [stdout] 24 | mgr.add_animation(
[INFO] [stdout]    | ^^^ help: a local variable with a similar name exists: `gr`
[INFO] [stdout] 
[INFO] [stdout] error[E0425]: cannot find value `graphic_id` in this scope
[INFO] [stdout]   --> src/lib.rs:127:5
[INFO] [stdout]    |
[INFO] [stdout] 25 |     graphic_id,
[INFO] [stdout]    |     ^^^^^^^^^^ not found in this scope
[INFO] [stdout] 
[INFO] [stdout] error[E0433]: failed to resolve: use of undeclared type `Animation`
[INFO] [stdout]   --> src/lib.rs:128:5
[INFO] [stdout]    |
[INFO] [stdout] 26 |     Animation::new(running, looping, ordering, Timestamp::now()),
[INFO] [stdout]    |     ^^^^^^^^^ use of undeclared type `Animation`
[INFO] [stdout]    |
[INFO] [stdout] help: consider importing this struct
[INFO] [stdout]    |
[INFO] [stdout] 3  + use animaterm::Animation;
[INFO] [stdout]    |
[INFO] [stdout] 
[INFO] [stdout] error[E0433]: failed to resolve: use of undeclared type `Timestamp`
[INFO] [stdout]   --> src/lib.rs:128:48
[INFO] [stdout]    |
[INFO] [stdout] 26 |     Animation::new(running, looping, ordering, Timestamp::now()),
[INFO] [stdout]    |                                                ^^^^^^^^^ use of undeclared type `Timestamp`
[INFO] [stdout]    |
[INFO] [stdout] help: consider importing this struct
[INFO] [stdout]    |
[INFO] [stdout] 3  + use animaterm::Timestamp;
[INFO] [stdout]    |
[INFO] [stdout] 
[INFO] [stdout] error[E0425]: cannot find value `mgr` in this scope
[INFO] [stdout]   --> src/lib.rs:132:47
[INFO] [stdout]    |
[INFO] [stdout] 30 |  if let Ok(AnimOk::AnimationAdded(anim_id)) = mgr.read_result() {
[INFO] [stdout]    |                                               ^^^ help: a local variable with a similar name exists: `gr`
[INFO] [stdout] 
[INFO] [stdout] error[E0433]: failed to resolve: use of undeclared type `AnimOk`
[INFO] [stdout]   --> src/lib.rs:132:12
[INFO] [stdout]    |
[INFO] [stdout] 30 |  if let Ok(AnimOk::AnimationAdded(anim_id)) = mgr.read_result() {
[INFO] [stdout]    |            ^^^^^^ use of undeclared type `AnimOk`
[INFO] [stdout]    |
[INFO] [stdout] help: consider importing this enum
[INFO] [stdout]    |
[INFO] [stdout] 3  + use animaterm::AnimOk;
[INFO] [stdout]    |
[INFO] [stdout] 
[INFO] [stdout] error: aborting due to 19 previous errors
[INFO] [stdout] 
[INFO] [stdout] Some errors have detailed explanations: E0425, E0433.
[INFO] [stdout] For more information about an error, try `rustc --explain E0425`.
[INFO] [stdout] Couldn't compile the test.
[INFO] [stdout] ---- src/lib.rs - (line 29) stdout ----
[INFO] [stdout] error[E0599]: no function or associated item named `from_milis` found for struct `Duration` in the current scope
[INFO] [stdout]   --> src/lib.rs:41:38
[INFO] [stdout]    |
[INFO] [stdout] 15 | let refresh_timeout = Some(Duration::from_milis(10));  
[INFO] [stdout]    |                                      ^^^^^^^^^^
[INFO] [stdout]    |                                      |
[INFO] [stdout]    |                                      function or associated item not found in `Duration`
[INFO] [stdout]    |                                      help: there is an associated function with a similar name: `from_millis`
[INFO] [stdout]    |
[INFO] [stdout] note: if you're trying to build a new `Duration` consider using one of the following associated functions:
[INFO] [stdout]       Duration::new
[INFO] [stdout]       Duration::from_secs
[INFO] [stdout]       Duration::from_millis
[INFO] [stdout]       Duration::from_micros
[INFO] [stdout]       and 5 others
[INFO] [stdout]   --> /rustc/0e09125c6c3c2fd70d7de961bcf0e51575235fad/library/core/src/time.rs:199:5
[INFO] [stdout] 
[INFO] [stdout] error: aborting due to 1 previous error
[INFO] [stdout] 
[INFO] [stdout] For more information about this error, try `rustc --explain E0599`.
[INFO] [stdout] Couldn't compile the test.
[INFO] [stdout] 
[INFO] [stdout] failures:
[INFO] [stdout]     src/lib.rs - (line 104)
[INFO] [stdout]     src/lib.rs - (line 138)
[INFO] [stdout]     src/lib.rs - (line 157)
[INFO] [stdout]     src/lib.rs - (line 164)
[INFO] [stdout]     src/lib.rs - (line 168)
[INFO] [stdout]     src/lib.rs - (line 176)
[INFO] [stdout]     src/lib.rs - (line 183)
[INFO] [stdout]     src/lib.rs - (line 187)
[INFO] [stdout]     src/lib.rs - (line 191)
[INFO] [stdout]     src/lib.rs - (line 200)
[INFO] [stdout]     src/lib.rs - (line 209)
[INFO] [stdout]     src/lib.rs - (line 225)
[INFO] [stdout]     src/lib.rs - (line 29)
[INFO] [stdout]     src/lib.rs - (line 50)
[INFO] [stdout]     src/lib.rs - (line 83)
[INFO] [stdout] 
[INFO] [stdout] test result: FAILED. 0 passed; 15 failed; 0 ignored; 0 measured; 0 filtered out; finished in 0.06s
[INFO] [stdout] 
[INFO] [stderr] error: doctest failed, to rerun pass `--doc`
[INFO] running `Command { std: "docker" "inspect" "4654c1ed7124c6289eefffc74033f8bdeebb847ba171ffc4bd8bdf3d34a19cdc", kill_on_drop: false }`
[INFO] running `Command { std: "docker" "rm" "-f" "4654c1ed7124c6289eefffc74033f8bdeebb847ba171ffc4bd8bdf3d34a19cdc", kill_on_drop: false }`
[INFO] [stdout] 4654c1ed7124c6289eefffc74033f8bdeebb847ba171ffc4bd8bdf3d34a19cdc
