[INFO] fetching crate android-intent 0.2.1...
[INFO] testing android-intent-0.2.1 against 1.75.0 for beta-1.76-1
[INFO] extracting crate android-intent 0.2.1 into /workspace/builds/worker-0-tc1/source
[INFO] validating manifest of crates.io crate android-intent 0.2.1 on toolchain 1.75.0
[INFO] running `Command { std: CARGO_HOME="/workspace/cargo-home" RUSTUP_HOME="/workspace/rustup-home" "/workspace/cargo-home/bin/cargo" "+1.75.0" "metadata" "--manifest-path" "Cargo.toml" "--no-deps", kill_on_drop: false }`
[INFO] started tweaking crates.io crate android-intent 0.2.1
[INFO] finished tweaking crates.io crate android-intent 0.2.1
[INFO] tweaked toml for crates.io crate android-intent 0.2.1 written to /workspace/builds/worker-0-tc1/source/Cargo.toml
[INFO] running `Command { std: CARGO_HOME="/workspace/cargo-home" RUSTUP_HOME="/workspace/rustup-home" "/workspace/cargo-home/bin/cargo" "+1.75.0" "generate-lockfile" "--manifest-path" "Cargo.toml", kill_on_drop: false }`
[INFO] [stderr]     Updating crates.io index
[INFO] running `Command { std: CARGO_HOME="/workspace/cargo-home" RUSTUP_HOME="/workspace/rustup-home" "/workspace/cargo-home/bin/cargo" "+1.75.0" "fetch" "--manifest-path" "Cargo.toml", kill_on_drop: false }`
[INFO] running `Command { std: "docker" "create" "-v" "/var/lib/crater-agent-workspace/builds/worker-0-tc1/target:/opt/rustwide/target:rw,Z" "-v" "/var/lib/crater-agent-workspace/builds/worker-0-tc1/source:/opt/rustwide/workdir:ro,Z" "-v" "/var/lib/crater-agent-workspace/cargo-home:/opt/rustwide/cargo-home:ro,Z" "-v" "/var/lib/crater-agent-workspace/rustup-home:/opt/rustwide/rustup-home:ro,Z" "-e" "SOURCE_DIR=/opt/rustwide/workdir" "-e" "CARGO_TARGET_DIR=/opt/rustwide/target" "-e" "CARGO_HOME=/opt/rustwide/cargo-home" "-e" "RUSTUP_HOME=/opt/rustwide/rustup-home" "-w" "/opt/rustwide/workdir" "-m" "1610612736" "--user" "0:0" "--network" "none" "ghcr.io/rust-lang/crates-build-env/linux@sha256:2788e3201cd34a07e3172128adcd8b3090168a8e3bcc40d7c032b9dda1df7d1c" "/opt/rustwide/cargo-home/bin/cargo" "+1.75.0" "metadata" "--no-deps" "--format-version=1", kill_on_drop: false }`
[INFO] [stdout] 06e11ba2d93fec67eb01ead9dddc7f64b9878c4be49ad2cfde936a985ee9a89b
[INFO] running `Command { std: "docker" "start" "-a" "06e11ba2d93fec67eb01ead9dddc7f64b9878c4be49ad2cfde936a985ee9a89b", kill_on_drop: false }`
[INFO] running `Command { std: "docker" "inspect" "06e11ba2d93fec67eb01ead9dddc7f64b9878c4be49ad2cfde936a985ee9a89b", kill_on_drop: false }`
[INFO] running `Command { std: "docker" "rm" "-f" "06e11ba2d93fec67eb01ead9dddc7f64b9878c4be49ad2cfde936a985ee9a89b", kill_on_drop: false }`
[INFO] [stdout] 06e11ba2d93fec67eb01ead9dddc7f64b9878c4be49ad2cfde936a985ee9a89b
[INFO] running `Command { std: "docker" "create" "-v" "/var/lib/crater-agent-workspace/builds/worker-0-tc1/target:/opt/rustwide/target:rw,Z" "-v" "/var/lib/crater-agent-workspace/builds/worker-0-tc1/source:/opt/rustwide/workdir:ro,Z" "-v" "/var/lib/crater-agent-workspace/cargo-home:/opt/rustwide/cargo-home:ro,Z" "-v" "/var/lib/crater-agent-workspace/rustup-home:/opt/rustwide/rustup-home:ro,Z" "-e" "SOURCE_DIR=/opt/rustwide/workdir" "-e" "CARGO_TARGET_DIR=/opt/rustwide/target" "-e" "CARGO_INCREMENTAL=0" "-e" "RUST_BACKTRACE=full" "-e" "RUSTFLAGS=--cap-lints=warn" "-e" "RUSTDOCFLAGS=--cap-lints=warn" "-e" "CARGO_HOME=/opt/rustwide/cargo-home" "-e" "RUSTUP_HOME=/opt/rustwide/rustup-home" "-w" "/opt/rustwide/workdir" "-m" "1610612736" "--user" "0:0" "--network" "none" "ghcr.io/rust-lang/crates-build-env/linux@sha256:2788e3201cd34a07e3172128adcd8b3090168a8e3bcc40d7c032b9dda1df7d1c" "/opt/rustwide/cargo-home/bin/cargo" "+1.75.0" "build" "--frozen" "--message-format=json", kill_on_drop: false }`
[INFO] [stdout] 464fb991d427bfe00199576d7ca55f810cd424e2f710c86f678f6dede97f2977
[INFO] running `Command { std: "docker" "start" "-a" "464fb991d427bfe00199576d7ca55f810cd424e2f710c86f678f6dede97f2977", kill_on_drop: false }`
[INFO] [stderr]    Compiling same-file v1.0.6
[INFO] [stderr]    Compiling memchr v2.7.1
[INFO] [stderr]    Compiling cesu8 v1.1.0
[INFO] [stderr]    Compiling jni-sys v0.3.0
[INFO] [stderr]    Compiling ndk-context v0.1.1
[INFO] [stderr]    Compiling thiserror v1.0.56
[INFO] [stderr]    Compiling walkdir v2.4.0
[INFO] [stderr]    Compiling jni v0.20.0
[INFO] [stderr]    Compiling combine v4.6.6
[INFO] [stderr]    Compiling android-intent v0.2.1 (/opt/rustwide/workdir)
[INFO] [stderr]     Finished dev [unoptimized + debuginfo] target(s) in 4.72s
[INFO] running `Command { std: "docker" "inspect" "464fb991d427bfe00199576d7ca55f810cd424e2f710c86f678f6dede97f2977", kill_on_drop: false }`
[INFO] running `Command { std: "docker" "rm" "-f" "464fb991d427bfe00199576d7ca55f810cd424e2f710c86f678f6dede97f2977", kill_on_drop: false }`
[INFO] [stdout] 464fb991d427bfe00199576d7ca55f810cd424e2f710c86f678f6dede97f2977
[INFO] running `Command { std: "docker" "create" "-v" "/var/lib/crater-agent-workspace/builds/worker-0-tc1/target:/opt/rustwide/target:rw,Z" "-v" "/var/lib/crater-agent-workspace/builds/worker-0-tc1/source:/opt/rustwide/workdir:ro,Z" "-v" "/var/lib/crater-agent-workspace/cargo-home:/opt/rustwide/cargo-home:ro,Z" "-v" "/var/lib/crater-agent-workspace/rustup-home:/opt/rustwide/rustup-home:ro,Z" "-e" "SOURCE_DIR=/opt/rustwide/workdir" "-e" "CARGO_TARGET_DIR=/opt/rustwide/target" "-e" "CARGO_INCREMENTAL=0" "-e" "RUST_BACKTRACE=full" "-e" "RUSTFLAGS=--cap-lints=warn" "-e" "RUSTDOCFLAGS=--cap-lints=warn" "-e" "CARGO_HOME=/opt/rustwide/cargo-home" "-e" "RUSTUP_HOME=/opt/rustwide/rustup-home" "-w" "/opt/rustwide/workdir" "-m" "1610612736" "--user" "0:0" "--network" "none" "ghcr.io/rust-lang/crates-build-env/linux@sha256:2788e3201cd34a07e3172128adcd8b3090168a8e3bcc40d7c032b9dda1df7d1c" "/opt/rustwide/cargo-home/bin/cargo" "+1.75.0" "test" "--frozen" "--no-run" "--message-format=json", kill_on_drop: false }`
[INFO] [stdout] 141f91f9f75c014613ff1297a0e88f6bd512cebf784aab5b32572cc1ba66b00f
[INFO] running `Command { std: "docker" "start" "-a" "141f91f9f75c014613ff1297a0e88f6bd512cebf784aab5b32572cc1ba66b00f", kill_on_drop: false }`
[INFO] [stderr]    Compiling android-intent v0.2.1 (/opt/rustwide/workdir)
[INFO] [stderr]     Finished test [unoptimized + debuginfo] target(s) in 0.19s
[INFO] running `Command { std: "docker" "inspect" "141f91f9f75c014613ff1297a0e88f6bd512cebf784aab5b32572cc1ba66b00f", kill_on_drop: false }`
[INFO] running `Command { std: "docker" "rm" "-f" "141f91f9f75c014613ff1297a0e88f6bd512cebf784aab5b32572cc1ba66b00f", kill_on_drop: false }`
[INFO] [stdout] 141f91f9f75c014613ff1297a0e88f6bd512cebf784aab5b32572cc1ba66b00f
[INFO] running `Command { std: "docker" "create" "-v" "/var/lib/crater-agent-workspace/builds/worker-0-tc1/target:/opt/rustwide/target:rw,Z" "-v" "/var/lib/crater-agent-workspace/builds/worker-0-tc1/source:/opt/rustwide/workdir:ro,Z" "-v" "/var/lib/crater-agent-workspace/cargo-home:/opt/rustwide/cargo-home:ro,Z" "-v" "/var/lib/crater-agent-workspace/rustup-home:/opt/rustwide/rustup-home:ro,Z" "-e" "SOURCE_DIR=/opt/rustwide/workdir" "-e" "CARGO_TARGET_DIR=/opt/rustwide/target" "-e" "CARGO_INCREMENTAL=0" "-e" "RUST_BACKTRACE=full" "-e" "RUSTFLAGS=--cap-lints=warn" "-e" "RUSTDOCFLAGS=--cap-lints=warn" "-e" "CARGO_HOME=/opt/rustwide/cargo-home" "-e" "RUSTUP_HOME=/opt/rustwide/rustup-home" "-w" "/opt/rustwide/workdir" "-m" "1610612736" "--user" "0:0" "--network" "none" "ghcr.io/rust-lang/crates-build-env/linux@sha256:2788e3201cd34a07e3172128adcd8b3090168a8e3bcc40d7c032b9dda1df7d1c" "/opt/rustwide/cargo-home/bin/cargo" "+1.75.0" "test" "--frozen", kill_on_drop: false }`
[INFO] [stdout] 5a6822f43c11334f7164cc927754d87243ad3014e7c4a503da5d6dec86540479
[INFO] running `Command { std: "docker" "start" "-a" "5a6822f43c11334f7164cc927754d87243ad3014e7c4a503da5d6dec86540479", kill_on_drop: false }`
[INFO] [stderr]     Finished test [unoptimized + debuginfo] target(s) in 0.01s
[INFO] [stderr]      Running unittests src/lib.rs (/opt/rustwide/target/debug/deps/android_intent-77d80254f4978859)
[INFO] [stdout] 
[INFO] [stdout] running 0 tests
[INFO] [stdout] 
[INFO] [stdout] test result: ok. 0 passed; 0 failed; 0 ignored; 0 measured; 0 filtered out; finished in 0.00s
[INFO] [stdout] 
[INFO] [stderr]    Doc-tests android-intent
[INFO] [stdout] 
[INFO] [stdout] running 3 tests
[INFO] [stdout] test src/intent.rs - intent::Intent<'env>::into_chooser (line 100) - compile ... FAILED
[INFO] [stdout] test src/intent.rs - intent::Intent<'env>::with_extra (line 75) - compile ... FAILED
[INFO] [stdout] test src/intent.rs - intent::Intent<'env>::with_type (line 134) - compile ... FAILED
[INFO] [stdout] 
[INFO] [stdout] failures:
[INFO] [stdout] 
[INFO] [stdout] ---- src/intent.rs - intent::Intent<'env>::into_chooser (line 100) stdout ----
[INFO] [stdout] error[E0599]: no method named `into_chhoser` found for struct `Intent` in the current scope
[INFO] [stdout]  --> src/intent.rs:105:45
[INFO] [stdout]   |
[INFO] [stdout] 8 | let intent = Intent::new(env, Action::Send).into_chhoser();
[INFO] [stdout]   |                                             ^^^^^^^^^^^^ help: there is a method with a similar name: `into_chooser`
[INFO] [stdout] 
[INFO] [stdout] error: aborting due to previous error
[INFO] [stdout] 
[INFO] [stdout] For more information about this error, try `rustc --explain E0599`.
[INFO] [stdout] Couldn't compile the test.
[INFO] [stdout] ---- src/intent.rs - intent::Intent<'env>::with_extra (line 75) stdout ----
[INFO] [stdout] error[E0599]: no method named `push_extra` found for struct `Intent` in the current scope
[INFO] [stdout]  --> src/intent.rs:81:8
[INFO] [stdout]   |
[INFO] [stdout] 9 | intent.push_extra(Extra::Text, "Hello World!")
[INFO] [stdout]   |        ^^^^^^^^^^ help: there is a method with a similar name: `with_extra`
[INFO] [stdout] 
[INFO] [stdout] error: aborting due to previous error
[INFO] [stdout] 
[INFO] [stdout] For more information about this error, try `rustc --explain E0599`.
[INFO] [stdout] Couldn't compile the test.
[INFO] [stdout] ---- src/intent.rs - intent::Intent<'env>::with_type (line 134) stdout ----
[INFO] [stdout] error[E0599]: no method named `set_type` found for struct `Intent` in the current scope
[INFO] [stdout]  --> src/intent.rs:140:8
[INFO] [stdout]   |
[INFO] [stdout] 9 | intent.set_type("text/plain");
[INFO] [stdout]   |        ^^^^^^^^ method not found in `Intent<'_>`
[INFO] [stdout] 
[INFO] [stdout] error: aborting due to previous error
[INFO] [stdout] 
[INFO] [stdout] For more information about this error, try `rustc --explain E0599`.
[INFO] [stdout] Couldn't compile the test.
[INFO] [stdout] 
[INFO] [stdout] failures:
[INFO] [stdout]     src/intent.rs - intent::Intent<'env>::into_chooser (line 100)
[INFO] [stdout]     src/intent.rs - intent::Intent<'env>::with_extra (line 75)
[INFO] [stdout]     src/intent.rs - intent::Intent<'env>::with_type (line 134)
[INFO] [stdout] 
[INFO] [stdout] test result: FAILED. 0 passed; 3 failed; 0 ignored; 0 measured; 0 filtered out; finished in 0.04s
[INFO] [stdout] 
[INFO] [stderr] error: doctest failed, to rerun pass `--doc`
[INFO] running `Command { std: "docker" "inspect" "5a6822f43c11334f7164cc927754d87243ad3014e7c4a503da5d6dec86540479", kill_on_drop: false }`
[INFO] running `Command { std: "docker" "rm" "-f" "5a6822f43c11334f7164cc927754d87243ad3014e7c4a503da5d6dec86540479", kill_on_drop: false }`
[INFO] [stdout] 5a6822f43c11334f7164cc927754d87243ad3014e7c4a503da5d6dec86540479
[INFO] testing android-intent-0.2.1 against beta-2023-12-22 for beta-1.76-1
[INFO] extracting crate android-intent 0.2.1 into /workspace/builds/worker-0-tc2/source
[INFO] validating manifest of crates.io crate android-intent 0.2.1 on toolchain beta-2023-12-22
[INFO] running `Command { std: CARGO_HOME="/workspace/cargo-home" RUSTUP_HOME="/workspace/rustup-home" "/workspace/cargo-home/bin/cargo" "+beta-2023-12-22" "metadata" "--manifest-path" "Cargo.toml" "--no-deps", kill_on_drop: false }`
[INFO] started tweaking crates.io crate android-intent 0.2.1
[INFO] finished tweaking crates.io crate android-intent 0.2.1
[INFO] tweaked toml for crates.io crate android-intent 0.2.1 written to /workspace/builds/worker-0-tc2/source/Cargo.toml
[INFO] running `Command { std: CARGO_HOME="/workspace/cargo-home" RUSTUP_HOME="/workspace/rustup-home" "/workspace/cargo-home/bin/cargo" "+beta-2023-12-22" "generate-lockfile" "--manifest-path" "Cargo.toml", kill_on_drop: false }`
[INFO] [stderr]     Updating crates.io index
[INFO] running `Command { std: CARGO_HOME="/workspace/cargo-home" RUSTUP_HOME="/workspace/rustup-home" "/workspace/cargo-home/bin/cargo" "+beta-2023-12-22" "fetch" "--manifest-path" "Cargo.toml", kill_on_drop: false }`
[INFO] running `Command { std: "docker" "create" "-v" "/var/lib/crater-agent-workspace/builds/worker-0-tc2/target:/opt/rustwide/target:rw,Z" "-v" "/var/lib/crater-agent-workspace/builds/worker-0-tc2/source:/opt/rustwide/workdir:ro,Z" "-v" "/var/lib/crater-agent-workspace/cargo-home:/opt/rustwide/cargo-home:ro,Z" "-v" "/var/lib/crater-agent-workspace/rustup-home:/opt/rustwide/rustup-home:ro,Z" "-e" "SOURCE_DIR=/opt/rustwide/workdir" "-e" "CARGO_TARGET_DIR=/opt/rustwide/target" "-e" "CARGO_HOME=/opt/rustwide/cargo-home" "-e" "RUSTUP_HOME=/opt/rustwide/rustup-home" "-w" "/opt/rustwide/workdir" "-m" "1610612736" "--user" "0:0" "--network" "none" "ghcr.io/rust-lang/crates-build-env/linux@sha256:2788e3201cd34a07e3172128adcd8b3090168a8e3bcc40d7c032b9dda1df7d1c" "/opt/rustwide/cargo-home/bin/cargo" "+beta-2023-12-22" "metadata" "--no-deps" "--format-version=1", kill_on_drop: false }`
[INFO] [stdout] 1ce5ce36594d8c1a122958f65facbce4326f20041788bda4edfe3d4853f762cf
[INFO] running `Command { std: "docker" "start" "-a" "1ce5ce36594d8c1a122958f65facbce4326f20041788bda4edfe3d4853f762cf", kill_on_drop: false }`
[INFO] running `Command { std: "docker" "inspect" "1ce5ce36594d8c1a122958f65facbce4326f20041788bda4edfe3d4853f762cf", kill_on_drop: false }`
[INFO] running `Command { std: "docker" "rm" "-f" "1ce5ce36594d8c1a122958f65facbce4326f20041788bda4edfe3d4853f762cf", kill_on_drop: false }`
[INFO] [stdout] 1ce5ce36594d8c1a122958f65facbce4326f20041788bda4edfe3d4853f762cf
[INFO] running `Command { std: "docker" "create" "-v" "/var/lib/crater-agent-workspace/builds/worker-0-tc2/target:/opt/rustwide/target:rw,Z" "-v" "/var/lib/crater-agent-workspace/builds/worker-0-tc2/source:/opt/rustwide/workdir:ro,Z" "-v" "/var/lib/crater-agent-workspace/cargo-home:/opt/rustwide/cargo-home:ro,Z" "-v" "/var/lib/crater-agent-workspace/rustup-home:/opt/rustwide/rustup-home:ro,Z" "-e" "SOURCE_DIR=/opt/rustwide/workdir" "-e" "CARGO_TARGET_DIR=/opt/rustwide/target" "-e" "CARGO_INCREMENTAL=0" "-e" "RUST_BACKTRACE=full" "-e" "RUSTFLAGS=--cap-lints=warn" "-e" "RUSTDOCFLAGS=--cap-lints=warn" "-e" "CARGO_HOME=/opt/rustwide/cargo-home" "-e" "RUSTUP_HOME=/opt/rustwide/rustup-home" "-w" "/opt/rustwide/workdir" "-m" "1610612736" "--user" "0:0" "--network" "none" "ghcr.io/rust-lang/crates-build-env/linux@sha256:2788e3201cd34a07e3172128adcd8b3090168a8e3bcc40d7c032b9dda1df7d1c" "/opt/rustwide/cargo-home/bin/cargo" "+beta-2023-12-22" "build" "--frozen" "--message-format=json", kill_on_drop: false }`
[INFO] [stdout] 0726a0eec94782daa72a2c05be25feaf006ce2e5a58d3883ab6bcd5cfae669fa
[INFO] running `Command { std: "docker" "start" "-a" "0726a0eec94782daa72a2c05be25feaf006ce2e5a58d3883ab6bcd5cfae669fa", kill_on_drop: false }`
[INFO] [stderr]    Compiling same-file v1.0.6
[INFO] [stderr]    Compiling memchr v2.7.1
[INFO] [stderr]    Compiling cesu8 v1.1.0
[INFO] [stderr]    Compiling jni-sys v0.3.0
[INFO] [stderr]    Compiling ndk-context v0.1.1
[INFO] [stderr]    Compiling thiserror v1.0.56
[INFO] [stderr]    Compiling walkdir v2.4.0
[INFO] [stderr]    Compiling jni v0.20.0
[INFO] [stderr]    Compiling combine v4.6.6
[INFO] [stderr]    Compiling android-intent v0.2.1 (/opt/rustwide/workdir)
[INFO] [stderr]     Finished dev [unoptimized + debuginfo] target(s) in 4.61s
[INFO] running `Command { std: "docker" "inspect" "0726a0eec94782daa72a2c05be25feaf006ce2e5a58d3883ab6bcd5cfae669fa", kill_on_drop: false }`
[INFO] running `Command { std: "docker" "rm" "-f" "0726a0eec94782daa72a2c05be25feaf006ce2e5a58d3883ab6bcd5cfae669fa", kill_on_drop: false }`
[INFO] [stdout] 0726a0eec94782daa72a2c05be25feaf006ce2e5a58d3883ab6bcd5cfae669fa
[INFO] running `Command { std: "docker" "create" "-v" "/var/lib/crater-agent-workspace/builds/worker-0-tc2/target:/opt/rustwide/target:rw,Z" "-v" "/var/lib/crater-agent-workspace/builds/worker-0-tc2/source:/opt/rustwide/workdir:ro,Z" "-v" "/var/lib/crater-agent-workspace/cargo-home:/opt/rustwide/cargo-home:ro,Z" "-v" "/var/lib/crater-agent-workspace/rustup-home:/opt/rustwide/rustup-home:ro,Z" "-e" "SOURCE_DIR=/opt/rustwide/workdir" "-e" "CARGO_TARGET_DIR=/opt/rustwide/target" "-e" "CARGO_INCREMENTAL=0" "-e" "RUST_BACKTRACE=full" "-e" "RUSTFLAGS=--cap-lints=warn" "-e" "RUSTDOCFLAGS=--cap-lints=warn" "-e" "CARGO_HOME=/opt/rustwide/cargo-home" "-e" "RUSTUP_HOME=/opt/rustwide/rustup-home" "-w" "/opt/rustwide/workdir" "-m" "1610612736" "--user" "0:0" "--network" "none" "ghcr.io/rust-lang/crates-build-env/linux@sha256:2788e3201cd34a07e3172128adcd8b3090168a8e3bcc40d7c032b9dda1df7d1c" "/opt/rustwide/cargo-home/bin/cargo" "+beta-2023-12-22" "test" "--frozen" "--no-run" "--message-format=json", kill_on_drop: false }`
[INFO] [stdout] 0155879769c20c66d5f0ff19eefc9d10145314eccb46e95219d839440b12a771
[INFO] running `Command { std: "docker" "start" "-a" "0155879769c20c66d5f0ff19eefc9d10145314eccb46e95219d839440b12a771", kill_on_drop: false }`
[INFO] [stderr]    Compiling android-intent v0.2.1 (/opt/rustwide/workdir)
[INFO] [stderr]     Finished test [unoptimized + debuginfo] target(s) in 0.19s
[INFO] running `Command { std: "docker" "inspect" "0155879769c20c66d5f0ff19eefc9d10145314eccb46e95219d839440b12a771", kill_on_drop: false }`
[INFO] running `Command { std: "docker" "rm" "-f" "0155879769c20c66d5f0ff19eefc9d10145314eccb46e95219d839440b12a771", kill_on_drop: false }`
[INFO] [stdout] 0155879769c20c66d5f0ff19eefc9d10145314eccb46e95219d839440b12a771
[INFO] running `Command { std: "docker" "create" "-v" "/var/lib/crater-agent-workspace/builds/worker-0-tc2/target:/opt/rustwide/target:rw,Z" "-v" "/var/lib/crater-agent-workspace/builds/worker-0-tc2/source:/opt/rustwide/workdir:ro,Z" "-v" "/var/lib/crater-agent-workspace/cargo-home:/opt/rustwide/cargo-home:ro,Z" "-v" "/var/lib/crater-agent-workspace/rustup-home:/opt/rustwide/rustup-home:ro,Z" "-e" "SOURCE_DIR=/opt/rustwide/workdir" "-e" "CARGO_TARGET_DIR=/opt/rustwide/target" "-e" "CARGO_INCREMENTAL=0" "-e" "RUST_BACKTRACE=full" "-e" "RUSTFLAGS=--cap-lints=warn" "-e" "RUSTDOCFLAGS=--cap-lints=warn" "-e" "CARGO_HOME=/opt/rustwide/cargo-home" "-e" "RUSTUP_HOME=/opt/rustwide/rustup-home" "-w" "/opt/rustwide/workdir" "-m" "1610612736" "--user" "0:0" "--network" "none" "ghcr.io/rust-lang/crates-build-env/linux@sha256:2788e3201cd34a07e3172128adcd8b3090168a8e3bcc40d7c032b9dda1df7d1c" "/opt/rustwide/cargo-home/bin/cargo" "+beta-2023-12-22" "test" "--frozen", kill_on_drop: false }`
[INFO] [stdout] c276f70f576fde11f969bb4288e04b62d42db815065df8322664b4ba88096a7c
[INFO] running `Command { std: "docker" "start" "-a" "c276f70f576fde11f969bb4288e04b62d42db815065df8322664b4ba88096a7c", kill_on_drop: false }`
[INFO] [stderr]     Finished test [unoptimized + debuginfo] target(s) in 0.01s
[INFO] [stderr]      Running unittests src/lib.rs (/opt/rustwide/target/debug/deps/android_intent-8b8e70b2663dba60)
[INFO] [stdout] 
[INFO] [stdout] running 0 tests
[INFO] [stdout] 
[INFO] [stdout] test result: ok. 0 passed; 0 failed; 0 ignored; 0 measured; 0 filtered out; finished in 0.00s
[INFO] [stdout] 
[INFO] [stderr]    Doc-tests android-intent
[INFO] [stdout] 
[INFO] [stdout] running 3 tests
[INFO] [stdout] test src/intent.rs - intent::Intent<'env>::with_type (line 134) - compile ... FAILED
[INFO] [stdout] test src/intent.rs - intent::Intent<'env>::into_chooser (line 100) - compile ... FAILED
[INFO] [stdout] test src/intent.rs - intent::Intent<'env>::with_extra (line 75) - compile ... FAILED
[INFO] [stdout] 
[INFO] [stdout] failures:
[INFO] [stdout] 
[INFO] [stdout] ---- src/intent.rs - intent::Intent<'env>::with_type (line 134) stdout ----
[INFO] [stdout] error[E0599]: no method named `set_type` found for struct `Intent` in the current scope
[INFO] [stdout]  --> src/intent.rs:140:8
[INFO] [stdout]   |
[INFO] [stdout] 9 | intent.set_type("text/plain");
[INFO] [stdout]   |        ^^^^^^^^ method not found in `Intent<'_>`
[INFO] [stdout] 
[INFO] [stdout] error: aborting due to 1 previous error
[INFO] [stdout] 
[INFO] [stdout] For more information about this error, try `rustc --explain E0599`.
[INFO] [stdout] Couldn't compile the test.
[INFO] [stdout] ---- src/intent.rs - intent::Intent<'env>::into_chooser (line 100) stdout ----
[INFO] [stdout] error[E0599]: no method named `into_chhoser` found for struct `Intent` in the current scope
[INFO] [stdout]  --> src/intent.rs:105:45
[INFO] [stdout]   |
[INFO] [stdout] 8 | let intent = Intent::new(env, Action::Send).into_chhoser();
[INFO] [stdout]   |                                             ^^^^^^^^^^^^ help: there is a method with a similar name: `into_chooser`
[INFO] [stdout] 
[INFO] [stdout] error: aborting due to 1 previous error
[INFO] [stdout] 
[INFO] [stdout] For more information about this error, try `rustc --explain E0599`.
[INFO] [stdout] Couldn't compile the test.
[INFO] [stdout] ---- src/intent.rs - intent::Intent<'env>::with_extra (line 75) stdout ----
[INFO] [stdout] error[E0599]: no method named `push_extra` found for struct `Intent` in the current scope
[INFO] [stdout]  --> src/intent.rs:81:8
[INFO] [stdout]   |
[INFO] [stdout] 9 | intent.push_extra(Extra::Text, "Hello World!")
[INFO] [stdout]   |        ^^^^^^^^^^ help: there is a method with a similar name: `with_extra`
[INFO] [stdout] 
[INFO] [stdout] error: aborting due to 1 previous error
[INFO] [stdout] 
[INFO] [stdout] For more information about this error, try `rustc --explain E0599`.
[INFO] [stdout] Couldn't compile the test.
[INFO] [stdout] 
[INFO] [stdout] failures:
[INFO] [stdout]     src/intent.rs - intent::Intent<'env>::into_chooser (line 100)
[INFO] [stdout]     src/intent.rs - intent::Intent<'env>::with_extra (line 75)
[INFO] [stdout]     src/intent.rs - intent::Intent<'env>::with_type (line 134)
[INFO] [stdout] 
[INFO] [stdout] test result: FAILED. 0 passed; 3 failed; 0 ignored; 0 measured; 0 filtered out; finished in 0.04s
[INFO] [stdout] 
[INFO] [stderr] error: doctest failed, to rerun pass `--doc`
[INFO] running `Command { std: "docker" "inspect" "c276f70f576fde11f969bb4288e04b62d42db815065df8322664b4ba88096a7c", kill_on_drop: false }`
[INFO] running `Command { std: "docker" "rm" "-f" "c276f70f576fde11f969bb4288e04b62d42db815065df8322664b4ba88096a7c", kill_on_drop: false }`
[INFO] [stdout] c276f70f576fde11f969bb4288e04b62d42db815065df8322664b4ba88096a7c
