[INFO] fetching crate ami 0.13.1...
[INFO] testing ami-0.13.1 against 1.75.0 for beta-1.76-1
[INFO] extracting crate ami 0.13.1 into /workspace/builds/worker-5-tc1/source
[INFO] validating manifest of crates.io crate ami 0.13.1 on toolchain 1.75.0
[INFO] running `Command { std: CARGO_HOME="/workspace/cargo-home" RUSTUP_HOME="/workspace/rustup-home" "/workspace/cargo-home/bin/cargo" "+1.75.0" "metadata" "--manifest-path" "Cargo.toml" "--no-deps", kill_on_drop: false }`
[INFO] started tweaking crates.io crate ami 0.13.1
[INFO] finished tweaking crates.io crate ami 0.13.1
[INFO] tweaked toml for crates.io crate ami 0.13.1 written to /workspace/builds/worker-5-tc1/source/Cargo.toml
[INFO] running `Command { std: CARGO_HOME="/workspace/cargo-home" RUSTUP_HOME="/workspace/rustup-home" "/workspace/cargo-home/bin/cargo" "+1.75.0" "generate-lockfile" "--manifest-path" "Cargo.toml", kill_on_drop: false }`
[INFO] [stderr]     Updating crates.io index
[INFO] running `Command { std: CARGO_HOME="/workspace/cargo-home" RUSTUP_HOME="/workspace/rustup-home" "/workspace/cargo-home/bin/cargo" "+1.75.0" "fetch" "--manifest-path" "Cargo.toml", kill_on_drop: false }`
[INFO] running `Command { std: "docker" "create" "-v" "/var/lib/crater-agent-workspace/builds/worker-5-tc1/target:/opt/rustwide/target:rw,Z" "-v" "/var/lib/crater-agent-workspace/builds/worker-5-tc1/source:/opt/rustwide/workdir:ro,Z" "-v" "/var/lib/crater-agent-workspace/cargo-home:/opt/rustwide/cargo-home:ro,Z" "-v" "/var/lib/crater-agent-workspace/rustup-home:/opt/rustwide/rustup-home:ro,Z" "-e" "SOURCE_DIR=/opt/rustwide/workdir" "-e" "CARGO_TARGET_DIR=/opt/rustwide/target" "-e" "CARGO_HOME=/opt/rustwide/cargo-home" "-e" "RUSTUP_HOME=/opt/rustwide/rustup-home" "-w" "/opt/rustwide/workdir" "-m" "1610612736" "--user" "0:0" "--network" "none" "ghcr.io/rust-lang/crates-build-env/linux@sha256:2788e3201cd34a07e3172128adcd8b3090168a8e3bcc40d7c032b9dda1df7d1c" "/opt/rustwide/cargo-home/bin/cargo" "+1.75.0" "metadata" "--no-deps" "--format-version=1", kill_on_drop: false }`
[INFO] [stdout] 81d6720bf6860df545bd1d26f2eda7d650a01bab123c1b1ce3ef5a759fb953f6
[INFO] running `Command { std: "docker" "start" "-a" "81d6720bf6860df545bd1d26f2eda7d650a01bab123c1b1ce3ef5a759fb953f6", kill_on_drop: false }`
[INFO] running `Command { std: "docker" "inspect" "81d6720bf6860df545bd1d26f2eda7d650a01bab123c1b1ce3ef5a759fb953f6", kill_on_drop: false }`
[INFO] running `Command { std: "docker" "rm" "-f" "81d6720bf6860df545bd1d26f2eda7d650a01bab123c1b1ce3ef5a759fb953f6", kill_on_drop: false }`
[INFO] [stdout] 81d6720bf6860df545bd1d26f2eda7d650a01bab123c1b1ce3ef5a759fb953f6
[INFO] running `Command { std: "docker" "create" "-v" "/var/lib/crater-agent-workspace/builds/worker-5-tc1/target:/opt/rustwide/target:rw,Z" "-v" "/var/lib/crater-agent-workspace/builds/worker-5-tc1/source:/opt/rustwide/workdir:ro,Z" "-v" "/var/lib/crater-agent-workspace/cargo-home:/opt/rustwide/cargo-home:ro,Z" "-v" "/var/lib/crater-agent-workspace/rustup-home:/opt/rustwide/rustup-home:ro,Z" "-e" "SOURCE_DIR=/opt/rustwide/workdir" "-e" "CARGO_TARGET_DIR=/opt/rustwide/target" "-e" "CARGO_INCREMENTAL=0" "-e" "RUST_BACKTRACE=full" "-e" "RUSTFLAGS=--cap-lints=warn" "-e" "RUSTDOCFLAGS=--cap-lints=warn" "-e" "CARGO_HOME=/opt/rustwide/cargo-home" "-e" "RUSTUP_HOME=/opt/rustwide/rustup-home" "-w" "/opt/rustwide/workdir" "-m" "1610612736" "--user" "0:0" "--network" "none" "ghcr.io/rust-lang/crates-build-env/linux@sha256:2788e3201cd34a07e3172128adcd8b3090168a8e3bcc40d7c032b9dda1df7d1c" "/opt/rustwide/cargo-home/bin/cargo" "+1.75.0" "build" "--frozen" "--message-format=json", kill_on_drop: false }`
[INFO] [stdout] 78105f13e41d00a6ba2f85b937be9f28e3f413e6404d66adceaf7526ddb7b1fb
[INFO] running `Command { std: "docker" "start" "-a" "78105f13e41d00a6ba2f85b937be9f28e3f413e6404d66adceaf7526ddb7b1fb", kill_on_drop: false }`
[INFO] [stderr]    Compiling libc v0.2.151
[INFO] [stderr]    Compiling cgmath v0.16.1
[INFO] [stderr]    Compiling approx v0.1.1
[INFO] [stderr]    Compiling num-traits v0.1.43
[INFO] [stderr]    Compiling rand v0.4.6
[INFO] [stderr]    Compiling ami v0.13.1 (/opt/rustwide/workdir)
[INFO] [stdout] warning: use of deprecated macro `try`: use the `?` operator instead
[INFO] [stdout]    --> src/octree.rs:122:4
[INFO] [stdout]     |
[INFO] [stdout] 122 |             try!(write!(f, "leaf"));
[INFO] [stdout]     |             ^^^
[INFO] [stdout]     |
[INFO] [stdout]     = note: `#[warn(deprecated)]` on by default
[INFO] [stdout] 
[INFO] [stdout] 
[INFO] [stdout] warning: use of deprecated macro `try`: use the `?` operator instead
[INFO] [stdout]    --> src/octree.rs:126:5
[INFO] [stdout]     |
[INFO] [stdout] 126 |                 try!(write!(f, " link: {:?}", l));
[INFO] [stdout]     |                 ^^^
[INFO] [stdout] 
[INFO] [stdout] 
[INFO] [stdout] warning: use of deprecated function `std::mem::uninitialized`: use `mem::MaybeUninit` instead
[INFO] [stdout]    --> src/octree.rs:602:38
[INFO] [stdout]     |
[INFO] [stdout] 602 |         let mut ret = unsafe { ::std::mem::uninitialized() };
[INFO] [stdout]     |                                            ^^^^^^^^^^^^^
[INFO] [stdout] 
[INFO] [stdout] 
[INFO] [stdout] warning: 3 warnings emitted
[INFO] [stdout] 
[INFO] [stdout] 
[INFO] [stderr]     Finished dev [unoptimized + debuginfo] target(s) in 3.59s
[INFO] running `Command { std: "docker" "inspect" "78105f13e41d00a6ba2f85b937be9f28e3f413e6404d66adceaf7526ddb7b1fb", kill_on_drop: false }`
[INFO] running `Command { std: "docker" "rm" "-f" "78105f13e41d00a6ba2f85b937be9f28e3f413e6404d66adceaf7526ddb7b1fb", kill_on_drop: false }`
[INFO] [stdout] 78105f13e41d00a6ba2f85b937be9f28e3f413e6404d66adceaf7526ddb7b1fb
[INFO] running `Command { std: "docker" "create" "-v" "/var/lib/crater-agent-workspace/builds/worker-5-tc1/target:/opt/rustwide/target:rw,Z" "-v" "/var/lib/crater-agent-workspace/builds/worker-5-tc1/source:/opt/rustwide/workdir:ro,Z" "-v" "/var/lib/crater-agent-workspace/cargo-home:/opt/rustwide/cargo-home:ro,Z" "-v" "/var/lib/crater-agent-workspace/rustup-home:/opt/rustwide/rustup-home:ro,Z" "-e" "SOURCE_DIR=/opt/rustwide/workdir" "-e" "CARGO_TARGET_DIR=/opt/rustwide/target" "-e" "CARGO_INCREMENTAL=0" "-e" "RUST_BACKTRACE=full" "-e" "RUSTFLAGS=--cap-lints=warn" "-e" "RUSTDOCFLAGS=--cap-lints=warn" "-e" "CARGO_HOME=/opt/rustwide/cargo-home" "-e" "RUSTUP_HOME=/opt/rustwide/rustup-home" "-w" "/opt/rustwide/workdir" "-m" "1610612736" "--user" "0:0" "--network" "none" "ghcr.io/rust-lang/crates-build-env/linux@sha256:2788e3201cd34a07e3172128adcd8b3090168a8e3bcc40d7c032b9dda1df7d1c" "/opt/rustwide/cargo-home/bin/cargo" "+1.75.0" "test" "--frozen" "--no-run" "--message-format=json", kill_on_drop: false }`
[INFO] [stdout] 8c607d8ae899076ddf24811d87b7083cca8845cc589a431c93dfe9ecc39a6b4a
[INFO] running `Command { std: "docker" "start" "-a" "8c607d8ae899076ddf24811d87b7083cca8845cc589a431c93dfe9ecc39a6b4a", kill_on_drop: false }`
[INFO] [stdout] warning: use of deprecated macro `try`: use the `?` operator instead
[INFO] [stdout]    --> src/octree.rs:122:4
[INFO] [stdout]     |
[INFO] [stdout] 122 |             try!(write!(f, "leaf"));
[INFO] [stdout]     |             ^^^
[INFO] [stdout]     |
[INFO] [stdout]     = note: `#[warn(deprecated)]` on by default
[INFO] [stdout] 
[INFO] [stdout] 
[INFO] [stdout] warning: use of deprecated macro `try`: use the `?` operator instead
[INFO] [stdout]    --> src/octree.rs:126:5
[INFO] [stdout]     |
[INFO] [stdout] 126 |                 try!(write!(f, " link: {:?}", l));
[INFO] [stdout]     |                 ^^^
[INFO] [stdout] 
[INFO] [stdout] 
[INFO] [stdout] warning: use of deprecated function `std::mem::uninitialized`: use `mem::MaybeUninit` instead
[INFO] [stdout]    --> src/octree.rs:602:38
[INFO] [stdout]     |
[INFO] [stdout] 602 |         let mut ret = unsafe { ::std::mem::uninitialized() };
[INFO] [stdout]     |                                            ^^^^^^^^^^^^^
[INFO] [stdout] 
[INFO] [stdout] 
[INFO] [stdout] warning: 3 warnings emitted
[INFO] [stdout] 
[INFO] [stdout] 
[INFO] [stderr]    Compiling ami v0.13.1 (/opt/rustwide/workdir)
[INFO] [stdout] warning: use of deprecated macro `try`: use the `?` operator instead
[INFO] [stdout]    --> src/octree.rs:122:4
[INFO] [stdout]     |
[INFO] [stdout] 122 |             try!(write!(f, "leaf"));
[INFO] [stdout]     |             ^^^
[INFO] [stdout]     |
[INFO] [stdout]     = note: `#[warn(deprecated)]` on by default
[INFO] [stdout] 
[INFO] [stdout] 
[INFO] [stdout] warning: use of deprecated macro `try`: use the `?` operator instead
[INFO] [stdout]    --> src/octree.rs:126:5
[INFO] [stdout]     |
[INFO] [stdout] 126 |                 try!(write!(f, " link: {:?}", l));
[INFO] [stdout]     |                 ^^^
[INFO] [stdout] 
[INFO] [stdout] 
[INFO] [stdout] warning: use of deprecated function `std::mem::uninitialized`: use `mem::MaybeUninit` instead
[INFO] [stdout]    --> src/octree.rs:602:38
[INFO] [stdout]     |
[INFO] [stdout] 602 |         let mut ret = unsafe { ::std::mem::uninitialized() };
[INFO] [stdout]     |                                            ^^^^^^^^^^^^^
[INFO] [stdout] 
[INFO] [stdout] 
[INFO] [stdout] warning: 3 warnings emitted
[INFO] [stdout] 
[INFO] [stdout] 
[INFO] [stderr]     Finished test [unoptimized + debuginfo] target(s) in 0.39s
[INFO] running `Command { std: "docker" "inspect" "8c607d8ae899076ddf24811d87b7083cca8845cc589a431c93dfe9ecc39a6b4a", kill_on_drop: false }`
[INFO] running `Command { std: "docker" "rm" "-f" "8c607d8ae899076ddf24811d87b7083cca8845cc589a431c93dfe9ecc39a6b4a", kill_on_drop: false }`
[INFO] [stdout] 8c607d8ae899076ddf24811d87b7083cca8845cc589a431c93dfe9ecc39a6b4a
[INFO] running `Command { std: "docker" "create" "-v" "/var/lib/crater-agent-workspace/builds/worker-5-tc1/target:/opt/rustwide/target:rw,Z" "-v" "/var/lib/crater-agent-workspace/builds/worker-5-tc1/source:/opt/rustwide/workdir:ro,Z" "-v" "/var/lib/crater-agent-workspace/cargo-home:/opt/rustwide/cargo-home:ro,Z" "-v" "/var/lib/crater-agent-workspace/rustup-home:/opt/rustwide/rustup-home:ro,Z" "-e" "SOURCE_DIR=/opt/rustwide/workdir" "-e" "CARGO_TARGET_DIR=/opt/rustwide/target" "-e" "CARGO_INCREMENTAL=0" "-e" "RUST_BACKTRACE=full" "-e" "RUSTFLAGS=--cap-lints=warn" "-e" "RUSTDOCFLAGS=--cap-lints=warn" "-e" "CARGO_HOME=/opt/rustwide/cargo-home" "-e" "RUSTUP_HOME=/opt/rustwide/rustup-home" "-w" "/opt/rustwide/workdir" "-m" "1610612736" "--user" "0:0" "--network" "none" "ghcr.io/rust-lang/crates-build-env/linux@sha256:2788e3201cd34a07e3172128adcd8b3090168a8e3bcc40d7c032b9dda1df7d1c" "/opt/rustwide/cargo-home/bin/cargo" "+1.75.0" "test" "--frozen", kill_on_drop: false }`
[INFO] [stdout] 6969ceba64c77f19954ba19934a8b2c57e2caf55f66ca7a51d7f5915cb856cdf
[INFO] running `Command { std: "docker" "start" "-a" "6969ceba64c77f19954ba19934a8b2c57e2caf55f66ca7a51d7f5915cb856cdf", kill_on_drop: false }`
[INFO] [stderr] warning: use of deprecated macro `try`: use the `?` operator instead
[INFO] [stderr]    --> src/octree.rs:122:4
[INFO] [stderr]     |
[INFO] [stderr] 122 |             try!(write!(f, "leaf"));
[INFO] [stderr]     |             ^^^
[INFO] [stderr]     |
[INFO] [stderr]     = note: `#[warn(deprecated)]` on by default
[INFO] [stderr] 
[INFO] [stderr] warning: use of deprecated macro `try`: use the `?` operator instead
[INFO] [stderr]    --> src/octree.rs:126:5
[INFO] [stderr]     |
[INFO] [stderr] 126 |                 try!(write!(f, " link: {:?}", l));
[INFO] [stderr]     |                 ^^^
[INFO] [stderr] 
[INFO] [stderr] warning: use of deprecated function `std::mem::uninitialized`: use `mem::MaybeUninit` instead
[INFO] [stderr]    --> src/octree.rs:602:38
[INFO] [stderr]     |
[INFO] [stderr] 602 |         let mut ret = unsafe { ::std::mem::uninitialized() };
[INFO] [stderr]     |                                            ^^^^^^^^^^^^^
[INFO] [stderr] 
[INFO] [stderr] warning: `ami` (lib) generated 3 warnings
[INFO] [stderr] warning: `ami` (lib test) generated 3 warnings (3 duplicates)
[INFO] [stderr]     Finished test [unoptimized + debuginfo] target(s) in 0.01s
[INFO] [stderr]      Running unittests src/lib.rs (/opt/rustwide/target/debug/deps/ami-366dd22e74988b8d)
[INFO] [stdout] 
[INFO] [stdout] running 0 tests
[INFO] [stdout] 
[INFO] [stdout] test result: ok. 0 passed; 0 failed; 0 ignored; 0 measured; 0 filtered out; finished in 0.00s
[INFO] [stdout] 
[INFO] [stderr]    Doc-tests ami
[INFO] [stdout] 
[INFO] [stdout] running 2 tests
[INFO] [stdout] test src/macros.rs - macros::matrix (line 33) ... FAILED
[INFO] [stdout] test src/lib.rs - (line 17) ... ok
[INFO] [stdout] 
[INFO] [stdout] failures:
[INFO] [stdout] 
[INFO] [stdout] ---- src/macros.rs - macros::matrix (line 33) stdout ----
[INFO] [stdout] error: expected `;`, found `matrix`
[INFO] [stdout]   --> src/macros.rs:39:3
[INFO] [stdout]    |
[INFO] [stdout] 8  | ])
[INFO] [stdout]    |   ^ help: add `;` here
[INFO] [stdout] 9  |
[INFO] [stdout] 10 | matrix!(
[INFO] [stdout]    | ------ unexpected token
[INFO] [stdout] 
[INFO] [stdout] error: cannot find macro `matrix` in this scope
[INFO] [stdout]   --> src/macros.rs:41:1
[INFO] [stdout]    |
[INFO] [stdout] 10 | matrix!(
[INFO] [stdout]    | ^^^^^^
[INFO] [stdout] 
[INFO] [stdout] error: aborting due to 2 previous errors
[INFO] [stdout] 
[INFO] [stdout] Couldn't compile the test.
[INFO] [stdout] 
[INFO] [stdout] failures:
[INFO] [stdout]     src/macros.rs - macros::matrix (line 33)
[INFO] [stdout] 
[INFO] [stdout] test result: FAILED. 1 passed; 1 failed; 0 ignored; 0 measured; 0 filtered out; finished in 0.13s
[INFO] [stdout] 
[INFO] [stderr] error: doctest failed, to rerun pass `--doc`
[INFO] running `Command { std: "docker" "inspect" "6969ceba64c77f19954ba19934a8b2c57e2caf55f66ca7a51d7f5915cb856cdf", kill_on_drop: false }`
[INFO] running `Command { std: "docker" "rm" "-f" "6969ceba64c77f19954ba19934a8b2c57e2caf55f66ca7a51d7f5915cb856cdf", kill_on_drop: false }`
[INFO] [stdout] 6969ceba64c77f19954ba19934a8b2c57e2caf55f66ca7a51d7f5915cb856cdf
[INFO] testing ami-0.13.1 against beta-2023-12-22 for beta-1.76-1
[INFO] extracting crate ami 0.13.1 into /workspace/builds/worker-5-tc2/source
[INFO] validating manifest of crates.io crate ami 0.13.1 on toolchain beta-2023-12-22
[INFO] running `Command { std: CARGO_HOME="/workspace/cargo-home" RUSTUP_HOME="/workspace/rustup-home" "/workspace/cargo-home/bin/cargo" "+beta-2023-12-22" "metadata" "--manifest-path" "Cargo.toml" "--no-deps", kill_on_drop: false }`
[INFO] started tweaking crates.io crate ami 0.13.1
[INFO] finished tweaking crates.io crate ami 0.13.1
[INFO] tweaked toml for crates.io crate ami 0.13.1 written to /workspace/builds/worker-5-tc2/source/Cargo.toml
[INFO] running `Command { std: CARGO_HOME="/workspace/cargo-home" RUSTUP_HOME="/workspace/rustup-home" "/workspace/cargo-home/bin/cargo" "+beta-2023-12-22" "generate-lockfile" "--manifest-path" "Cargo.toml", kill_on_drop: false }`
[INFO] [stderr]     Updating crates.io index
[INFO] running `Command { std: CARGO_HOME="/workspace/cargo-home" RUSTUP_HOME="/workspace/rustup-home" "/workspace/cargo-home/bin/cargo" "+beta-2023-12-22" "fetch" "--manifest-path" "Cargo.toml", kill_on_drop: false }`
[INFO] running `Command { std: "docker" "create" "-v" "/var/lib/crater-agent-workspace/builds/worker-5-tc2/target:/opt/rustwide/target:rw,Z" "-v" "/var/lib/crater-agent-workspace/builds/worker-5-tc2/source:/opt/rustwide/workdir:ro,Z" "-v" "/var/lib/crater-agent-workspace/cargo-home:/opt/rustwide/cargo-home:ro,Z" "-v" "/var/lib/crater-agent-workspace/rustup-home:/opt/rustwide/rustup-home:ro,Z" "-e" "SOURCE_DIR=/opt/rustwide/workdir" "-e" "CARGO_TARGET_DIR=/opt/rustwide/target" "-e" "CARGO_HOME=/opt/rustwide/cargo-home" "-e" "RUSTUP_HOME=/opt/rustwide/rustup-home" "-w" "/opt/rustwide/workdir" "-m" "1610612736" "--user" "0:0" "--network" "none" "ghcr.io/rust-lang/crates-build-env/linux@sha256:2788e3201cd34a07e3172128adcd8b3090168a8e3bcc40d7c032b9dda1df7d1c" "/opt/rustwide/cargo-home/bin/cargo" "+beta-2023-12-22" "metadata" "--no-deps" "--format-version=1", kill_on_drop: false }`
[INFO] [stdout] 88663ace4b5baa0cf9e107caa61b07af3c3a590985ab134e2a2e9bfb00aa50c9
[INFO] running `Command { std: "docker" "start" "-a" "88663ace4b5baa0cf9e107caa61b07af3c3a590985ab134e2a2e9bfb00aa50c9", kill_on_drop: false }`
[INFO] running `Command { std: "docker" "inspect" "88663ace4b5baa0cf9e107caa61b07af3c3a590985ab134e2a2e9bfb00aa50c9", kill_on_drop: false }`
[INFO] running `Command { std: "docker" "rm" "-f" "88663ace4b5baa0cf9e107caa61b07af3c3a590985ab134e2a2e9bfb00aa50c9", kill_on_drop: false }`
[INFO] [stdout] 88663ace4b5baa0cf9e107caa61b07af3c3a590985ab134e2a2e9bfb00aa50c9
[INFO] running `Command { std: "docker" "create" "-v" "/var/lib/crater-agent-workspace/builds/worker-5-tc2/target:/opt/rustwide/target:rw,Z" "-v" "/var/lib/crater-agent-workspace/builds/worker-5-tc2/source:/opt/rustwide/workdir:ro,Z" "-v" "/var/lib/crater-agent-workspace/cargo-home:/opt/rustwide/cargo-home:ro,Z" "-v" "/var/lib/crater-agent-workspace/rustup-home:/opt/rustwide/rustup-home:ro,Z" "-e" "SOURCE_DIR=/opt/rustwide/workdir" "-e" "CARGO_TARGET_DIR=/opt/rustwide/target" "-e" "CARGO_INCREMENTAL=0" "-e" "RUST_BACKTRACE=full" "-e" "RUSTFLAGS=--cap-lints=warn" "-e" "RUSTDOCFLAGS=--cap-lints=warn" "-e" "CARGO_HOME=/opt/rustwide/cargo-home" "-e" "RUSTUP_HOME=/opt/rustwide/rustup-home" "-w" "/opt/rustwide/workdir" "-m" "1610612736" "--user" "0:0" "--network" "none" "ghcr.io/rust-lang/crates-build-env/linux@sha256:2788e3201cd34a07e3172128adcd8b3090168a8e3bcc40d7c032b9dda1df7d1c" "/opt/rustwide/cargo-home/bin/cargo" "+beta-2023-12-22" "build" "--frozen" "--message-format=json", kill_on_drop: false }`
[INFO] [stdout] d812e3787cf75edab06351603bf95a7185ed7e2a1f8c5163edf4964d0de19454
[INFO] running `Command { std: "docker" "start" "-a" "d812e3787cf75edab06351603bf95a7185ed7e2a1f8c5163edf4964d0de19454", kill_on_drop: false }`
[INFO] [stderr]    Compiling libc v0.2.151
[INFO] [stderr]    Compiling cgmath v0.16.1
[INFO] [stderr]    Compiling approx v0.1.1
[INFO] [stderr]    Compiling num-traits v0.1.43
[INFO] [stderr]    Compiling rand v0.4.6
[INFO] [stderr]    Compiling ami v0.13.1 (/opt/rustwide/workdir)
[INFO] [stdout] warning: use of deprecated macro `try`: use the `?` operator instead
[INFO] [stdout]    --> src/octree.rs:122:4
[INFO] [stdout]     |
[INFO] [stdout] 122 |             try!(write!(f, "leaf"));
[INFO] [stdout]     |             ^^^
[INFO] [stdout]     |
[INFO] [stdout]     = note: `#[warn(deprecated)]` on by default
[INFO] [stdout] 
[INFO] [stdout] 
[INFO] [stdout] warning: use of deprecated macro `try`: use the `?` operator instead
[INFO] [stdout]    --> src/octree.rs:126:5
[INFO] [stdout]     |
[INFO] [stdout] 126 |                 try!(write!(f, " link: {:?}", l));
[INFO] [stdout]     |                 ^^^
[INFO] [stdout] 
[INFO] [stdout] 
[INFO] [stdout] warning: use of deprecated function `std::mem::uninitialized`: use `mem::MaybeUninit` instead
[INFO] [stdout]    --> src/octree.rs:602:38
[INFO] [stdout]     |
[INFO] [stdout] 602 |         let mut ret = unsafe { ::std::mem::uninitialized() };
[INFO] [stdout]     |                                            ^^^^^^^^^^^^^
[INFO] [stdout] 
[INFO] [stdout] 
[INFO] [stdout] warning: 3 warnings emitted
[INFO] [stdout] 
[INFO] [stdout] 
[INFO] [stderr]     Finished dev [unoptimized + debuginfo] target(s) in 3.23s
[INFO] running `Command { std: "docker" "inspect" "d812e3787cf75edab06351603bf95a7185ed7e2a1f8c5163edf4964d0de19454", kill_on_drop: false }`
[INFO] running `Command { std: "docker" "rm" "-f" "d812e3787cf75edab06351603bf95a7185ed7e2a1f8c5163edf4964d0de19454", kill_on_drop: false }`
[INFO] [stdout] d812e3787cf75edab06351603bf95a7185ed7e2a1f8c5163edf4964d0de19454
[INFO] running `Command { std: "docker" "create" "-v" "/var/lib/crater-agent-workspace/builds/worker-5-tc2/target:/opt/rustwide/target:rw,Z" "-v" "/var/lib/crater-agent-workspace/builds/worker-5-tc2/source:/opt/rustwide/workdir:ro,Z" "-v" "/var/lib/crater-agent-workspace/cargo-home:/opt/rustwide/cargo-home:ro,Z" "-v" "/var/lib/crater-agent-workspace/rustup-home:/opt/rustwide/rustup-home:ro,Z" "-e" "SOURCE_DIR=/opt/rustwide/workdir" "-e" "CARGO_TARGET_DIR=/opt/rustwide/target" "-e" "CARGO_INCREMENTAL=0" "-e" "RUST_BACKTRACE=full" "-e" "RUSTFLAGS=--cap-lints=warn" "-e" "RUSTDOCFLAGS=--cap-lints=warn" "-e" "CARGO_HOME=/opt/rustwide/cargo-home" "-e" "RUSTUP_HOME=/opt/rustwide/rustup-home" "-w" "/opt/rustwide/workdir" "-m" "1610612736" "--user" "0:0" "--network" "none" "ghcr.io/rust-lang/crates-build-env/linux@sha256:2788e3201cd34a07e3172128adcd8b3090168a8e3bcc40d7c032b9dda1df7d1c" "/opt/rustwide/cargo-home/bin/cargo" "+beta-2023-12-22" "test" "--frozen" "--no-run" "--message-format=json", kill_on_drop: false }`
[INFO] [stdout] c4f71b4c7356e2d3332e1adc47a09272ee1a0996a21ed8d12cc168ec7de029e1
[INFO] running `Command { std: "docker" "start" "-a" "c4f71b4c7356e2d3332e1adc47a09272ee1a0996a21ed8d12cc168ec7de029e1", kill_on_drop: false }`
[INFO] [stderr]    Compiling ami v0.13.1 (/opt/rustwide/workdir)
[INFO] [stdout] warning: use of deprecated macro `try`: use the `?` operator instead
[INFO] [stdout]    --> src/octree.rs:122:4
[INFO] [stdout]     |
[INFO] [stdout] 122 |             try!(write!(f, "leaf"));
[INFO] [stdout]     |             ^^^
[INFO] [stdout]     |
[INFO] [stdout]     = note: `#[warn(deprecated)]` on by default
[INFO] [stdout] 
[INFO] [stdout] 
[INFO] [stdout] warning: use of deprecated macro `try`: use the `?` operator instead
[INFO] [stdout]    --> src/octree.rs:126:5
[INFO] [stdout]     |
[INFO] [stdout] 126 |                 try!(write!(f, " link: {:?}", l));
[INFO] [stdout]     |                 ^^^
[INFO] [stdout] 
[INFO] [stdout] 
[INFO] [stdout] warning: use of deprecated function `std::mem::uninitialized`: use `mem::MaybeUninit` instead
[INFO] [stdout]    --> src/octree.rs:602:38
[INFO] [stdout]     |
[INFO] [stdout] 602 |         let mut ret = unsafe { ::std::mem::uninitialized() };
[INFO] [stdout]     |                                            ^^^^^^^^^^^^^
[INFO] [stdout] 
[INFO] [stdout] 
[INFO] [stdout] warning: 3 warnings emitted
[INFO] [stdout] 
[INFO] [stdout] 
[INFO] [stdout] warning: use of deprecated macro `try`: use the `?` operator instead
[INFO] [stdout]    --> src/octree.rs:122:4
[INFO] [stdout]     |
[INFO] [stdout] 122 |             try!(write!(f, "leaf"));
[INFO] [stdout]     |             ^^^
[INFO] [stdout]     |
[INFO] [stdout]     = note: `#[warn(deprecated)]` on by default
[INFO] [stdout] 
[INFO] [stdout] 
[INFO] [stdout] warning: use of deprecated macro `try`: use the `?` operator instead
[INFO] [stdout]    --> src/octree.rs:126:5
[INFO] [stdout]     |
[INFO] [stdout] 126 |                 try!(write!(f, " link: {:?}", l));
[INFO] [stdout]     |                 ^^^
[INFO] [stdout] 
[INFO] [stdout] 
[INFO] [stdout] warning: use of deprecated function `std::mem::uninitialized`: use `mem::MaybeUninit` instead
[INFO] [stdout]    --> src/octree.rs:602:38
[INFO] [stdout]     |
[INFO] [stdout] 602 |         let mut ret = unsafe { ::std::mem::uninitialized() };
[INFO] [stdout]     |                                            ^^^^^^^^^^^^^
[INFO] [stdout] 
[INFO] [stdout] 
[INFO] [stdout] warning: 3 warnings emitted
[INFO] [stdout] 
[INFO] [stdout] 
[INFO] [stderr]     Finished test [unoptimized + debuginfo] target(s) in 0.28s
[INFO] running `Command { std: "docker" "inspect" "c4f71b4c7356e2d3332e1adc47a09272ee1a0996a21ed8d12cc168ec7de029e1", kill_on_drop: false }`
[INFO] running `Command { std: "docker" "rm" "-f" "c4f71b4c7356e2d3332e1adc47a09272ee1a0996a21ed8d12cc168ec7de029e1", kill_on_drop: false }`
[INFO] [stdout] c4f71b4c7356e2d3332e1adc47a09272ee1a0996a21ed8d12cc168ec7de029e1
[INFO] running `Command { std: "docker" "create" "-v" "/var/lib/crater-agent-workspace/builds/worker-5-tc2/target:/opt/rustwide/target:rw,Z" "-v" "/var/lib/crater-agent-workspace/builds/worker-5-tc2/source:/opt/rustwide/workdir:ro,Z" "-v" "/var/lib/crater-agent-workspace/cargo-home:/opt/rustwide/cargo-home:ro,Z" "-v" "/var/lib/crater-agent-workspace/rustup-home:/opt/rustwide/rustup-home:ro,Z" "-e" "SOURCE_DIR=/opt/rustwide/workdir" "-e" "CARGO_TARGET_DIR=/opt/rustwide/target" "-e" "CARGO_INCREMENTAL=0" "-e" "RUST_BACKTRACE=full" "-e" "RUSTFLAGS=--cap-lints=warn" "-e" "RUSTDOCFLAGS=--cap-lints=warn" "-e" "CARGO_HOME=/opt/rustwide/cargo-home" "-e" "RUSTUP_HOME=/opt/rustwide/rustup-home" "-w" "/opt/rustwide/workdir" "-m" "1610612736" "--user" "0:0" "--network" "none" "ghcr.io/rust-lang/crates-build-env/linux@sha256:2788e3201cd34a07e3172128adcd8b3090168a8e3bcc40d7c032b9dda1df7d1c" "/opt/rustwide/cargo-home/bin/cargo" "+beta-2023-12-22" "test" "--frozen", kill_on_drop: false }`
[INFO] [stdout] fe9ba34f358bc0605b46e5188a9486474b2f258c3cc470b6f29db79691441f38
[INFO] running `Command { std: "docker" "start" "-a" "fe9ba34f358bc0605b46e5188a9486474b2f258c3cc470b6f29db79691441f38", kill_on_drop: false }`
[INFO] [stderr] warning: use of deprecated macro `try`: use the `?` operator instead
[INFO] [stderr]    --> src/octree.rs:122:4
[INFO] [stderr]     |
[INFO] [stderr] 122 |             try!(write!(f, "leaf"));
[INFO] [stderr]     |             ^^^
[INFO] [stderr]     |
[INFO] [stderr]     = note: `#[warn(deprecated)]` on by default
[INFO] [stderr] 
[INFO] [stderr] warning: use of deprecated macro `try`: use the `?` operator instead
[INFO] [stderr]    --> src/octree.rs:126:5
[INFO] [stderr]     |
[INFO] [stderr] 126 |                 try!(write!(f, " link: {:?}", l));
[INFO] [stderr]     |                 ^^^
[INFO] [stderr] 
[INFO] [stderr] warning: use of deprecated function `std::mem::uninitialized`: use `mem::MaybeUninit` instead
[INFO] [stderr]    --> src/octree.rs:602:38
[INFO] [stderr]     |
[INFO] [stderr] 602 |         let mut ret = unsafe { ::std::mem::uninitialized() };
[INFO] [stderr]     |                                            ^^^^^^^^^^^^^
[INFO] [stderr] 
[INFO] [stderr] warning: `ami` (lib) generated 3 warnings
[INFO] [stderr] warning: `ami` (lib test) generated 3 warnings (3 duplicates)
[INFO] [stderr]     Finished test [unoptimized + debuginfo] target(s) in 0.01s
[INFO] [stderr]      Running unittests src/lib.rs (/opt/rustwide/target/debug/deps/ami-86ab3a4fa2e20b6d)
[INFO] [stdout] 
[INFO] [stdout] running 0 tests
[INFO] [stdout] 
[INFO] [stdout] test result: ok. 0 passed; 0 failed; 0 ignored; 0 measured; 0 filtered out; finished in 0.00s
[INFO] [stdout] 
[INFO] [stderr]    Doc-tests ami
[INFO] [stdout] 
[INFO] [stdout] running 2 tests
[INFO] [stdout] test src/macros.rs - macros::matrix (line 33) ... FAILED
[INFO] [stdout] test src/lib.rs - (line 17) ... ok
[INFO] [stdout] 
[INFO] [stdout] failures:
[INFO] [stdout] 
[INFO] [stdout] ---- src/macros.rs - macros::matrix (line 33) stdout ----
[INFO] [stdout] error: expected `;`, found `matrix`
[INFO] [stdout]   --> src/macros.rs:39:3
[INFO] [stdout]    |
[INFO] [stdout] 8  | ])
[INFO] [stdout]    |   ^ help: add `;` here
[INFO] [stdout] 9  |
[INFO] [stdout] 10 | matrix!(
[INFO] [stdout]    | ------ unexpected token
[INFO] [stdout] 
[INFO] [stdout] error: cannot find macro `matrix` in this scope
[INFO] [stdout]   --> src/macros.rs:41:1
[INFO] [stdout]    |
[INFO] [stdout] 10 | matrix!(
[INFO] [stdout]    | ^^^^^^
[INFO] [stdout] 
[INFO] [stdout] error: aborting due to 2 previous errors
[INFO] [stdout] 
[INFO] [stdout] Couldn't compile the test.
[INFO] [stdout] 
[INFO] [stdout] failures:
[INFO] [stdout]     src/macros.rs - macros::matrix (line 33)
[INFO] [stdout] 
[INFO] [stdout] test result: FAILED. 1 passed; 1 failed; 0 ignored; 0 measured; 0 filtered out; finished in 0.12s
[INFO] [stdout] 
[INFO] [stderr] error: doctest failed, to rerun pass `--doc`
[INFO] running `Command { std: "docker" "inspect" "fe9ba34f358bc0605b46e5188a9486474b2f258c3cc470b6f29db79691441f38", kill_on_drop: false }`
[INFO] running `Command { std: "docker" "rm" "-f" "fe9ba34f358bc0605b46e5188a9486474b2f258c3cc470b6f29db79691441f38", kill_on_drop: false }`
[INFO] [stdout] fe9ba34f358bc0605b46e5188a9486474b2f258c3cc470b6f29db79691441f38
