[INFO] fetching crate aliri_tower 0.5.0...
[INFO] testing aliri_tower-0.5.0 against 1.75.0 for beta-1.76-1
[INFO] extracting crate aliri_tower 0.5.0 into /workspace/builds/worker-3-tc1/source
[INFO] validating manifest of crates.io crate aliri_tower 0.5.0 on toolchain 1.75.0
[INFO] running `Command { std: CARGO_HOME="/workspace/cargo-home" RUSTUP_HOME="/workspace/rustup-home" "/workspace/cargo-home/bin/cargo" "+1.75.0" "metadata" "--manifest-path" "Cargo.toml" "--no-deps", kill_on_drop: false }`
[INFO] started tweaking crates.io crate aliri_tower 0.5.0
[INFO] finished tweaking crates.io crate aliri_tower 0.5.0
[INFO] tweaked toml for crates.io crate aliri_tower 0.5.0 written to /workspace/builds/worker-3-tc1/source/Cargo.toml
[INFO] crate crates.io crate aliri_tower 0.5.0 already has a lockfile, it will not be regenerated
[INFO] running `Command { std: CARGO_HOME="/workspace/cargo-home" RUSTUP_HOME="/workspace/rustup-home" "/workspace/cargo-home/bin/cargo" "+1.75.0" "fetch" "--manifest-path" "Cargo.toml", kill_on_drop: false }`
[INFO] [stderr]     Updating crates.io index
[INFO] [stderr]  Downloading crates ...
[INFO] [stderr]   Downloaded thiserror v1.0.40
[INFO] [stderr]   Downloaded ipnet v2.7.2
[INFO] [stderr]   Downloaded aliri_base64 v0.1.7
[INFO] [stderr]   Downloaded aliri_oauth2 v0.10.0
[INFO] [stderr]   Downloaded tracing-attributes v0.1.24
[INFO] [stderr]   Downloaded base64 v0.21.2
[INFO] [stderr]   Downloaded tower-http v0.4.0
[INFO] [stderr]   Downloaded aliri_traits v0.1.1
[INFO] [stderr]   Downloaded aliri_clock v0.1.4
[INFO] [stderr]   Downloaded wasm-bindgen-shared v0.2.86
[INFO] [stderr]   Downloaded rustversion v1.0.12
[INFO] [stderr]   Downloaded either v1.8.1
[INFO] [stderr]   Downloaded async-trait v0.1.68
[INFO] [stderr]   Downloaded getrandom v0.2.9
[INFO] [stderr]   Downloaded anyhow v1.0.71
[INFO] [stderr]   Downloaded serde_json v1.0.96
[INFO] [stderr]   Downloaded h2 v0.3.19
[INFO] [stderr]   Downloaded regex-syntax v0.7.2
[INFO] [stderr]   Downloaded windows_i686_gnu v0.42.2
[INFO] [stderr]   Downloaded windows-sys v0.45.0
[INFO] [stderr]   Downloaded web-sys v0.3.63
[INFO] [stderr]   Downloaded libc v0.2.144
[INFO] [stderr]   Downloaded tokio v1.28.1
[INFO] [stderr]   Downloaded windows_aarch64_msvc v0.42.2
[INFO] [stderr]   Downloaded windows_x86_64_gnu v0.42.2
[INFO] [stderr]   Downloaded windows_i686_msvc v0.42.2
[INFO] [stderr]   Downloaded windows_x86_64_msvc v0.42.2
[INFO] [stderr]   Downloaded regex v1.8.3
[INFO] [stderr]   Downloaded reqwest v0.11.18
[INFO] [stderr]   Downloaded windows_aarch64_gnullvm v0.42.2
[INFO] [stderr]   Downloaded windows_x86_64_gnullvm v0.42.2
[INFO] [stderr]   Downloaded aho-corasick v1.0.1
[INFO] [stderr]   Downloaded syn v2.0.18
[INFO] [stderr]   Downloaded wasm-bindgen v0.2.86
[INFO] [stderr]   Downloaded bumpalo v3.13.0
[INFO] [stderr]   Downloaded axum v0.6.18
[INFO] [stderr]   Downloaded mio v0.8.6
[INFO] [stderr]   Downloaded tokio-util v0.7.8
[INFO] [stderr]   Downloaded bytes v1.4.0
[INFO] [stderr]   Downloaded js-sys v0.3.63
[INFO] [stderr]   Downloaded pin-project v1.1.0
[INFO] [stderr]   Downloaded aliri v0.6.2
[INFO] [stderr]   Downloaded flate2 v1.0.26
[INFO] [stderr]   Downloaded serde v1.0.163
[INFO] [stderr]   Downloaded ryu v1.0.13
[INFO] [stderr]   Downloaded proc-macro2 v1.0.59
[INFO] [stderr]   Downloaded compact_str v0.7.0
[INFO] [stderr]   Downloaded unicode-ident v1.0.9
[INFO] [stderr]   Downloaded serde_derive v1.0.163
[INFO] [stderr]   Downloaded pin-project-internal v1.1.0
[INFO] [stderr]   Downloaded quote v1.0.28
[INFO] [stderr]   Downloaded wasm-bindgen-backend v0.2.86
[INFO] [stderr]   Downloaded castaway v0.2.2
[INFO] [stderr]   Downloaded slab v0.4.8
[INFO] [stderr]   Downloaded wasm-bindgen-macro-support v0.2.86
[INFO] [stderr]   Downloaded matchit v0.7.0
[INFO] [stderr]   Downloaded itoa v1.0.6
[INFO] [stderr]   Downloaded hyper v0.14.26
[INFO] [stderr]   Downloaded aliri_braid v0.4.0
[INFO] [stderr]   Downloaded wasm-bindgen-macro v0.2.86
[INFO] [stderr]   Downloaded aliri_braid_impl v0.4.0
[INFO] [stderr]   Downloaded wasm-bindgen-futures v0.4.36
[INFO] [stderr]   Downloaded thiserror-impl v1.0.40
[INFO] [stderr]   Downloaded windows-targets v0.42.2
[INFO] running `Command { std: "docker" "create" "-v" "/var/lib/crater-agent-workspace/builds/worker-3-tc1/target:/opt/rustwide/target:rw,Z" "-v" "/var/lib/crater-agent-workspace/builds/worker-3-tc1/source:/opt/rustwide/workdir:ro,Z" "-v" "/var/lib/crater-agent-workspace/cargo-home:/opt/rustwide/cargo-home:ro,Z" "-v" "/var/lib/crater-agent-workspace/rustup-home:/opt/rustwide/rustup-home:ro,Z" "-e" "SOURCE_DIR=/opt/rustwide/workdir" "-e" "CARGO_TARGET_DIR=/opt/rustwide/target" "-e" "CARGO_HOME=/opt/rustwide/cargo-home" "-e" "RUSTUP_HOME=/opt/rustwide/rustup-home" "-w" "/opt/rustwide/workdir" "-m" "1610612736" "--user" "0:0" "--network" "none" "ghcr.io/rust-lang/crates-build-env/linux@sha256:2788e3201cd34a07e3172128adcd8b3090168a8e3bcc40d7c032b9dda1df7d1c" "/opt/rustwide/cargo-home/bin/cargo" "+1.75.0" "metadata" "--no-deps" "--format-version=1", kill_on_drop: false }`
[INFO] [stdout] d270faf8ff8ed09868f296b9e732a69d0e82fc9458fd36f6ca8bebe8234acbf4
[INFO] running `Command { std: "docker" "start" "-a" "d270faf8ff8ed09868f296b9e732a69d0e82fc9458fd36f6ca8bebe8234acbf4", kill_on_drop: false }`
[INFO] running `Command { std: "docker" "inspect" "d270faf8ff8ed09868f296b9e732a69d0e82fc9458fd36f6ca8bebe8234acbf4", kill_on_drop: false }`
[INFO] running `Command { std: "docker" "rm" "-f" "d270faf8ff8ed09868f296b9e732a69d0e82fc9458fd36f6ca8bebe8234acbf4", kill_on_drop: false }`
[INFO] [stdout] d270faf8ff8ed09868f296b9e732a69d0e82fc9458fd36f6ca8bebe8234acbf4
[INFO] running `Command { std: "docker" "create" "-v" "/var/lib/crater-agent-workspace/builds/worker-3-tc1/target:/opt/rustwide/target:rw,Z" "-v" "/var/lib/crater-agent-workspace/builds/worker-3-tc1/source:/opt/rustwide/workdir:ro,Z" "-v" "/var/lib/crater-agent-workspace/cargo-home:/opt/rustwide/cargo-home:ro,Z" "-v" "/var/lib/crater-agent-workspace/rustup-home:/opt/rustwide/rustup-home:ro,Z" "-e" "SOURCE_DIR=/opt/rustwide/workdir" "-e" "CARGO_TARGET_DIR=/opt/rustwide/target" "-e" "CARGO_INCREMENTAL=0" "-e" "RUST_BACKTRACE=full" "-e" "RUSTFLAGS=--cap-lints=warn" "-e" "RUSTDOCFLAGS=--cap-lints=warn" "-e" "CARGO_HOME=/opt/rustwide/cargo-home" "-e" "RUSTUP_HOME=/opt/rustwide/rustup-home" "-w" "/opt/rustwide/workdir" "-m" "1610612736" "--user" "0:0" "--network" "none" "ghcr.io/rust-lang/crates-build-env/linux@sha256:2788e3201cd34a07e3172128adcd8b3090168a8e3bcc40d7c032b9dda1df7d1c" "/opt/rustwide/cargo-home/bin/cargo" "+1.75.0" "build" "--frozen" "--message-format=json", kill_on_drop: false }`
[INFO] [stdout] 166f475a5614b3d41e215633394f0505573c00c1c7b18e72aeaa79a1dc454a6a
[INFO] running `Command { std: "docker" "start" "-a" "166f475a5614b3d41e215633394f0505573c00c1c7b18e72aeaa79a1dc454a6a", kill_on_drop: false }`
[INFO] [stderr]    Compiling proc-macro2 v1.0.59
[INFO] [stderr]    Compiling quote v1.0.28
[INFO] [stderr]    Compiling unicode-ident v1.0.9
[INFO] [stderr]    Compiling libc v0.2.144
[INFO] [stderr]    Compiling itoa v1.0.6
[INFO] [stderr]    Compiling log v0.4.17
[INFO] [stderr]    Compiling serde v1.0.163
[INFO] [stderr]    Compiling futures-core v0.3.28
[INFO] [stderr]    Compiling pin-project-lite v0.2.9
[INFO] [stderr]    Compiling bytes v1.4.0
[INFO] [stderr]    Compiling once_cell v1.17.1
[INFO] [stderr]    Compiling futures-task v0.3.28
[INFO] [stderr]    Compiling futures-util v0.3.28
[INFO] [stderr]    Compiling tokio v1.28.1
[INFO] [stderr]    Compiling slab v0.4.8
[INFO] [stderr]    Compiling indexmap v1.9.3
[INFO] [stderr]    Compiling memchr v2.5.0
[INFO] [stderr]    Compiling ryu v1.0.13
[INFO] [stderr]    Compiling rustversion v1.0.12
[INFO] [stderr]    Compiling tracing-core v0.1.31
[INFO] [stderr]    Compiling serde_json v1.0.96
[INFO] [stderr]    Compiling futures-channel v0.3.28
[INFO] [stderr]    Compiling percent-encoding v2.2.0
[INFO] [stderr]    Compiling futures-sink v0.3.28
[INFO] [stderr]    Compiling cc v1.0.79
[INFO] [stderr]    Compiling thiserror v1.0.40
[INFO] [stderr]    Compiling form_urlencoded v1.1.0
[INFO] [stderr]    Compiling http v0.2.9
[INFO] [stderr]    Compiling base64 v0.21.2
[INFO] [stderr]    Compiling unicode-bidi v0.3.13
[INFO] [stderr]    Compiling tower-service v0.3.2
[INFO] [stderr]    Compiling try-lock v0.2.4
[INFO] [stderr]    Compiling want v0.3.0
[INFO] [stderr]    Compiling regex-syntax v0.7.2
[INFO] [stderr]    Compiling httpdate v1.0.2
[INFO] [stderr]    Compiling untrusted v0.7.1
[INFO] [stderr]    Compiling spin v0.5.2
[INFO] [stderr]    Compiling aho-corasick v1.0.1
[INFO] [stderr]    Compiling idna v0.3.0
[INFO] [stderr]    Compiling encoding_rs v0.8.32
[INFO] [stderr]    Compiling ipnet v2.7.2
[INFO] [stderr]    Compiling syn v2.0.18
[INFO] [stderr]    Compiling static_assertions v1.1.0
[INFO] [stderr]    Compiling socket2 v0.4.9
[INFO] [stderr]    Compiling mio v0.8.6
[INFO] [stderr]    Compiling num_cpus v1.15.0
[INFO] [stderr]    Compiling tower-layer v0.3.2
[INFO] [stderr]    Compiling aliri_traits v0.1.1
[INFO] [stderr]    Compiling url v2.3.1
[INFO] [stderr]    Compiling arc-swap v1.6.0
[INFO] [stderr]    Compiling http-body v0.4.5
[INFO] [stderr]    Compiling castaway v0.2.2
[INFO] [stderr]    Compiling http-range-header v0.3.0
[INFO] [stderr]    Compiling ring v0.16.20
[INFO] [stderr]    Compiling tower-http v0.4.0
[INFO] [stderr]    Compiling regex v1.8.3
[INFO] [stderr]    Compiling serde_derive v1.0.163
[INFO] [stderr]    Compiling tokio-macros v2.1.0
[INFO] [stderr]    Compiling tracing-attributes v0.1.24
[INFO] [stderr]    Compiling aliri_braid_impl v0.4.0
[INFO] [stderr]    Compiling thiserror-impl v1.0.40
[INFO] [stderr]    Compiling tracing v0.1.37
[INFO] [stderr]    Compiling aliri_braid v0.4.0
[INFO] [stderr]    Compiling tokio-util v0.7.8
[INFO] [stderr]    Compiling h2 v0.3.19
[INFO] [stderr]    Compiling aliri_clock v0.1.4
[INFO] [stderr]    Compiling aliri_base64 v0.1.7
[INFO] [stderr]    Compiling serde_urlencoded v0.7.1
[INFO] [stderr]    Compiling compact_str v0.7.0
[INFO] [stderr]    Compiling aliri v0.6.2
[INFO] [stderr]    Compiling hyper v0.14.26
[INFO] [stderr]    Compiling reqwest v0.11.18
[INFO] [stderr]    Compiling aliri_oauth2 v0.10.0
[INFO] [stderr]    Compiling aliri_tower v0.5.0 (/opt/rustwide/workdir)
[INFO] [stderr]     Finished dev [unoptimized + debuginfo] target(s) in 14.86s
[INFO] running `Command { std: "docker" "inspect" "166f475a5614b3d41e215633394f0505573c00c1c7b18e72aeaa79a1dc454a6a", kill_on_drop: false }`
[INFO] running `Command { std: "docker" "rm" "-f" "166f475a5614b3d41e215633394f0505573c00c1c7b18e72aeaa79a1dc454a6a", kill_on_drop: false }`
[INFO] [stdout] 166f475a5614b3d41e215633394f0505573c00c1c7b18e72aeaa79a1dc454a6a
[INFO] running `Command { std: "docker" "create" "-v" "/var/lib/crater-agent-workspace/builds/worker-3-tc1/target:/opt/rustwide/target:rw,Z" "-v" "/var/lib/crater-agent-workspace/builds/worker-3-tc1/source:/opt/rustwide/workdir:ro,Z" "-v" "/var/lib/crater-agent-workspace/cargo-home:/opt/rustwide/cargo-home:ro,Z" "-v" "/var/lib/crater-agent-workspace/rustup-home:/opt/rustwide/rustup-home:ro,Z" "-e" "SOURCE_DIR=/opt/rustwide/workdir" "-e" "CARGO_TARGET_DIR=/opt/rustwide/target" "-e" "CARGO_INCREMENTAL=0" "-e" "RUST_BACKTRACE=full" "-e" "RUSTFLAGS=--cap-lints=warn" "-e" "RUSTDOCFLAGS=--cap-lints=warn" "-e" "CARGO_HOME=/opt/rustwide/cargo-home" "-e" "RUSTUP_HOME=/opt/rustwide/rustup-home" "-w" "/opt/rustwide/workdir" "-m" "1610612736" "--user" "0:0" "--network" "none" "ghcr.io/rust-lang/crates-build-env/linux@sha256:2788e3201cd34a07e3172128adcd8b3090168a8e3bcc40d7c032b9dda1df7d1c" "/opt/rustwide/cargo-home/bin/cargo" "+1.75.0" "test" "--frozen" "--no-run" "--message-format=json", kill_on_drop: false }`
[INFO] [stdout] be25d9348134efb61d16a735dba600be6a99ab43f9d0b22a72b6d8b46ab24693
[INFO] running `Command { std: "docker" "start" "-a" "be25d9348134efb61d16a735dba600be6a99ab43f9d0b22a72b6d8b46ab24693", kill_on_drop: false }`
[INFO] [stderr]    Compiling getrandom v0.2.9
[INFO] [stderr]    Compiling async-trait v0.1.68
[INFO] [stderr]    Compiling anyhow v1.0.71
[INFO] [stderr]    Compiling pin-project-internal v1.1.0
[INFO] [stderr]    Compiling axum-core v0.3.4
[INFO] [stderr]    Compiling either v1.8.1
[INFO] [stderr]    Compiling syn v1.0.109
[INFO] [stderr]    Compiling axum v0.6.18
[INFO] [stderr]    Compiling tokio-io-timeout v1.2.0
[INFO] [stderr]    Compiling matchit v0.7.0
[INFO] [stderr]    Compiling sync_wrapper v0.1.2
[INFO] [stderr]    Compiling flate2 v1.0.26
[INFO] [stderr]    Compiling tokio-stream v0.1.14
[INFO] [stderr]    Compiling hyper-timeout v0.4.1
[INFO] [stderr]    Compiling itertools v0.10.5
[INFO] [stderr]    Compiling rand_core v0.6.4
[INFO] [stderr]    Compiling rand_chacha v0.3.1
[INFO] [stderr]    Compiling rand v0.8.5
[INFO] [stderr]    Compiling pin-project v1.1.0
[INFO] [stderr]    Compiling tower v0.4.13
[INFO] [stderr]    Compiling prost-derive v0.11.9
[INFO] [stderr]    Compiling prost v0.11.9
[INFO] [stderr]    Compiling tonic v0.9.2
[INFO] [stderr]    Compiling aliri_tower v0.5.0 (/opt/rustwide/workdir)
[INFO] [stderr]     Finished test [unoptimized + debuginfo] target(s) in 11.07s
[INFO] running `Command { std: "docker" "inspect" "be25d9348134efb61d16a735dba600be6a99ab43f9d0b22a72b6d8b46ab24693", kill_on_drop: false }`
[INFO] running `Command { std: "docker" "rm" "-f" "be25d9348134efb61d16a735dba600be6a99ab43f9d0b22a72b6d8b46ab24693", kill_on_drop: false }`
[INFO] [stdout] be25d9348134efb61d16a735dba600be6a99ab43f9d0b22a72b6d8b46ab24693
[INFO] running `Command { std: "docker" "create" "-v" "/var/lib/crater-agent-workspace/builds/worker-3-tc1/target:/opt/rustwide/target:rw,Z" "-v" "/var/lib/crater-agent-workspace/builds/worker-3-tc1/source:/opt/rustwide/workdir:ro,Z" "-v" "/var/lib/crater-agent-workspace/cargo-home:/opt/rustwide/cargo-home:ro,Z" "-v" "/var/lib/crater-agent-workspace/rustup-home:/opt/rustwide/rustup-home:ro,Z" "-e" "SOURCE_DIR=/opt/rustwide/workdir" "-e" "CARGO_TARGET_DIR=/opt/rustwide/target" "-e" "CARGO_INCREMENTAL=0" "-e" "RUST_BACKTRACE=full" "-e" "RUSTFLAGS=--cap-lints=warn" "-e" "RUSTDOCFLAGS=--cap-lints=warn" "-e" "CARGO_HOME=/opt/rustwide/cargo-home" "-e" "RUSTUP_HOME=/opt/rustwide/rustup-home" "-w" "/opt/rustwide/workdir" "-m" "1610612736" "--user" "0:0" "--network" "none" "ghcr.io/rust-lang/crates-build-env/linux@sha256:2788e3201cd34a07e3172128adcd8b3090168a8e3bcc40d7c032b9dda1df7d1c" "/opt/rustwide/cargo-home/bin/cargo" "+1.75.0" "test" "--frozen", kill_on_drop: false }`
[INFO] [stdout] 6af4c84229a9d997255fecfd5dd72d1cd75efd80b338bbb9365d88b9584bfe81
[INFO] running `Command { std: "docker" "start" "-a" "6af4c84229a9d997255fecfd5dd72d1cd75efd80b338bbb9365d88b9584bfe81", kill_on_drop: false }`
[INFO] [stderr]     Finished test [unoptimized + debuginfo] target(s) in 0.08s
[INFO] [stderr]      Running unittests src/lib.rs (/opt/rustwide/target/debug/deps/aliri_tower-ed3d3716415f658f)
[INFO] [stdout] 
[INFO] [stdout] running 8 tests
[INFO] [stdout] test util::tests::in_forbidden_description_unicode_and_non_printing_description_does_not_panic ... ok
[INFO] [stdout] test util::tests::in_forbidden_with_empty_description_doesnt_include_description ... ok
[INFO] [stdout] test util::tests::in_forbidden_with_no_policy_and_empty_description_doesnt_include_description ... ok
[INFO] [stdout] test util::tests::in_forbidden_with_multiple_alternatives_returns_multiple_headers ... ok
[INFO] [stdout] test util::tests::in_forbidden_with_no_policy_returns_one_header_without_scope ... ok
[INFO] [stdout] test util::tests::in_forbidden_with_deny_all_returns_one_header_without_scope ... ok
[INFO] [stdout] test util::tests::in_unauthorized_description_unicode_and_non_printing_description_does_not_panic ... ok
[INFO] [stdout] test util::tests::in_unauthorized_with_empty_description_doesnt_include_description ... ok
[INFO] [stdout] 
[INFO] [stdout] test result: ok. 8 passed; 0 failed; 0 ignored; 0 measured; 0 filtered out; finished in 0.00s
[INFO] [stdout] 
[INFO] [stderr]    Doc-tests aliri_tower
[INFO] [stdout] 
[INFO] [stdout] running 3 tests
[INFO] [stdout] test src/lib.rs - (line 8) ... FAILED
[INFO] [stdout] test src/lib.rs - verbose_error_handler_is_send_sync (line 193) ... ok
[INFO] [stdout] test src/lib.rs - terse_error_handler_is_send_sync (line 203) ... ok
[INFO] [stdout] 
[INFO] [stdout] failures:
[INFO] [stdout] 
[INFO] [stdout] ---- src/lib.rs - (line 8) stdout ----
[INFO] [stdout] error[E0433]: failed to resolve: could not find `Server` in `axum`
[INFO] [stdout]   --> src/lib.rs:83:7
[INFO] [stdout]    |
[INFO] [stdout] 78 | axum::Server::bind(&"".parse().unwrap()).serve(app.into_make_service()).await.unwrap();
[INFO] [stdout]    |       ^^^^^^ could not find `Server` in `axum`
[INFO] [stdout]    |
[INFO] [stdout] help: consider importing this struct
[INFO] [stdout]    |
[INFO] [stdout] 2  + use tonic::transport::Server;
[INFO] [stdout]    |
[INFO] [stdout] help: if you import `Server`, refer to it directly
[INFO] [stdout]    |
[INFO] [stdout] 78 - axum::Server::bind(&"".parse().unwrap()).serve(app.into_make_service()).await.unwrap();
[INFO] [stdout] 78 + Server::bind(&"".parse().unwrap()).serve(app.into_make_service()).await.unwrap();
[INFO] [stdout]    |
[INFO] [stdout] 
[INFO] [stdout] error: aborting due to previous error
[INFO] [stdout] 
[INFO] [stdout] For more information about this error, try `rustc --explain E0433`.
[INFO] [stdout] Couldn't compile the test.
[INFO] [stdout] 
[INFO] [stdout] failures:
[INFO] [stdout]     src/lib.rs - (line 8)
[INFO] [stdout] 
[INFO] [stdout] test result: FAILED. 2 passed; 1 failed; 0 ignored; 0 measured; 0 filtered out; finished in 0.19s
[INFO] [stdout] 
[INFO] [stderr] error: doctest failed, to rerun pass `--doc`
[INFO] running `Command { std: "docker" "inspect" "6af4c84229a9d997255fecfd5dd72d1cd75efd80b338bbb9365d88b9584bfe81", kill_on_drop: false }`
[INFO] running `Command { std: "docker" "rm" "-f" "6af4c84229a9d997255fecfd5dd72d1cd75efd80b338bbb9365d88b9584bfe81", kill_on_drop: false }`
[INFO] [stdout] 6af4c84229a9d997255fecfd5dd72d1cd75efd80b338bbb9365d88b9584bfe81
[INFO] testing aliri_tower-0.5.0 against beta-2023-12-22 for beta-1.76-1
[INFO] extracting crate aliri_tower 0.5.0 into /workspace/builds/worker-3-tc2/source
[INFO] validating manifest of crates.io crate aliri_tower 0.5.0 on toolchain beta-2023-12-22
[INFO] running `Command { std: CARGO_HOME="/workspace/cargo-home" RUSTUP_HOME="/workspace/rustup-home" "/workspace/cargo-home/bin/cargo" "+beta-2023-12-22" "metadata" "--manifest-path" "Cargo.toml" "--no-deps", kill_on_drop: false }`
[INFO] started tweaking crates.io crate aliri_tower 0.5.0
[INFO] finished tweaking crates.io crate aliri_tower 0.5.0
[INFO] tweaked toml for crates.io crate aliri_tower 0.5.0 written to /workspace/builds/worker-3-tc2/source/Cargo.toml
[INFO] crate crates.io crate aliri_tower 0.5.0 already has a lockfile, it will not be regenerated
[INFO] running `Command { std: CARGO_HOME="/workspace/cargo-home" RUSTUP_HOME="/workspace/rustup-home" "/workspace/cargo-home/bin/cargo" "+beta-2023-12-22" "fetch" "--manifest-path" "Cargo.toml", kill_on_drop: false }`
[INFO] running `Command { std: "docker" "create" "-v" "/var/lib/crater-agent-workspace/builds/worker-3-tc2/target:/opt/rustwide/target:rw,Z" "-v" "/var/lib/crater-agent-workspace/builds/worker-3-tc2/source:/opt/rustwide/workdir:ro,Z" "-v" "/var/lib/crater-agent-workspace/cargo-home:/opt/rustwide/cargo-home:ro,Z" "-v" "/var/lib/crater-agent-workspace/rustup-home:/opt/rustwide/rustup-home:ro,Z" "-e" "SOURCE_DIR=/opt/rustwide/workdir" "-e" "CARGO_TARGET_DIR=/opt/rustwide/target" "-e" "CARGO_HOME=/opt/rustwide/cargo-home" "-e" "RUSTUP_HOME=/opt/rustwide/rustup-home" "-w" "/opt/rustwide/workdir" "-m" "1610612736" "--user" "0:0" "--network" "none" "ghcr.io/rust-lang/crates-build-env/linux@sha256:2788e3201cd34a07e3172128adcd8b3090168a8e3bcc40d7c032b9dda1df7d1c" "/opt/rustwide/cargo-home/bin/cargo" "+beta-2023-12-22" "metadata" "--no-deps" "--format-version=1", kill_on_drop: false }`
[INFO] [stdout] 274a4b9887f4afeab94d81b395ea81c198e4fff05d2cf4be46719ce8e48bdbbf
[INFO] running `Command { std: "docker" "start" "-a" "274a4b9887f4afeab94d81b395ea81c198e4fff05d2cf4be46719ce8e48bdbbf", kill_on_drop: false }`
[INFO] running `Command { std: "docker" "inspect" "274a4b9887f4afeab94d81b395ea81c198e4fff05d2cf4be46719ce8e48bdbbf", kill_on_drop: false }`
[INFO] running `Command { std: "docker" "rm" "-f" "274a4b9887f4afeab94d81b395ea81c198e4fff05d2cf4be46719ce8e48bdbbf", kill_on_drop: false }`
[INFO] [stdout] 274a4b9887f4afeab94d81b395ea81c198e4fff05d2cf4be46719ce8e48bdbbf
[INFO] running `Command { std: "docker" "create" "-v" "/var/lib/crater-agent-workspace/builds/worker-3-tc2/target:/opt/rustwide/target:rw,Z" "-v" "/var/lib/crater-agent-workspace/builds/worker-3-tc2/source:/opt/rustwide/workdir:ro,Z" "-v" "/var/lib/crater-agent-workspace/cargo-home:/opt/rustwide/cargo-home:ro,Z" "-v" "/var/lib/crater-agent-workspace/rustup-home:/opt/rustwide/rustup-home:ro,Z" "-e" "SOURCE_DIR=/opt/rustwide/workdir" "-e" "CARGO_TARGET_DIR=/opt/rustwide/target" "-e" "CARGO_INCREMENTAL=0" "-e" "RUST_BACKTRACE=full" "-e" "RUSTFLAGS=--cap-lints=warn" "-e" "RUSTDOCFLAGS=--cap-lints=warn" "-e" "CARGO_HOME=/opt/rustwide/cargo-home" "-e" "RUSTUP_HOME=/opt/rustwide/rustup-home" "-w" "/opt/rustwide/workdir" "-m" "1610612736" "--user" "0:0" "--network" "none" "ghcr.io/rust-lang/crates-build-env/linux@sha256:2788e3201cd34a07e3172128adcd8b3090168a8e3bcc40d7c032b9dda1df7d1c" "/opt/rustwide/cargo-home/bin/cargo" "+beta-2023-12-22" "build" "--frozen" "--message-format=json", kill_on_drop: false }`
[INFO] [stdout] 839a2a40b2dd788c68032dda1e3f4b680d41f72beb6115e17662fa40da92a30d
[INFO] running `Command { std: "docker" "start" "-a" "839a2a40b2dd788c68032dda1e3f4b680d41f72beb6115e17662fa40da92a30d", kill_on_drop: false }`
[INFO] [stderr]    Compiling proc-macro2 v1.0.59
[INFO] [stderr]    Compiling unicode-ident v1.0.9
[INFO] [stderr]    Compiling quote v1.0.28
[INFO] [stderr]    Compiling libc v0.2.144
[INFO] [stderr]    Compiling log v0.4.17
[INFO] [stderr]    Compiling itoa v1.0.6
[INFO] [stderr]    Compiling pin-project-lite v0.2.9
[INFO] [stderr]    Compiling futures-core v0.3.28
[INFO] [stderr]    Compiling serde v1.0.163
[INFO] [stderr]    Compiling once_cell v1.17.1
[INFO] [stderr]    Compiling bytes v1.4.0
[INFO] [stderr]    Compiling futures-task v0.3.28
[INFO] [stderr]    Compiling futures-util v0.3.28
[INFO] [stderr]    Compiling tokio v1.28.1
[INFO] [stderr]    Compiling indexmap v1.9.3
[INFO] [stderr]    Compiling slab v0.4.8
[INFO] [stderr]    Compiling ryu v1.0.13
[INFO] [stderr]    Compiling memchr v2.5.0
[INFO] [stderr]    Compiling futures-channel v0.3.28
[INFO] [stderr]    Compiling tracing-core v0.1.31
[INFO] [stderr]    Compiling serde_json v1.0.96
[INFO] [stderr]    Compiling rustversion v1.0.12
[INFO] [stderr]    Compiling cc v1.0.79
[INFO] [stderr]    Compiling percent-encoding v2.2.0
[INFO] [stderr]    Compiling futures-sink v0.3.28
[INFO] [stderr]    Compiling unicode-bidi v0.3.13
[INFO] [stderr]    Compiling base64 v0.21.2
[INFO] [stderr]    Compiling try-lock v0.2.4
[INFO] [stderr]    Compiling form_urlencoded v1.1.0
[INFO] [stderr]    Compiling http v0.2.9
[INFO] [stderr]    Compiling thiserror v1.0.40
[INFO] [stderr]    Compiling tower-service v0.3.2
[INFO] [stderr]    Compiling want v0.3.0
[INFO] [stderr]    Compiling untrusted v0.7.1
[INFO] [stderr]    Compiling httpdate v1.0.2
[INFO] [stderr]    Compiling regex-syntax v0.7.2
[INFO] [stderr]    Compiling idna v0.3.0
[INFO] [stderr]    Compiling spin v0.5.2
[INFO] [stderr]    Compiling encoding_rs v0.8.32
[INFO] [stderr]    Compiling aho-corasick v1.0.1
[INFO] [stderr]    Compiling ipnet v2.7.2
[INFO] [stderr]    Compiling static_assertions v1.1.0
[INFO] [stderr]    Compiling http-range-header v0.3.0
[INFO] [stderr]    Compiling syn v2.0.18
[INFO] [stderr]    Compiling num_cpus v1.15.0
[INFO] [stderr]    Compiling socket2 v0.4.9
[INFO] [stderr]    Compiling mio v0.8.6
[INFO] [stderr]    Compiling url v2.3.1
[INFO] [stderr]    Compiling tower-layer v0.3.2
[INFO] [stderr]    Compiling http-body v0.4.5
[INFO] [stderr]    Compiling arc-swap v1.6.0
[INFO] [stderr]    Compiling aliri_traits v0.1.1
[INFO] [stderr]    Compiling ring v0.16.20
[INFO] [stderr]    Compiling castaway v0.2.2
[INFO] [stderr]    Compiling tower-http v0.4.0
[INFO] [stderr]    Compiling regex v1.8.3
[INFO] [stderr]    Compiling serde_derive v1.0.163
[INFO] [stderr]    Compiling tracing-attributes v0.1.24
[INFO] [stderr]    Compiling tokio-macros v2.1.0
[INFO] [stderr]    Compiling thiserror-impl v1.0.40
[INFO] [stderr]    Compiling aliri_braid_impl v0.4.0
[INFO] [stderr]    Compiling tracing v0.1.37
[INFO] [stderr]    Compiling aliri_braid v0.4.0
[INFO] [stderr]    Compiling tokio-util v0.7.8
[INFO] [stderr]    Compiling h2 v0.3.19
[INFO] [stderr]    Compiling aliri_clock v0.1.4
[INFO] [stderr]    Compiling serde_urlencoded v0.7.1
[INFO] [stderr]    Compiling aliri_base64 v0.1.7
[INFO] [stderr]    Compiling compact_str v0.7.0
[INFO] [stderr]    Compiling aliri v0.6.2
[INFO] [stderr]    Compiling hyper v0.14.26
[INFO] [stderr]    Compiling reqwest v0.11.18
[INFO] [stderr]    Compiling aliri_oauth2 v0.10.0
[INFO] [stderr]    Compiling aliri_tower v0.5.0 (/opt/rustwide/workdir)
[INFO] [stderr]     Finished dev [unoptimized + debuginfo] target(s) in 14.67s
[INFO] running `Command { std: "docker" "inspect" "839a2a40b2dd788c68032dda1e3f4b680d41f72beb6115e17662fa40da92a30d", kill_on_drop: false }`
[INFO] running `Command { std: "docker" "rm" "-f" "839a2a40b2dd788c68032dda1e3f4b680d41f72beb6115e17662fa40da92a30d", kill_on_drop: false }`
[INFO] [stdout] 839a2a40b2dd788c68032dda1e3f4b680d41f72beb6115e17662fa40da92a30d
[INFO] running `Command { std: "docker" "create" "-v" "/var/lib/crater-agent-workspace/builds/worker-3-tc2/target:/opt/rustwide/target:rw,Z" "-v" "/var/lib/crater-agent-workspace/builds/worker-3-tc2/source:/opt/rustwide/workdir:ro,Z" "-v" "/var/lib/crater-agent-workspace/cargo-home:/opt/rustwide/cargo-home:ro,Z" "-v" "/var/lib/crater-agent-workspace/rustup-home:/opt/rustwide/rustup-home:ro,Z" "-e" "SOURCE_DIR=/opt/rustwide/workdir" "-e" "CARGO_TARGET_DIR=/opt/rustwide/target" "-e" "CARGO_INCREMENTAL=0" "-e" "RUST_BACKTRACE=full" "-e" "RUSTFLAGS=--cap-lints=warn" "-e" "RUSTDOCFLAGS=--cap-lints=warn" "-e" "CARGO_HOME=/opt/rustwide/cargo-home" "-e" "RUSTUP_HOME=/opt/rustwide/rustup-home" "-w" "/opt/rustwide/workdir" "-m" "1610612736" "--user" "0:0" "--network" "none" "ghcr.io/rust-lang/crates-build-env/linux@sha256:2788e3201cd34a07e3172128adcd8b3090168a8e3bcc40d7c032b9dda1df7d1c" "/opt/rustwide/cargo-home/bin/cargo" "+beta-2023-12-22" "test" "--frozen" "--no-run" "--message-format=json", kill_on_drop: false }`
[INFO] [stdout] b3f3795eb2a6a6f1c578d936dfd841d3481531a093e5ad49d5ee5658ef95b8b9
[INFO] running `Command { std: "docker" "start" "-a" "b3f3795eb2a6a6f1c578d936dfd841d3481531a093e5ad49d5ee5658ef95b8b9", kill_on_drop: false }`
[INFO] [stderr]    Compiling getrandom v0.2.9
[INFO] [stderr]    Compiling async-trait v0.1.68
[INFO] [stderr]    Compiling anyhow v1.0.71
[INFO] [stderr]    Compiling pin-project-internal v1.1.0
[INFO] [stderr]    Compiling axum-core v0.3.4
[INFO] [stderr]    Compiling either v1.8.1
[INFO] [stderr]    Compiling syn v1.0.109
[INFO] [stderr]    Compiling axum v0.6.18
[INFO] [stderr]    Compiling tokio-io-timeout v1.2.0
[INFO] [stderr]    Compiling sync_wrapper v0.1.2
[INFO] [stderr]    Compiling matchit v0.7.0
[INFO] [stderr]    Compiling flate2 v1.0.26
[INFO] [stderr]    Compiling tokio-stream v0.1.14
[INFO] [stderr]    Compiling itertools v0.10.5
[INFO] [stderr]    Compiling rand_core v0.6.4
[INFO] [stderr]    Compiling hyper-timeout v0.4.1
[INFO] [stderr]    Compiling rand_chacha v0.3.1
[INFO] [stderr]    Compiling rand v0.8.5
[INFO] [stderr]    Compiling pin-project v1.1.0
[INFO] [stderr]    Compiling tower v0.4.13
[INFO] [stderr]    Compiling prost-derive v0.11.9
[INFO] [stderr]    Compiling prost v0.11.9
[INFO] [stderr]    Compiling tonic v0.9.2
[INFO] [stderr]    Compiling aliri_tower v0.5.0 (/opt/rustwide/workdir)
[INFO] [stderr]     Finished test [unoptimized + debuginfo] target(s) in 10.47s
[INFO] running `Command { std: "docker" "inspect" "b3f3795eb2a6a6f1c578d936dfd841d3481531a093e5ad49d5ee5658ef95b8b9", kill_on_drop: false }`
[INFO] running `Command { std: "docker" "rm" "-f" "b3f3795eb2a6a6f1c578d936dfd841d3481531a093e5ad49d5ee5658ef95b8b9", kill_on_drop: false }`
[INFO] [stdout] b3f3795eb2a6a6f1c578d936dfd841d3481531a093e5ad49d5ee5658ef95b8b9
[INFO] running `Command { std: "docker" "create" "-v" "/var/lib/crater-agent-workspace/builds/worker-3-tc2/target:/opt/rustwide/target:rw,Z" "-v" "/var/lib/crater-agent-workspace/builds/worker-3-tc2/source:/opt/rustwide/workdir:ro,Z" "-v" "/var/lib/crater-agent-workspace/cargo-home:/opt/rustwide/cargo-home:ro,Z" "-v" "/var/lib/crater-agent-workspace/rustup-home:/opt/rustwide/rustup-home:ro,Z" "-e" "SOURCE_DIR=/opt/rustwide/workdir" "-e" "CARGO_TARGET_DIR=/opt/rustwide/target" "-e" "CARGO_INCREMENTAL=0" "-e" "RUST_BACKTRACE=full" "-e" "RUSTFLAGS=--cap-lints=warn" "-e" "RUSTDOCFLAGS=--cap-lints=warn" "-e" "CARGO_HOME=/opt/rustwide/cargo-home" "-e" "RUSTUP_HOME=/opt/rustwide/rustup-home" "-w" "/opt/rustwide/workdir" "-m" "1610612736" "--user" "0:0" "--network" "none" "ghcr.io/rust-lang/crates-build-env/linux@sha256:2788e3201cd34a07e3172128adcd8b3090168a8e3bcc40d7c032b9dda1df7d1c" "/opt/rustwide/cargo-home/bin/cargo" "+beta-2023-12-22" "test" "--frozen", kill_on_drop: false }`
[INFO] [stdout] bb297edc1f125af9bb796d973ecb76760718caf0ab7124f263e89425c2de0822
[INFO] running `Command { std: "docker" "start" "-a" "bb297edc1f125af9bb796d973ecb76760718caf0ab7124f263e89425c2de0822", kill_on_drop: false }`
[INFO] [stderr]     Finished test [unoptimized + debuginfo] target(s) in 0.09s
[INFO] [stderr]      Running unittests src/lib.rs (/opt/rustwide/target/debug/deps/aliri_tower-068722d5d7518731)
[INFO] [stdout] 
[INFO] [stdout] running 8 tests
[INFO] [stdout] test util::tests::in_forbidden_with_deny_all_returns_one_header_without_scope ... ok
[INFO] [stdout] test util::tests::in_forbidden_with_empty_description_doesnt_include_description ... ok
[INFO] [stdout] test util::tests::in_forbidden_description_unicode_and_non_printing_description_does_not_panic ... ok
[INFO] [stdout] test util::tests::in_forbidden_with_multiple_alternatives_returns_multiple_headers ... ok
[INFO] [stdout] test util::tests::in_forbidden_with_no_policy_and_empty_description_doesnt_include_description ... ok
[INFO] [stdout] test util::tests::in_forbidden_with_no_policy_returns_one_header_without_scope ... ok
[INFO] [stdout] test util::tests::in_unauthorized_description_unicode_and_non_printing_description_does_not_panic ... ok
[INFO] [stdout] test util::tests::in_unauthorized_with_empty_description_doesnt_include_description ... ok
[INFO] [stdout] 
[INFO] [stdout] test result: ok. 8 passed; 0 failed; 0 ignored; 0 measured; 0 filtered out; finished in 0.00s
[INFO] [stdout] 
[INFO] [stderr]    Doc-tests aliri_tower
[INFO] [stdout] 
[INFO] [stdout] running 3 tests
[INFO] [stdout] test src/lib.rs - (line 8) ... FAILED
[INFO] [stdout] test src/lib.rs - verbose_error_handler_is_send_sync (line 193) ... ok
[INFO] [stdout] test src/lib.rs - terse_error_handler_is_send_sync (line 203) ... ok
[INFO] [stdout] 
[INFO] [stdout] failures:
[INFO] [stdout] 
[INFO] [stdout] ---- src/lib.rs - (line 8) stdout ----
[INFO] [stdout] error[E0433]: failed to resolve: could not find `Server` in `axum`
[INFO] [stdout]   --> src/lib.rs:83:7
[INFO] [stdout]    |
[INFO] [stdout] 78 | axum::Server::bind(&"".parse().unwrap()).serve(app.into_make_service()).await.unwrap();
[INFO] [stdout]    |       ^^^^^^ could not find `Server` in `axum`
[INFO] [stdout]    |
[INFO] [stdout] help: consider importing this struct
[INFO] [stdout]    |
[INFO] [stdout] 2  + use tonic::transport::Server;
[INFO] [stdout]    |
[INFO] [stdout] help: if you import `Server`, refer to it directly
[INFO] [stdout]    |
[INFO] [stdout] 78 - axum::Server::bind(&"".parse().unwrap()).serve(app.into_make_service()).await.unwrap();
[INFO] [stdout] 78 + Server::bind(&"".parse().unwrap()).serve(app.into_make_service()).await.unwrap();
[INFO] [stdout]    |
[INFO] [stdout] 
[INFO] [stdout] error: aborting due to 1 previous error
[INFO] [stdout] 
[INFO] [stdout] For more information about this error, try `rustc --explain E0433`.
[INFO] [stdout] Couldn't compile the test.
[INFO] [stdout] 
[INFO] [stdout] failures:
[INFO] [stdout]     src/lib.rs - (line 8)
[INFO] [stdout] 
[INFO] [stdout] test result: FAILED. 2 passed; 1 failed; 0 ignored; 0 measured; 0 filtered out; finished in 0.19s
[INFO] [stdout] 
[INFO] [stderr] error: doctest failed, to rerun pass `--doc`
[INFO] running `Command { std: "docker" "inspect" "bb297edc1f125af9bb796d973ecb76760718caf0ab7124f263e89425c2de0822", kill_on_drop: false }`
[INFO] running `Command { std: "docker" "rm" "-f" "bb297edc1f125af9bb796d973ecb76760718caf0ab7124f263e89425c2de0822", kill_on_drop: false }`
[INFO] [stdout] bb297edc1f125af9bb796d973ecb76760718caf0ab7124f263e89425c2de0822
