[INFO] fetching crate aliri_axum 0.3.0...
[INFO] testing aliri_axum-0.3.0 against 1.75.0 for beta-1.76-1
[INFO] extracting crate aliri_axum 0.3.0 into /workspace/builds/worker-2-tc1/source
[INFO] validating manifest of crates.io crate aliri_axum 0.3.0 on toolchain 1.75.0
[INFO] running `Command { std: CARGO_HOME="/workspace/cargo-home" RUSTUP_HOME="/workspace/rustup-home" "/workspace/cargo-home/bin/cargo" "+1.75.0" "metadata" "--manifest-path" "Cargo.toml" "--no-deps", kill_on_drop: false }`
[INFO] started tweaking crates.io crate aliri_axum 0.3.0
[INFO] finished tweaking crates.io crate aliri_axum 0.3.0
[INFO] tweaked toml for crates.io crate aliri_axum 0.3.0 written to /workspace/builds/worker-2-tc1/source/Cargo.toml
[INFO] crate crates.io crate aliri_axum 0.3.0 already has a lockfile, it will not be regenerated
[INFO] running `Command { std: CARGO_HOME="/workspace/cargo-home" RUSTUP_HOME="/workspace/rustup-home" "/workspace/cargo-home/bin/cargo" "+1.75.0" "fetch" "--manifest-path" "Cargo.toml", kill_on_drop: false }`
[INFO] [stderr]     Updating crates.io index
[INFO] [stderr]  Downloading crates ...
[INFO] [stderr]   Downloaded matchers v0.1.0
[INFO] [stderr]   Downloaded tracing-log v0.1.3
[INFO] [stderr]   Downloaded itoa v1.0.6
[INFO] [stderr]   Downloaded smallvec v1.10.0
[INFO] [stderr]   Downloaded tower v0.4.13
[INFO] [stderr]   Downloaded hyper-tls v0.5.0
[INFO] [stderr]   Downloaded windows-targets v0.48.0
[INFO] [stderr]   Downloaded tracing-core v0.1.31
[INFO] [stderr]   Downloaded winreg v0.10.1
[INFO] [stderr]   Downloaded thiserror v1.0.40
[INFO] [stderr]   Downloaded aliri_braid v0.4.0
[INFO] [stderr]   Downloaded thread_local v1.1.7
[INFO] [stderr]   Downloaded try-lock v0.2.4
[INFO] [stderr]   Downloaded sync_wrapper v0.1.2
[INFO] [stderr]   Downloaded http-body v0.4.5
[INFO] [stderr]   Downloaded pin-project-internal v1.1.0
[INFO] [stderr]   Downloaded owo-colors v3.5.0
[INFO] [stderr]   Downloaded schannel v0.1.21
[INFO] [stderr]   Downloaded windows_i686_gnu v0.48.0
[INFO] [stderr]   Downloaded color-eyre v0.6.2
[INFO] [stderr]   Downloaded web-sys v0.3.63
[INFO] [stderr]   Downloaded aliri_tower v0.5.0
[INFO] [stderr]   Downloaded windows-sys v0.42.0
[INFO] [stderr]   Downloaded aliri_oauth2 v0.10.0
[INFO] [stderr]   Downloaded encoding_rs v0.8.32
[INFO] [stderr]   Downloaded windows-sys v0.45.0
[INFO] [stderr]   Downloaded aliri v0.6.2
[INFO] [stderr]   Downloaded aliri_traits v0.1.1
[INFO] [stderr]   Downloaded gimli v0.27.2
[INFO] [stderr]   Downloaded windows_x86_64_gnu v0.42.2
[INFO] [stderr]   Downloaded windows_i686_msvc v0.42.2
[INFO] [stderr]   Downloaded windows_x86_64_gnullvm v0.42.2
[INFO] [stderr]   Downloaded libc v0.2.144
[INFO] [stderr]   Downloaded windows_aarch64_msvc v0.48.0
[INFO] [stderr]   Downloaded windows_i686_msvc v0.48.0
[INFO] [stderr]   Downloaded tokio v1.28.1
[INFO] [stderr]   Downloaded windows_aarch64_msvc v0.42.2
[INFO] [stderr]   Downloaded windows_x86_64_msvc v0.42.2
[INFO] [stderr]   Downloaded windows_x86_64_gnu v0.48.0
[INFO] [stderr]   Downloaded openssl v0.10.52
[INFO] [stderr]   Downloaded windows_i686_gnu v0.42.2
[INFO] [stderr]   Downloaded miniz_oxide v0.6.2
[INFO] [stderr]   Downloaded idna v0.3.0
[INFO] [stderr]   Downloaded tower-http v0.4.0
[INFO] [stderr]   Downloaded cc v1.0.79
[INFO] [stderr]   Downloaded openssl-sys v0.9.87
[INFO] [stderr]   Downloaded serde v1.0.163
[INFO] [stderr]   Downloaded unicode-bidi v0.3.13
[INFO] [stderr]   Downloaded base64 v0.21.2
[INFO] [stderr]   Downloaded security-framework v2.9.1
[INFO] [stderr]   Downloaded hyper v0.14.26
[INFO] [stderr]   Downloaded color-spantrace v0.2.0
[INFO] [stderr]   Downloaded h2 v0.3.19
[INFO] [stderr]   Downloaded tracing-subscriber v0.3.17
[INFO] [stderr]   Downloaded http v0.2.9
[INFO] [stderr]   Downloaded windows_aarch64_gnullvm v0.48.0
[INFO] [stderr]   Downloaded windows_aarch64_gnullvm v0.42.2
[INFO] [stderr]   Downloaded regex-syntax v0.7.2
[INFO] [stderr]   Downloaded windows_x86_64_gnullvm v0.48.0
[INFO] [stderr]   Downloaded windows_x86_64_msvc v0.48.0
[INFO] [stderr]   Downloaded futures-util v0.3.28
[INFO] [stderr]   Downloaded object v0.30.3
[INFO] [stderr]   Downloaded rustix v0.37.19
[INFO] [stderr]   Downloaded redox_syscall v0.3.5
[INFO] [stderr]   Downloaded quote v1.0.28
[INFO] [stderr]   Downloaded core-foundation v0.9.3
[INFO] [stderr]   Downloaded tempfile v3.5.0
[INFO] [stderr]   Downloaded aho-corasick v1.0.1
[INFO] [stderr]   Downloaded regex-syntax v0.6.29
[INFO] [stderr]   Downloaded regex v1.8.3
[INFO] [stderr]   Downloaded matchit v0.7.0
[INFO] [stderr]   Downloaded rustversion v1.0.12
[INFO] [stderr]   Downloaded thiserror-impl v1.0.40
[INFO] [stderr]   Downloaded pkg-config v0.3.27
[INFO] [stderr]   Downloaded core-foundation-sys v0.8.4
[INFO] [stderr]   Downloaded async-trait v0.1.68
[INFO] [stderr]   Downloaded memchr v2.5.0
[INFO] [stderr]   Downloaded reqwest v0.11.18
[INFO] [stderr]   Downloaded serde_json v1.0.96
[INFO] [stderr]   Downloaded axum v0.6.18
[INFO] [stderr]   Downloaded backtrace v0.3.67
[INFO] [stderr]   Downloaded hermit-abi v0.3.1
[INFO] [stderr]   Downloaded aliri_base64 v0.1.7
[INFO] [stderr]   Downloaded castaway v0.2.2
[INFO] [stderr]   Downloaded httpdate v1.0.2
[INFO] [stderr]   Downloaded time v0.3.21
[INFO] [stderr]   Downloaded tokio-util v0.7.8
[INFO] [stderr]   Downloaded url v2.3.1
[INFO] [stderr]   Downloaded sharded-slab v0.1.4
[INFO] [stderr]   Downloaded tracing-attributes v0.1.24
[INFO] [stderr]   Downloaded unicode-ident v1.0.9
[INFO] [stderr]   Downloaded wasm-bindgen-macro-support v0.2.86
[INFO] [stderr]   Downloaded nu-ansi-term v0.46.0
[INFO] [stderr]   Downloaded tracing-error v0.2.0
[INFO] [stderr]   Downloaded ryu v1.0.13
[INFO] [stderr]   Downloaded futures-task v0.3.28
[INFO] [stderr]   Downloaded bytes v1.4.0
[INFO] [stderr]   Downloaded tokio-native-tls v0.3.1
[INFO] [stderr]   Downloaded wasm-bindgen-macro v0.2.86
[INFO] [stderr]   Downloaded mio v0.8.6
[INFO] [stderr]   Downloaded eyre v0.6.8
[INFO] [stderr]   Downloaded bumpalo v3.13.0
[INFO] [stderr]   Downloaded regex-automata v0.1.10
[INFO] [stderr]   Downloaded arc-swap v1.6.0
[INFO] [stderr]   Downloaded compact_str v0.7.0
[INFO] [stderr]   Downloaded pin-project v1.1.0
[INFO] [stderr]   Downloaded ipnet v2.7.2
[INFO] [stderr]   Downloaded form_urlencoded v1.1.0
[INFO] [stderr]   Downloaded js-sys v0.3.63
[INFO] [stderr]   Downloaded tower-layer v0.3.2
[INFO] [stderr]   Downloaded futures-core v0.3.28
[INFO] [stderr]   Downloaded addr2line v0.19.0
[INFO] [stderr]   Downloaded futures-sink v0.3.28
[INFO] [stderr]   Downloaded percent-encoding v2.2.0
[INFO] [stderr]   Downloaded indenter v0.3.3
[INFO] [stderr]   Downloaded errno-dragonfly v0.1.2
[INFO] [stderr]   Downloaded windows-targets v0.42.2
[INFO] [stderr]   Downloaded num_cpus v1.15.0
[INFO] [stderr]   Downloaded errno v0.3.1
[INFO] [stderr]   Downloaded tokio-macros v2.1.0
[INFO] [stderr]   Downloaded time-macros v0.2.9
[INFO] [stderr]   Downloaded once_cell v1.17.1
[INFO] [stderr]   Downloaded socket2 v0.4.9
[INFO] [stderr]   Downloaded wasm-bindgen-backend v0.2.86
[INFO] [stderr]   Downloaded wasm-bindgen-shared v0.2.86
[INFO] [stderr]   Downloaded serde_derive v1.0.163
[INFO] [stderr]   Downloaded wasm-bindgen v0.2.86
[INFO] [stderr]   Downloaded aliri_clock v0.1.4
[INFO] [stderr]   Downloaded http-range-header v0.3.0
[INFO] [stderr]   Downloaded axum-core v0.3.4
[INFO] [stderr]   Downloaded wasm-bindgen-futures v0.4.36
[INFO] [stderr]   Downloaded syn v2.0.18
[INFO] [stderr]   Downloaded time-core v0.1.1
[INFO] [stderr]   Downloaded proc-macro2 v1.0.59
[INFO] [stderr]   Downloaded overload v0.1.1
[INFO] [stderr]   Downloaded valuable v0.1.0
[INFO] [stderr]   Downloaded hermit-abi v0.2.6
[INFO] [stderr]   Downloaded futures-channel v0.3.28
[INFO] [stderr]   Downloaded log v0.4.17
[INFO] [stderr]   Downloaded aliri_braid_impl v0.4.0
[INFO] [stderr]   Downloaded slab v0.4.8
[INFO] [stderr]   Downloaded security-framework-sys v2.9.0
[INFO] running `Command { std: "docker" "create" "-v" "/var/lib/crater-agent-workspace/builds/worker-2-tc1/target:/opt/rustwide/target:rw,Z" "-v" "/var/lib/crater-agent-workspace/builds/worker-2-tc1/source:/opt/rustwide/workdir:ro,Z" "-v" "/var/lib/crater-agent-workspace/cargo-home:/opt/rustwide/cargo-home:ro,Z" "-v" "/var/lib/crater-agent-workspace/rustup-home:/opt/rustwide/rustup-home:ro,Z" "-e" "SOURCE_DIR=/opt/rustwide/workdir" "-e" "CARGO_TARGET_DIR=/opt/rustwide/target" "-e" "CARGO_HOME=/opt/rustwide/cargo-home" "-e" "RUSTUP_HOME=/opt/rustwide/rustup-home" "-w" "/opt/rustwide/workdir" "-m" "1610612736" "--user" "0:0" "--network" "none" "ghcr.io/rust-lang/crates-build-env/linux@sha256:2788e3201cd34a07e3172128adcd8b3090168a8e3bcc40d7c032b9dda1df7d1c" "/opt/rustwide/cargo-home/bin/cargo" "+1.75.0" "metadata" "--no-deps" "--format-version=1", kill_on_drop: false }`
[INFO] [stdout] e09efe3535dd4f5dd296edf2670deb7031e7a51c185259d39eb17cdb0400418f
[INFO] running `Command { std: "docker" "start" "-a" "e09efe3535dd4f5dd296edf2670deb7031e7a51c185259d39eb17cdb0400418f", kill_on_drop: false }`
[INFO] running `Command { std: "docker" "inspect" "e09efe3535dd4f5dd296edf2670deb7031e7a51c185259d39eb17cdb0400418f", kill_on_drop: false }`
[INFO] running `Command { std: "docker" "rm" "-f" "e09efe3535dd4f5dd296edf2670deb7031e7a51c185259d39eb17cdb0400418f", kill_on_drop: false }`
[INFO] [stdout] e09efe3535dd4f5dd296edf2670deb7031e7a51c185259d39eb17cdb0400418f
[INFO] running `Command { std: "docker" "create" "-v" "/var/lib/crater-agent-workspace/builds/worker-2-tc1/target:/opt/rustwide/target:rw,Z" "-v" "/var/lib/crater-agent-workspace/builds/worker-2-tc1/source:/opt/rustwide/workdir:ro,Z" "-v" "/var/lib/crater-agent-workspace/cargo-home:/opt/rustwide/cargo-home:ro,Z" "-v" "/var/lib/crater-agent-workspace/rustup-home:/opt/rustwide/rustup-home:ro,Z" "-e" "SOURCE_DIR=/opt/rustwide/workdir" "-e" "CARGO_TARGET_DIR=/opt/rustwide/target" "-e" "CARGO_INCREMENTAL=0" "-e" "RUST_BACKTRACE=full" "-e" "RUSTFLAGS=--cap-lints=warn" "-e" "RUSTDOCFLAGS=--cap-lints=warn" "-e" "CARGO_HOME=/opt/rustwide/cargo-home" "-e" "RUSTUP_HOME=/opt/rustwide/rustup-home" "-w" "/opt/rustwide/workdir" "-m" "1610612736" "--user" "0:0" "--network" "none" "ghcr.io/rust-lang/crates-build-env/linux@sha256:2788e3201cd34a07e3172128adcd8b3090168a8e3bcc40d7c032b9dda1df7d1c" "/opt/rustwide/cargo-home/bin/cargo" "+1.75.0" "build" "--frozen" "--message-format=json", kill_on_drop: false }`
[INFO] [stdout] 9f609e1e80ec7e7c190ba85fffc6d1393f79bb177cb18d87e4dc64444b9d672e
[INFO] running `Command { std: "docker" "start" "-a" "9f609e1e80ec7e7c190ba85fffc6d1393f79bb177cb18d87e4dc64444b9d672e", kill_on_drop: false }`
[INFO] [stderr]    Compiling proc-macro2 v1.0.59
[INFO] [stderr]    Compiling quote v1.0.28
[INFO] [stderr]    Compiling unicode-ident v1.0.9
[INFO] [stderr]    Compiling libc v0.2.144
[INFO] [stderr]    Compiling cc v1.0.79
[INFO] [stderr]    Compiling once_cell v1.17.1
[INFO] [stderr]    Compiling log v0.4.17
[INFO] [stderr]    Compiling pin-project-lite v0.2.9
[INFO] [stderr]    Compiling itoa v1.0.6
[INFO] [stderr]    Compiling pkg-config v0.3.27
[INFO] [stderr]    Compiling bytes v1.4.0
[INFO] [stderr]    Compiling futures-core v0.3.28
[INFO] [stderr]    Compiling serde v1.0.163
[INFO] [stderr]    Compiling tokio v1.28.1
[INFO] [stderr]    Compiling futures-task v0.3.28
[INFO] [stderr]    Compiling futures-util v0.3.28
[INFO] [stderr]    Compiling rustversion v1.0.12
[INFO] [stderr]    Compiling http v0.2.9
[INFO] [stderr]    Compiling tracing-core v0.1.31
[INFO] [stderr]    Compiling syn v2.0.18
[INFO] [stderr]    Compiling indexmap v1.9.3
[INFO] [stderr]    Compiling slab v0.4.8
[INFO] [stderr]    Compiling openssl v0.10.52
[INFO] [stderr]    Compiling foreign-types-shared v0.1.1
[INFO] [stderr]    Compiling openssl-sys v0.9.87
[INFO] [stderr]    Compiling foreign-types v0.3.2
[INFO] [stderr]    Compiling native-tls v0.2.11
[INFO] [stderr]    Compiling futures-channel v0.3.28
[INFO] [stderr]    Compiling ryu v1.0.13
[INFO] [stderr]    Compiling mio v0.8.6
[INFO] [stderr]    Compiling num_cpus v1.15.0
[INFO] [stderr]    Compiling socket2 v0.4.9
[INFO] [stderr]    Compiling futures-sink v0.3.28
[INFO] [stderr]    Compiling hashbrown v0.12.3
[INFO] [stderr]    Compiling httparse v1.8.0
[INFO] [stderr]    Compiling memchr v2.5.0
[INFO] [stderr]    Compiling http-body v0.4.5
[INFO] [stderr]    Compiling tower-service v0.3.2
[INFO] [stderr]    Compiling try-lock v0.2.4
[INFO] [stderr]    Compiling serde_json v1.0.96
[INFO] [stderr]    Compiling percent-encoding v2.2.0
[INFO] [stderr]    Compiling want v0.3.0
[INFO] [stderr]    Compiling form_urlencoded v1.1.0
[INFO] [stderr]    Compiling unicode-normalization v0.1.22
[INFO] [stderr]    Compiling ring v0.16.20
[INFO] [stderr]    Compiling thiserror v1.0.40
[INFO] [stderr]    Compiling httpdate v1.0.2
[INFO] [stderr]    Compiling unicode-bidi v0.3.13
[INFO] [stderr]    Compiling base64 v0.21.2
[INFO] [stderr]    Compiling aho-corasick v1.0.1
[INFO] [stderr]    Compiling async-trait v0.1.68
[INFO] [stderr]    Compiling idna v0.3.0
[INFO] [stderr]    Compiling regex-syntax v0.7.2
[INFO] [stderr]    Compiling castaway v0.2.2
[INFO] [stderr]    Compiling axum-core v0.3.4
[INFO] [stderr]    Compiling encoding_rs v0.8.32
[INFO] [stderr]    Compiling ipnet v2.7.2
[INFO] [stderr]    Compiling url v2.3.1
[INFO] [stderr]    Compiling tower-layer v0.3.2
[INFO] [stderr]    Compiling arc-swap v1.6.0
[INFO] [stderr]    Compiling aliri_traits v0.1.1
[INFO] [stderr]    Compiling regex v1.8.3
[INFO] [stderr]    Compiling serde_derive v1.0.163
[INFO] [stderr]    Compiling tokio-macros v2.1.0
[INFO] [stderr]    Compiling tracing-attributes v0.1.24
[INFO] [stderr]    Compiling openssl-macros v0.1.1
[INFO] [stderr]    Compiling aliri_braid_impl v0.4.0
[INFO] [stderr]    Compiling thiserror-impl v1.0.40
[INFO] [stderr]    Compiling tracing v0.1.37
[INFO] [stderr]    Compiling aliri_braid v0.4.0
[INFO] [stderr]    Compiling tokio-util v0.7.8
[INFO] [stderr]    Compiling tokio-native-tls v0.3.1
[INFO] [stderr]    Compiling h2 v0.3.19
[INFO] [stderr]    Compiling serde_urlencoded v0.7.1
[INFO] [stderr]    Compiling aliri_base64 v0.1.7
[INFO] [stderr]    Compiling aliri_clock v0.1.4
[INFO] [stderr]    Compiling compact_str v0.7.0
[INFO] [stderr]    Compiling aliri v0.6.2
[INFO] [stderr]    Compiling hyper v0.14.26
[INFO] [stderr]    Compiling hyper-tls v0.5.0
[INFO] [stderr]    Compiling reqwest v0.11.18
[INFO] [stderr]    Compiling aliri_oauth2 v0.10.0
[INFO] [stderr]    Compiling aliri_axum v0.3.0 (/opt/rustwide/workdir)
[INFO] [stderr]     Finished dev [unoptimized + debuginfo] target(s) in 14.69s
[INFO] running `Command { std: "docker" "inspect" "9f609e1e80ec7e7c190ba85fffc6d1393f79bb177cb18d87e4dc64444b9d672e", kill_on_drop: false }`
[INFO] running `Command { std: "docker" "rm" "-f" "9f609e1e80ec7e7c190ba85fffc6d1393f79bb177cb18d87e4dc64444b9d672e", kill_on_drop: false }`
[INFO] [stdout] 9f609e1e80ec7e7c190ba85fffc6d1393f79bb177cb18d87e4dc64444b9d672e
[INFO] running `Command { std: "docker" "create" "-v" "/var/lib/crater-agent-workspace/builds/worker-2-tc1/target:/opt/rustwide/target:rw,Z" "-v" "/var/lib/crater-agent-workspace/builds/worker-2-tc1/source:/opt/rustwide/workdir:ro,Z" "-v" "/var/lib/crater-agent-workspace/cargo-home:/opt/rustwide/cargo-home:ro,Z" "-v" "/var/lib/crater-agent-workspace/rustup-home:/opt/rustwide/rustup-home:ro,Z" "-e" "SOURCE_DIR=/opt/rustwide/workdir" "-e" "CARGO_TARGET_DIR=/opt/rustwide/target" "-e" "CARGO_INCREMENTAL=0" "-e" "RUST_BACKTRACE=full" "-e" "RUSTFLAGS=--cap-lints=warn" "-e" "RUSTDOCFLAGS=--cap-lints=warn" "-e" "CARGO_HOME=/opt/rustwide/cargo-home" "-e" "RUSTUP_HOME=/opt/rustwide/rustup-home" "-w" "/opt/rustwide/workdir" "-m" "1610612736" "--user" "0:0" "--network" "none" "ghcr.io/rust-lang/crates-build-env/linux@sha256:2788e3201cd34a07e3172128adcd8b3090168a8e3bcc40d7c032b9dda1df7d1c" "/opt/rustwide/cargo-home/bin/cargo" "+1.75.0" "test" "--frozen" "--no-run" "--message-format=json", kill_on_drop: false }`
[INFO] [stdout] 79e9d6d646902495a7d221969285fce9de8f8ac3da0d9bb228afde59615a19cf
[INFO] running `Command { std: "docker" "start" "-a" "79e9d6d646902495a7d221969285fce9de8f8ac3da0d9bb228afde59615a19cf", kill_on_drop: false }`
[INFO] [stderr]    Compiling regex-syntax v0.6.29
[INFO] [stderr]    Compiling overload v0.1.1
[INFO] [stderr]    Compiling tracing-log v0.1.3
[INFO] [stderr]    Compiling sharded-slab v0.1.4
[INFO] [stderr]    Compiling thread_local v1.1.7
[INFO] [stderr]    Compiling smallvec v1.10.0
[INFO] [stderr]    Compiling pin-project-internal v1.1.0
[INFO] [stderr]    Compiling backtrace v0.3.67
[INFO] [stderr]    Compiling nu-ansi-term v0.46.0
[INFO] [stderr]    Compiling adler v1.0.2
[INFO] [stderr]    Compiling eyre v0.6.8
[INFO] [stderr]    Compiling gimli v0.27.2
[INFO] [stderr]    Compiling miniz_oxide v0.6.2
[INFO] [stderr]    Compiling axum v0.6.18
[INFO] [stderr]    Compiling object v0.30.3
[INFO] [stderr]    Compiling rustc-demangle v0.1.23
[INFO] [stderr]    Compiling http-range-header v0.3.0
[INFO] [stderr]    Compiling owo-colors v3.5.0
[INFO] [stderr]    Compiling indenter v0.3.3
[INFO] [stderr]    Compiling tower-http v0.4.0
[INFO] [stderr]    Compiling time-core v0.1.1
[INFO] [stderr]    Compiling sync_wrapper v0.1.2
[INFO] [stderr]    Compiling matchit v0.7.0
[INFO] [stderr]    Compiling time v0.3.21
[INFO] [stderr]    Compiling aliri_tower v0.5.0
[INFO] [stderr]    Compiling regex-automata v0.1.10
[INFO] [stderr]    Compiling pin-project v1.1.0
[INFO] [stderr]    Compiling tower v0.4.13
[INFO] [stderr]    Compiling matchers v0.1.0
[INFO] [stderr]    Compiling addr2line v0.19.0
[INFO] [stderr]    Compiling tracing-subscriber v0.3.17
[INFO] [stderr]    Compiling tracing-error v0.2.0
[INFO] [stderr]    Compiling color-spantrace v0.2.0
[INFO] [stderr]    Compiling color-eyre v0.6.2
[INFO] [stderr]    Compiling aliri_axum v0.3.0 (/opt/rustwide/workdir)
[INFO] [stderr]     Finished test [unoptimized + debuginfo] target(s) in 9.86s
[INFO] running `Command { std: "docker" "inspect" "79e9d6d646902495a7d221969285fce9de8f8ac3da0d9bb228afde59615a19cf", kill_on_drop: false }`
[INFO] running `Command { std: "docker" "rm" "-f" "79e9d6d646902495a7d221969285fce9de8f8ac3da0d9bb228afde59615a19cf", kill_on_drop: false }`
[INFO] [stdout] 79e9d6d646902495a7d221969285fce9de8f8ac3da0d9bb228afde59615a19cf
[INFO] running `Command { std: "docker" "create" "-v" "/var/lib/crater-agent-workspace/builds/worker-2-tc1/target:/opt/rustwide/target:rw,Z" "-v" "/var/lib/crater-agent-workspace/builds/worker-2-tc1/source:/opt/rustwide/workdir:ro,Z" "-v" "/var/lib/crater-agent-workspace/cargo-home:/opt/rustwide/cargo-home:ro,Z" "-v" "/var/lib/crater-agent-workspace/rustup-home:/opt/rustwide/rustup-home:ro,Z" "-e" "SOURCE_DIR=/opt/rustwide/workdir" "-e" "CARGO_TARGET_DIR=/opt/rustwide/target" "-e" "CARGO_INCREMENTAL=0" "-e" "RUST_BACKTRACE=full" "-e" "RUSTFLAGS=--cap-lints=warn" "-e" "RUSTDOCFLAGS=--cap-lints=warn" "-e" "CARGO_HOME=/opt/rustwide/cargo-home" "-e" "RUSTUP_HOME=/opt/rustwide/rustup-home" "-w" "/opt/rustwide/workdir" "-m" "1610612736" "--user" "0:0" "--network" "none" "ghcr.io/rust-lang/crates-build-env/linux@sha256:2788e3201cd34a07e3172128adcd8b3090168a8e3bcc40d7c032b9dda1df7d1c" "/opt/rustwide/cargo-home/bin/cargo" "+1.75.0" "test" "--frozen", kill_on_drop: false }`
[INFO] [stdout] 403b3b0852892e05955ffd4dddc400b7c0d44232cf0f09c6162b4bacccfa51b6
[INFO] running `Command { std: "docker" "start" "-a" "403b3b0852892e05955ffd4dddc400b7c0d44232cf0f09c6162b4bacccfa51b6", kill_on_drop: false }`
[INFO] [stderr]     Finished test [unoptimized + debuginfo] target(s) in 0.13s
[INFO] [stderr]      Running unittests src/lib.rs (/opt/rustwide/target/debug/deps/aliri_axum-dd49cd3e9385d14c)
[INFO] [stdout] 
[INFO] [stdout] running 11 tests
[INFO] [stdout] test macros::tests::admin_only_scope_guard_with_admin_and_testing_scope_claims ... ok
[INFO] [stdout] test macros::tests::admin_only_scope_guard_with_no_scope_claims ... ok
[INFO] [stdout] test macros::tests::admin_only_scope_guard_without_claims_returns_error ... ok
[INFO] [stdout] test macros::tests::testing_admin_scope_guard_with_admin_and_testing_scope_claims ... ok
[INFO] [stdout] test macros::tests::admin_only_scope_guard_with_admin_scope_claims ... ok
[INFO] [stdout] test macros::tests::testing_admin_scope_guard_with_admin_scope_claims ... ok
[INFO] [stdout] test macros::tests::testing_admin_scope_guard_with_testing_scope_claims ... ok
[INFO] [stdout] test macros::tests::testing_scope_guard_with_testing2_scope_claims ... ok
[INFO] [stdout] test macros::tests::testing_scope_guard_with_testing_scope_claims ... ok
[INFO] [stdout] test macros::tests::testing_scope_guard_with_admin_scope_claims ... ok
[INFO] [stdout] test macros::tests::testing_scope_guard_with_admin_and_testing_scope_claims ... ok
[INFO] [stdout] 
[INFO] [stdout] test result: ok. 11 passed; 0 failed; 0 ignored; 0 measured; 0 filtered out; finished in 0.00s
[INFO] [stdout] 
[INFO] [stderr]    Doc-tests aliri_axum
[INFO] [stdout] 
[INFO] [stdout] running 9 tests
[INFO] [stdout] test src/macros.rs - macros::scope_guard (line 59) - compile ... ok
[INFO] [stdout] test src/lib.rs - (line 6) - compile ... ok
[INFO] [stdout] test src/macros.rs - macros::scope_guard (line 32) ... FAILED
[INFO] [stdout] test src/macros.rs - macros::scope_guard (line 20) ... FAILED
[INFO] [stdout] test src/macros.rs - macros::scope_guards (line 256) ... ok
[INFO] [stdout] test src/macros.rs - macros::scope_guard (line 43) ... ok
[INFO] [stdout] test src/macros.rs - macros::scope_guard (line 88) ... ok
[INFO] [stdout] test src/macros.rs - macros::scope_guards (line 276) ... ok
[INFO] [stdout] test src/macros.rs - macros::scope_guard (line 11) ... ok
[INFO] [stdout] 
[INFO] [stdout] failures:
[INFO] [stdout] 
[INFO] [stdout] ---- src/macros.rs - macros::scope_guard (line 32) stdout ----
[INFO] [stdout] error: linking with `cc` failed: exit status: 1
[INFO] [stdout]   |
[INFO] [stdout]   = note: LC_ALL="C" PATH="/opt/rustwide/rustup-home/toolchains/1.75.0-x86_64-unknown-linux-gnu/lib/rustlib/x86_64-unknown-linux-gnu/bin:/opt/rustwide/cargo-home/bin:/usr/local/sbin:/usr/local/bin:/usr/sbin:/usr/bin:/sbin:/bin" VSLANG="1033" "cc" "-m64" "/tmp/rustcHy7wwC/symbols.o" "/tmp/rustdoctesterrg4y/rust_out.rust_out.263fb70ac1c95110-cgu.0.rcgu.o" "/tmp/rustdoctesterrg4y/rust_out.2uel00cfmdh5ufit.rcgu.o" "-Wl,--as-needed" "-L" "/opt/rustwide/target/debug/deps" "-L" "/opt/rustwide/target/debug/deps" "-L" "/opt/rustwide/target/debug/build/ring-0cd49e87d4d55b88/out" "-L" "/opt/rustwide/rustup-home/toolchains/1.75.0-x86_64-unknown-linux-gnu/lib/rustlib/x86_64-unknown-linux-gnu/lib" "-Wl,-Bstatic" "/opt/rustwide/target/debug/deps/libaxum-ca6d2ea256551d80.rlib" "/opt/rustwide/target/debug/deps/libmatchit-67a1fd5c2a707fdd.rlib" "/opt/rustwide/target/debug/deps/libsync_wrapper-04fa76556045b729.rlib" "/opt/rustwide/target/debug/deps/libtower-9679471035bb02ae.rlib" "/opt/rustwide/target/debug/deps/libpin_project-d305a2a86908fe05.rlib" "/opt/rustwide/target/debug/deps/libaliri_axum-5540451a9b5b37c3.rlib" "/opt/rustwide/target/debug/deps/libaxum_core-3fb2c4944af1def1.rlib" "/opt/rustwide/target/debug/deps/libtower_layer-294cdac6576ba675.rlib" "/opt/rustwide/target/debug/deps/libaliri_oauth2-460c9f8da42826de.rlib" "/opt/rustwide/target/debug/deps/libcompact_str-bcd346d2c9b2f446.rlib" "/opt/rustwide/target/debug/deps/libstatic_assertions-06b6572b5d394a0a.rlib" "/opt/rustwide/target/debug/deps/libcastaway-b21b605e6eb47008.rlib" "/opt/rustwide/target/debug/deps/libreqwest-b1d0f6d475f1bf06.rlib" "/opt/rustwide/target/debug/deps/libhyper_tls-9098d30ce1d1ad49.rlib" "/opt/rustwide/target/debug/deps/libserde_urlencoded-d78d6cdb813c5ad2.rlib" "/opt/rustwide/target/debug/deps/libipnet-6c0b72ce4cc95600.rlib" "/opt/rustwide/target/debug/deps/libtokio_native_tls-7ea827efc0c5a664.rlib" "/opt/rustwide/target/debug/deps/libmime-7e306270d8ceb372.rlib" "/opt/rustwide/target/debug/deps/libencoding_rs-7cc5730ecb0d79b3.rlib" "/opt/rustwide/target/debug/deps/libnative_tls-696f0881e65e6433.rlib" "/opt/rustwide/target/debug/deps/libopenssl_probe-d850575132083d7c.rlib" "/opt/rustwide/target/debug/deps/libopenssl-8cde6351902e65ac.rlib" "/opt/rustwide/target/debug/deps/libbitflags-b7cee2ca4fb438d0.rlib" "/opt/rustwide/target/debug/deps/libforeign_types-c05743815e5b8a9d.rlib" "/opt/rustwide/target/debug/deps/libforeign_types_shared-d149f5491fde2862.rlib" "/opt/rustwide/target/debug/deps/libopenssl_sys-9830b481a623b825.rlib" "/opt/rustwide/target/debug/deps/libhyper-a660486a3a3a8ecb.rlib" "/opt/rustwide/target/debug/deps/libwant-5f88f8e077ad1961.rlib" "/opt/rustwide/target/debug/deps/libtry_lock-51271589248cd7d9.rlib" "/opt/rustwide/target/debug/deps/libhttparse-64f1ffbeda450424.rlib" "/opt/rustwide/target/debug/deps/libh2-c5671a19d0351a91.rlib" "/opt/rustwide/target/debug/deps/libindexmap-93f72862478380d0.rlib" "/opt/rustwide/target/debug/deps/libhashbrown-567986452cb9bc94.rlib" "/opt/rustwide/target/debug/deps/libslab-7742106a97732125.rlib" "/opt/rustwide/target/debug/deps/libtokio_util-a9489731beaa269d.rlib" "/opt/rustwide/target/debug/deps/libfutures_sink-4afe6e57e5588fde.rlib" "/opt/rustwide/target/debug/deps/libtower_service-104d6e83d5ce383d.rlib" "/opt/rustwide/target/debug/deps/libtracing-a54b5148b2c83c95.rlib" "/opt/rustwide/target/debug/deps/libtracing_core-4ad9f44f650f35a4.rlib" "/opt/rustwide/target/debug/deps/libfutures_channel-7d6843c259c4f16c.rlib" "/opt/rustwide/target/debug/deps/libhttpdate-07ccb2bff48c32b9.rlib" "/opt/rustwide/target/debug/deps/libfutures_util-a37635230fdc261d.rlib" "/opt/rustwide/target/debug/deps/libfutures_task-ac1c85e02ceaf913.rlib" "/opt/rustwide/target/debug/deps/libpin_utils-741f7d9d160e4a16.rlib" "/opt/rustwide/target/debug/deps/libtokio-c6d31ec09ee8441b.rlib" "/opt/rustwide/target/debug/deps/libnum_cpus-2cb24f7903739999.rlib" "/opt/rustwide/target/debug/deps/libsocket2-e840e4c104734fed.rlib" "/opt/rustwide/target/debug/deps/libmio-9e30cf0c50de32ed.rlib" "/opt/rustwide/target/debug/deps/libhttp_body-7e22d86f2e012d16.rlib" "/opt/rustwide/target/debug/deps/libpin_project_lite-cead9f5d94689600.rlib" "/opt/rustwide/target/debug/deps/liblog-d88d404ed4a3e8b9.rlib" "/opt/rustwide/target/debug/deps/libcfg_if-61dc7a6799e72b18.rlib" "/opt/rustwide/target/debug/deps/libfutures_core-02b74ed2f49284a7.rlib" "/opt/rustwide/target/debug/deps/liburl-835209bb06fa4b66.rlib" "/opt/rustwide/target/debug/deps/libidna-b88b16256f94c1f5.rlib" "/opt/rustwide/target/debug/deps/libunicode_normalization-e1c1be84a555e587.rlib" "/opt/rustwide/target/debug/deps/libtinyvec-cf6c9f6b792a5507.rlib" "/opt/rustwide/target/debug/deps/libtinyvec_macros-b1cb7f53f58c9f87.rlib" "/opt/rustwide/target/debug/deps/libunicode_bidi-282ea4eeb343ff18.rlib" "/opt/rustwide/target/debug/deps/libform_urlencoded-e8c43e838ad28fa4.rlib" "/opt/rustwide/target/debug/deps/libpercent_encoding-c39f6500503dd269.rlib" "/opt/rustwide/target/debug/deps/libhttp-1bfd600a9633f538.rlib" "/opt/rustwide/target/debug/deps/libbytes-3fc98b508f6e4a28.rlib" "/opt/rustwide/target/debug/deps/libfnv-18bf5144d055e772.rlib" "/opt/rustwide/target/debug/deps/libarc_swap-8b2fc6ed8a78f64a.rlib" "/opt/rustwide/target/debug/deps/libaliri_traits-609acd21ecbce842.rlib" "/opt/rustwide/target/debug/deps/libaliri-7c5ef67d105614a1.rlib" "/opt/rustwide/target/debug/deps/libserde_json-2ef073d3edd3fef5.rlib" "/opt/rustwide/target/debug/deps/libryu-07c77bcabf6ee02b.rlib" "/opt/rustwide/target/debug/deps/libitoa-807e41d963466eb2.rlib" "/opt/rustwide/target/debug/deps/libregex-31e41685d3246335.rlib" "/opt/rustwide/target/debug/deps/libaho_corasick-07444be8bb34ef9e.rlib" "/opt/rustwide/target/debug/deps/libmemchr-4fdcfd9ddfba30cb.rlib" "/opt/rustwide/target/debug/deps/libregex_syntax-9bf174677eb3a180.rlib" "/opt/rustwide/target/debug/deps/libaliri_clock-90b2e6969779f3a7.rlib" "/opt/rustwide/target/debug/deps/libaliri_braid-957dec007fe63b29.rlib" "/opt/rustwide/target/debug/deps/libring-3f4f2b6bd601f4b9.rlib" "/opt/rustwide/target/debug/deps/libspin-c4098cd951aef6c9.rlib" "/opt/rustwide/target/debug/deps/libuntrusted-5ec0aa78ed8cda5c.rlib" "/opt/rustwide/target/debug/deps/libonce_cell-a1c572e34ca85e55.rlib" "/opt/rustwide/target/debug/deps/liblibc-78b1c78285414f87.rlib" "/opt/rustwide/target/debug/deps/libaliri_base64-de7256000c5a9b49.rlib" "/opt/rustwide/target/debug/deps/libserde-5bcb6701e5ba2a15.rlib" "/opt/rustwide/target/debug/deps/libbase64-4ae6d688b6a59d6a.rlib" "/opt/rustwide/target/debug/deps/libthiserror-7c6abcf8b3419b73.rlib" "/opt/rustwide/rustup-home/toolchains/1.75.0-x86_64-unknown-linux-gnu/lib/rustlib/x86_64-unknown-linux-gnu/lib/libstd-90f6ddbf82de36ec.rlib" "/opt/rustwide/rustup-home/toolchains/1.75.0-x86_64-unknown-linux-gnu/lib/rustlib/x86_64-unknown-linux-gnu/lib/libpanic_unwind-480c41e9d4e1f677.rlib" "/opt/rustwide/rustup-home/toolchains/1.75.0-x86_64-unknown-linux-gnu/lib/rustlib/x86_64-unknown-linux-gnu/lib/libobject-db744c0ca03eed1d.rlib" "/opt/rustwide/rustup-home/toolchains/1.75.0-x86_64-unknown-linux-gnu/lib/rustlib/x86_64-unknown-linux-gnu/lib/libmemchr-8ba652dc7d4b285a.rlib" "/opt/rustwide/rustup-home/toolchains/1.75.0-x86_64-unknown-linux-gnu/lib/rustlib/x86_64-unknown-linux-gnu/lib/libaddr2line-d5f4520a9ebc0d58.rlib" "/opt/rustwide/rustup-home/toolchains/1.75.0-x86_64-unknown-linux-gnu/lib/rustlib/x86_64-unknown-linux-gnu/lib/libgimli-4ad84de58f0cb463.rlib" "/opt/rustwide/rustup-home/toolchains/1.75.0-x86_64-unknown-linux-gnu/lib/rustlib/x86_64-unknown-linux-gnu/lib/librustc_demangle-0d10aae2e0f38735.rlib" "/opt/rustwide/rustup-home/toolchains/1.75.0-x86_64-unknown-linux-gnu/lib/rustlib/x86_64-unknown-linux-gnu/lib/libstd_detect-0c17cff739e6745b.rlib" "/opt/rustwide/rustup-home/toolchains/1.75.0-x86_64-unknown-linux-gnu/lib/rustlib/x86_64-unknown-linux-gnu/lib/libhashbrown-b29e17139dde1aa8.rlib" "/opt/rustwide/rustup-home/toolchains/1.75.0-x86_64-unknown-linux-gnu/lib/rustlib/x86_64-unknown-linux-gnu/lib/librustc_std_workspace_alloc-1f975299829cc7bd.rlib" "/opt/rustwide/rustup-home/toolchains/1.75.0-x86_64-unknown-linux-gnu/lib/rustlib/x86_64-unknown-linux-gnu/lib/libminiz_oxide-86bae3bc3079f89b.rlib" "/opt/rustwide/rustup-home/toolchains/1.75.0-x86_64-unknown-linux-gnu/lib/rustlib/x86_64-unknown-linux-gnu/lib/libadler-321b82c30dffdf5f.rlib" "/opt/rustwide/rustup-home/toolchains/1.75.0-x86_64-unknown-linux-gnu/lib/rustlib/x86_64-unknown-linux-gnu/lib/libunwind-3dd8a6810a0bdfef.rlib" "/opt/rustwide/rustup-home/toolchains/1.75.0-x86_64-unknown-linux-gnu/lib/rustlib/x86_64-unknown-linux-gnu/lib/libcfg_if-eb39a61c0c879984.rlib" "/opt/rustwide/rustup-home/toolchains/1.75.0-x86_64-unknown-linux-gnu/lib/rustlib/x86_64-unknown-linux-gnu/lib/liblibc-aa769569f91c3548.rlib" "/opt/rustwide/rustup-home/toolchains/1.75.0-x86_64-unknown-linux-gnu/lib/rustlib/x86_64-unknown-linux-gnu/lib/liballoc-510a192a50a983ed.rlib" "/opt/rustwide/rustup-home/toolchains/1.75.0-x86_64-unknown-linux-gnu/lib/rustlib/x86_64-unknown-linux-gnu/lib/librustc_std_workspace_core-0577018320f99037.rlib" "/opt/rustwide/rustup-home/toolchains/1.75.0-x86_64-unknown-linux-gnu/lib/rustlib/x86_64-unknown-linux-gnu/lib/libcore-193cf992125ccd4c.rlib" "/opt/rustwide/rustup-home/toolchains/1.75.0-x86_64-unknown-linux-gnu/lib/rustlib/x86_64-unknown-linux-gnu/lib/libcompiler_builtins-8e138eaf26ebb4a8.rlib" "-Wl,-Bdynamic" "-lssl" "-lcrypto" "-lgcc_s" "-lutil" "-lrt" "-lpthread" "-lm" "-ldl" "-lc" "-Wl,--eh-frame-hdr" "-Wl,-z,noexecstack" "-L" "/opt/rustwide/rustup-home/toolchains/1.75.0-x86_64-unknown-linux-gnu/lib/rustlib/x86_64-unknown-linux-gnu/lib" "-o" "/tmp/rustdoctesterrg4y/rust_out" "-Wl,--gc-sections" "-pie" "-Wl,-z,relro,-z,now" "-nodefaultlibs"
[INFO] [stdout]   = note: collect2: fatal error: ld terminated with signal 9 [Killed]
[INFO] [stdout]           compilation terminated.
[INFO] [stdout]           
[INFO] [stdout] 
[INFO] [stdout] error: aborting due to previous error
[INFO] [stdout] 
[INFO] [stdout] Couldn't compile the test.
[INFO] [stdout] ---- src/macros.rs - macros::scope_guard (line 20) stdout ----
[INFO] [stdout] error: linking with `cc` failed: exit status: 1
[INFO] [stdout]   |
[INFO] [stdout]   = note: LC_ALL="C" PATH="/opt/rustwide/rustup-home/toolchains/1.75.0-x86_64-unknown-linux-gnu/lib/rustlib/x86_64-unknown-linux-gnu/bin:/opt/rustwide/cargo-home/bin:/usr/local/sbin:/usr/local/bin:/usr/sbin:/usr/bin:/sbin:/bin" VSLANG="1033" "cc" "-m64" "/tmp/rustcmoC1Ev/symbols.o" "/tmp/rustdoctestsMaqT2/rust_out.rust_out.263fb70ac1c95110-cgu.0.rcgu.o" "/tmp/rustdoctestsMaqT2/rust_out.2uel00cfmdh5ufit.rcgu.o" "-Wl,--as-needed" "-L" "/opt/rustwide/target/debug/deps" "-L" "/opt/rustwide/target/debug/deps" "-L" "/opt/rustwide/target/debug/build/ring-0cd49e87d4d55b88/out" "-L" "/opt/rustwide/rustup-home/toolchains/1.75.0-x86_64-unknown-linux-gnu/lib/rustlib/x86_64-unknown-linux-gnu/lib" "-Wl,-Bstatic" "/opt/rustwide/target/debug/deps/libaxum-ca6d2ea256551d80.rlib" "/opt/rustwide/target/debug/deps/libmatchit-67a1fd5c2a707fdd.rlib" "/opt/rustwide/target/debug/deps/libsync_wrapper-04fa76556045b729.rlib" "/opt/rustwide/target/debug/deps/libtower-9679471035bb02ae.rlib" "/opt/rustwide/target/debug/deps/libpin_project-d305a2a86908fe05.rlib" "/opt/rustwide/target/debug/deps/libaliri_axum-5540451a9b5b37c3.rlib" "/opt/rustwide/target/debug/deps/libaxum_core-3fb2c4944af1def1.rlib" "/opt/rustwide/target/debug/deps/libtower_layer-294cdac6576ba675.rlib" "/opt/rustwide/target/debug/deps/libaliri_oauth2-460c9f8da42826de.rlib" "/opt/rustwide/target/debug/deps/libcompact_str-bcd346d2c9b2f446.rlib" "/opt/rustwide/target/debug/deps/libstatic_assertions-06b6572b5d394a0a.rlib" "/opt/rustwide/target/debug/deps/libcastaway-b21b605e6eb47008.rlib" "/opt/rustwide/target/debug/deps/libreqwest-b1d0f6d475f1bf06.rlib" "/opt/rustwide/target/debug/deps/libhyper_tls-9098d30ce1d1ad49.rlib" "/opt/rustwide/target/debug/deps/libserde_urlencoded-d78d6cdb813c5ad2.rlib" "/opt/rustwide/target/debug/deps/libipnet-6c0b72ce4cc95600.rlib" "/opt/rustwide/target/debug/deps/libtokio_native_tls-7ea827efc0c5a664.rlib" "/opt/rustwide/target/debug/deps/libmime-7e306270d8ceb372.rlib" "/opt/rustwide/target/debug/deps/libencoding_rs-7cc5730ecb0d79b3.rlib" "/opt/rustwide/target/debug/deps/libnative_tls-696f0881e65e6433.rlib" "/opt/rustwide/target/debug/deps/libopenssl_probe-d850575132083d7c.rlib" "/opt/rustwide/target/debug/deps/libopenssl-8cde6351902e65ac.rlib" "/opt/rustwide/target/debug/deps/libbitflags-b7cee2ca4fb438d0.rlib" "/opt/rustwide/target/debug/deps/libforeign_types-c05743815e5b8a9d.rlib" "/opt/rustwide/target/debug/deps/libforeign_types_shared-d149f5491fde2862.rlib" "/opt/rustwide/target/debug/deps/libopenssl_sys-9830b481a623b825.rlib" "/opt/rustwide/target/debug/deps/libhyper-a660486a3a3a8ecb.rlib" "/opt/rustwide/target/debug/deps/libwant-5f88f8e077ad1961.rlib" "/opt/rustwide/target/debug/deps/libtry_lock-51271589248cd7d9.rlib" "/opt/rustwide/target/debug/deps/libhttparse-64f1ffbeda450424.rlib" "/opt/rustwide/target/debug/deps/libh2-c5671a19d0351a91.rlib" "/opt/rustwide/target/debug/deps/libindexmap-93f72862478380d0.rlib" "/opt/rustwide/target/debug/deps/libhashbrown-567986452cb9bc94.rlib" "/opt/rustwide/target/debug/deps/libslab-7742106a97732125.rlib" "/opt/rustwide/target/debug/deps/libtokio_util-a9489731beaa269d.rlib" "/opt/rustwide/target/debug/deps/libfutures_sink-4afe6e57e5588fde.rlib" "/opt/rustwide/target/debug/deps/libtower_service-104d6e83d5ce383d.rlib" "/opt/rustwide/target/debug/deps/libtracing-a54b5148b2c83c95.rlib" "/opt/rustwide/target/debug/deps/libtracing_core-4ad9f44f650f35a4.rlib" "/opt/rustwide/target/debug/deps/libfutures_channel-7d6843c259c4f16c.rlib" "/opt/rustwide/target/debug/deps/libhttpdate-07ccb2bff48c32b9.rlib" "/opt/rustwide/target/debug/deps/libfutures_util-a37635230fdc261d.rlib" "/opt/rustwide/target/debug/deps/libfutures_task-ac1c85e02ceaf913.rlib" "/opt/rustwide/target/debug/deps/libpin_utils-741f7d9d160e4a16.rlib" "/opt/rustwide/target/debug/deps/libtokio-c6d31ec09ee8441b.rlib" "/opt/rustwide/target/debug/deps/libnum_cpus-2cb24f7903739999.rlib" "/opt/rustwide/target/debug/deps/libsocket2-e840e4c104734fed.rlib" "/opt/rustwide/target/debug/deps/libmio-9e30cf0c50de32ed.rlib" "/opt/rustwide/target/debug/deps/libhttp_body-7e22d86f2e012d16.rlib" "/opt/rustwide/target/debug/deps/libpin_project_lite-cead9f5d94689600.rlib" "/opt/rustwide/target/debug/deps/liblog-d88d404ed4a3e8b9.rlib" "/opt/rustwide/target/debug/deps/libcfg_if-61dc7a6799e72b18.rlib" "/opt/rustwide/target/debug/deps/libfutures_core-02b74ed2f49284a7.rlib" "/opt/rustwide/target/debug/deps/liburl-835209bb06fa4b66.rlib" "/opt/rustwide/target/debug/deps/libidna-b88b16256f94c1f5.rlib" "/opt/rustwide/target/debug/deps/libunicode_normalization-e1c1be84a555e587.rlib" "/opt/rustwide/target/debug/deps/libtinyvec-cf6c9f6b792a5507.rlib" "/opt/rustwide/target/debug/deps/libtinyvec_macros-b1cb7f53f58c9f87.rlib" "/opt/rustwide/target/debug/deps/libunicode_bidi-282ea4eeb343ff18.rlib" "/opt/rustwide/target/debug/deps/libform_urlencoded-e8c43e838ad28fa4.rlib" "/opt/rustwide/target/debug/deps/libpercent_encoding-c39f6500503dd269.rlib" "/opt/rustwide/target/debug/deps/libhttp-1bfd600a9633f538.rlib" "/opt/rustwide/target/debug/deps/libbytes-3fc98b508f6e4a28.rlib" "/opt/rustwide/target/debug/deps/libfnv-18bf5144d055e772.rlib" "/opt/rustwide/target/debug/deps/libarc_swap-8b2fc6ed8a78f64a.rlib" "/opt/rustwide/target/debug/deps/libaliri_traits-609acd21ecbce842.rlib" "/opt/rustwide/target/debug/deps/libaliri-7c5ef67d105614a1.rlib" "/opt/rustwide/target/debug/deps/libserde_json-2ef073d3edd3fef5.rlib" "/opt/rustwide/target/debug/deps/libryu-07c77bcabf6ee02b.rlib" "/opt/rustwide/target/debug/deps/libitoa-807e41d963466eb2.rlib" "/opt/rustwide/target/debug/deps/libregex-31e41685d3246335.rlib" "/opt/rustwide/target/debug/deps/libaho_corasick-07444be8bb34ef9e.rlib" "/opt/rustwide/target/debug/deps/libmemchr-4fdcfd9ddfba30cb.rlib" "/opt/rustwide/target/debug/deps/libregex_syntax-9bf174677eb3a180.rlib" "/opt/rustwide/target/debug/deps/libaliri_clock-90b2e6969779f3a7.rlib" "/opt/rustwide/target/debug/deps/libaliri_braid-957dec007fe63b29.rlib" "/opt/rustwide/target/debug/deps/libring-3f4f2b6bd601f4b9.rlib" "/opt/rustwide/target/debug/deps/libspin-c4098cd951aef6c9.rlib" "/opt/rustwide/target/debug/deps/libuntrusted-5ec0aa78ed8cda5c.rlib" "/opt/rustwide/target/debug/deps/libonce_cell-a1c572e34ca85e55.rlib" "/opt/rustwide/target/debug/deps/liblibc-78b1c78285414f87.rlib" "/opt/rustwide/target/debug/deps/libaliri_base64-de7256000c5a9b49.rlib" "/opt/rustwide/target/debug/deps/libserde-5bcb6701e5ba2a15.rlib" "/opt/rustwide/target/debug/deps/libbase64-4ae6d688b6a59d6a.rlib" "/opt/rustwide/target/debug/deps/libthiserror-7c6abcf8b3419b73.rlib" "/opt/rustwide/rustup-home/toolchains/1.75.0-x86_64-unknown-linux-gnu/lib/rustlib/x86_64-unknown-linux-gnu/lib/libstd-90f6ddbf82de36ec.rlib" "/opt/rustwide/rustup-home/toolchains/1.75.0-x86_64-unknown-linux-gnu/lib/rustlib/x86_64-unknown-linux-gnu/lib/libpanic_unwind-480c41e9d4e1f677.rlib" "/opt/rustwide/rustup-home/toolchains/1.75.0-x86_64-unknown-linux-gnu/lib/rustlib/x86_64-unknown-linux-gnu/lib/libobject-db744c0ca03eed1d.rlib" "/opt/rustwide/rustup-home/toolchains/1.75.0-x86_64-unknown-linux-gnu/lib/rustlib/x86_64-unknown-linux-gnu/lib/libmemchr-8ba652dc7d4b285a.rlib" "/opt/rustwide/rustup-home/toolchains/1.75.0-x86_64-unknown-linux-gnu/lib/rustlib/x86_64-unknown-linux-gnu/lib/libaddr2line-d5f4520a9ebc0d58.rlib" "/opt/rustwide/rustup-home/toolchains/1.75.0-x86_64-unknown-linux-gnu/lib/rustlib/x86_64-unknown-linux-gnu/lib/libgimli-4ad84de58f0cb463.rlib" "/opt/rustwide/rustup-home/toolchains/1.75.0-x86_64-unknown-linux-gnu/lib/rustlib/x86_64-unknown-linux-gnu/lib/librustc_demangle-0d10aae2e0f38735.rlib" "/opt/rustwide/rustup-home/toolchains/1.75.0-x86_64-unknown-linux-gnu/lib/rustlib/x86_64-unknown-linux-gnu/lib/libstd_detect-0c17cff739e6745b.rlib" "/opt/rustwide/rustup-home/toolchains/1.75.0-x86_64-unknown-linux-gnu/lib/rustlib/x86_64-unknown-linux-gnu/lib/libhashbrown-b29e17139dde1aa8.rlib" "/opt/rustwide/rustup-home/toolchains/1.75.0-x86_64-unknown-linux-gnu/lib/rustlib/x86_64-unknown-linux-gnu/lib/librustc_std_workspace_alloc-1f975299829cc7bd.rlib" "/opt/rustwide/rustup-home/toolchains/1.75.0-x86_64-unknown-linux-gnu/lib/rustlib/x86_64-unknown-linux-gnu/lib/libminiz_oxide-86bae3bc3079f89b.rlib" "/opt/rustwide/rustup-home/toolchains/1.75.0-x86_64-unknown-linux-gnu/lib/rustlib/x86_64-unknown-linux-gnu/lib/libadler-321b82c30dffdf5f.rlib" "/opt/rustwide/rustup-home/toolchains/1.75.0-x86_64-unknown-linux-gnu/lib/rustlib/x86_64-unknown-linux-gnu/lib/libunwind-3dd8a6810a0bdfef.rlib" "/opt/rustwide/rustup-home/toolchains/1.75.0-x86_64-unknown-linux-gnu/lib/rustlib/x86_64-unknown-linux-gnu/lib/libcfg_if-eb39a61c0c879984.rlib" "/opt/rustwide/rustup-home/toolchains/1.75.0-x86_64-unknown-linux-gnu/lib/rustlib/x86_64-unknown-linux-gnu/lib/liblibc-aa769569f91c3548.rlib" "/opt/rustwide/rustup-home/toolchains/1.75.0-x86_64-unknown-linux-gnu/lib/rustlib/x86_64-unknown-linux-gnu/lib/liballoc-510a192a50a983ed.rlib" "/opt/rustwide/rustup-home/toolchains/1.75.0-x86_64-unknown-linux-gnu/lib/rustlib/x86_64-unknown-linux-gnu/lib/librustc_std_workspace_core-0577018320f99037.rlib" "/opt/rustwide/rustup-home/toolchains/1.75.0-x86_64-unknown-linux-gnu/lib/rustlib/x86_64-unknown-linux-gnu/lib/libcore-193cf992125ccd4c.rlib" "/opt/rustwide/rustup-home/toolchains/1.75.0-x86_64-unknown-linux-gnu/lib/rustlib/x86_64-unknown-linux-gnu/lib/libcompiler_builtins-8e138eaf26ebb4a8.rlib" "-Wl,-Bdynamic" "-lssl" "-lcrypto" "-lgcc_s" "-lutil" "-lrt" "-lpthread" "-lm" "-ldl" "-lc" "-Wl,--eh-frame-hdr" "-Wl,-z,noexecstack" "-L" "/opt/rustwide/rustup-home/toolchains/1.75.0-x86_64-unknown-linux-gnu/lib/rustlib/x86_64-unknown-linux-gnu/lib" "-o" "/tmp/rustdoctestsMaqT2/rust_out" "-Wl,--gc-sections" "-pie" "-Wl,-z,relro,-z,now" "-nodefaultlibs"
[INFO] [stdout]   = note: collect2: fatal error: ld terminated with signal 9 [Killed]
[INFO] [stdout]           compilation terminated.
[INFO] [stdout]           
[INFO] [stdout] 
[INFO] [stdout] error: aborting due to previous error
[INFO] [stdout] 
[INFO] [stdout] Couldn't compile the test.
[INFO] [stdout] 
[INFO] [stdout] failures:
[INFO] [stdout]     src/macros.rs - macros::scope_guard (line 20)
[INFO] [stdout]     src/macros.rs - macros::scope_guard (line 32)
[INFO] [stdout] 
[INFO] [stdout] test result: FAILED. 7 passed; 2 failed; 0 ignored; 0 measured; 0 filtered out; finished in 3.13s
[INFO] [stdout] 
[INFO] [stderr] error: doctest failed, to rerun pass `--doc`
[INFO] running `Command { std: "docker" "inspect" "403b3b0852892e05955ffd4dddc400b7c0d44232cf0f09c6162b4bacccfa51b6", kill_on_drop: false }`
[INFO] running `Command { std: "docker" "rm" "-f" "403b3b0852892e05955ffd4dddc400b7c0d44232cf0f09c6162b4bacccfa51b6", kill_on_drop: false }`
[INFO] [stdout] 403b3b0852892e05955ffd4dddc400b7c0d44232cf0f09c6162b4bacccfa51b6
[INFO] testing aliri_axum-0.3.0 against beta-2023-12-22 for beta-1.76-1
[INFO] extracting crate aliri_axum 0.3.0 into /workspace/builds/worker-2-tc2/source
[INFO] validating manifest of crates.io crate aliri_axum 0.3.0 on toolchain beta-2023-12-22
[INFO] running `Command { std: CARGO_HOME="/workspace/cargo-home" RUSTUP_HOME="/workspace/rustup-home" "/workspace/cargo-home/bin/cargo" "+beta-2023-12-22" "metadata" "--manifest-path" "Cargo.toml" "--no-deps", kill_on_drop: false }`
[INFO] started tweaking crates.io crate aliri_axum 0.3.0
[INFO] finished tweaking crates.io crate aliri_axum 0.3.0
[INFO] tweaked toml for crates.io crate aliri_axum 0.3.0 written to /workspace/builds/worker-2-tc2/source/Cargo.toml
[INFO] crate crates.io crate aliri_axum 0.3.0 already has a lockfile, it will not be regenerated
[INFO] running `Command { std: CARGO_HOME="/workspace/cargo-home" RUSTUP_HOME="/workspace/rustup-home" "/workspace/cargo-home/bin/cargo" "+beta-2023-12-22" "fetch" "--manifest-path" "Cargo.toml", kill_on_drop: false }`
[INFO] running `Command { std: "docker" "create" "-v" "/var/lib/crater-agent-workspace/builds/worker-2-tc2/target:/opt/rustwide/target:rw,Z" "-v" "/var/lib/crater-agent-workspace/builds/worker-2-tc2/source:/opt/rustwide/workdir:ro,Z" "-v" "/var/lib/crater-agent-workspace/cargo-home:/opt/rustwide/cargo-home:ro,Z" "-v" "/var/lib/crater-agent-workspace/rustup-home:/opt/rustwide/rustup-home:ro,Z" "-e" "SOURCE_DIR=/opt/rustwide/workdir" "-e" "CARGO_TARGET_DIR=/opt/rustwide/target" "-e" "CARGO_HOME=/opt/rustwide/cargo-home" "-e" "RUSTUP_HOME=/opt/rustwide/rustup-home" "-w" "/opt/rustwide/workdir" "-m" "1610612736" "--user" "0:0" "--network" "none" "ghcr.io/rust-lang/crates-build-env/linux@sha256:2788e3201cd34a07e3172128adcd8b3090168a8e3bcc40d7c032b9dda1df7d1c" "/opt/rustwide/cargo-home/bin/cargo" "+beta-2023-12-22" "metadata" "--no-deps" "--format-version=1", kill_on_drop: false }`
[INFO] [stdout] 7da28b4af29481cee4fb2af13dce2dd21c49ef8c1d5eff70e952d4c7d3ed1162
[INFO] running `Command { std: "docker" "start" "-a" "7da28b4af29481cee4fb2af13dce2dd21c49ef8c1d5eff70e952d4c7d3ed1162", kill_on_drop: false }`
[INFO] running `Command { std: "docker" "inspect" "7da28b4af29481cee4fb2af13dce2dd21c49ef8c1d5eff70e952d4c7d3ed1162", kill_on_drop: false }`
[INFO] running `Command { std: "docker" "rm" "-f" "7da28b4af29481cee4fb2af13dce2dd21c49ef8c1d5eff70e952d4c7d3ed1162", kill_on_drop: false }`
[INFO] [stdout] 7da28b4af29481cee4fb2af13dce2dd21c49ef8c1d5eff70e952d4c7d3ed1162
[INFO] running `Command { std: "docker" "create" "-v" "/var/lib/crater-agent-workspace/builds/worker-2-tc2/target:/opt/rustwide/target:rw,Z" "-v" "/var/lib/crater-agent-workspace/builds/worker-2-tc2/source:/opt/rustwide/workdir:ro,Z" "-v" "/var/lib/crater-agent-workspace/cargo-home:/opt/rustwide/cargo-home:ro,Z" "-v" "/var/lib/crater-agent-workspace/rustup-home:/opt/rustwide/rustup-home:ro,Z" "-e" "SOURCE_DIR=/opt/rustwide/workdir" "-e" "CARGO_TARGET_DIR=/opt/rustwide/target" "-e" "CARGO_INCREMENTAL=0" "-e" "RUST_BACKTRACE=full" "-e" "RUSTFLAGS=--cap-lints=warn" "-e" "RUSTDOCFLAGS=--cap-lints=warn" "-e" "CARGO_HOME=/opt/rustwide/cargo-home" "-e" "RUSTUP_HOME=/opt/rustwide/rustup-home" "-w" "/opt/rustwide/workdir" "-m" "1610612736" "--user" "0:0" "--network" "none" "ghcr.io/rust-lang/crates-build-env/linux@sha256:2788e3201cd34a07e3172128adcd8b3090168a8e3bcc40d7c032b9dda1df7d1c" "/opt/rustwide/cargo-home/bin/cargo" "+beta-2023-12-22" "build" "--frozen" "--message-format=json", kill_on_drop: false }`
[INFO] [stdout] b44a35adf7191588df455112dad9bcd365a973ac5b7f51204d50d33f45dd621c
[INFO] running `Command { std: "docker" "start" "-a" "b44a35adf7191588df455112dad9bcd365a973ac5b7f51204d50d33f45dd621c", kill_on_drop: false }`
[INFO] [stderr]    Compiling proc-macro2 v1.0.59
[INFO] [stderr]    Compiling quote v1.0.28
[INFO] [stderr]    Compiling unicode-ident v1.0.9
[INFO] [stderr]    Compiling libc v0.2.144
[INFO] [stderr]    Compiling cc v1.0.79
[INFO] [stderr]    Compiling once_cell v1.17.1
[INFO] [stderr]    Compiling log v0.4.17
[INFO] [stderr]    Compiling itoa v1.0.6
[INFO] [stderr]    Compiling pin-project-lite v0.2.9
[INFO] [stderr]    Compiling pkg-config v0.3.27
[INFO] [stderr]    Compiling bytes v1.4.0
[INFO] [stderr]    Compiling futures-core v0.3.28
[INFO] [stderr]    Compiling serde v1.0.163
[INFO] [stderr]    Compiling tokio v1.28.1
[INFO] [stderr]    Compiling futures-task v0.3.28
[INFO] [stderr]    Compiling rustversion v1.0.12
[INFO] [stderr]    Compiling futures-util v0.3.28
[INFO] [stderr]    Compiling http v0.2.9
[INFO] [stderr]    Compiling tracing-core v0.1.31
[INFO] [stderr]    Compiling syn v2.0.18
[INFO] [stderr]    Compiling indexmap v1.9.3
[INFO] [stderr]    Compiling slab v0.4.8
[INFO] [stderr]    Compiling openssl v0.10.52
[INFO] [stderr]    Compiling foreign-types-shared v0.1.1
[INFO] [stderr]    Compiling openssl-sys v0.9.87
[INFO] [stderr]    Compiling foreign-types v0.3.2
[INFO] [stderr]    Compiling native-tls v0.2.11
[INFO] [stderr]    Compiling futures-sink v0.3.28
[INFO] [stderr]    Compiling hashbrown v0.12.3
[INFO] [stderr]    Compiling socket2 v0.4.9
[INFO] [stderr]    Compiling num_cpus v1.15.0
[INFO] [stderr]    Compiling mio v0.8.6
[INFO] [stderr]    Compiling futures-channel v0.3.28
[INFO] [stderr]    Compiling memchr v2.5.0
[INFO] [stderr]    Compiling httparse v1.8.0
[INFO] [stderr]    Compiling ryu v1.0.13
[INFO] [stderr]    Compiling http-body v0.4.5
[INFO] [stderr]    Compiling tower-service v0.3.2
[INFO] [stderr]    Compiling percent-encoding v2.2.0
[INFO] [stderr]    Compiling serde_json v1.0.96
[INFO] [stderr]    Compiling try-lock v0.2.4
[INFO] [stderr]    Compiling form_urlencoded v1.1.0
[INFO] [stderr]    Compiling want v0.3.0
[INFO] [stderr]    Compiling unicode-normalization v0.1.22
[INFO] [stderr]    Compiling ring v0.16.20
[INFO] [stderr]    Compiling unicode-bidi v0.3.13
[INFO] [stderr]    Compiling httpdate v1.0.2
[INFO] [stderr]    Compiling thiserror v1.0.40
[INFO] [stderr]    Compiling base64 v0.21.2
[INFO] [stderr]    Compiling idna v0.3.0
[INFO] [stderr]    Compiling aho-corasick v1.0.1
[INFO] [stderr]    Compiling regex-syntax v0.7.2
[INFO] [stderr]    Compiling async-trait v0.1.68
[INFO] [stderr]    Compiling castaway v0.2.2
[INFO] [stderr]    Compiling axum-core v0.3.4
[INFO] [stderr]    Compiling url v2.3.1
[INFO] [stderr]    Compiling encoding_rs v0.8.32
[INFO] [stderr]    Compiling ipnet v2.7.2
[INFO] [stderr]    Compiling arc-swap v1.6.0
[INFO] [stderr]    Compiling aliri_traits v0.1.1
[INFO] [stderr]    Compiling tower-layer v0.3.2
[INFO] [stderr]    Compiling regex v1.8.3
[INFO] [stderr]    Compiling serde_derive v1.0.163
[INFO] [stderr]    Compiling tokio-macros v2.1.0
[INFO] [stderr]    Compiling tracing-attributes v0.1.24
[INFO] [stderr]    Compiling openssl-macros v0.1.1
[INFO] [stderr]    Compiling thiserror-impl v1.0.40
[INFO] [stderr]    Compiling aliri_braid_impl v0.4.0
[INFO] [stderr]    Compiling tracing v0.1.37
[INFO] [stderr]    Compiling aliri_braid v0.4.0
[INFO] [stderr]    Compiling tokio-util v0.7.8
[INFO] [stderr]    Compiling tokio-native-tls v0.3.1
[INFO] [stderr]    Compiling h2 v0.3.19
[INFO] [stderr]    Compiling serde_urlencoded v0.7.1
[INFO] [stderr]    Compiling aliri_clock v0.1.4
[INFO] [stderr]    Compiling aliri_base64 v0.1.7
[INFO] [stderr]    Compiling compact_str v0.7.0
[INFO] [stderr]    Compiling aliri v0.6.2
[INFO] [stderr]    Compiling hyper v0.14.26
[INFO] [stderr]    Compiling hyper-tls v0.5.0
[INFO] [stderr]    Compiling reqwest v0.11.18
[INFO] [stderr]    Compiling aliri_oauth2 v0.10.0
[INFO] [stderr]    Compiling aliri_axum v0.3.0 (/opt/rustwide/workdir)
[INFO] [stderr]     Finished dev [unoptimized + debuginfo] target(s) in 14.82s
[INFO] running `Command { std: "docker" "inspect" "b44a35adf7191588df455112dad9bcd365a973ac5b7f51204d50d33f45dd621c", kill_on_drop: false }`
[INFO] running `Command { std: "docker" "rm" "-f" "b44a35adf7191588df455112dad9bcd365a973ac5b7f51204d50d33f45dd621c", kill_on_drop: false }`
[INFO] [stdout] b44a35adf7191588df455112dad9bcd365a973ac5b7f51204d50d33f45dd621c
[INFO] running `Command { std: "docker" "create" "-v" "/var/lib/crater-agent-workspace/builds/worker-2-tc2/target:/opt/rustwide/target:rw,Z" "-v" "/var/lib/crater-agent-workspace/builds/worker-2-tc2/source:/opt/rustwide/workdir:ro,Z" "-v" "/var/lib/crater-agent-workspace/cargo-home:/opt/rustwide/cargo-home:ro,Z" "-v" "/var/lib/crater-agent-workspace/rustup-home:/opt/rustwide/rustup-home:ro,Z" "-e" "SOURCE_DIR=/opt/rustwide/workdir" "-e" "CARGO_TARGET_DIR=/opt/rustwide/target" "-e" "CARGO_INCREMENTAL=0" "-e" "RUST_BACKTRACE=full" "-e" "RUSTFLAGS=--cap-lints=warn" "-e" "RUSTDOCFLAGS=--cap-lints=warn" "-e" "CARGO_HOME=/opt/rustwide/cargo-home" "-e" "RUSTUP_HOME=/opt/rustwide/rustup-home" "-w" "/opt/rustwide/workdir" "-m" "1610612736" "--user" "0:0" "--network" "none" "ghcr.io/rust-lang/crates-build-env/linux@sha256:2788e3201cd34a07e3172128adcd8b3090168a8e3bcc40d7c032b9dda1df7d1c" "/opt/rustwide/cargo-home/bin/cargo" "+beta-2023-12-22" "test" "--frozen" "--no-run" "--message-format=json", kill_on_drop: false }`
[INFO] [stdout] 8f4c0a76584e45a21b0f799e47915066f3ba94f52d4c13c9d0ab2443b03c5524
[INFO] running `Command { std: "docker" "start" "-a" "8f4c0a76584e45a21b0f799e47915066f3ba94f52d4c13c9d0ab2443b03c5524", kill_on_drop: false }`
[INFO] [stderr]    Compiling regex-syntax v0.6.29
[INFO] [stderr]    Compiling overload v0.1.1
[INFO] [stderr]    Compiling sharded-slab v0.1.4
[INFO] [stderr]    Compiling tracing-log v0.1.3
[INFO] [stderr]    Compiling thread_local v1.1.7
[INFO] [stderr]    Compiling smallvec v1.10.0
[INFO] [stderr]    Compiling pin-project-internal v1.1.0
[INFO] [stderr]    Compiling backtrace v0.3.67
[INFO] [stderr]    Compiling nu-ansi-term v0.46.0
[INFO] [stderr]    Compiling eyre v0.6.8
[INFO] [stderr]    Compiling gimli v0.27.2
[INFO] [stderr]    Compiling adler v1.0.2
[INFO] [stderr]    Compiling axum v0.6.18
[INFO] [stderr]    Compiling miniz_oxide v0.6.2
[INFO] [stderr]    Compiling object v0.30.3
[INFO] [stderr]    Compiling http-range-header v0.3.0
[INFO] [stderr]    Compiling rustc-demangle v0.1.23
[INFO] [stderr]    Compiling owo-colors v3.5.0
[INFO] [stderr]    Compiling indenter v0.3.3
[INFO] [stderr]    Compiling tower-http v0.4.0
[INFO] [stderr]    Compiling sync_wrapper v0.1.2
[INFO] [stderr]    Compiling time-core v0.1.1
[INFO] [stderr]    Compiling matchit v0.7.0
[INFO] [stderr]    Compiling time v0.3.21
[INFO] [stderr]    Compiling aliri_tower v0.5.0
[INFO] [stderr]    Compiling pin-project v1.1.0
[INFO] [stderr]    Compiling regex-automata v0.1.10
[INFO] [stderr]    Compiling tower v0.4.13
[INFO] [stderr]    Compiling matchers v0.1.0
[INFO] [stderr]    Compiling addr2line v0.19.0
[INFO] [stderr]    Compiling tracing-subscriber v0.3.17
[INFO] [stderr]    Compiling tracing-error v0.2.0
[INFO] [stderr]    Compiling color-spantrace v0.2.0
[INFO] [stderr]    Compiling color-eyre v0.6.2
[INFO] [stderr]    Compiling aliri_axum v0.3.0 (/opt/rustwide/workdir)
[INFO] [stderr]     Finished test [unoptimized + debuginfo] target(s) in 8.81s
[INFO] running `Command { std: "docker" "inspect" "8f4c0a76584e45a21b0f799e47915066f3ba94f52d4c13c9d0ab2443b03c5524", kill_on_drop: false }`
[INFO] running `Command { std: "docker" "rm" "-f" "8f4c0a76584e45a21b0f799e47915066f3ba94f52d4c13c9d0ab2443b03c5524", kill_on_drop: false }`
[INFO] [stdout] 8f4c0a76584e45a21b0f799e47915066f3ba94f52d4c13c9d0ab2443b03c5524
[INFO] running `Command { std: "docker" "create" "-v" "/var/lib/crater-agent-workspace/builds/worker-2-tc2/target:/opt/rustwide/target:rw,Z" "-v" "/var/lib/crater-agent-workspace/builds/worker-2-tc2/source:/opt/rustwide/workdir:ro,Z" "-v" "/var/lib/crater-agent-workspace/cargo-home:/opt/rustwide/cargo-home:ro,Z" "-v" "/var/lib/crater-agent-workspace/rustup-home:/opt/rustwide/rustup-home:ro,Z" "-e" "SOURCE_DIR=/opt/rustwide/workdir" "-e" "CARGO_TARGET_DIR=/opt/rustwide/target" "-e" "CARGO_INCREMENTAL=0" "-e" "RUST_BACKTRACE=full" "-e" "RUSTFLAGS=--cap-lints=warn" "-e" "RUSTDOCFLAGS=--cap-lints=warn" "-e" "CARGO_HOME=/opt/rustwide/cargo-home" "-e" "RUSTUP_HOME=/opt/rustwide/rustup-home" "-w" "/opt/rustwide/workdir" "-m" "1610612736" "--user" "0:0" "--network" "none" "ghcr.io/rust-lang/crates-build-env/linux@sha256:2788e3201cd34a07e3172128adcd8b3090168a8e3bcc40d7c032b9dda1df7d1c" "/opt/rustwide/cargo-home/bin/cargo" "+beta-2023-12-22" "test" "--frozen", kill_on_drop: false }`
[INFO] [stdout] 5686247e43d5e027a125a27f08a81e8ee2578cc294f23d58baf09ffb4d307b88
[INFO] running `Command { std: "docker" "start" "-a" "5686247e43d5e027a125a27f08a81e8ee2578cc294f23d58baf09ffb4d307b88", kill_on_drop: false }`
[INFO] [stderr]     Finished test [unoptimized + debuginfo] target(s) in 0.11s
[INFO] [stderr]      Running unittests src/lib.rs (/opt/rustwide/target/debug/deps/aliri_axum-92ebaba770480624)
[INFO] [stdout] 
[INFO] [stdout] running 11 tests
[INFO] [stdout] test macros::tests::admin_only_scope_guard_with_admin_and_testing_scope_claims ... ok
[INFO] [stdout] test macros::tests::admin_only_scope_guard_with_admin_scope_claims ... ok
[INFO] [stdout] test macros::tests::admin_only_scope_guard_without_claims_returns_error ... ok
[INFO] [stdout] test macros::tests::testing_admin_scope_guard_with_admin_and_testing_scope_claims ... ok
[INFO] [stdout] test macros::tests::testing_admin_scope_guard_with_admin_scope_claims ... ok
[INFO] [stdout] test macros::tests::testing_admin_scope_guard_with_testing_scope_claims ... ok
[INFO] [stdout] test macros::tests::admin_only_scope_guard_with_no_scope_claims ... ok
[INFO] [stdout] test macros::tests::testing_scope_guard_with_admin_scope_claims ... ok
[INFO] [stdout] test macros::tests::testing_scope_guard_with_admin_and_testing_scope_claims ... ok
[INFO] [stdout] test macros::tests::testing_scope_guard_with_testing_scope_claims ... ok
[INFO] [stdout] test macros::tests::testing_scope_guard_with_testing2_scope_claims ... ok
[INFO] [stdout] 
[INFO] [stdout] test result: ok. 11 passed; 0 failed; 0 ignored; 0 measured; 0 filtered out; finished in 0.00s
[INFO] [stdout] 
[INFO] [stderr]    Doc-tests aliri_axum
[INFO] [stdout] 
[INFO] [stdout] running 9 tests
[INFO] [stdout] test src/macros.rs - macros::scope_guard (line 59) - compile ... ok
[INFO] [stdout] test src/lib.rs - (line 6) - compile ... ok
[INFO] [stdout] test src/macros.rs - macros::scope_guard (line 20) ... FAILED
[INFO] [stdout] test src/macros.rs - macros::scope_guard (line 43) ... FAILED
[INFO] [stdout] test src/macros.rs - macros::scope_guards (line 256) ... ok
[INFO] [stdout] test src/macros.rs - macros::scope_guard (line 32) ... ok
[INFO] [stdout] test src/macros.rs - macros::scope_guards (line 276) ... ok
[INFO] [stdout] test src/macros.rs - macros::scope_guard (line 11) ... ok
[INFO] [stdout] test src/macros.rs - macros::scope_guard (line 88) ... ok
[INFO] [stdout] 
[INFO] [stdout] failures:
[INFO] [stdout] 
[INFO] [stdout] ---- src/macros.rs - macros::scope_guard (line 20) stdout ----
[INFO] [stdout] error: linking with `cc` failed: exit status: 1
[INFO] [stdout]   |
[INFO] [stdout]   = note: LC_ALL="C" PATH="/opt/rustwide/rustup-home/toolchains/beta-2023-12-22-x86_64-unknown-linux-gnu/lib/rustlib/x86_64-unknown-linux-gnu/bin:/opt/rustwide/cargo-home/bin:/usr/local/sbin:/usr/local/bin:/usr/sbin:/usr/bin:/sbin:/bin" VSLANG="1033" "cc" "-m64" "/tmp/rustcJQoRBy/symbols.o" "/tmp/rustdoctestNAc3Xr/rust_out.rust_out.1380c8ea7c88b8e2-cgu.0.rcgu.o" "/tmp/rustdoctestNAc3Xr/rust_out.3lr6z6385pynyhem.rcgu.o" "-Wl,--as-needed" "-L" "/opt/rustwide/target/debug/deps" "-L" "/opt/rustwide/target/debug/deps" "-L" "/opt/rustwide/target/debug/build/ring-5a241151c7d2b8ee/out" "-L" "/opt/rustwide/rustup-home/toolchains/beta-2023-12-22-x86_64-unknown-linux-gnu/lib/rustlib/x86_64-unknown-linux-gnu/lib" "-Wl,-Bstatic" "/opt/rustwide/target/debug/deps/libaxum-b82f0872a80bdcb3.rlib" "/opt/rustwide/target/debug/deps/libmatchit-a60f3f251c31a8ae.rlib" "/opt/rustwide/target/debug/deps/libsync_wrapper-55c3b4389accb38c.rlib" "/opt/rustwide/target/debug/deps/libtower-926cbd5471fb927a.rlib" "/opt/rustwide/target/debug/deps/libpin_project-c6b1fb290efa6a82.rlib" "/opt/rustwide/target/debug/deps/libaliri_axum-8570c15c03bb158f.rlib" "/opt/rustwide/target/debug/deps/libaxum_core-de390f49a905af42.rlib" "/opt/rustwide/target/debug/deps/libtower_layer-66a55883bc31ce2e.rlib" "/opt/rustwide/target/debug/deps/libaliri_oauth2-284d85630991e6d1.rlib" "/opt/rustwide/target/debug/deps/libcompact_str-b83bdd738a432f67.rlib" "/opt/rustwide/target/debug/deps/libstatic_assertions-0ef270c4de502b0e.rlib" "/opt/rustwide/target/debug/deps/libcastaway-1f4764e2e82318be.rlib" "/opt/rustwide/target/debug/deps/libreqwest-5f29923a79c1c6e8.rlib" "/opt/rustwide/target/debug/deps/libhyper_tls-ba62e8c6f8c70e9c.rlib" "/opt/rustwide/target/debug/deps/libserde_urlencoded-a1b507f1d068b792.rlib" "/opt/rustwide/target/debug/deps/libipnet-ea5fa9b3594d4579.rlib" "/opt/rustwide/target/debug/deps/libtokio_native_tls-0314174bab4a2d30.rlib" "/opt/rustwide/target/debug/deps/libmime-a9df5a780629fb7d.rlib" "/opt/rustwide/target/debug/deps/libencoding_rs-43ba0f5a32920363.rlib" "/opt/rustwide/target/debug/deps/libnative_tls-a85547703f415aeb.rlib" "/opt/rustwide/target/debug/deps/libopenssl_probe-01da96bec2dfd166.rlib" "/opt/rustwide/target/debug/deps/libopenssl-0a527c8daf096b50.rlib" "/opt/rustwide/target/debug/deps/libbitflags-85e13ed1e0c6d910.rlib" "/opt/rustwide/target/debug/deps/libforeign_types-34162016ad32c65c.rlib" "/opt/rustwide/target/debug/deps/libforeign_types_shared-6c481fa47d8ef87b.rlib" "/opt/rustwide/target/debug/deps/libopenssl_sys-17c739cbbc24a815.rlib" "/opt/rustwide/target/debug/deps/libhyper-7c72c04995c22edc.rlib" "/opt/rustwide/target/debug/deps/libwant-6614cc63c148602f.rlib" "/opt/rustwide/target/debug/deps/libtry_lock-539bdf1ed77a7a8a.rlib" "/opt/rustwide/target/debug/deps/libhttparse-2dbc320ca65411a3.rlib" "/opt/rustwide/target/debug/deps/libh2-d4533718d0bd82b5.rlib" "/opt/rustwide/target/debug/deps/libindexmap-7ff1a537f445f359.rlib" "/opt/rustwide/target/debug/deps/libhashbrown-e273ba0f8cdcbe5b.rlib" "/opt/rustwide/target/debug/deps/libslab-7cf3b345ffecd469.rlib" "/opt/rustwide/target/debug/deps/libtokio_util-e2ad4d7cd27d8327.rlib" "/opt/rustwide/target/debug/deps/libfutures_sink-3387e8374b45be05.rlib" "/opt/rustwide/target/debug/deps/libtower_service-92bbc7b5a1dd8782.rlib" "/opt/rustwide/target/debug/deps/libtracing-2ee92df047ceea5f.rlib" "/opt/rustwide/target/debug/deps/libtracing_core-9158d3bd47663b46.rlib" "/opt/rustwide/target/debug/deps/libfutures_channel-637238153abbcb6b.rlib" "/opt/rustwide/target/debug/deps/libhttpdate-af0e4761081a49c7.rlib" "/opt/rustwide/target/debug/deps/libfutures_util-9c7c2401c1030b2e.rlib" "/opt/rustwide/target/debug/deps/libfutures_task-f431e89b3d442303.rlib" "/opt/rustwide/target/debug/deps/libpin_utils-9c5dcf17efb91bff.rlib" "/opt/rustwide/target/debug/deps/libtokio-3aa7a62d15b3846f.rlib" "/opt/rustwide/target/debug/deps/libnum_cpus-09ccf76ba33f1f4d.rlib" "/opt/rustwide/target/debug/deps/libsocket2-22af5d6ef03626a3.rlib" "/opt/rustwide/target/debug/deps/libmio-1dc97afd214f60f3.rlib" "/opt/rustwide/target/debug/deps/libhttp_body-b21f74c3dbfe39dd.rlib" "/opt/rustwide/target/debug/deps/libpin_project_lite-e8b15c1d45637ce8.rlib" "/opt/rustwide/target/debug/deps/liblog-5dd7ca7285786d5e.rlib" "/opt/rustwide/target/debug/deps/libcfg_if-e7002d307f97bc56.rlib" "/opt/rustwide/target/debug/deps/libfutures_core-eae31d72cfa7dcb2.rlib" "/opt/rustwide/target/debug/deps/liburl-8ff4cfebe939dcbc.rlib" "/opt/rustwide/target/debug/deps/libidna-34a129a2150038b3.rlib" "/opt/rustwide/target/debug/deps/libunicode_normalization-6720ecd938ebfb2b.rlib" "/opt/rustwide/target/debug/deps/libtinyvec-dcbbce603bc23510.rlib" "/opt/rustwide/target/debug/deps/libtinyvec_macros-333661e3b238a9a3.rlib" "/opt/rustwide/target/debug/deps/libunicode_bidi-c077d6a813fe7ae8.rlib" "/opt/rustwide/target/debug/deps/libform_urlencoded-2e6be29729763aa6.rlib" "/opt/rustwide/target/debug/deps/libpercent_encoding-52ba3d834e28489d.rlib" "/opt/rustwide/target/debug/deps/libhttp-7cf1142ed6ad0045.rlib" "/opt/rustwide/target/debug/deps/libbytes-8217216c646d0e94.rlib" "/opt/rustwide/target/debug/deps/libfnv-953831fe314029b4.rlib" "/opt/rustwide/target/debug/deps/libarc_swap-6f2cb018ed2934f6.rlib" "/opt/rustwide/target/debug/deps/libaliri_traits-1e950f86f56c904f.rlib" "/opt/rustwide/target/debug/deps/libaliri-0b4196bb7ec8f525.rlib" "/opt/rustwide/target/debug/deps/libserde_json-5f568b27d7f1add3.rlib" "/opt/rustwide/target/debug/deps/libryu-ce09991353a76c10.rlib" "/opt/rustwide/target/debug/deps/libitoa-780f6737fc9d34ad.rlib" "/opt/rustwide/target/debug/deps/libregex-5233828e53521688.rlib" "/opt/rustwide/target/debug/deps/libaho_corasick-0c70c6d4374f15b3.rlib" "/opt/rustwide/target/debug/deps/libmemchr-33d05ae5bba76030.rlib" "/opt/rustwide/target/debug/deps/libregex_syntax-0491398fbb248b2a.rlib" "/opt/rustwide/target/debug/deps/libaliri_clock-bae10b62a6cf97c0.rlib" "/opt/rustwide/target/debug/deps/libaliri_braid-f0786c586734aa99.rlib" "/opt/rustwide/target/debug/deps/libring-6fc4146c84001acc.rlib" "/opt/rustwide/target/debug/deps/libspin-e858d3468b8e3abd.rlib" "/opt/rustwide/target/debug/deps/libuntrusted-6cf40e3a64622ff0.rlib" "/opt/rustwide/target/debug/deps/libonce_cell-3d70b1de027ce947.rlib" "/opt/rustwide/target/debug/deps/liblibc-b36d2c7698223f6e.rlib" "/opt/rustwide/target/debug/deps/libaliri_base64-e01f3a7ace6e455c.rlib" "/opt/rustwide/target/debug/deps/libserde-025537821cc586ec.rlib" "/opt/rustwide/target/debug/deps/libbase64-f38862f3d93516f9.rlib" "/opt/rustwide/target/debug/deps/libthiserror-dfc64387d6a0e490.rlib" "/opt/rustwide/rustup-home/toolchains/beta-2023-12-22-x86_64-unknown-linux-gnu/lib/rustlib/x86_64-unknown-linux-gnu/lib/libstd-0672489a78b613de.rlib" "/opt/rustwide/rustup-home/toolchains/beta-2023-12-22-x86_64-unknown-linux-gnu/lib/rustlib/x86_64-unknown-linux-gnu/lib/libpanic_unwind-7eb3ffc34a49f675.rlib" "/opt/rustwide/rustup-home/toolchains/beta-2023-12-22-x86_64-unknown-linux-gnu/lib/rustlib/x86_64-unknown-linux-gnu/lib/libobject-6478a9daa4bee8e2.rlib" "/opt/rustwide/rustup-home/toolchains/beta-2023-12-22-x86_64-unknown-linux-gnu/lib/rustlib/x86_64-unknown-linux-gnu/lib/libmemchr-0c75d871a5c3923d.rlib" "/opt/rustwide/rustup-home/toolchains/beta-2023-12-22-x86_64-unknown-linux-gnu/lib/rustlib/x86_64-unknown-linux-gnu/lib/libaddr2line-d163ef63ad37bb71.rlib" "/opt/rustwide/rustup-home/toolchains/beta-2023-12-22-x86_64-unknown-linux-gnu/lib/rustlib/x86_64-unknown-linux-gnu/lib/libgimli-8a3fd810a85b9f4c.rlib" "/opt/rustwide/rustup-home/toolchains/beta-2023-12-22-x86_64-unknown-linux-gnu/lib/rustlib/x86_64-unknown-linux-gnu/lib/librustc_demangle-462a2cde8c5dfc10.rlib" "/opt/rustwide/rustup-home/toolchains/beta-2023-12-22-x86_64-unknown-linux-gnu/lib/rustlib/x86_64-unknown-linux-gnu/lib/libstd_detect-cb06ac9f54713f71.rlib" "/opt/rustwide/rustup-home/toolchains/beta-2023-12-22-x86_64-unknown-linux-gnu/lib/rustlib/x86_64-unknown-linux-gnu/lib/libhashbrown-f20bfd1f8e59b393.rlib" "/opt/rustwide/rustup-home/toolchains/beta-2023-12-22-x86_64-unknown-linux-gnu/lib/rustlib/x86_64-unknown-linux-gnu/lib/librustc_std_workspace_alloc-1ef460949b49da4b.rlib" "/opt/rustwide/rustup-home/toolchains/beta-2023-12-22-x86_64-unknown-linux-gnu/lib/rustlib/x86_64-unknown-linux-gnu/lib/libminiz_oxide-2cb0c0ffe4f87514.rlib" "/opt/rustwide/rustup-home/toolchains/beta-2023-12-22-x86_64-unknown-linux-gnu/lib/rustlib/x86_64-unknown-linux-gnu/lib/libadler-58d841eb322a11a2.rlib" "/opt/rustwide/rustup-home/toolchains/beta-2023-12-22-x86_64-unknown-linux-gnu/lib/rustlib/x86_64-unknown-linux-gnu/lib/libunwind-aa2ae0b0a9d11533.rlib" "/opt/rustwide/rustup-home/toolchains/beta-2023-12-22-x86_64-unknown-linux-gnu/lib/rustlib/x86_64-unknown-linux-gnu/lib/libcfg_if-23874e15830ed336.rlib" "/opt/rustwide/rustup-home/toolchains/beta-2023-12-22-x86_64-unknown-linux-gnu/lib/rustlib/x86_64-unknown-linux-gnu/lib/liblibc-e47cddc003bce885.rlib" "/opt/rustwide/rustup-home/toolchains/beta-2023-12-22-x86_64-unknown-linux-gnu/lib/rustlib/x86_64-unknown-linux-gnu/lib/liballoc-c22b13b48a8f128e.rlib" "/opt/rustwide/rustup-home/toolchains/beta-2023-12-22-x86_64-unknown-linux-gnu/lib/rustlib/x86_64-unknown-linux-gnu/lib/librustc_std_workspace_core-e46bc3da6d7c462f.rlib" "/opt/rustwide/rustup-home/toolchains/beta-2023-12-22-x86_64-unknown-linux-gnu/lib/rustlib/x86_64-unknown-linux-gnu/lib/libcore-8d1ac131d3cb2645.rlib" "/opt/rustwide/rustup-home/toolchains/beta-2023-12-22-x86_64-unknown-linux-gnu/lib/rustlib/x86_64-unknown-linux-gnu/lib/libcompiler_builtins-a1b43df8c6899c1f.rlib" "-Wl,-Bdynamic" "-lssl" "-lcrypto" "-lgcc_s" "-lutil" "-lrt" "-lpthread" "-lm" "-ldl" "-lc" "-Wl,--eh-frame-hdr" "-Wl,-z,noexecstack" "-L" "/opt/rustwide/rustup-home/toolchains/beta-2023-12-22-x86_64-unknown-linux-gnu/lib/rustlib/x86_64-unknown-linux-gnu/lib" "-o" "/tmp/rustdoctestNAc3Xr/rust_out" "-Wl,--gc-sections" "-pie" "-Wl,-z,relro,-z,now" "-nodefaultlibs"
[INFO] [stdout]   = note: collect2: fatal error: ld terminated with signal 9 [Killed]
[INFO] [stdout]           compilation terminated.
[INFO] [stdout]           
[INFO] [stdout] 
[INFO] [stdout] error: aborting due to 1 previous error
[INFO] [stdout] 
[INFO] [stdout] Couldn't compile the test.
[INFO] [stdout] ---- src/macros.rs - macros::scope_guard (line 43) stdout ----
[INFO] [stdout] error: linking with `cc` failed: exit status: 1
[INFO] [stdout]   |
[INFO] [stdout]   = note: LC_ALL="C" PATH="/opt/rustwide/rustup-home/toolchains/beta-2023-12-22-x86_64-unknown-linux-gnu/lib/rustlib/x86_64-unknown-linux-gnu/bin:/opt/rustwide/cargo-home/bin:/usr/local/sbin:/usr/local/bin:/usr/sbin:/usr/bin:/sbin:/bin" VSLANG="1033" "cc" "-m64" "/tmp/rustcK0SgyU/symbols.o" "/tmp/rustdoctestjBHbLH/rust_out.rust_out.1380c8ea7c88b8e2-cgu.0.rcgu.o" "/tmp/rustdoctestjBHbLH/rust_out.3lr6z6385pynyhem.rcgu.o" "-Wl,--as-needed" "-L" "/opt/rustwide/target/debug/deps" "-L" "/opt/rustwide/target/debug/deps" "-L" "/opt/rustwide/target/debug/build/ring-5a241151c7d2b8ee/out" "-L" "/opt/rustwide/rustup-home/toolchains/beta-2023-12-22-x86_64-unknown-linux-gnu/lib/rustlib/x86_64-unknown-linux-gnu/lib" "-Wl,-Bstatic" "/opt/rustwide/target/debug/deps/libaxum-b82f0872a80bdcb3.rlib" "/opt/rustwide/target/debug/deps/libmatchit-a60f3f251c31a8ae.rlib" "/opt/rustwide/target/debug/deps/libsync_wrapper-55c3b4389accb38c.rlib" "/opt/rustwide/target/debug/deps/libtower-926cbd5471fb927a.rlib" "/opt/rustwide/target/debug/deps/libpin_project-c6b1fb290efa6a82.rlib" "/opt/rustwide/target/debug/deps/libaliri_axum-8570c15c03bb158f.rlib" "/opt/rustwide/target/debug/deps/libaxum_core-de390f49a905af42.rlib" "/opt/rustwide/target/debug/deps/libtower_layer-66a55883bc31ce2e.rlib" "/opt/rustwide/target/debug/deps/libaliri_oauth2-284d85630991e6d1.rlib" "/opt/rustwide/target/debug/deps/libcompact_str-b83bdd738a432f67.rlib" "/opt/rustwide/target/debug/deps/libstatic_assertions-0ef270c4de502b0e.rlib" "/opt/rustwide/target/debug/deps/libcastaway-1f4764e2e82318be.rlib" "/opt/rustwide/target/debug/deps/libreqwest-5f29923a79c1c6e8.rlib" "/opt/rustwide/target/debug/deps/libhyper_tls-ba62e8c6f8c70e9c.rlib" "/opt/rustwide/target/debug/deps/libserde_urlencoded-a1b507f1d068b792.rlib" "/opt/rustwide/target/debug/deps/libipnet-ea5fa9b3594d4579.rlib" "/opt/rustwide/target/debug/deps/libtokio_native_tls-0314174bab4a2d30.rlib" "/opt/rustwide/target/debug/deps/libmime-a9df5a780629fb7d.rlib" "/opt/rustwide/target/debug/deps/libencoding_rs-43ba0f5a32920363.rlib" "/opt/rustwide/target/debug/deps/libnative_tls-a85547703f415aeb.rlib" "/opt/rustwide/target/debug/deps/libopenssl_probe-01da96bec2dfd166.rlib" "/opt/rustwide/target/debug/deps/libopenssl-0a527c8daf096b50.rlib" "/opt/rustwide/target/debug/deps/libbitflags-85e13ed1e0c6d910.rlib" "/opt/rustwide/target/debug/deps/libforeign_types-34162016ad32c65c.rlib" "/opt/rustwide/target/debug/deps/libforeign_types_shared-6c481fa47d8ef87b.rlib" "/opt/rustwide/target/debug/deps/libopenssl_sys-17c739cbbc24a815.rlib" "/opt/rustwide/target/debug/deps/libhyper-7c72c04995c22edc.rlib" "/opt/rustwide/target/debug/deps/libwant-6614cc63c148602f.rlib" "/opt/rustwide/target/debug/deps/libtry_lock-539bdf1ed77a7a8a.rlib" "/opt/rustwide/target/debug/deps/libhttparse-2dbc320ca65411a3.rlib" "/opt/rustwide/target/debug/deps/libh2-d4533718d0bd82b5.rlib" "/opt/rustwide/target/debug/deps/libindexmap-7ff1a537f445f359.rlib" "/opt/rustwide/target/debug/deps/libhashbrown-e273ba0f8cdcbe5b.rlib" "/opt/rustwide/target/debug/deps/libslab-7cf3b345ffecd469.rlib" "/opt/rustwide/target/debug/deps/libtokio_util-e2ad4d7cd27d8327.rlib" "/opt/rustwide/target/debug/deps/libfutures_sink-3387e8374b45be05.rlib" "/opt/rustwide/target/debug/deps/libtower_service-92bbc7b5a1dd8782.rlib" "/opt/rustwide/target/debug/deps/libtracing-2ee92df047ceea5f.rlib" "/opt/rustwide/target/debug/deps/libtracing_core-9158d3bd47663b46.rlib" "/opt/rustwide/target/debug/deps/libfutures_channel-637238153abbcb6b.rlib" "/opt/rustwide/target/debug/deps/libhttpdate-af0e4761081a49c7.rlib" "/opt/rustwide/target/debug/deps/libfutures_util-9c7c2401c1030b2e.rlib" "/opt/rustwide/target/debug/deps/libfutures_task-f431e89b3d442303.rlib" "/opt/rustwide/target/debug/deps/libpin_utils-9c5dcf17efb91bff.rlib" "/opt/rustwide/target/debug/deps/libtokio-3aa7a62d15b3846f.rlib" "/opt/rustwide/target/debug/deps/libnum_cpus-09ccf76ba33f1f4d.rlib" "/opt/rustwide/target/debug/deps/libsocket2-22af5d6ef03626a3.rlib" "/opt/rustwide/target/debug/deps/libmio-1dc97afd214f60f3.rlib" "/opt/rustwide/target/debug/deps/libhttp_body-b21f74c3dbfe39dd.rlib" "/opt/rustwide/target/debug/deps/libpin_project_lite-e8b15c1d45637ce8.rlib" "/opt/rustwide/target/debug/deps/liblog-5dd7ca7285786d5e.rlib" "/opt/rustwide/target/debug/deps/libcfg_if-e7002d307f97bc56.rlib" "/opt/rustwide/target/debug/deps/libfutures_core-eae31d72cfa7dcb2.rlib" "/opt/rustwide/target/debug/deps/liburl-8ff4cfebe939dcbc.rlib" "/opt/rustwide/target/debug/deps/libidna-34a129a2150038b3.rlib" "/opt/rustwide/target/debug/deps/libunicode_normalization-6720ecd938ebfb2b.rlib" "/opt/rustwide/target/debug/deps/libtinyvec-dcbbce603bc23510.rlib" "/opt/rustwide/target/debug/deps/libtinyvec_macros-333661e3b238a9a3.rlib" "/opt/rustwide/target/debug/deps/libunicode_bidi-c077d6a813fe7ae8.rlib" "/opt/rustwide/target/debug/deps/libform_urlencoded-2e6be29729763aa6.rlib" "/opt/rustwide/target/debug/deps/libpercent_encoding-52ba3d834e28489d.rlib" "/opt/rustwide/target/debug/deps/libhttp-7cf1142ed6ad0045.rlib" "/opt/rustwide/target/debug/deps/libbytes-8217216c646d0e94.rlib" "/opt/rustwide/target/debug/deps/libfnv-953831fe314029b4.rlib" "/opt/rustwide/target/debug/deps/libarc_swap-6f2cb018ed2934f6.rlib" "/opt/rustwide/target/debug/deps/libaliri_traits-1e950f86f56c904f.rlib" "/opt/rustwide/target/debug/deps/libaliri-0b4196bb7ec8f525.rlib" "/opt/rustwide/target/debug/deps/libserde_json-5f568b27d7f1add3.rlib" "/opt/rustwide/target/debug/deps/libryu-ce09991353a76c10.rlib" "/opt/rustwide/target/debug/deps/libitoa-780f6737fc9d34ad.rlib" "/opt/rustwide/target/debug/deps/libregex-5233828e53521688.rlib" "/opt/rustwide/target/debug/deps/libaho_corasick-0c70c6d4374f15b3.rlib" "/opt/rustwide/target/debug/deps/libmemchr-33d05ae5bba76030.rlib" "/opt/rustwide/target/debug/deps/libregex_syntax-0491398fbb248b2a.rlib" "/opt/rustwide/target/debug/deps/libaliri_clock-bae10b62a6cf97c0.rlib" "/opt/rustwide/target/debug/deps/libaliri_braid-f0786c586734aa99.rlib" "/opt/rustwide/target/debug/deps/libring-6fc4146c84001acc.rlib" "/opt/rustwide/target/debug/deps/libspin-e858d3468b8e3abd.rlib" "/opt/rustwide/target/debug/deps/libuntrusted-6cf40e3a64622ff0.rlib" "/opt/rustwide/target/debug/deps/libonce_cell-3d70b1de027ce947.rlib" "/opt/rustwide/target/debug/deps/liblibc-b36d2c7698223f6e.rlib" "/opt/rustwide/target/debug/deps/libaliri_base64-e01f3a7ace6e455c.rlib" "/opt/rustwide/target/debug/deps/libserde-025537821cc586ec.rlib" "/opt/rustwide/target/debug/deps/libbase64-f38862f3d93516f9.rlib" "/opt/rustwide/target/debug/deps/libthiserror-dfc64387d6a0e490.rlib" "/opt/rustwide/rustup-home/toolchains/beta-2023-12-22-x86_64-unknown-linux-gnu/lib/rustlib/x86_64-unknown-linux-gnu/lib/libstd-0672489a78b613de.rlib" "/opt/rustwide/rustup-home/toolchains/beta-2023-12-22-x86_64-unknown-linux-gnu/lib/rustlib/x86_64-unknown-linux-gnu/lib/libpanic_unwind-7eb3ffc34a49f675.rlib" "/opt/rustwide/rustup-home/toolchains/beta-2023-12-22-x86_64-unknown-linux-gnu/lib/rustlib/x86_64-unknown-linux-gnu/lib/libobject-6478a9daa4bee8e2.rlib" "/opt/rustwide/rustup-home/toolchains/beta-2023-12-22-x86_64-unknown-linux-gnu/lib/rustlib/x86_64-unknown-linux-gnu/lib/libmemchr-0c75d871a5c3923d.rlib" "/opt/rustwide/rustup-home/toolchains/beta-2023-12-22-x86_64-unknown-linux-gnu/lib/rustlib/x86_64-unknown-linux-gnu/lib/libaddr2line-d163ef63ad37bb71.rlib" "/opt/rustwide/rustup-home/toolchains/beta-2023-12-22-x86_64-unknown-linux-gnu/lib/rustlib/x86_64-unknown-linux-gnu/lib/libgimli-8a3fd810a85b9f4c.rlib" "/opt/rustwide/rustup-home/toolchains/beta-2023-12-22-x86_64-unknown-linux-gnu/lib/rustlib/x86_64-unknown-linux-gnu/lib/librustc_demangle-462a2cde8c5dfc10.rlib" "/opt/rustwide/rustup-home/toolchains/beta-2023-12-22-x86_64-unknown-linux-gnu/lib/rustlib/x86_64-unknown-linux-gnu/lib/libstd_detect-cb06ac9f54713f71.rlib" "/opt/rustwide/rustup-home/toolchains/beta-2023-12-22-x86_64-unknown-linux-gnu/lib/rustlib/x86_64-unknown-linux-gnu/lib/libhashbrown-f20bfd1f8e59b393.rlib" "/opt/rustwide/rustup-home/toolchains/beta-2023-12-22-x86_64-unknown-linux-gnu/lib/rustlib/x86_64-unknown-linux-gnu/lib/librustc_std_workspace_alloc-1ef460949b49da4b.rlib" "/opt/rustwide/rustup-home/toolchains/beta-2023-12-22-x86_64-unknown-linux-gnu/lib/rustlib/x86_64-unknown-linux-gnu/lib/libminiz_oxide-2cb0c0ffe4f87514.rlib" "/opt/rustwide/rustup-home/toolchains/beta-2023-12-22-x86_64-unknown-linux-gnu/lib/rustlib/x86_64-unknown-linux-gnu/lib/libadler-58d841eb322a11a2.rlib" "/opt/rustwide/rustup-home/toolchains/beta-2023-12-22-x86_64-unknown-linux-gnu/lib/rustlib/x86_64-unknown-linux-gnu/lib/libunwind-aa2ae0b0a9d11533.rlib" "/opt/rustwide/rustup-home/toolchains/beta-2023-12-22-x86_64-unknown-linux-gnu/lib/rustlib/x86_64-unknown-linux-gnu/lib/libcfg_if-23874e15830ed336.rlib" "/opt/rustwide/rustup-home/toolchains/beta-2023-12-22-x86_64-unknown-linux-gnu/lib/rustlib/x86_64-unknown-linux-gnu/lib/liblibc-e47cddc003bce885.rlib" "/opt/rustwide/rustup-home/toolchains/beta-2023-12-22-x86_64-unknown-linux-gnu/lib/rustlib/x86_64-unknown-linux-gnu/lib/liballoc-c22b13b48a8f128e.rlib" "/opt/rustwide/rustup-home/toolchains/beta-2023-12-22-x86_64-unknown-linux-gnu/lib/rustlib/x86_64-unknown-linux-gnu/lib/librustc_std_workspace_core-e46bc3da6d7c462f.rlib" "/opt/rustwide/rustup-home/toolchains/beta-2023-12-22-x86_64-unknown-linux-gnu/lib/rustlib/x86_64-unknown-linux-gnu/lib/libcore-8d1ac131d3cb2645.rlib" "/opt/rustwide/rustup-home/toolchains/beta-2023-12-22-x86_64-unknown-linux-gnu/lib/rustlib/x86_64-unknown-linux-gnu/lib/libcompiler_builtins-a1b43df8c6899c1f.rlib" "-Wl,-Bdynamic" "-lssl" "-lcrypto" "-lgcc_s" "-lutil" "-lrt" "-lpthread" "-lm" "-ldl" "-lc" "-Wl,--eh-frame-hdr" "-Wl,-z,noexecstack" "-L" "/opt/rustwide/rustup-home/toolchains/beta-2023-12-22-x86_64-unknown-linux-gnu/lib/rustlib/x86_64-unknown-linux-gnu/lib" "-o" "/tmp/rustdoctestjBHbLH/rust_out" "-Wl,--gc-sections" "-pie" "-Wl,-z,relro,-z,now" "-nodefaultlibs"
[INFO] [stdout]   = note: collect2: fatal error: ld terminated with signal 9 [Killed]
[INFO] [stdout]           compilation terminated.
[INFO] [stdout]           
[INFO] [stdout] 
[INFO] [stdout] error: aborting due to 1 previous error
[INFO] [stdout] 
[INFO] [stdout] Couldn't compile the test.
[INFO] [stdout] 
[INFO] [stdout] failures:
[INFO] [stdout]     src/macros.rs - macros::scope_guard (line 20)
[INFO] [stdout]     src/macros.rs - macros::scope_guard (line 43)
[INFO] [stdout] 
[INFO] [stdout] test result: FAILED. 7 passed; 2 failed; 0 ignored; 0 measured; 0 filtered out; finished in 2.51s
[INFO] [stdout] 
[INFO] [stderr] error: doctest failed, to rerun pass `--doc`
[INFO] running `Command { std: "docker" "inspect" "5686247e43d5e027a125a27f08a81e8ee2578cc294f23d58baf09ffb4d307b88", kill_on_drop: false }`
[INFO] running `Command { std: "docker" "rm" "-f" "5686247e43d5e027a125a27f08a81e8ee2578cc294f23d58baf09ffb4d307b88", kill_on_drop: false }`
[INFO] [stdout] 5686247e43d5e027a125a27f08a81e8ee2578cc294f23d58baf09ffb4d307b88
